-- Table structure for table `vtiger_crmentity_seq`
--

CREATE TABLE `vtiger_crmentity_seq` (
  `id` int(11) NOT NULL
) ENGINE=InnoDB DEFAULT CHARSET=utf8 COLLATE=utf8_general_ci;

--
-- Dumping data for table `vtiger_crmentity_seq`
--

INSERT INTO `vtiger_crmentity_seq` VALUES (761);

--
-- Table structure for table `vtiger_crmentity_user_field`
--

CREATE TABLE `vtiger_crmentity_user_field` (
  `recordid` int(19) NOT NULL,
  `userid` int(19) NOT NULL,
  `starred` varchar(100) DEFAULT NULL,
  KEY `record_user_idx` (`recordid`,`userid`),
  CONSTRAINT `fk_vtiger_crmentity_user_field_recordid` FOREIGN KEY (`recordid`) REFERENCES `vtiger_crmentity` (`crmid`) ON DELETE CASCADE
) ENGINE=InnoDB DEFAULT CHARSET=utf8 COLLATE=utf8_general_ci;

--
-- Dumping data for table `vtiger_crmentity_user_field`
--

INSERT INTO `vtiger_crmentity_user_field` VALUES (2,1,'0'),(3,1,'0'),(4,1,'0'),(5,1,'0'),(6,1,'0'),(7,1,'0'),(8,1,'0'),(9,1,'0'),(10,1,'0'),(11,1,'0'),(12,1,'0'),(13,1,'0'),(14,1,'0'),(15,1,'0'),(16,1,'0'),(17,1,'0'),(18,1,'0'),(19,1,'0'),(20,1,'0'),(21,1,'0'),(22,1,'0'),(23,1,'0'),(24,1,'0'),(25,1,'0'),(26,1,'0'),(27,1,'0'),(28,1,'0'),(29,1,'0'),(30,1,'0'),(31,1,'0'),(32,1,'0'),(33,1,'0'),(34,1,'0'),(35,1,'0'),(36,1,'0'),(37,1,'0'),(38,1,'0'),(39,1,'0'),(40,1,'0'),(41,1,'0'),(42,1,'0'),(43,1,'0'),(44,1,'0'),(45,1,'0'),(46,1,'0'),(47,1,'0'),(48,1,'0'),(49,1,'0'),(50,1,'0'),(51,1,'0'),(52,1,'0'),(53,1,'0'),(54,1,'0'),(55,1,'0'),(56,1,'0'),(57,1,'0'),(58,1,'0'),(59,1,'0'),(60,1,'0'),(61,1,'0'),(62,1,'0'),(63,1,'0'),(64,1,'0'),(65,1,'0'),(66,1,'0'),(67,1,'0'),(68,1,'0'),(69,1,'0'),(70,1,'0'),(71,1,'0'),(72,1,'0'),(73,1,'0'),(74,1,'0'),(75,1,'0'),(76,1,'0'),(77,1,'0'),(78,1,'0'),(79,1,'0'),(80,1,'0'),(81,1,'0'),(82,1,'0'),(83,1,'0'),(84,1,'0'),(85,1,'0'),(86,1,'0'),(87,1,'0'),(88,1,'0'),(89,1,'0'),(90,1,'0'),(91,1,'0'),(92,1,'0'),(93,1,'0'),(94,1,'0'),(95,1,'0'),(96,1,'0'),(97,1,'0'),(98,1,'0'),(99,1,'0'),(100,1,'0'),(101,1,'0'),(102,1,'0'),(103,1,'0'),(104,1,'0'),(105,1,'0'),(106,1,'0'),(107,1,'0'),(108,1,'0'),(109,1,'0'),(110,1,'0'),(111,1,'0'),(112,1,'0'),(113,1,'0'),(114,1,'0'),(115,1,'0'),(116,1,'0'),(117,1,'0'),(118,1,'0'),(119,1,'0'),(120,1,'0'),(121,1,'0'),(122,1,'0'),(123,1,'0'),(124,1,'0'),(125,1,'0'),(126,1,'0'),(127,1,'0'),(128,1,'0'),(129,1,'0'),(130,1,'0'),(131,1,'0'),(132,1,'0'),(133,1,'0'),(134,1,'0'),(135,1,'0'),(136,1,'0'),(137,1,'0'),(138,1,'0'),(139,1,'0'),(140,1,'0'),(141,1,'0'),(142,1,'0'),(143,1,'0'),(144,1,'0'),(145,1,'0'),(146,1,'0'),(147,1,'0'),(148,1,'0'),(149,1,'0'),(150,1,'0'),(151,1,'0'),(152,1,'0'),(153,1,'0'),(154,1,'0'),(155,1,'0'),(156,1,'0'),(157,1,'0'),(158,1,'0'),(159,1,'0'),(160,1,'0'),(161,1,'0'),(162,1,'0'),(163,1,'0'),(164,1,'0'),(165,1,'0'),(166,1,'0'),(167,1,'0'),(168,1,'0'),(169,1,'0'),(170,1,'0'),(171,1,'0'),(172,1,'0'),(173,1,'0'),(174,1,'0'),(175,1,'0'),(176,1,'0'),(177,1,'0'),(178,1,'0'),(179,1,'0'),(180,1,'0'),(181,1,'0'),(182,1,'0'),(183,1,'0'),(184,1,'0'),(185,1,'0'),(186,1,'0'),(187,1,'0'),(188,1,'0'),(189,1,'0'),(190,1,'0'),(191,1,'0'),(192,1,'0'),(193,1,'0'),(194,1,'0'),(195,1,'0'),(196,1,'0'),(197,1,'0'),(198,1,'0'),(199,1,'0'),(200,1,'0'),(201,1,'0'),(202,1,'0'),(203,1,'0'),(204,1,'0'),(205,1,'0'),(206,1,'0'),(207,1,'0'),(208,1,'0'),(209,1,'0'),(210,1,'0'),(211,1,'0'),(212,1,'0'),(213,1,'0'),(214,1,'0'),(215,1,'0'),(216,1,'0'),(217,1,'0'),(218,1,'0'),(219,1,'0'),(220,1,'0'),(221,1,'0'),(222,1,'0'),(223,1,'0'),(224,1,'0'),(225,1,'0'),(226,1,'0'),(227,1,'0'),(228,1,'0'),(229,1,'0'),(230,1,'0'),(231,1,'0'),(232,1,'0'),(233,1,'0'),(234,1,'0'),(235,1,'0'),(236,1,'0'),(237,1,'0'),(238,1,'0'),(239,1,'0'),(240,1,'0'),(241,1,'0'),(242,1,'0'),(243,1,'0'),(244,1,'0'),(245,1,'0'),(246,1,'0'),(247,1,'0'),(248,1,'0'),(249,1,'0'),(250,1,'0'),(251,1,'0'),(252,1,'0'),(253,1,'0'),(254,1,'0'),(255,1,'0'),(256,1,'0'),(257,1,'0'),(258,1,'0'),(259,1,'0'),(260,1,'0'),(261,1,'0'),(262,1,'0'),(263,1,'0'),(264,1,'0'),(265,1,'0'),(266,1,'0'),(267,1,'0'),(268,1,'0'),(269,1,'0'),(270,1,'0'),(271,1,'0'),(272,1,'0'),(273,1,'0'),(274,1,'0'),(275,1,'0'),(276,1,'0'),(277,1,'0'),(278,1,'0'),(279,1,'0'),(280,1,'0'),(281,1,'0'),(282,1,'0'),(283,1,'0'),(284,1,'0'),(285,1,'0'),(286,1,'0'),(287,1,'0'),(288,1,'0'),(289,1,'0'),(290,1,'0'),(291,1,'0'),(292,1,'0'),(293,1,'0'),(294,1,'0'),(295,1,'0'),(296,1,'0'),(297,1,'0'),(298,1,'0'),(299,1,'0'),(300,1,'0'),(301,1,'0'),(302,1,'0'),(303,1,'0'),(304,1,'0'),(305,1,'0'),(306,1,'0'),(307,1,'0'),(308,1,'0'),(309,1,'0'),(310,1,'0'),(311,1,'0'),(312,1,'0'),(313,1,'0'),(314,1,'0'),(315,1,'0'),(316,1,'0'),(317,1,'0'),(318,1,'0'),(319,1,'0'),(320,1,'0'),(321,1,'0'),(322,1,'0'),(323,1,'0'),(324,1,'0'),(325,1,'0'),(326,1,'0'),(327,1,'0'),(328,1,'0'),(329,1,'0'),(330,1,'0'),(331,1,'0'),(332,1,'0'),(333,1,'0'),(334,1,'0'),(335,1,'0'),(336,1,'0'),(337,1,'0'),(338,1,'0'),(339,1,'0'),(340,1,'0'),(341,1,'0'),(342,1,'0'),(343,1,'0'),(344,1,'0'),(345,1,'0'),(346,1,'0'),(347,1,'0'),(348,1,'0'),(349,1,'0'),(350,1,'0'),(351,1,'0'),(352,1,'0'),(353,1,'0'),(354,1,'0'),(355,1,'0'),(356,1,'0'),(357,1,'0'),(358,1,'0'),(359,1,'0'),(360,1,'0'),(361,1,'0'),(362,1,'0'),(363,1,'0'),(364,1,'0'),(365,1,'0'),(366,1,'0'),(367,1,'0'),(368,1,'0'),(369,1,'0'),(370,1,'0'),(371,1,'0'),(372,1,'0'),(373,1,'0'),(374,1,'0'),(375,1,'0'),(376,1,'0'),(377,1,'0'),(378,1,'0'),(379,1,'0'),(380,1,'0'),(381,1,'0'),(382,1,'0'),(383,1,'0'),(384,1,'0'),(385,1,'0'),(386,1,'0'),(387,1,'0'),(388,1,'0'),(389,1,'0'),(390,1,'0'),(391,1,'0'),(392,1,'0'),(393,1,'0'),(394,1,'0'),(395,1,'0'),(396,1,'0'),(397,1,'0'),(398,1,'0'),(399,1,'0'),(400,1,'0'),(401,1,'0'),(402,1,'0'),(403,1,'0'),(404,1,'0'),(405,1,'0'),(406,1,'0'),(407,1,'0'),(408,1,'0'),(409,1,'0'),(410,1,'0'),(411,1,'0'),(412,1,'0'),(413,1,'0'),(414,1,'0'),(415,1,'0'),(416,1,'0'),(417,1,'0'),(418,1,'0'),(419,1,'0'),(420,1,'0'),(421,1,'0'),(422,1,'0'),(423,1,'0'),(424,1,'0'),(425,1,'0'),(426,1,'0'),(427,1,'0'),(428,1,'0'),(429,1,'0'),(430,1,'0'),(431,1,'0'),(432,1,'0'),(433,1,'0'),(434,1,'0'),(435,1,'0'),(436,1,'0'),(437,1,'0'),(438,1,'0'),(439,1,'0'),(440,1,'0'),(441,1,'0'),(442,1,'0'),(443,1,'0'),(444,1,'0'),(445,1,'0'),(446,1,'0'),(447,1,'0'),(448,1,'0'),(449,1,'0'),(450,1,'0'),(452,1,'0'),(453,1,'0'),(454,1,'0'),(455,1,'0'),(456,1,'0'),(457,1,'0'),(458,1,'0'),(459,1,'0'),(460,1,'0'),(461,1,'0'),(462,1,'0'),(463,1,'0'),(464,1,'0'),(465,1,'0'),(466,1,'0'),(467,1,'0'),(468,1,'0'),(469,1,'0'),(470,1,'0'),(471,1,'0'),(472,1,'0'),(473,1,'0'),(474,1,'0'),(475,1,'0'),(476,1,'0'),(477,1,'0'),(478,1,'0'),(479,1,'0'),(480,1,'0'),(481,1,'0'),(482,1,'0'),(483,1,'0'),(484,1,'0'),(485,1,'0'),(486,1,'0'),(487,1,'0'),(488,1,'0'),(489,1,'0'),(490,1,'0'),(491,1,'0'),(492,1,'0'),(493,1,'0'),(494,1,'0'),(495,1,'0'),(496,1,'0'),(497,1,'0'),(498,1,'0'),(499,1,'0'),(500,1,'0'),(501,1,'0'),(502,1,'0'),(503,1,'0'),(504,1,'0'),(505,1,'0'),(506,1,'0'),(507,1,'0'),(508,1,'0'),(509,1,'0'),(510,1,'0'),(511,1,'0'),(512,1,'0'),(513,1,'0'),(514,1,'0'),(515,1,'0'),(516,1,'0'),(517,1,'0'),(518,1,'0'),(519,1,'0'),(520,1,'0'),(521,1,'0'),(522,1,'0'),(523,1,'0'),(524,1,'0'),(525,1,'0'),(526,1,'0'),(527,1,'0'),(528,1,'0'),(529,1,'0'),(530,1,'0'),(531,1,'0'),(532,1,'0'),(533,1,'0'),(534,1,'0'),(535,1,'0'),(536,1,'0'),(537,1,'0'),(538,1,'0'),(539,1,'0'),(540,1,'0'),(541,1,'0'),(542,1,'0'),(543,1,'0'),(544,1,'0'),(545,1,'0'),(546,1,'0'),(547,1,'0'),(548,1,'0'),(549,1,'0'),(550,1,'0'),(551,1,'0'),(552,1,'0'),(553,1,'0'),(554,1,'0'),(555,1,'0'),(556,1,'0'),(557,1,'0'),(558,1,'0'),(559,1,'0'),(560,1,'0'),(561,1,'0'),(562,1,'0'),(563,1,'0'),(564,1,'0'),(565,1,'0'),(566,1,'0'),(567,1,'0'),(568,1,'0'),(569,1,'0'),(570,1,'0'),(571,1,'0'),(572,1,'0'),(573,1,'0'),(574,1,'0'),(575,1,'0'),(576,1,'0'),(577,1,'0'),(578,1,'0'),(579,1,'0'),(580,1,'0'),(581,1,'0'),(582,1,'0'),(583,1,'0'),(584,1,'0'),(585,1,'0'),(586,1,'0'),(587,1,'0'),(588,1,'0'),(589,1,'0'),(590,1,'0'),(591,1,'0'),(592,1,'0'),(593,1,'0'),(594,1,'0'),(595,1,'0'),(596,1,'0'),(597,1,'0'),(598,1,'0'),(599,1,'0'),(600,1,'0'),(601,1,'0'),(602,1,'0'),(603,1,'0'),(604,1,'0'),(605,1,'0'),(606,1,'0'),(607,1,'0'),(608,1,'0'),(609,1,'0'),(610,1,'0'),(611,1,'0'),(612,1,'0'),(613,1,'0'),(614,1,'0'),(615,1,'0'),(616,1,'0'),(617,1,'0'),(618,1,'0'),(619,1,'0'),(620,1,'0'),(621,1,'0'),(622,1,'0'),(623,1,'0'),(624,1,'0'),(625,1,'0'),(626,1,'0'),(627,1,'0'),(628,1,'0'),(629,1,'0'),(630,1,'0'),(631,1,'0'),(632,1,'0'),(633,1,'0'),(634,1,'0'),(635,1,'0'),(636,1,'0'),(637,1,'0'),(638,1,'0'),(639,1,'0'),(640,1,'0'),(641,1,'0'),(642,1,'0'),(643,1,'0'),(644,1,'0'),(645,1,'0'),(646,1,'0'),(647,1,'0'),(648,1,'0'),(649,1,'0'),(650,1,'0'),(651,1,'0'),(652,1,'0'),(653,1,'0'),(654,1,'0'),(655,1,'0'),(656,1,'0'),(657,1,'0'),(673,1,'0'),(675,1,'0'),(677,1,'0'),(679,1,'0'),(681,1,'0'),(683,1,'0'),(685,1,'0'),(687,1,'0'),(689,1,'0'),(690,1,'0'),(691,1,'0'),(692,1,'0'),(693,1,'0'),(694,1,'0'),(695,1,'0'),(696,1,'0'),(697,1,'0'),(698,1,'0'),(699,1,'0'),(700,1,'0'),(701,1,'0'),(702,1,'0'),(703,1,'0'),(704,1,'0'),(705,1,'0'),(706,1,'0'),(707,1,'0'),(708,1,'0'),(709,1,'0'),(710,1,'0'),(711,1,'0'),(712,1,'0'),(713,1,'0'),(714,1,'0'),(715,1,'0'),(716,1,'0'),(717,1,'0'),(718,1,'0'),(719,1,'0'),(721,1,'0'),(722,1,'0'),(723,1,'0'),(724,1,'0'),(725,1,'0'),(726,1,'0'),(727,1,'0'),(728,1,'0'),(729,1,'0'),(730,1,'0'),(731,1,'0'),(732,1,'0'),(734,1,'0'),(735,1,'0'),(736,1,'0'),(737,1,'0'),(738,1,'0'),(739,1,'0'),(740,1,'0'),(741,1,'0'),(743,1,'0'),(744,1,'0'),(745,1,'0'),(746,1,'0'),(747,1,'0'),(748,1,'0'),(749,1,'0'),(750,1,'0'),(751,1,'0'),(752,1,'0'),(753,1,'0'),(754,1,'0'),(755,1,'0'),(756,1,'0'),(757,1,'0'),(758,1,'0'),(759,1,'0'),(760,1,'0'),(761,1,'0');

--
-- Table structure for table `vtiger_crmentityrel`
--

CREATE TABLE `vtiger_crmentityrel` (
  `crmid` int(11) NOT NULL,
  `module` varchar(100) NOT NULL,
  `relcrmid` int(11) NOT NULL,
  `relmodule` varchar(100) NOT NULL,
  KEY `crmid_idx` (`crmid`),
  KEY `relcrmid_idx` (`relcrmid`)
) ENGINE=InnoDB DEFAULT CHARSET=utf8 COLLATE=utf8_general_ci;

--
-- Dumping data for table `vtiger_crmentityrel`
--

INSERT INTO `vtiger_crmentityrel` VALUES (453,'Pagosparciales',452,'Cobranzas'),(454,'Cobranzas',104,'Accounts'),(455,'Pagos',454,'Cobranzas'),(456,'Cobranzas',2,'Accounts'),(456,'Cobranzas',107,'Contacts'),(457,'Cobranzas',3,'Accounts'),(457,'Cobranzas',108,'Contacts'),(458,'Cobranzas',4,'Accounts'),(458,'Cobranzas',109,'Contacts'),(459,'Cobranzas',5,'Accounts'),(459,'Cobranzas',110,'Contacts'),(460,'Cobranzas',6,'Accounts'),(460,'Cobranzas',111,'Contacts'),(461,'Cobranzas',7,'Accounts'),(461,'Cobranzas',112,'Contacts'),(462,'Cobranzas',8,'Accounts'),(462,'Cobranzas',113,'Contacts'),(463,'Cobranzas',9,'Accounts'),(463,'Cobranzas',114,'Contacts'),(464,'Cobranzas',10,'Accounts'),(464,'Cobranzas',115,'Contacts'),(465,'Cobranzas',11,'Accounts'),(465,'Cobranzas',116,'Contacts'),(466,'Cobranzas',12,'Accounts'),(466,'Cobranzas',117,'Contacts'),(467,'Cobranzas',13,'Accounts'),(467,'Cobranzas',118,'Contacts'),(468,'Cobranzas',14,'Accounts'),(468,'Cobranzas',119,'Contacts'),(469,'Cobranzas',15,'Accounts'),(469,'Cobranzas',120,'Contacts'),(470,'Cobranzas',16,'Accounts'),(470,'Cobranzas',121,'Contacts'),(471,'Cobranzas',17,'Accounts'),(471,'Cobranzas',122,'Contacts'),(472,'Cobranzas',18,'Accounts'),(472,'Cobranzas',123,'Contacts'),(473,'Cobranzas',19,'Accounts'),(473,'Cobranzas',124,'Contacts'),(474,'Cobranzas',20,'Accounts'),(474,'Cobranzas',125,'Contacts'),(475,'Cobranzas',21,'Accounts'),(475,'Cobranzas',126,'Contacts'),(476,'Cobranzas',22,'Accounts'),(476,'Cobranzas',127,'Contacts'),(477,'Cobranzas',23,'Accounts'),(477,'Cobranzas',128,'Contacts'),(478,'Cobranzas',24,'Accounts'),(478,'Cobranzas',129,'Contacts'),(479,'Cobranzas',25,'Accounts'),(479,'Cobranzas',130,'Contacts'),(480,'Cobranzas',26,'Accounts'),(480,'Cobranzas',131,'Contacts'),(481,'Cobranzas',27,'Accounts'),(481,'Cobranzas',132,'Contacts'),(482,'Cobranzas',28,'Accounts'),(482,'Cobranzas',133,'Contacts'),(483,'Cobranzas',29,'Accounts'),(483,'Cobranzas',134,'Contacts'),(484,'Cobranzas',30,'Accounts'),(484,'Cobranzas',135,'Contacts'),(485,'Cobranzas',31,'Accounts'),(485,'Cobranzas',136,'Contacts'),(486,'Cobranzas',32,'Accounts'),(486,'Cobranzas',137,'Contacts'),(487,'Cobranzas',33,'Accounts'),(487,'Cobranzas',138,'Contacts'),(488,'Cobranzas',34,'Accounts'),(488,'Cobranzas',139,'Contacts'),(489,'Cobranzas',35,'Accounts'),(489,'Cobranzas',140,'Contacts'),(490,'Cobranzas',36,'Accounts'),(490,'Cobranzas',141,'Contacts'),(491,'Cobranzas',37,'Accounts'),(491,'Cobranzas',142,'Contacts'),(492,'Cobranzas',38,'Accounts'),(492,'Cobranzas',143,'Contacts'),(493,'Cobranzas',39,'Accounts'),(493,'Cobranzas',144,'Contacts'),(494,'Cobranzas',40,'Accounts'),(494,'Cobranzas',145,'Contacts'),(495,'Cobranzas',41,'Accounts'),(495,'Cobranzas',146,'Contacts'),(496,'Cobranzas',42,'Accounts'),(496,'Cobranzas',147,'Contacts'),(497,'Cobranzas',43,'Accounts'),(497,'Cobranzas',148,'Contacts'),(498,'Cobranzas',44,'Accounts'),(498,'Cobranzas',149,'Contacts'),(499,'Cobranzas',45,'Accounts'),(499,'Cobranzas',150,'Contacts'),(500,'Cobranzas',46,'Accounts'),(500,'Cobranzas',151,'Contacts'),(501,'Cobranzas',47,'Accounts'),(501,'Cobranzas',152,'Contacts'),(502,'Cobranzas',48,'Accounts'),(502,'Cobranzas',153,'Contacts'),(503,'Cobranzas',49,'Accounts'),(503,'Cobranzas',154,'Contacts'),(504,'Cobranzas',50,'Accounts'),(504,'Cobranzas',155,'Contacts'),(505,'Cobranzas',51,'Accounts'),(505,'Cobranzas',156,'Contacts'),(506,'Cobranzas',52,'Accounts'),(506,'Cobranzas',157,'Contacts'),(507,'Cobranzas',53,'Accounts'),(507,'Cobranzas',158,'Contacts'),(508,'Cobranzas',54,'Accounts'),(508,'Cobranzas',159,'Contacts'),(509,'Cobranzas',55,'Accounts'),(509,'Cobranzas',160,'Contacts'),(510,'Cobranzas',56,'Accounts'),(510,'Cobranzas',161,'Contacts'),(511,'Cobranzas',57,'Accounts'),(511,'Cobranzas',162,'Contacts'),(512,'Cobranzas',58,'Accounts'),(512,'Cobranzas',163,'Contacts'),(513,'Cobranzas',59,'Accounts'),(513,'Cobranzas',164,'Contacts'),(514,'Cobranzas',60,'Accounts'),(514,'Cobranzas',165,'Contacts'),(515,'Cobranzas',61,'Accounts'),(515,'Cobranzas',166,'Contacts'),(516,'Cobranzas',62,'Accounts'),(516,'Cobranzas',167,'Contacts'),(517,'Cobranzas',63,'Accounts'),(517,'Cobranzas',168,'Contacts'),(518,'Cobranzas',64,'Accounts'),(518,'Cobranzas',169,'Contacts'),(519,'Cobranzas',65,'Accounts'),(519,'Cobranzas',170,'Contacts'),(520,'Cobranzas',66,'Accounts'),(520,'Cobranzas',171,'Contacts'),(521,'Cobranzas',67,'Accounts'),(521,'Cobranzas',172,'Contacts'),(522,'Cobranzas',68,'Accounts'),(522,'Cobranzas',173,'Contacts'),(523,'Cobranzas',69,'Accounts'),(523,'Cobranzas',174,'Contacts'),(524,'Cobranzas',70,'Accounts'),(524,'Cobranzas',175,'Contacts'),(525,'Cobranzas',71,'Accounts'),(525,'Cobranzas',176,'Contacts'),(526,'Cobranzas',72,'Accounts'),(526,'Cobranzas',177,'Contacts'),(527,'Cobranzas',73,'Accounts'),(527,'Cobranzas',178,'Contacts'),(528,'Cobranzas',74,'Accounts'),(528,'Cobranzas',179,'Contacts'),(529,'Cobranzas',75,'Accounts'),(529,'Cobranzas',180,'Contacts'),(530,'Cobranzas',76,'Accounts'),(530,'Cobranzas',181,'Contacts'),(531,'Cobranzas',77,'Accounts'),(531,'Cobranzas',182,'Contacts'),(532,'Cobranzas',78,'Accounts'),(532,'Cobranzas',183,'Contacts'),(533,'Cobranzas',79,'Accounts'),(533,'Cobranzas',184,'Contacts'),(534,'Cobranzas',80,'Accounts'),(534,'Cobranzas',185,'Contacts'),(535,'Cobranzas',81,'Accounts'),(535,'Cobranzas',186,'Contacts'),(536,'Cobranzas',82,'Accounts'),(536,'Cobranzas',187,'Contacts'),(537,'Cobranzas',83,'Accounts'),(537,'Cobranzas',188,'Contacts'),(538,'Cobranzas',84,'Accounts'),(538,'Cobranzas',189,'Contacts'),(539,'Cobranzas',85,'Accounts'),(539,'Cobranzas',190,'Contacts'),(540,'Cobranzas',86,'Accounts'),(540,'Cobranzas',191,'Contacts'),(541,'Cobranzas',87,'Accounts'),(541,'Cobranzas',192,'Contacts'),(542,'Cobranzas',88,'Accounts'),(542,'Cobranzas',193,'Contacts'),(543,'Cobranzas',89,'Accounts'),(543,'Cobranzas',194,'Contacts'),(544,'Cobranzas',90,'Accounts'),(544,'Cobranzas',195,'Contacts'),(545,'Cobranzas',91,'Accounts'),(545,'Cobranzas',196,'Contacts'),(546,'Cobranzas',92,'Accounts'),(546,'Cobranzas',197,'Contacts'),(547,'Cobranzas',93,'Accounts'),(547,'Cobranzas',198,'Contacts'),(548,'Cobranzas',94,'Accounts'),(548,'Cobranzas',199,'Contacts'),(549,'Cobranzas',95,'Accounts'),(549,'Cobranzas',200,'Contacts'),(550,'Cobranzas',96,'Accounts'),(550,'Cobranzas',201,'Contacts'),(551,'Cobranzas',97,'Accounts'),(551,'Cobranzas',202,'Contacts'),(552,'Cobranzas',98,'Accounts'),(552,'Cobranzas',203,'Contacts'),(553,'Cobranzas',99,'Accounts'),(553,'Cobranzas',204,'Contacts'),(554,'Cobranzas',100,'Accounts'),(554,'Cobranzas',205,'Contacts'),(555,'Cobranzas',101,'Accounts'),(555,'Cobranzas',206,'Contacts'),(556,'Cobranzas',102,'Accounts'),(556,'Cobranzas',107,'Contacts'),(557,'Cobranzas',103,'Accounts'),(557,'Cobranzas',208,'Contacts'),(558,'Cobranzas',104,'Accounts'),(558,'Cobranzas',147,'Contacts'),(559,'Cobranzas',105,'Accounts'),(559,'Cobranzas',107,'Contacts'),(560,'Cobranzas',106,'Accounts'),(560,'Cobranzas',211,'Contacts'),(561,'Cobranzas',100,'Accounts'),(561,'Cobranzas',205,'Contacts'),(562,'Cobranzas',101,'Accounts'),(562,'Cobranzas',206,'Contacts'),(563,'Cobranzas',102,'Accounts'),(563,'Cobranzas',107,'Contacts'),(564,'Cobranzas',103,'Accounts'),(564,'Cobranzas',208,'Contacts'),(565,'Cobranzas',104,'Accounts'),(565,'Cobranzas',147,'Contacts'),(566,'Cobranzas',105,'Accounts'),(566,'Cobranzas',107,'Contacts'),(567,'Cobranzas',106,'Accounts'),(567,'Cobranzas',211,'Contacts'),(569,'Cobranzas',106,'Accounts'),(569,'Cobranzas',211,'Contacts'),(570,'Cobranzas',100,'Accounts'),(570,'Cobranzas',205,'Contacts'),(571,'Cobranzas',101,'Accounts'),(571,'Cobranzas',206,'Contacts'),(572,'Cobranzas',102,'Accounts'),(572,'Cobranzas',107,'Contacts'),(573,'Cobranzas',103,'Accounts'),(573,'Cobranzas',208,'Contacts'),(574,'Cobranzas',104,'Accounts'),(574,'Cobranzas',147,'Contacts'),(575,'Cobranzas',105,'Accounts'),(575,'Cobranzas',107,'Contacts'),(576,'Cobranzas',106,'Accounts'),(576,'Cobranzas',211,'Contacts'),(577,'Cobranzas',106,'Accounts'),(577,'Cobranzas',211,'Contacts'),(578,'Cobranzas',100,'Accounts'),(578,'Cobranzas',205,'Contacts'),(579,'Cobranzas',101,'Accounts'),(579,'Cobranzas',206,'Contacts'),(580,'Cobranzas',102,'Accounts'),(580,'Cobranzas',107,'Contacts'),(581,'Cobranzas',103,'Accounts'),(581,'Cobranzas',208,'Contacts'),(582,'Cobranzas',104,'Accounts'),(582,'Cobranzas',147,'Contacts'),(690,'Pagos',515,'Cobranzas'),(515,'Cobranzas',690,'Pagos'),(691,'Pagos',515,'Cobranzas'),(515,'Cobranzas',691,'Pagos'),(692,'Pagos',515,'Cobranzas'),(515,'Cobranzas',692,'Pagos'),(693,'Pagos',515,'Cobranzas'),(515,'Cobranzas',693,'Pagos'),(694,'Pagos',466,'Cobranzas'),(466,'Cobranzas',694,'Pagos'),(695,'Pagos',466,'Cobranzas'),(466,'Cobranzas',695,'Pagos'),(696,'Pagos',466,'Cobranzas'),(466,'Cobranzas',696,'Pagos'),(697,'Pagos',466,'Cobranzas'),(466,'Cobranzas',697,'Pagos'),(698,'Pagos',546,'Cobranzas'),(546,'Cobranzas',698,'Pagos'),(699,'Pagos',546,'Cobranzas'),(546,'Cobranzas',699,'Pagos'),(701,'Pagos',510,'Cobranzas'),(510,'Cobranzas',701,'Pagos'),(702,'Pagos',510,'Cobranzas'),(510,'Cobranzas',702,'Pagos'),(703,'Pagos',510,'Cobranzas'),(510,'Cobranzas',703,'Pagos'),(704,'Pagos',510,'Cobranzas'),(510,'Cobranzas',704,'Pagos'),(705,'Pagos',460,'Cobranzas'),(460,'Cobranzas',705,'Pagos'),(706,'Pagos',460,'Cobranzas'),(460,'Cobranzas',706,'Pagos'),(707,'Pagos',460,'Cobranzas'),(460,'Cobranzas',707,'Pagos'),(708,'Pagos',460,'Cobranzas'),(460,'Cobranzas',708,'Pagos'),(709,'Pagos',542,'Cobranzas'),(542,'Cobranzas',709,'Pagos'),(710,'Pagos',542,'Cobranzas'),(542,'Cobranzas',710,'Pagos'),(711,'Pagos',542,'Cobranzas'),(542,'Cobranzas',711,'Pagos'),(712,'Pagos',542,'Cobranzas'),(542,'Cobranzas',712,'Pagos'),(713,'Pagos',490,'Cobranzas'),(490,'Cobranzas',713,'Pagos'),(714,'Pagos',490,'Cobranzas'),(490,'Cobranzas',714,'Pagos'),(715,'Pagos',490,'Cobranzas'),(490,'Cobranzas',715,'Pagos'),(716,'Pagos',490,'Cobranzas'),(490,'Cobranzas',716,'Pagos'),(717,'Pagos',494,'Cobranzas'),(494,'Cobranzas',717,'Pagos'),(718,'Pagos',494,'Cobranzas'),(494,'Cobranzas',718,'Pagos'),(719,'Pagos',494,'Cobranzas'),(494,'Cobranzas',719,'Pagos'),(466,'Cobranzas',721,'Pagos'),(466,'Cobranzas',722,'Pagos'),(519,'Cobranzas',723,'Calendar'),(101,'Accounts',725,'Calendar'),(519,'Cobranzas',726,'Calendar'),(519,'Cobranzas',727,'Calendar'),(170,'Contacts',751,'Emails'),(170,'Contacts',752,'Emails'),(734,'Contacts',753,'Emails'),(735,'Contacts',754,'Emails'),(735,'Contacts',755,'Emails'),(170,'Contacts',756,'Emails'),(170,'Contacts',757,'Emails'),(743,'Contacts',758,'Emails'),(745,'Contacts',759,'Emails'),(746,'Contacts',760,'Emails');

--
-- Table structure for table `vtiger_crmsetup`
--

CREATE TABLE `vtiger_crmsetup` (
  `userid` int(11) DEFAULT NULL,
  `setup_status` int(2) DEFAULT NULL
) ENGINE=InnoDB DEFAULT CHARSET=utf8 COLLATE=utf8_general_ci;

--
-- Dumping data for table `vtiger_crmsetup`
--

INSERT INTO `vtiger_crmsetup` VALUES (1,1);

--
-- Table structure for table `vtiger_cron_task`
--

CREATE TABLE `vtiger_cron_task` (
  `id` int(11) NOT NULL AUTO_INCREMENT,
  `name` varchar(100) DEFAULT NULL,
  `handler_file` varchar(100) DEFAULT NULL,
  `frequency` int(11) DEFAULT NULL,
  `laststart` int(11) unsigned DEFAULT NULL,
  `lastend` int(11) unsigned DEFAULT NULL,
  `status` int(11) DEFAULT NULL,
  `module` varchar(100) DEFAULT NULL,
  `sequence` int(11) DEFAULT NULL,
  `description` text DEFAULT NULL,
  PRIMARY KEY (`id`),
  UNIQUE KEY `name` (`name`),
  UNIQUE KEY `handler_file` (`handler_file`)
) ENGINE=InnoDB AUTO_INCREMENT=11 DEFAULT CHARSET=utf8 COLLATE=utf8_general_ci;

--
-- Dumping data for table `vtiger_cron_task`
--

INSERT INTO `vtiger_cron_task` VALUES (1,'Workflow','cron/modules/com_vtiger_workflow/com_vtiger_workflow.service',900,1722205202,1722205202,1,'com_vtiger_workflow',1,'Recommended frequency for Workflow is 15 mins'),(2,'RecurringInvoice','cron/modules/SalesOrder/RecurringInvoice.service',43200,1722186602,1722186602,1,'SalesOrder',2,'Recommended frequency for RecurringInvoice is 12 hours'),(3,'SendReminder','cron/SendReminder.service',900,1722205202,1722205202,1,'Calendar',3,'Recommended frequency for SendReminder is 15 mins'),(5,'MailScanner','cron/MailScanner.service',900,1722204841,1722204841,1,'Settings',5,'Recommended frequency for MailScanner is 15 mins'),(6,'Scheduled Import','cron/modules/Import/ScheduledImport.service',900,NULL,NULL,0,'Import',6,'Recommended frequency for MailScanner is 15 mins'),(7,'ScheduleReports','cron/modules/Reports/ScheduleReports.service',900,1722204841,1722204841,1,'Reports',7,'Recommended frequency for ScheduleReports is 15 mins'),(8,'CTWhatsApp','cron/modules/CTWhatsApp/SendWhatsappMsg.service',300,1722205561,1722205562,1,'CTWhatsApp',8,''),(9,'CTWhatsApp Message History','cron/modules/CTWhatsApp/WhatsappMsgHistory.service',300,1722205562,1722205562,1,'CTWhatsApp',9,'');

--
-- Table structure for table `vtiger_ctattendance`
--

CREATE TABLE `vtiger_ctattendance` (
  `ctattendanceid` int(11) DEFAULT NULL,
  `ctattendance_no` varchar(255) DEFAULT NULL,
  `employee_name` varchar(255) DEFAULT NULL,
  `attendance_status` varchar(255) DEFAULT NULL,
  `check_in_location` varchar(255) DEFAULT NULL,
  `check_out_location` varchar(255) DEFAULT NULL,
  `tags` varchar(1) DEFAULT NULL,
  `eventid` varchar(255) DEFAULT NULL,
  `check_in_address` text DEFAULT NULL,
  `check_out_address` text DEFAULT NULL
) ENGINE=InnoDB DEFAULT CHARSET=utf8 COLLATE=utf8_general_ci;

--
-- Dumping data for table `vtiger_ctattendance`
--


--
-- Table structure for table `vtiger_ctattendancecf`
--

CREATE TABLE `vtiger_ctattendancecf` (
  `ctattendanceid` int(11) NOT NULL,
  PRIMARY KEY (`ctattendanceid`)
) ENGINE=InnoDB DEFAULT CHARSET=utf8 COLLATE=utf8_general_ci;

--
-- Dumping data for table `vtiger_ctattendancecf`
--


--
-- Table structure for table `vtiger_ctmessagetemplate`
--

CREATE TABLE `vtiger_ctmessagetemplate` (
  `ctmessagetemplateid` int(19) NOT NULL,
  `templates_name` varchar(255) DEFAULT NULL,
  `description` varchar(255) DEFAULT NULL,
  `template_no` varchar(255) DEFAULT NULL,
  `message_status` varchar(255) DEFAULT NULL,
  `message_type` varchar(255) DEFAULT NULL,
  `tags` varchar(1) DEFAULT NULL,
  PRIMARY KEY (`ctmessagetemplateid`)
) ENGINE=InnoDB DEFAULT CHARSET=utf8 COLLATE=utf8_general_ci;

--
-- Dumping data for table `vtiger_ctmessagetemplate`
--


--
-- Table structure for table `vtiger_ctmessagetemplatecf`
--

CREATE TABLE `vtiger_ctmessagetemplatecf` (
  `ctmessagetemplateid` int(19) NOT NULL,
  PRIMARY KEY (`ctmessagetemplateid`)
) ENGINE=InnoDB DEFAULT CHARSET=utf8 COLLATE=utf8_general_ci;

--
-- Dumping data for table `vtiger_ctmessagetemplatecf`
--


--
-- Table structure for table `vtiger_ctpushnotification`
--

CREATE TABLE `vtiger_ctpushnotification` (
  `ctpushnotificationid` int(11) DEFAULT NULL,
  `pn_title` varchar(50) DEFAULT NULL,
  `pn_related` varchar(100) DEFAULT NULL,
  `pushnotificationstatus` varchar(255) DEFAULT NULL,
  `devicekey` text DEFAULT NULL,
  `description` text DEFAULT NULL,
  `pushnotification_response` text DEFAULT NULL,
  `pushnotification_no` varchar(255) DEFAULT NULL,
  `related_record_id` varchar(50) DEFAULT NULL,
  `notification_url` varchar(255) DEFAULT NULL
) ENGINE=InnoDB DEFAULT CHARSET=utf8 COLLATE=utf8_general_ci;

--
-- Dumping data for table `vtiger_ctpushnotification`
--


--
-- Table structure for table `vtiger_ctpushnotification_user_field`
--

CREATE TABLE `vtiger_ctpushnotification_user_field` (
  `recordid` int(25) NOT NULL,
  `userid` int(25) NOT NULL,
  `starred` varchar(100) NOT NULL
) ENGINE=InnoDB DEFAULT CHARSET=latin1 COLLATE=latin1_swedish_ci;

--
-- Dumping data for table `vtiger_ctpushnotification_user_field`
--


--
-- Table structure for table `vtiger_ctpushnotificationcf`
--

CREATE TABLE `vtiger_ctpushnotificationcf` (
  `ctpushnotificationid` int(11) NOT NULL,
  `tags` varchar(1) DEFAULT NULL,
  PRIMARY KEY (`ctpushnotificationid`)
) ENGINE=InnoDB DEFAULT CHARSET=utf8 COLLATE=utf8_general_ci;

--
-- Dumping data for table `vtiger_ctpushnotificationcf`
--


--
-- Table structure for table `vtiger_ctroute_attendance_status`
--

CREATE TABLE `vtiger_ctroute_attendance_status` (
  `ctroute_attendance_statusid` int(11) NOT NULL AUTO_INCREMENT,
  `ctroute_attendance_status` varchar(200) NOT NULL,
  `presence` int(1) NOT NULL DEFAULT 1,
  `picklist_valueid` int(11) NOT NULL DEFAULT 0,
  `sortorderid` int(11) DEFAULT 0,
  `color` varchar(10) DEFAULT NULL,
  PRIMARY KEY (`ctroute_attendance_statusid`)
) ENGINE=InnoDB AUTO_INCREMENT=3 DEFAULT CHARSET=utf8 COLLATE=utf8_general_ci;

--
-- Dumping data for table `vtiger_ctroute_attendance_status`
--

INSERT INTO `vtiger_ctroute_attendance_status` VALUES (1,'check_in',1,324,1,NULL),(2,'check_out',1,325,2,NULL);

--
-- Table structure for table `vtiger_ctroute_attendance_status_seq`
--

CREATE TABLE `vtiger_ctroute_attendance_status_seq` (
  `id` int(11) NOT NULL
) ENGINE=InnoDB DEFAULT CHARSET=utf8 COLLATE=utf8_general_ci;

--
-- Dumping data for table `vtiger_ctroute_attendance_status_seq`
--

INSERT INTO `vtiger_ctroute_attendance_status_seq` VALUES (2);

--
-- Table structure for table `vtiger_ctroute_status`
--

CREATE TABLE `vtiger_ctroute_status` (
  `ctroute_statusid` int(11) NOT NULL AUTO_INCREMENT,
  `ctroute_status` varchar(200) NOT NULL,
  `presence` int(1) NOT NULL DEFAULT 1,
  `picklist_valueid` int(11) NOT NULL DEFAULT 0,
  `sortorderid` int(11) DEFAULT 0,
  `color` varchar(10) DEFAULT NULL,
  PRIMARY KEY (`ctroute_statusid`)
) ENGINE=InnoDB AUTO_INCREMENT=5 DEFAULT CHARSET=utf8 COLLATE=utf8_general_ci;

--
-- Dumping data for table `vtiger_ctroute_status`
--

INSERT INTO `vtiger_ctroute_status` VALUES (1,'In Progress',1,320,1,NULL),(2,'On Hold',1,321,2,NULL),(3,'Completed',1,322,3,NULL),(4,'Not Available',1,323,4,NULL);

--
-- Table structure for table `vtiger_ctroute_status_seq`
--

CREATE TABLE `vtiger_ctroute_status_seq` (
  `id` int(11) NOT NULL
) ENGINE=InnoDB DEFAULT CHARSET=utf8 COLLATE=utf8_general_ci;

--
-- Dumping data for table `vtiger_ctroute_status_seq`
--

INSERT INTO `vtiger_ctroute_status_seq` VALUES (4);

--
-- Table structure for table `vtiger_ctrouteattendance`
--

CREATE TABLE `vtiger_ctrouteattendance` (
  `ctrouteattendanceid` int(11) DEFAULT NULL,
  `ctrouteattendance_no` varchar(255) DEFAULT NULL,
  `ctroute_user` varchar(255) DEFAULT NULL,
  `ctroute_attendance_status` varchar(255) DEFAULT NULL,
  `check_in_location` varchar(255) DEFAULT NULL,
  `check_out_location` varchar(255) DEFAULT NULL,
  `tags` varchar(1) DEFAULT NULL,
  `ctroute_planning` varchar(255) DEFAULT NULL,
  `related_to` varchar(255) DEFAULT NULL,
  `check_in_address` text DEFAULT NULL,
  `check_out_address` text DEFAULT NULL
) ENGINE=InnoDB DEFAULT CHARSET=utf8 COLLATE=utf8_general_ci;

--
-- Dumping data for table `vtiger_ctrouteattendance`
--


--
-- Table structure for table `vtiger_ctrouteattendancecf`
--

CREATE TABLE `vtiger_ctrouteattendancecf` (
  `ctrouteattendanceid` int(11) NOT NULL,
  PRIMARY KEY (`ctrouteattendanceid`)
) ENGINE=InnoDB DEFAULT CHARSET=utf8 COLLATE=utf8_general_ci;

--
-- Dumping data for table `vtiger_ctrouteattendancecf`
--


--
-- Table structure for table `vtiger_ctrouteplanning`
--

CREATE TABLE `vtiger_ctrouteplanning` (
  `ctrouteplanningid` int(19) NOT NULL,
  `ctrouteplanning_no` varchar(24) DEFAULT NULL,
  `ctroutename` varchar(255) DEFAULT NULL,
  `ctroute_date` date DEFAULT NULL,
  `ctroute_status` varchar(255) DEFAULT NULL,
  `tags` varchar(100) DEFAULT NULL,
  PRIMARY KEY (`ctrouteplanningid`)
) ENGINE=InnoDB DEFAULT CHARSET=utf8 COLLATE=utf8_general_ci;

--
-- Dumping data for table `vtiger_ctrouteplanning`
--


--
-- Table structure for table `vtiger_ctrouteplanningcf`
--

CREATE TABLE `vtiger_ctrouteplanningcf` (
  `ctrouteplanningid` int(19) NOT NULL,
  PRIMARY KEY (`ctrouteplanningid`)
) ENGINE=InnoDB DEFAULT CHARSET=utf8 COLLATE=utf8_general_ci;

--
-- Dumping data for table `vtiger_ctrouteplanningcf`
--


--
-- Table structure for table `vtiger_ctrouteplanrel`
--

CREATE TABLE `vtiger_ctrouteplanrel` (
  `ctrouteplanningid` int(11) NOT NULL DEFAULT 0,
  `ctroute_realtedto` int(11) NOT NULL
) ENGINE=InnoDB DEFAULT CHARSET=utf8 COLLATE=utf8_general_ci;

--
-- Dumping data for table `vtiger_ctrouteplanrel`
--


--
-- Table structure for table `vtiger_cttimecontrol`
--

CREATE TABLE `vtiger_cttimecontrol` (
  `cttimecontrolid` int(19) NOT NULL,
  `cttimecontrol_no` varchar(24) DEFAULT NULL,
  `related_tracking` int(11) DEFAULT NULL,
  `date_start` date DEFAULT NULL,
  `time_start` varchar(50) DEFAULT NULL,
  `date_end` date DEFAULT NULL,
  `time_end` varchar(50) DEFAULT NULL,
  `check_in_location` varchar(255) DEFAULT NULL,
  `check_out_location` varchar(255) DEFAULT NULL,
  `check_in_address` text DEFAULT NULL,
  `check_out_address` text DEFAULT NULL,
  `tags` varchar(1) DEFAULT NULL,
  PRIMARY KEY (`cttimecontrolid`)
) ENGINE=InnoDB DEFAULT CHARSET=utf8 COLLATE=utf8_general_ci;

--
-- Dumping data for table `vtiger_cttimecontrol`
--


--
-- Table structure for table `vtiger_cttimecontrolcf`
--

CREATE TABLE `vtiger_cttimecontrolcf` (
  `cttimecontrolid` int(19) NOT NULL,
  PRIMARY KEY (`cttimecontrolid`)
) ENGINE=InnoDB DEFAULT CHARSET=utf8 COLLATE=utf8_general_ci;

--
-- Dumping data for table `vtiger_cttimecontrolcf`
--


--
-- Table structure for table `vtiger_cttimetracker`
--

CREATE TABLE `vtiger_cttimetracker` (
  `cttimetrackerid` int(19) NOT NULL,
  `related_to` varchar(255) DEFAULT NULL,
  `total_hour` varchar(100) DEFAULT NULL,
  `total_min` varchar(100) DEFAULT NULL,
  `timetracker_no` varchar(255) DEFAULT NULL,
  `total_time` varchar(100) DEFAULT NULL,
  `tags` varchar(1) DEFAULT NULL,
  `tracking_user` int(11) DEFAULT NULL,
  `tracking_title` varchar(255) DEFAULT NULL,
  `tracking_notes` text DEFAULT NULL,
  `tracking_status` varchar(255) DEFAULT NULL,
  `total_seconds` varchar(100) DEFAULT NULL,
  `check_in_location` varchar(255) DEFAULT NULL,
  `check_out_location` varchar(255) DEFAULT NULL,
  `check_in_address` text DEFAULT NULL,
  `check_out_address` text DEFAULT NULL,
  PRIMARY KEY (`cttimetrackerid`)
) ENGINE=InnoDB DEFAULT CHARSET=utf8 COLLATE=utf8_general_ci;

--
-- Dumping data for table `vtiger_cttimetracker`
--


--
-- Table structure for table `vtiger_cttimetrackercf`
--

CREATE TABLE `vtiger_cttimetrackercf` (
  `cttimetrackerid` int(19) NOT NULL,
  PRIMARY KEY (`cttimetrackerid`)
) ENGINE=InnoDB DEFAULT CHARSET=utf8 COLLATE=utf8_general_ci;

--
-- Dumping data for table `vtiger_cttimetrackercf`
--


--
-- Table structure for table `vtiger_ctuserfilterview`
--

CREATE TABLE `vtiger_ctuserfilterview` (
  `ctuserfilterviewid` int(11) DEFAULT NULL,
  `ctuser_filter_view_no` varchar(255) DEFAULT NULL,
  `module_name` varchar(255) DEFAULT NULL,
  `filter_id` varchar(255) DEFAULT NULL,
  `filter_name` varchar(255) DEFAULT NULL,
  `tags` varchar(1) DEFAULT NULL
) ENGINE=InnoDB DEFAULT CHARSET=utf8 COLLATE=utf8_general_ci;

--
-- Dumping data for table `vtiger_ctuserfilterview`
--


--
-- Table structure for table `vtiger_ctuserfilterviewcf`
--

CREATE TABLE `vtiger_ctuserfilterviewcf` (
  `ctuserfilterviewid` int(11) NOT NULL,
  PRIMARY KEY (`ctuserfilterviewid`)
) ENGINE=InnoDB DEFAULT CHARSET=utf8 COLLATE=utf8_general_ci;

--
-- Dumping data for table `vtiger_ctuserfilterviewcf`
--


--
-- Table structure for table `vtiger_ctwharsappallow_whatsappmodule`
--

CREATE TABLE `vtiger_ctwharsappallow_whatsappmodule` (
  `module` varchar(50) DEFAULT NULL,
  `phone_field` varchar(50) DEFAULT NULL,
  `active` int(11) DEFAULT NULL
) ENGINE=InnoDB DEFAULT CHARSET=latin1 COLLATE=latin1_swedish_ci;

--
-- Dumping data for table `vtiger_ctwharsappallow_whatsappmodule`
--

INSERT INTO `vtiger_ctwharsappallow_whatsappmodule` VALUES ('Contacts','mobile',1),('Cobranzas','lb_telefonocobran',1),('Leads','mobile',1);

--
-- Table structure for table `vtiger_ctwhatsapp`
--

CREATE TABLE `vtiger_ctwhatsapp` (
  `ctwhatsappid` int(19) NOT NULL,
  `whatsapp_no` varchar(100) DEFAULT NULL,
  `whatsapp_sendername` varchar(100) DEFAULT NULL,
  `whatsapp_chatid` varchar(100) DEFAULT NULL,
  `message_type` varchar(100) DEFAULT NULL,
  `message_body` blob DEFAULT NULL,
  `whatsapp_contactid` varchar(100) DEFAULT NULL,
  `whatsapp_unreadread` varchar(255) DEFAULT NULL,
  `whatsapp_withccode` varchar(255) DEFAULT NULL,
  `whatsapp_withoccode` varchar(255) DEFAULT NULL,
  `msgid` varchar(255) DEFAULT NULL,
  `whatsapp_datetime` datetime DEFAULT NULL,
  `whatsapp_important` varchar(255) DEFAULT NULL,
  `your_number` varchar(255) DEFAULT NULL,
  `whatsapp_request` text DEFAULT NULL,
  `whatsapp_response` text DEFAULT NULL,
  `whatsapp_quotemessage` text DEFAULT NULL,
  `whatsapp_botid` varchar(255) DEFAULT NULL,
  `whatsapp_displayname` varchar(255) DEFAULT NULL
) ENGINE=InnoDB DEFAULT CHARSET=utf8 COLLATE=utf8_general_ci;

--
-- Dumping data for table `vtiger_ctwhatsapp`
--

INSERT INTO `vtiger_ctwhatsapp` VALUES (729,'','Crm Administrator','','Send','Hola','170','Read','51916168746','','BAE5C3088873A0BF','2024-07-12 16:51:19',NULL,'51924985856','https://multidevice44.crmtiger.com/send {\"number\":\"51916168746\",\"msg\":\"Hola\"}','{\"key\":{\"remoteJid\":\"51916168746@s.whatsapp.net\",\"fromMe\":true,\"id\":\"BAE5C3088873A0BF\"},\"message\":{\"extendedTextMessage\":{\"text\":\"Hola\"}},\"messageTimestamp\":\"1720803096\",\"status\":\"PENDING\"}','','','Adriana Barrantes'),(730,'','51916168746','','Recieved','q mas','170','Read','51916168746','','DAE750B8241EFBC151','2024-07-12 16:51:57',NULL,'51924985856','','',NULL,NULL,'Adriana Barrantes'),(732,'','Fer','','Recieved','Ni siquiera aceptan',NULL,'Unread','Groups','','51930305336-1615140497@g.us','2024-07-12 16:52:23',NULL,'51924985856','','','Unanse para poder apoyar a los gatitos que son maltratados????',NULL,'Groups'),(737,'','Crm Administrator','','Send','Hola','170','Unread','34644263345','','BAE56A128249AD96','2024-07-18 10:27:45',NULL,'17609062897','https://multidevice44.crmtiger.com/send {\"number\":\"34644263345\",\"msg\":\"Hola\"}','{\"key\":{\"remoteJid\":\"34644263345@s.whatsapp.net\",\"fromMe\":true,\"id\":\"BAE56A128249AD96\"},\"message\":{\"extendedTextMessage\":{\"text\":\"Hola\"}},\"messageTimestamp\":\"1721298474\",\"status\":\"PENDING\"}','','','Adriana Barrantes'),(738,'','Crm Administrator','','Send','Como estas?','170','Read','34644263345','','BAE56A822E47AEBE','2024-07-18 10:28:14',NULL,'17609062897','https://multidevice44.crmtiger.com/send {\"number\":\"34644263345\",\"msg\":\"Como estas?\"}','{\"key\":{\"remoteJid\":\"34644263345@s.whatsapp.net\",\"fromMe\":true,\"id\":\"BAE56A822E47AEBE\"},\"message\":{\"extendedTextMessage\":{\"text\":\"Como estas?\"}},\"messageTimestamp\":\"1721298500\",\"status\":\"PENDING\"}','','','Adriana Barrantes'),(739,'','Crm Administrator','','Send','Estamos haciendo una demo de WhatsApp con Vtiger','170','Read','34644263345','','BAE558C7363DB74C','2024-07-18 10:28:26',NULL,'17609062897','https://multidevice44.crmtiger.com/send {\"number\":\"34644263345\",\"msg\":\"Estamos haciendo una demo de WhatsApp con Vtiger\"}','{\"key\":{\"remoteJid\":\"34644263345@s.whatsapp.net\",\"fromMe\":true,\"id\":\"BAE558C7363DB74C\"},\"message\":{\"extendedTextMessage\":{\"text\":\"Estamos haciendo una demo de WhatsApp con Vtiger\"}},\"messageTimestamp\":\"1721298511\",\"status\":\"PENDING\"}','','','Adriana Barrantes'),(740,'','Crm Administrator','','Send','estamos probando la respuesta como trabaja cuando el contacto responde un mensaje anterior','170','Read','34644263345','','BAE5409B6E69FC19','2024-07-18 10:28:48',NULL,'17609062897','https://multidevice44.crmtiger.com/send {\"number\":\"34644263345\",\"msg\":\"estamos probando la respuesta como trabaja cuando el contacto responde un mensaje anterior\"}','{\"key\":{\"remoteJid\":\"34644263345@s.whatsapp.net\",\"fromMe\":true,\"id\":\"BAE5409B6E69FC19\"},\"message\":{\"extendedTextMessage\":{\"text\":\"estamos probando la respuesta como trabaja cuando el contacto responde un mensaje anterior\"}},\"messageTimestamp\":\"1721298532\",\"status\":\"PENDING\"}','','','Adriana Barrantes'),(741,'','Crm Administrator','','Send','espero tu respuesta','170','Read','34644263345','','BAE51E1206C115A1','2024-07-18 10:44:02',NULL,'17609062897','https://multidevice44.crmtiger.com/send {\"number\":\"34644263345\",\"msg\":\"espero tu respuesta\",\"quoteId\":\"BAE56A822E47AEBE\"}','{\"key\":{\"remoteJid\":\"34644263345@s.whatsapp.net\",\"fromMe\":true,\"id\":\"BAE51E1206C115A1\"},\"message\":{\"extendedTextMessage\":{\"text\":\"espero tu respuesta\",\"contextInfo\":{\"stanzaId\":\"BAE56A822E47AEBE\",\"participant\":\"17609062897@s.whatsapp.net\",\"quotedMessage\":{\"extendedTextMessage\":{\"text\":\"Como estas?\"}}}}},\"messageTimestamp\":\"1721299449\",\"status\":\"PENDING\"}','Como estas?','','Adriana Barrantes'),(750,'','Crm Administrator','','Send','Hola Sandro','519','Unread','51924985856','','BAE53CE1C41074EA','2024-07-18 17:03:39',NULL,'17609062897','https://multidevice44.crmtiger.com/send {\"number\":\"51924985856\",\"msg\":\"Hola Sandro\"}','{\"key\":{\"remoteJid\":\"51924985856@s.whatsapp.net\",\"fromMe\":true,\"id\":\"BAE53CE1C41074EA\"},\"message\":{\"extendedTextMessage\":{\"text\":\"Hola Sandro\"}},\"messageTimestamp\":\"1721322287\",\"status\":\"PENDING\"}','','','CO0000066'),(761,'','Crm Administrator','','Send','hola','519','Unread','51924985856','','BAE514A32621DC49','2024-07-18 17:16:25',NULL,'17609062897','https://multidevice44.crmtiger.com/send {\"number\":\"51924985856\",\"msg\":\"hola\"}','{\"key\":{\"remoteJid\":\"51924985856@s.whatsapp.net\",\"fromMe\":true,\"id\":\"BAE514A32621DC49\"},\"message\":{\"extendedTextMessage\":{\"text\":\"hola\"}},\"messageTimestamp\":\"1721323023\",\"status\":\"PENDING\"}','','','CO0000066');

--
-- Table structure for table `vtiger_ctwhatsapp_allcontacts`
--

CREATE TABLE `vtiger_ctwhatsapp_allcontacts` (
  `scannedwhatsappnumber` varchar(55) NOT NULL,
  `customerwhatsappnumber` varchar(55) NOT NULL,
  `lastmessageid` varchar(255) NOT NULL,
  `syncstatus` int(11) NOT NULL
) ENGINE=InnoDB DEFAULT CHARSET=latin1 COLLATE=latin1_swedish_ci;

--
-- Dumping data for table `vtiger_ctwhatsapp_allcontacts`
--


--
-- Table structure for table `vtiger_ctwhatsapp_botlicense`
--

CREATE TABLE `vtiger_ctwhatsapp_botlicense` (
  `licensekey` varchar(255) DEFAULT NULL,
  `expirydate` varchar(255) DEFAULT NULL,
  `status` int(11) DEFAULT NULL,
  `sendmessagelimit` varchar(55) DEFAULT NULL,
  `domain` varchar(255) DEFAULT NULL
) ENGINE=InnoDB DEFAULT CHARSET=latin1 COLLATE=latin1_swedish_ci;

--
-- Dumping data for table `vtiger_ctwhatsapp_botlicense`
--

INSERT INTO `vtiger_ctwhatsapp_botlicense` VALUES ('b56bd73a707dd8e1bc3eac5b43bb5f1f','UndCZmRHYUtHNEovRElDcXBKU2YvUT09',1,'5000','https://820.creantis.dev/820demo/');

--
-- Table structure for table `vtiger_ctwhatsapp_contacts_history`
--

CREATE TABLE `vtiger_ctwhatsapp_contacts_history` (
  `whatsappnumber` varchar(55) NOT NULL,
  `startdate` date NOT NULL,
  `enddate` date NOT NULL,
  `status` int(11) NOT NULL
) ENGINE=InnoDB DEFAULT CHARSET=latin1 COLLATE=latin1_swedish_ci;

--
-- Dumping data for table `vtiger_ctwhatsapp_contacts_history`
--


--
-- Table structure for table `vtiger_ctwhatsapp_history`
--

CREATE TABLE `vtiger_ctwhatsapp_history` (
  `scanwpnumber` varchar(55) DEFAULT NULL,
  `mobile_no` varchar(55) DEFAULT NULL,
  `history_id` text DEFAULT NULL,
  `history_fromme` varchar(15) DEFAULT NULL,
  `remotjid` varchar(100) DEFAULT NULL
) ENGINE=InnoDB DEFAULT CHARSET=latin1 COLLATE=latin1_swedish_ci;

--
-- Dumping data for table `vtiger_ctwhatsapp_history`
--


--
-- Table structure for table `vtiger_ctwhatsapp_license_setting`
--

CREATE TABLE `vtiger_ctwhatsapp_license_setting` (
  `id` int(11) NOT NULL AUTO_INCREMENT,
  `license_key` varchar(255) DEFAULT NULL,
  `status` tinyint(3) DEFAULT NULL,
  `domain` varchar(255) DEFAULT NULL,
  `expirydate` varchar(255) DEFAULT NULL,
  `licensefield1` varchar(255) DEFAULT NULL,
  `licensefield2` varchar(255) DEFAULT NULL,
  `licensefield3` varchar(255) DEFAULT NULL,
  `licensefield4` varchar(255) DEFAULT NULL,
  PRIMARY KEY (`id`)
) ENGINE=InnoDB AUTO_INCREMENT=26 DEFAULT CHARSET=utf8 COLLATE=utf8_general_ci;

--
-- Dumping data for table `vtiger_ctwhatsapp_license_setting`
--

INSERT INTO `vtiger_ctwhatsapp_license_setting` VALUES (25,'6a234411d8ef107cee599a93c1cdb9e3',1,'https://820.creantis.dev/820demo/','ekFPcWdBSml2TFlYTTY3OSt2eUhCZz09','17176','M.1.6.1','M.1.6.1',NULL);

--
-- Table structure for table `vtiger_ctwhatsapp_user_groups`
--

CREATE TABLE `vtiger_ctwhatsapp_user_groups` (
  `userid` int(11) DEFAULT NULL,
  `multiple_userid` text DEFAULT NULL,
  `active` int(11) DEFAULT NULL,
  `whatsappbot` int(11) DEFAULT NULL
) ENGINE=InnoDB DEFAULT CHARSET=latin1 COLLATE=latin1_swedish_ci;

--
-- Dumping data for table `vtiger_ctwhatsapp_user_groups`
--

INSERT INTO `vtiger_ctwhatsapp_user_groups` VALUES (1,'1',1,1);

--
-- Table structure for table `vtiger_ctwhatsapp_usersettings`
--

CREATE TABLE `vtiger_ctwhatsapp_usersettings` (
  `whatsappfield_label` varchar(155) NOT NULL,
  `whatsappfield_name` varchar(155) NOT NULL,
  `whatsappfield_value` varchar(155) NOT NULL
) ENGINE=InnoDB DEFAULT CHARSET=utf8 COLLATE=utf8_general_ci;

--
-- Dumping data for table `vtiger_ctwhatsapp_usersettings`
--

INSERT INTO `vtiger_ctwhatsapp_usersettings` VALUES ('Beep Sound','beep_sound',''),('Allow mass messages access','allow_mass_message_access',',1');

--
-- Table structure for table `vtiger_ctwhatsappcf`
--

CREATE TABLE `vtiger_ctwhatsappcf` (
  `ctwhatsappid` int(19) NOT NULL,
  `tags` varchar(1) DEFAULT NULL,
  PRIMARY KEY (`ctwhatsappid`)
) ENGINE=InnoDB DEFAULT CHARSET=utf8 COLLATE=utf8_general_ci;

--
-- Dumping data for table `vtiger_ctwhatsappcf`
--

INSERT INTO `vtiger_ctwhatsappcf` VALUES (729,''),(730,''),(732,''),(737,''),(738,''),(739,''),(740,''),(741,''),(750,''),(761,'');

--
-- Table structure for table `vtiger_ctwhatsappconfiguration`
--

CREATE TABLE `vtiger_ctwhatsappconfiguration` (
  `api_url` varchar(100) DEFAULT NULL,
  `auth_token` varchar(100) DEFAULT NULL,
  `customfield1` varchar(100) DEFAULT NULL,
  `customfield2` varchar(100) DEFAULT NULL,
  `whatsappno` varchar(100) DEFAULT NULL,
  `users_groups` text DEFAULT NULL,
  `iconactive` varchar(11) DEFAULT NULL,
  `showunknownmsg` varchar(11) DEFAULT NULL,
  `theme_view` varchar(50) DEFAULT NULL,
  `whatsappstatus` varchar(50) DEFAULT NULL,
  `customfield3` varchar(50) DEFAULT NULL,
  `customfield4` varchar(50) DEFAULT NULL,
  `customfield5` varchar(50) DEFAULT NULL,
  `inapp_notification` varchar(50) DEFAULT NULL,
  `customfield6` varchar(50) DEFAULT NULL,
  `customfield7` varchar(255) CHARACTER SET utf8 COLLATE utf8_general_ci DEFAULT NULL,
  `whatsapplog` varchar(11) CHARACTER SET utf8 COLLATE utf8_general_ci DEFAULT NULL,
  `notificationtone` varchar(100) CHARACTER SET utf8 COLLATE utf8_general_ci DEFAULT NULL,
  `notification` int(11) DEFAULT NULL,
  `botidealtime` int(11) DEFAULT NULL
) ENGINE=InnoDB DEFAULT CHARSET=latin1 COLLATE=latin1_swedish_ci;

--
-- Dumping data for table `vtiger_ctwhatsappconfiguration`
--

INSERT INTO `vtiger_ctwhatsappconfiguration` VALUES ('https://multidevice44.crmtiger.com','fa1345d8-2801-4a5b-b845-c1c7439eb138','','','17609062897','1,6,7,8,5,3,4,2','1','','LTR','1','','multipleWhatsapp','1','','','','1','',0,0);

--
-- Table structure for table `vtiger_ctwhatsappmassbatch`
--

CREATE TABLE `vtiger_ctwhatsappmassbatch` (
  `batch` varchar(50) DEFAULT NULL,
  `timeinterval` varchar(50) DEFAULT NULL,
  `crondatetime` varchar(50) DEFAULT NULL
) ENGINE=InnoDB DEFAULT CHARSET=latin1 COLLATE=latin1_swedish_ci;

--
-- Dumping data for table `vtiger_ctwhatsappmassbatch`
--

INSERT INTO `vtiger_ctwhatsappmassbatch` VALUES ('5','5','2024-07-06 08:08:15');

--
-- Table structure for table `vtiger_ctwhatsappmassmessage`
--

CREATE TABLE `vtiger_ctwhatsappmassmessage` (
  `massmessageid` int(11) NOT NULL,
  `templatesid` int(11) DEFAULT NULL,
  `whatsappmessage` blob NOT NULL,
  `sendmessagedate` datetime NOT NULL,
  `massmsgdatetime` varchar(55) NOT NULL,
  `connectuserid` int(11) DEFAULT NULL
) ENGINE=InnoDB DEFAULT CHARSET=latin1 COLLATE=latin1_swedish_ci;

--
-- Dumping data for table `vtiger_ctwhatsappmassmessage`
--


--
-- Table structure for table `vtiger_ctwhatsappschedulesendmsg`
--

CREATE TABLE `vtiger_ctwhatsappschedulesendmsg` (
  `schedulesendmsgid` int(11) DEFAULT NULL,
  `recordid` int(11) DEFAULT NULL,
  `body` blob DEFAULT NULL,
  `status` int(3) DEFAULT NULL,
  `send_msg` int(3) DEFAULT NULL,
  `datesendmessage` varchar(55) DEFAULT NULL
) ENGINE=InnoDB DEFAULT CHARSET=latin1 COLLATE=latin1_swedish_ci;

--
-- Dumping data for table `vtiger_ctwhatsappschedulesendmsg`
--


--
-- Table structure for table `vtiger_ctwhatsapptemplates`
--

CREATE TABLE `vtiger_ctwhatsapptemplates` (
  `ctwhatsapptemplatesid` int(11) NOT NULL,
  `wptemplate_title` varchar(100) DEFAULT NULL,
  `wptemplate_msg` varchar(50) DEFAULT NULL,
  `wptemplate_modules` varchar(100) DEFAULT NULL,
  `wptemplate_fields` varchar(100) DEFAULT NULL,
  `wptemplate_text` blob DEFAULT NULL,
  `wptemplate_image` varchar(255) DEFAULT NULL,
  `whatsapptemplates_no` varchar(100) DEFAULT NULL,
  `tags` varchar(1) DEFAULT NULL,
  `wptemplate_scannumber` text DEFAULT NULL,
  `wptemplate_quickaccess` int(11) DEFAULT NULL,
  PRIMARY KEY (`ctwhatsapptemplatesid`)
) ENGINE=InnoDB DEFAULT CHARSET=utf8 COLLATE=utf8_general_ci;

--
-- Dumping data for table `vtiger_ctwhatsapptemplates`
--


--
-- Table structure for table `vtiger_ctwhatsapptemplatescf`
--

CREATE TABLE `vtiger_ctwhatsapptemplatescf` (
  `ctwhatsapptemplatesid` int(11) NOT NULL,
  PRIMARY KEY (`ctwhatsapptemplatesid`)
) ENGINE=InnoDB DEFAULT CHARSET=utf8 COLLATE=utf8_general_ci;

--
-- Dumping data for table `vtiger_ctwhatsapptemplatescf`
--


--
-- Table structure for table `vtiger_ctwhatsappusers`
--

CREATE TABLE `vtiger_ctwhatsappusers` (
  `api_url` varchar(100) DEFAULT NULL,
  `auth_token` varchar(100) DEFAULT NULL,
  `customfield1` varchar(100) DEFAULT NULL,
  `customfield2` varchar(100) DEFAULT NULL,
  `whatsappno` varchar(100) DEFAULT NULL,
  `users_groups` varchar(100) DEFAULT NULL,
  `iconactive` varchar(11) DEFAULT NULL,
  `showunknownmsg` varchar(11) DEFAULT NULL,
  `theme_view` varchar(50) DEFAULT NULL,
  `whatsappstatus` varchar(50) DEFAULT NULL,
  `customfield3` varchar(50) DEFAULT NULL,
  `customfield4` varchar(50) DEFAULT NULL,
  `customfield5` varchar(50) DEFAULT NULL,
  `customfield6` varchar(50) DEFAULT NULL,
  `inapp_notification` varchar(50) DEFAULT NULL,
  `customfield7` varchar(255) DEFAULT NULL
) ENGINE=InnoDB DEFAULT CHARSET=latin1 COLLATE=latin1_swedish_ci;

--
-- Dumping data for table `vtiger_ctwhatsappusers`
--

INSERT INTO `vtiger_ctwhatsappusers` VALUES ('https://multidevice44.crmtiger.com','fa1345d8-2801-4a5b-b845-c1c7439eb138','','','17609062897','','1','','','1','','','1','','','');

--
-- Table structure for table `vtiger_currencies`
--

CREATE TABLE `vtiger_currencies` (
  `currencyid` int(19) NOT NULL AUTO_INCREMENT,
  `currency_name` varchar(200) DEFAULT NULL,
  `currency_code` varchar(50) DEFAULT NULL,
  `currency_symbol` varchar(11) DEFAULT NULL,
  PRIMARY KEY (`currencyid`)
) ENGINE=InnoDB AUTO_INCREMENT=139 DEFAULT CHARSET=utf8 COLLATE=utf8_general_ci;

--
-- Dumping data for table `vtiger_currencies`
--

INSERT INTO `vtiger_currencies` VALUES (1,'Albania, Leke','ALL','Lek'),(2,'Argentina, Pesos','ARS','$'),(3,'Aruba, Guilders','AWG','ƒ'),(4,'Australia, Dollars','AUD','$'),(5,'Azerbaijan, New Manats','AZN','ман'),(6,'Bahamas, Dollars','BSD','$'),(7,'Bahrain, Dinar','BHD','BD'),(8,'Barbados, Dollars','BBD','$'),(9,'Belarus, Rubles','BYR','p.'),(10,'Belize, Dollars','BZD','BZ$'),(11,'Bermuda, Dollars','BMD','$'),(12,'Bolivia, Bolivianos','BOB','$b'),(13,'China, Yuan Renminbi','CNY','¥'),(14,'Convertible Marka','BAM','KM'),(15,'Botswana, Pulas','BWP','P'),(16,'Bulgaria, Leva','BGN','лв'),(17,'Brazil, Reais','BRL','R$'),(18,'Great Britain Pounds','GBP','£'),(19,'Brunei Darussalam, Dollars','BND','$'),(20,'Canada, Dollars','CAD','$'),(21,'Cayman Islands, Dollars','KYD','$'),(22,'Chile, Pesos','CLP','$'),(23,'Colombia, Pesos','COP','$'),(24,'Costa Rica, Colón','CRC','₡'),(25,'Croatia, Kuna','HRK','kn'),(26,'Cuba, Pesos','CUP','₱'),(27,'Czech Republic, Koruny','CZK','Kč'),(28,'Cyprus, Pounds','CYP','£'),(29,'Denmark, Kroner','DKK','kr'),(30,'Dominican Republic, Pesos','DOP','RD$'),(31,'East Caribbean, Dollars','XCD','$'),(32,'Egypt, Pounds','EGP','E£'),(33,'El Salvador, Colón','SVC','₡'),(34,'England, Pounds','GBP','£'),(35,'Estonia, Krooni','EEK','kr'),(36,'Euro','EUR','€'),(37,'Falkland Islands, Pounds','FKP','£'),(38,'Fiji, Dollars','FJD','$'),(39,'Ghana, Cedis','GHC','¢'),(40,'Gibraltar, Pounds','GIP','£'),(41,'Guatemala, Quetzales','GTQ','Q'),(42,'Guernsey, Pounds','GGP','£'),(43,'Guyana, Dollars','GYD','$'),(44,'Honduras, Lempiras','HNL','L'),(45,'Hong Kong, Dollars','HKD','HK$'),(46,'Hungary, Forint','HUF','Ft'),(47,'Iceland, Krona','ISK','kr'),(48,'India, Rupees','INR','₹'),(49,'Indonesia, Rupiahs','IDR','Rp'),(50,'Iran, Rials','IRR','﷼'),(51,'Isle of Man, Pounds','IMP','£'),(52,'Israel, New Shekels','ILS','₪'),(53,'Jamaica, Dollars','JMD','J$'),(54,'Japan, Yen','JPY','¥'),(55,'Jersey, Pounds','JEP','£'),(56,'Jordan, Dinar','JOD','JOD'),(57,'Kazakhstan, Tenge','KZT','〒'),(58,'Kenya, Shilling','KES','KES'),(59,'Korea (North), Won','KPW','₩'),(60,'Korea (South), Won','KRW','₩'),(61,'Kuwait, Dinar','KWD','KWD'),(62,'Kyrgyzstan, Soms','KGS','лв'),(63,'Laos, Kips','LAK','₭'),(64,'Latvia, Lati','LVL','Ls'),(65,'Lebanon, Pounds','LBP','£'),(66,'Liberia, Dollars','LRD','$'),(67,'Switzerland Francs','CHF','CHF'),(68,'Lithuania, Litai','LTL','Lt'),(69,'MADAGASCAR, Malagasy Ariary','MGA','MGA'),(70,'Macedonia, Denars','MKD','ден'),(71,'Malaysia, Ringgits','MYR','RM'),(72,'Malta, Liri','MTL','₤'),(73,'Mauritius, Rupees','MUR','₨'),(74,'Mexico, Pesos','MXN','$'),(75,'Mongolia, Tugriks','MNT','₮'),(76,'Mozambique, Meticais','MZN','MT'),(77,'Namibia, Dollars','NAD','$'),(78,'Nepal, Rupees','NPR','₨'),(79,'Netherlands Antilles, Guilders','ANG','ƒ'),(80,'New Zealand, Dollars','NZD','$'),(81,'Nicaragua, Cordobas','NIO','C$'),(82,'Nigeria, Nairas','NGN','₦'),(83,'North Korea, Won','KPW','₩'),(84,'Norway, Krone','NOK','kr'),(85,'Oman, Rials','OMR','﷼'),(86,'Pakistan, Rupees','PKR','₨'),(87,'Panama, Balboa','PAB','B/.'),(88,'Paraguay, Guarani','PYG','Gs'),(89,'Peru, Nuevos Soles','PEN','S/.'),(90,'Philippines, Pesos','PHP','Php'),(91,'Poland, Zlotych','PLN','zł'),(92,'Qatar, Rials','QAR','﷼'),(93,'Romania, New Lei','RON','lei'),(94,'Russia, Rubles','RUB','руб'),(95,'Saint Helena, Pounds','SHP','£'),(96,'Saudi Arabia, Riyals','SAR','﷼'),(97,'Serbia, Dinars','RSD','Дин.'),(98,'Seychelles, Rupees','SCR','₨'),(99,'Singapore, Dollars','SGD','$'),(100,'Solomon Islands, Dollars','SBD','$'),(101,'Somalia, Shillings','SOS','S'),(102,'South Africa, Rand','ZAR','R'),(103,'South Korea, Won','KRW','₩'),(104,'Sri Lanka, Rupees','LKR','₨'),(105,'Sweden, Kronor','SEK','kr'),(106,'Switzerland, Francs','CHF','CHF'),(107,'Suriname, Dollars','SRD','$'),(108,'Syria, Pounds','SYP','£'),(109,'Taiwan, New Dollars','TWD','NT$'),(110,'Thailand, Baht','THB','฿'),(111,'Trinidad and Tobago, Dollars','TTD','TT$'),(112,'Turkey, New Lira','TRY','YTL'),(113,'Turkey, Liras','TRL','₤'),(114,'Tuvalu, Dollars','TVD','$'),(115,'Ukraine, Hryvnia','UAH','₴'),(116,'United Arab Emirates, Dirham','AED','AED'),(117,'United Kingdom, Pounds','GBP','£'),(118,'United Republic of Tanzania, Shilling','TZS','TZS'),(119,'USA, Dollars','USD','$'),(120,'Uruguay, Pesos','UYU','$U'),(121,'Uzbekistan, Sums','UZS','лв'),(122,'Venezuela, Bolivares Fuertes','VEF','Bs'),(123,'Vietnam, Dong','VND','₫'),(124,'Zambia, Kwacha','ZMK','ZMK'),(125,'Yemen, Rials','YER','﷼'),(126,'Zimbabwe Dollars','ZWD','Z$'),(127,'Malawi, Kwacha','MWK','MK'),(128,'Tunisian, Dinar','TD','TD'),(129,'Moroccan, Dirham','MAD','DH'),(130,'Iraqi Dinar','IQD','ID'),(131,'Maldivian Ruffiya','MVR','MVR'),(132,'Ugandan Shilling','UGX','Sh'),(133,'Sudanese Pound','SDG','£'),(134,'CFA Franc BCEAO','XOF','CFA'),(135,'CFA Franc BEAC','XAF','CFA'),(136,'Haiti, Gourde','HTG','G'),(137,'Libya, Dinar','LYD','LYD'),(138,'CFP Franc','XPF','F');

--
-- Table structure for table `vtiger_currencies_seq`
--

CREATE TABLE `vtiger_currencies_seq` (
  `id` int(11) NOT NULL
) ENGINE=InnoDB DEFAULT CHARSET=utf8 COLLATE=utf8_general_ci;

--
-- Dumping data for table `vtiger_currencies_seq`
--

INSERT INTO `vtiger_currencies_seq` VALUES (138);

--
-- Table structure for table `vtiger_currency`
--

CREATE TABLE `vtiger_currency` (
  `currencyid` int(19) NOT NULL AUTO_INCREMENT,
  `currency` varchar(200) NOT NULL,
  `sortorderid` int(19) NOT NULL DEFAULT 0,
  `presence` int(1) NOT NULL DEFAULT 1,
  PRIMARY KEY (`currencyid`),
  UNIQUE KEY `currency_currency_idx` (`currency`)
) ENGINE=InnoDB DEFAULT CHARSET=utf8 COLLATE=utf8_general_ci;

--
-- Dumping data for table `vtiger_currency`
--


--
-- Table structure for table `vtiger_currency_decimal_separator`
--

CREATE TABLE `vtiger_currency_decimal_separator` (
  `currency_decimal_separatorid` int(19) NOT NULL AUTO_INCREMENT,
  `currency_decimal_separator` varchar(2) NOT NULL,
  `sortorderid` int(19) NOT NULL DEFAULT 0,
  `presence` int(1) NOT NULL DEFAULT 1,
  PRIMARY KEY (`currency_decimal_separatorid`)
) ENGINE=InnoDB AUTO_INCREMENT=6 DEFAULT CHARSET=utf8 COLLATE=utf8_general_ci;

--
-- Dumping data for table `vtiger_currency_decimal_separator`
--

INSERT INTO `vtiger_currency_decimal_separator` VALUES (1,'.',0,1),(2,',',1,1),(3,'\'',2,1),(4,' ',3,1),(5,'$',4,1);

--
-- Table structure for table `vtiger_currency_decimal_separator_seq`
--

CREATE TABLE `vtiger_currency_decimal_separator_seq` (
  `id` int(11) NOT NULL
) ENGINE=InnoDB DEFAULT CHARSET=utf8 COLLATE=utf8_general_ci;

--
-- Dumping data for table `vtiger_currency_decimal_separator_seq`
--

INSERT INTO `vtiger_currency_decimal_separator_seq` VALUES (5);

--
-- Table structure for table `vtiger_currency_grouping_pattern`
--

CREATE TABLE `vtiger_currency_grouping_pattern` (
  `currency_grouping_patternid` int(19) NOT NULL AUTO_INCREMENT,
  `currency_grouping_pattern` varchar(200) NOT NULL,
  `sortorderid` int(19) NOT NULL DEFAULT 0,
  `presence` int(1) NOT NULL DEFAULT 1,
  PRIMARY KEY (`currency_grouping_patternid`)
) ENGINE=InnoDB AUTO_INCREMENT=5 DEFAULT CHARSET=utf8 COLLATE=utf8_general_ci;

--
-- Dumping data for table `vtiger_currency_grouping_pattern`
--

INSERT INTO `vtiger_currency_grouping_pattern` VALUES (1,'123,456,789',0,1),(2,'123456789',1,1),(3,'123456,789',2,1),(4,'12,34,56,789',3,1);

--
-- Table structure for table `vtiger_currency_grouping_pattern_seq`
--

CREATE TABLE `vtiger_currency_grouping_pattern_seq` (
  `id` int(11) NOT NULL
) ENGINE=InnoDB DEFAULT CHARSET=utf8 COLLATE=utf8_general_ci;

--
-- Dumping data for table `vtiger_currency_grouping_pattern_seq`
--

INSERT INTO `vtiger_currency_grouping_pattern_seq` VALUES (4);

--
-- Table structure for table `vtiger_currency_grouping_separator`
--

CREATE TABLE `vtiger_currency_grouping_separator` (
  `currency_grouping_separatorid` int(19) NOT NULL AUTO_INCREMENT,
  `currency_grouping_separator` varchar(2) NOT NULL,
  `sortorderid` int(19) NOT NULL DEFAULT 0,
  `presence` int(1) NOT NULL DEFAULT 1,
  PRIMARY KEY (`currency_grouping_separatorid`)
) ENGINE=InnoDB AUTO_INCREMENT=6 DEFAULT CHARSET=utf8 COLLATE=utf8_general_ci;

--
-- Dumping data for table `vtiger_currency_grouping_separator`
--

INSERT INTO `vtiger_currency_grouping_separator` VALUES (1,',',0,1),(2,'.',1,1),(3,'\'',2,1),(4,' ',3,1),(5,'$',4,1);

--
-- Table structure for table `vtiger_currency_grouping_separator_seq`
--

CREATE TABLE `vtiger_currency_grouping_separator_seq` (
  `id` int(11) NOT NULL
) ENGINE=InnoDB DEFAULT CHARSET=utf8 COLLATE=utf8_general_ci;

--
-- Dumping data for table `vtiger_currency_grouping_separator_seq`
--

INSERT INTO `vtiger_currency_grouping_separator_seq` VALUES (5);

--
-- Table structure for table `vtiger_currency_info`
--

CREATE TABLE `vtiger_currency_info` (
  `id` int(11) NOT NULL AUTO_INCREMENT,
  `currency_name` varchar(100) DEFAULT NULL,
  `currency_code` varchar(100) DEFAULT NULL,
  `currency_symbol` varchar(30) DEFAULT NULL,
  `conversion_rate` decimal(12,5) DEFAULT NULL,
  `currency_status` varchar(25) DEFAULT NULL,
  `defaultid` varchar(10) NOT NULL DEFAULT '0',
  `deleted` int(1) NOT NULL DEFAULT 0,
  PRIMARY KEY (`id`)
) ENGINE=InnoDB AUTO_INCREMENT=2 DEFAULT CHARSET=utf8 COLLATE=utf8_general_ci;

--
-- Dumping data for table `vtiger_currency_info`
--

INSERT INTO `vtiger_currency_info` VALUES (1,'Peru, Nuevos Soles','PEN','S/.',1.00000,'Active','-11',0);

--
-- Table structure for table `vtiger_currency_info_seq`
--

CREATE TABLE `vtiger_currency_info_seq` (
  `id` int(11) NOT NULL
) ENGINE=InnoDB DEFAULT CHARSET=utf8 COLLATE=utf8_general_ci;

--
-- Dumping data for table `vtiger_currency_info_seq`
--

INSERT INTO `vtiger_currency_info_seq` VALUES (1);

--
-- Table structure for table `vtiger_currency_symbol_placement`
--

CREATE TABLE `vtiger_currency_symbol_placement` (
  `currency_symbol_placementid` int(19) NOT NULL AUTO_INCREMENT,
  `currency_symbol_placement` varchar(30) NOT NULL,
  `sortorderid` int(19) NOT NULL DEFAULT 0,
  `presence` int(1) NOT NULL DEFAULT 1,
  PRIMARY KEY (`currency_symbol_placementid`)
) ENGINE=InnoDB AUTO_INCREMENT=3 DEFAULT CHARSET=utf8 COLLATE=utf8_general_ci;

--
-- Dumping data for table `vtiger_currency_symbol_placement`
--

INSERT INTO `vtiger_currency_symbol_placement` VALUES (1,'$1.0',0,1),(2,'1.0$',1,1);

--
-- Table structure for table `vtiger_currency_symbol_placement_seq`
--

CREATE TABLE `vtiger_currency_symbol_placement_seq` (
  `id` int(11) NOT NULL
) ENGINE=InnoDB DEFAULT CHARSET=utf8 COLLATE=utf8_general_ci;

--
-- Dumping data for table `vtiger_currency_symbol_placement_seq`
--

INSERT INTO `vtiger_currency_symbol_placement_seq` VALUES (2);

--
-- Table structure for table `vtiger_customaction`
--

CREATE TABLE `vtiger_customaction` (
  `cvid` int(19) NOT NULL,
  `subject` varchar(250) NOT NULL,
  `module` varchar(50) NOT NULL,
  `content` text DEFAULT NULL,
  KEY `customaction_cvid_idx` (`cvid`),
  CONSTRAINT `fk_1_vtiger_customaction` FOREIGN KEY (`cvid`) REFERENCES `vtiger_customview` (`cvid`) ON DELETE CASCADE
) ENGINE=InnoDB DEFAULT CHARSET=utf8 COLLATE=utf8_general_ci;

--
-- Dumping data for table `vtiger_customaction`
--


--
-- Table structure for table `vtiger_customerdetails`
--

CREATE TABLE `vtiger_customerdetails` (
  `customerid` int(19) NOT NULL,
  `portal` varchar(3) DEFAULT NULL,
  `support_start_date` date DEFAULT NULL,
  `support_end_date` date DEFAULT NULL,
  PRIMARY KEY (`customerid`),
  CONSTRAINT `fk_1_vtiger_customerdetails` FOREIGN KEY (`customerid`) REFERENCES `vtiger_contactdetails` (`contactid`) ON DELETE CASCADE
) ENGINE=InnoDB DEFAULT CHARSET=utf8 COLLATE=utf8_general_ci;

--
-- Dumping data for table `vtiger_customerdetails`
--

INSERT INTO `vtiger_customerdetails` VALUES (107,'0',NULL,NULL),(108,'0',NULL,NULL),(109,'0',NULL,NULL),(110,'0',NULL,NULL),(111,'0',NULL,NULL),(112,'0',NULL,NULL),(113,'0',NULL,NULL),(114,'0',NULL,NULL),(115,'0',NULL,NULL),(116,'0',NULL,NULL),(117,'0',NULL,NULL),(118,'0',NULL,NULL),(119,'0',NULL,NULL),(120,'0',NULL,NULL),(121,'0',NULL,NULL),(122,'0',NULL,NULL),(123,'0',NULL,NULL),(124,'0',NULL,NULL),(125,'0',NULL,NULL),(126,'0',NULL,NULL),(127,'0',NULL,NULL),(128,'0',NULL,NULL),(129,'0',NULL,NULL),(130,'0',NULL,NULL),(131,'0',NULL,NULL),(132,'0',NULL,NULL),(133,'0',NULL,NULL),(134,'0',NULL,NULL),(135,'0',NULL,NULL),(136,'0',NULL,NULL),(137,'0',NULL,NULL),(138,'0',NULL,NULL),(139,'0',NULL,NULL),(140,'0',NULL,NULL),(141,'0',NULL,NULL),(142,'0',NULL,NULL),(143,'0',NULL,NULL),(144,'0',NULL,NULL),(145,'0',NULL,NULL),(146,'0',NULL,NULL),(147,'0',NULL,NULL),(148,'0',NULL,NULL),(149,'0',NULL,NULL),(150,'0',NULL,NULL),(151,'0',NULL,NULL),(152,'0',NULL,NULL),(153,'0',NULL,NULL),(154,'0',NULL,NULL),(155,'0',NULL,NULL),(156,'0',NULL,NULL),(157,'0',NULL,NULL),(158,'0',NULL,NULL),(159,'0',NULL,NULL),(160,'0',NULL,NULL),(161,'0',NULL,NULL),(162,'0',NULL,NULL),(163,'0',NULL,NULL),(164,'0',NULL,NULL),(165,'0',NULL,NULL),(166,'0',NULL,NULL),(167,'0',NULL,NULL),(168,'0',NULL,NULL),(169,'0',NULL,NULL),(170,'0','2024-07-12','2025-07-12'),(171,'0',NULL,NULL),(172,'0',NULL,NULL),(173,'0',NULL,NULL),(174,'0',NULL,NULL),(175,'0',NULL,NULL),(176,'0',NULL,NULL),(177,'0',NULL,NULL),(178,'0',NULL,NULL),(179,'0',NULL,NULL),(180,'0',NULL,NULL),(181,'0',NULL,NULL),(182,'0',NULL,NULL),(183,'0',NULL,NULL),(184,'0',NULL,NULL),(185,'0',NULL,NULL),(186,'0',NULL,NULL),(187,'0',NULL,NULL),(188,'0',NULL,NULL),(189,'0',NULL,NULL),(190,'0',NULL,NULL),(191,'0',NULL,NULL),(192,'0',NULL,NULL),(193,'0',NULL,NULL),(194,'0',NULL,NULL),(195,'0',NULL,NULL),(196,'0',NULL,NULL),(197,'0',NULL,NULL),(198,'0',NULL,NULL),(199,'0',NULL,NULL),(200,'0',NULL,NULL),(201,'0',NULL,NULL),(202,'0',NULL,NULL),(203,'0',NULL,NULL),(204,'0',NULL,NULL),(205,'0',NULL,NULL),(206,'0',NULL,NULL),(207,'0',NULL,NULL),(208,'0',NULL,NULL),(209,'0',NULL,NULL),(210,'0',NULL,NULL),(211,'0',NULL,NULL),(212,'0',NULL,NULL),(747,'0',NULL,NULL),(748,'0',NULL,NULL);

--
-- Table structure for table `vtiger_customerportal_fields`
--

CREATE TABLE `vtiger_customerportal_fields` (
  `tabid` int(19) NOT NULL,
  `fieldinfo` text DEFAULT NULL,
  `records_visible` int(1) DEFAULT NULL,
  PRIMARY KEY (`tabid`)
) ENGINE=InnoDB DEFAULT CHARSET=utf8 COLLATE=utf8_general_ci;

--
-- Dumping data for table `vtiger_customerportal_fields`
--

INSERT INTO `vtiger_customerportal_fields` VALUES (4,'{\"lastname\":1,\"assigned_user_id\":1}',1),(6,'{\"accountname\":1,\"assigned_user_id\":1}',1),(8,'{\"notes_title\":1,\"assigned_user_id\":1,\"filename\":0}',1),(13,'{\"ticket_title\":1,\"assigned_user_id\":1,\"ticketpriorities\":1,\"ticketstatus\":1,\"description\":1,\"product_id\":1,\"ticketseverities\":1,\"ticketcategories\":1}',1),(14,'{\"productname\":1,\"assigned_user_id\":1}',1),(15,'{\"faqstatus\":1,\"question\":1,\"faq_answer\":1}',1),(20,'{\"subject\":1,\"quotestage\":1,\"account_id\":1,\"assigned_user_id\":1,\"bill_street\":1,\"ship_street\":1}',1),(23,'{\"subject\":1,\"account_id\":1,\"assigned_user_id\":1,\"bill_street\":1,\"ship_street\":1}',1),(31,'{\"subject\":1,\"assigned_user_id\":1}',NULL),(32,'{\"servicename\":1}',1),(42,'{\"projectmilestonename\":1,\"projectid\":1,\"assigned_user_id\":1}',1),(43,'{\"projecttaskname\":1,\"projectid\":1,\"assigned_user_id\":1}',1),(44,'{\"projectname\":1,\"assigned_user_id\":1}',1),(46,'{\"product\":1,\"serialnumber\":1,\"assigned_user_id\":1,\"datesold\":1,\"dateinservice\":1,\"assetstatus\":1,\"assetname\":1,\"account\":1}',1);

--
-- Table structure for table `vtiger_customerportal_prefs`
--

CREATE TABLE `vtiger_customerportal_prefs` (
  `tabid` int(19) NOT NULL,
  `prefkey` varchar(100) NOT NULL,
  `prefvalue` int(20) DEFAULT NULL,
  PRIMARY KEY (`tabid`,`prefkey`)
) ENGINE=InnoDB DEFAULT CHARSET=utf8 COLLATE=utf8_general_ci;

--
-- Dumping data for table `vtiger_customerportal_prefs`
--

INSERT INTO `vtiger_customerportal_prefs` VALUES (0,'defaultassignee',1),(0,'userid',1),(4,'showrelatedinfo',1),(6,'showrelatedinfo',1),(8,'showrelatedinfo',1),(13,'showrelatedinfo',1),(14,'showrelatedinfo',1),(15,'showrelatedinfo',1),(20,'showrelatedinfo',1),(23,'showrelatedinfo',1),(32,'showrelatedinfo',1),(42,'showrelatedinfo',1),(43,'showrelatedinfo',1),(44,'showrelatedinfo',1),(46,'showrelatedinfo',1);

--
-- Table structure for table `vtiger_customerportal_relatedmoduleinfo`
--

CREATE TABLE `vtiger_customerportal_relatedmoduleinfo` (
  `tabid` int(19) NOT NULL,
  `relatedmodules` text DEFAULT NULL,
  PRIMARY KEY (`tabid`)
) ENGINE=InnoDB DEFAULT CHARSET=utf8 COLLATE=utf8_general_ci;

--
-- Dumping data for table `vtiger_customerportal_relatedmoduleinfo`
--

INSERT INTO `vtiger_customerportal_relatedmoduleinfo` VALUES (8,'[{\"name\":\"History\",\"value\":1}]'),(13,'[{\"name\":\"History\",\"value\":1},{\"name\":\"ModComments\",\"value\":1},{\"name\":\"Documents\",\"value\":1}]'),(14,'[{\"name\":\"History\",\"value\":1}]'),(20,'[{\"name\":\"History\",\"value\":1}]'),(23,'[{\"name\":\"History\",\"value\":1}]'),(31,'[{\"name\":\"History\",\"value\":1}]'),(32,'[{\"name\":\"History\",\"value\":1}]'),(42,'[{\"name\":\"History\",\"value\":1}]'),(43,'[{\"name\":\"History\",\"value\":1},{\"name\":\"ModComments\",\"value\":1}]'),(44,'[{\"name\":\"History\",\"value\":1},{\"name\":\"ModComments\",\"value\":1},{\"name\":\"ProjectTask\",\"value\":1},{\"name\":\"ProjectMilestone\",\"value\":1},{\"name\":\"Documents\",\"value\":1}]'),(46,'[{\"name\":\"History\",\"value\":1}]');

--
-- Table structure for table `vtiger_customerportal_settings`
--

CREATE TABLE `vtiger_customerportal_settings` (
  `id` int(11) DEFAULT NULL,
  `url` varchar(250) DEFAULT NULL,
  `default_assignee` int(11) DEFAULT NULL,
  `support_notification` int(11) DEFAULT NULL,
  `announcement` text DEFAULT NULL,
  `shortcuts` text DEFAULT NULL,
  `widgets` text DEFAULT NULL,
  `charts` text DEFAULT NULL
) ENGINE=InnoDB DEFAULT CHARSET=utf8 COLLATE=utf8_general_ci;

--
-- Dumping data for table `vtiger_customerportal_settings`
--

INSERT INTO `vtiger_customerportal_settings` VALUES (1,NULL,1,NULL,NULL,'{\"Documents\":{\"LBL_ADD_DOCUMENT\":1},\"HelpDesk\":{\"LBL_CREATE_TICKET\":1,\"LBL_OPEN_TICKETS\":1}}','{\"widgets\":{\"HelpDesk\":1,\"Documents\":1,\"Faq\":1}}','{\"charts\":{\"OpenTicketsByPriority\":1,\"TicketsClosureTimeByPriority\":1}}');

--
-- Table structure for table `vtiger_customerportal_tabs`
--

CREATE TABLE `vtiger_customerportal_tabs` (
  `tabid` int(19) NOT NULL,
  `visible` int(1) DEFAULT 1,
  `sequence` int(1) DEFAULT NULL,
  `createrecord` tinyint(1) NOT NULL DEFAULT 0,
  `editrecord` tinyint(1) NOT NULL DEFAULT 0,
  PRIMARY KEY (`tabid`)
) ENGINE=InnoDB DEFAULT CHARSET=utf8 COLLATE=utf8_general_ci;

--
-- Dumping data for table `vtiger_customerportal_tabs`
--

INSERT INTO `vtiger_customerportal_tabs` VALUES (4,0,9,0,1),(6,0,10,0,1),(8,1,8,1,0),(13,1,2,1,1),(14,1,6,0,0),(15,1,3,0,0),(20,1,5,0,0),(23,1,4,0,0),(31,1,25,0,0),(32,1,7,0,0),(42,1,13,0,0),(43,1,12,0,0),(44,1,11,0,0),(46,1,14,0,1);

--
-- Table structure for table `vtiger_customview`
--

CREATE TABLE `vtiger_customview` (
  `cvid` int(19) NOT NULL,
  `viewname` varchar(100) NOT NULL,
  `setdefault` int(1) DEFAULT 0,
  `setmetrics` int(1) DEFAULT 0,
  `entitytype` varchar(25) NOT NULL,
  `status` int(1) DEFAULT 1,
  `userid` int(19) DEFAULT 1,
  PRIMARY KEY (`cvid`),
  KEY `customview_entitytype_idx` (`entitytype`),
  CONSTRAINT `fk_1_vtiger_customview` FOREIGN KEY (`entitytype`) REFERENCES `vtiger_tab` (`name`) ON DELETE CASCADE
) ENGINE=InnoDB DEFAULT CHARSET=utf8 COLLATE=utf8_general_ci;

--
-- Dumping data for table `vtiger_customview`
--

INSERT INTO `vtiger_customview` VALUES (1,'All',1,0,'Leads',0,1),(4,'All',1,0,'Accounts',0,1),(7,'All',1,0,'Contacts',0,1),(10,'All',1,0,'Potentials',0,1),(13,'All',1,0,'HelpDesk',0,1),(16,'All',1,0,'Quotes',0,1),(19,'All',1,0,'Calendar',0,1),(20,'All',1,0,'Emails',0,1),(21,'All',1,0,'Invoice',0,1),(22,'All',1,0,'Documents',0,1),(23,'All',1,0,'PriceBooks',0,1),(24,'All',1,0,'Products',0,1),(25,'All',1,0,'PurchaseOrder',0,1),(26,'All',1,0,'SalesOrder',0,1),(27,'All',1,0,'Vendors',0,1),(28,'All',1,0,'Faq',0,1),(29,'All',1,0,'Campaigns',0,1),(30,'All',1,0,'Webmails',0,1),(38,'All',1,0,'ServiceContracts',0,1),(39,'All',1,0,'Services',0,1),(40,'All',1,0,'PBXManager',0,1),(41,'All',0,0,'ModComments',0,1),(45,'All',1,0,'Assets',0,1),(46,'All',0,0,'SMSNotifier',0,1),(47,'All',1,0,'ProjectMilestone',0,1),(48,'All',1,0,'ProjectTask',0,1),(49,'All',1,0,'Project',0,1),(50,'All',1,0,'CTTimeTracker',0,1),(51,'All',1,0,'CTTimeControl',0,1),(52,'All',1,0,'CTRoutePlanning',0,1),(53,'All',1,0,'CTRouteAttendance',0,1),(54,'All',1,0,'CTAttendance',0,1),(57,'All',1,0,'CTUserFilterView',0,1),(58,'All',1,0,'CTMessageTemplate',0,1),(59,'All',1,0,'CTPushNotification',0,1),(61,'All',0,0,'Cobranzas',0,1),(63,'All',0,0,'Pagos',0,1),(65,'Contact',1,0,'CTWhatsApp',3,1),(66,'All',1,0,'CTWhatsApp',0,1),(67,'Unknown Number Message',0,0,'CTWhatsApp',3,1),(68,'Today\'s Sent Message',0,0,'CTWhatsApp',3,1),(69,'Blank Body',1,0,'CTWhatsApp',3,1),(70,'Today\'s Send/Receive messages',0,0,'CTWhatsApp',3,1),(71,'Unread messages',0,0,'CTWhatsApp',3,1),(72,'SendReceiveStatistics',0,0,'CTWhatsApp',3,1),(73,'Group member contacts',0,0,'CTWhatsApp',3,1),(74,'All',1,0,'CTWhatsAppTemplates',0,1),(75,'Test',1,0,'CTWhatsAppTemplates',3,1),(76,'All',0,0,'WhatsAppLog',0,1),(77,'All Messages',1,0,'WhatsAppLog',3,1),(78,'Vencida',0,0,'Cobranzas',1,1),(79,'Por cobrar hoy',0,0,'Cobranzas',1,1),(80,'En Seguimiento ',0,0,'Cobranzas',1,1);

--
-- Table structure for table `vtiger_customview_seq`
--

CREATE TABLE `vtiger_customview_seq` (
  `id` int(11) NOT NULL
) ENGINE=InnoDB DEFAULT CHARSET=utf8 COLLATE=utf8_general_ci;

--
-- Dumping data for table `vtiger_customview_seq`
--

INSERT INTO `vtiger_customview_seq` VALUES (80);

--
-- Table structure for table `vtiger_cv2group`
--

CREATE TABLE `vtiger_cv2group` (
  `cvid` int(25) NOT NULL,
  `groupid` int(25) NOT NULL,
  KEY `vtiger_cv2group_ibfk_1` (`cvid`),
  KEY `vtiger_groups_ibfk_1` (`groupid`),
  CONSTRAINT `vtiger_customview_ibfk_2` FOREIGN KEY (`cvid`) REFERENCES `vtiger_customview` (`cvid`) ON DELETE CASCADE,
  CONSTRAINT `vtiger_groups_ibfk_1` FOREIGN KEY (`groupid`) REFERENCES `vtiger_groups` (`groupid`) ON DELETE CASCADE
) ENGINE=InnoDB DEFAULT CHARSET=utf8 COLLATE=utf8_general_ci;

--
-- Dumping data for table `vtiger_cv2group`
--


--
-- Table structure for table `vtiger_cv2role`
--

CREATE TABLE `vtiger_cv2role` (
  `cvid` int(25) NOT NULL,
  `roleid` varchar(255) NOT NULL,
  KEY `vtiger_cv2role_ibfk_1` (`cvid`),
  KEY `vtiger_role_ibfk_1` (`roleid`),
  CONSTRAINT `vtiger_customview_ibfk_3` FOREIGN KEY (`cvid`) REFERENCES `vtiger_customview` (`cvid`) ON DELETE CASCADE,
  CONSTRAINT `vtiger_role_ibfk_1` FOREIGN KEY (`roleid`) REFERENCES `vtiger_role` (`roleid`) ON DELETE CASCADE
) ENGINE=InnoDB DEFAULT CHARSET=utf8 COLLATE=utf8_general_ci;

--
-- Dumping data for table `vtiger_cv2role`
--


--
-- Table structure for table `vtiger_cv2rs`
--

CREATE TABLE `vtiger_cv2rs` (
  `cvid` int(25) NOT NULL,
  `rsid` varchar(255) NOT NULL,
  KEY `vtiger_cv2role_ibfk_1` (`cvid`),
  KEY `vtiger_rolesd_ibfk_1` (`rsid`),
  CONSTRAINT `vtiger_customview_ibfk_4` FOREIGN KEY (`cvid`) REFERENCES `vtiger_customview` (`cvid`) ON DELETE CASCADE,
  CONSTRAINT `vtiger_rolesd_ibfk_1` FOREIGN KEY (`rsid`) REFERENCES `vtiger_role` (`roleid`) ON DELETE CASCADE
) ENGINE=InnoDB DEFAULT CHARSET=utf8 COLLATE=utf8_general_ci;

--
-- Dumping data for table `vtiger_cv2rs`
--


--
-- Table structure for table `vtiger_cv2users`
--

CREATE TABLE `vtiger_cv2users` (
  `cvid` int(25) NOT NULL,
  `userid` int(25) NOT NULL,
  KEY `vtiger_cv2users_ibfk_1` (`cvid`),
  KEY `vtiger_users_ibfk_1` (`userid`),
  CONSTRAINT `vtiger_customview_ibfk_1` FOREIGN KEY (`cvid`) REFERENCES `vtiger_customview` (`cvid`) ON DELETE CASCADE,
  CONSTRAINT `vtiger_users_ibfk_1` FOREIGN KEY (`userid`) REFERENCES `vtiger_users` (`id`) ON DELETE CASCADE
) ENGINE=InnoDB DEFAULT CHARSET=utf8 COLLATE=utf8_general_ci;

--
-- Dumping data for table `vtiger_cv2users`
--


--
-- Table structure for table `vtiger_cvadvfilter`
--

CREATE TABLE `vtiger_cvadvfilter` (
  `cvid` int(19) NOT NULL,
  `columnindex` int(11) NOT NULL,
  `columnname` varchar(250) DEFAULT '',
  `comparator` varchar(20) DEFAULT NULL,
  `value` varchar(512) DEFAULT NULL,
  `groupid` int(11) DEFAULT 1,
  `column_condition` varchar(255) DEFAULT 'and',
  PRIMARY KEY (`cvid`,`columnindex`),
  KEY `cvadvfilter_cvid_idx` (`cvid`),
  CONSTRAINT `fk_1_vtiger_cvadvfilter` FOREIGN KEY (`cvid`) REFERENCES `vtiger_customview` (`cvid`) ON DELETE CASCADE
) ENGINE=InnoDB DEFAULT CHARSET=utf8 COLLATE=utf8_general_ci;

--
-- Dumping data for table `vtiger_cvadvfilter`
--

INSERT INTO `vtiger_cvadvfilter` VALUES (67,0,'vtiger_ctwhatsapp:whatsapp_contactid:whatsapp_contactid:CTWhatsApp_Related_To:V','Y','',1,'and'),(68,0,'vtiger_ctwhatsapp:whatsapp_datetime:whatsapp_datetime:CTWhatsApp_Date_Time_of_message:DT','TODAY','2021-05-03 18:30:00',1,'and'),(69,0,'vtiger_ctwhatsapp:message_body:message_body:CTWhatsApp_Body:V','e','',1,'and'),(70,0,'vtiger_ctwhatsapp:message_type:message_type:CTWhatsApp_Message_Type:V','e','Send,Recieved,Mass Message,Message,Group,WhatsApp',1,'and'),(70,1,'vtiger_ctwhatsapp:whatsapp_datetime:whatsapp_datetime:CTWhatsApp_Date_Time_of_message:DT','e','2022-02-22 18:30:00',1,'and'),(71,0,'vtiger_ctwhatsapp:message_type:message_type:CTWhatsApp_Message_Type:V','e','Recieved',1,'and'),(71,1,'vtiger_ctwhatsapp:whatsapp_unreadread:whatsapp_unreadread:CTWhatsApp_Read_/_Unread:V','e','Unread',1,'and'),(72,1,'vtiger_ctwhatsapp:message_type:message_type:CTWhatsApp_Message_Type:V','n','Mass Message',1,'and'),(73,0,'vtiger_ctwhatsapp:whatsapp_chatid:whatsapp_chatid:CTWhatsApp_WhatsApp_ChatId:V','n','',1,'and'),(78,0,'vtiger_cobranzas:lb_estado:lb_estado:Cobranzas_Estado:V','n','Registrada,Pagado',1,''),(79,0,'vtiger_cobranzas:lb_estado:lb_estado:Cobranzas_Estado:V','n','Pagado',1,''),(79,1,'vtiger_cobranzas:lb_fechadevencimiento:lb_fechadevencimiento:Cobranzas_Fecha_de_Vencimiento:D','today','2024-07-08',2,'or'),(79,2,'vtiger_cobranzas:lb_fechacompromisopa:lb_fechacompromisopa:Cobranzas_Fecha_de_Compromiso_de_Pago	:D','today','2024-07-08',2,''),(80,0,'vtiger_cobranzas:lb_estado:lb_estado:Cobranzas_Estado:V','e','En Seguimiento',1,'');

--
-- Table structure for table `vtiger_cvadvfilter_grouping`
--

CREATE TABLE `vtiger_cvadvfilter_grouping` (
  `groupid` int(11) NOT NULL,
  `cvid` int(19) NOT NULL,
  `group_condition` varchar(255) DEFAULT NULL,
  `condition_expression` text DEFAULT NULL,
  PRIMARY KEY (`groupid`,`cvid`)
) ENGINE=InnoDB DEFAULT CHARSET=utf8 COLLATE=utf8_general_ci;

--
-- Dumping data for table `vtiger_cvadvfilter_grouping`
--

INSERT INTO `vtiger_cvadvfilter_grouping` VALUES (1,2,'',''),(1,5,'',''),(1,11,'',''),(1,12,'',''),(1,14,'',''),(1,15,'',''),(1,17,'',''),(1,18,'',''),(1,31,'',''),(1,32,'',''),(1,33,'',''),(1,34,'',''),(1,35,'',''),(1,36,'',''),(1,37,'',''),(1,78,'and',' 0 '),(1,79,'and',' 0 '),(1,80,'and',' 0 '),(2,79,NULL,' 1 or 2 ');

--
-- Table structure for table `vtiger_cvcolumnlist`
--

CREATE TABLE `vtiger_cvcolumnlist` (
  `cvid` int(19) NOT NULL,
  `columnindex` int(11) NOT NULL,
  `columnname` varchar(250) DEFAULT '',
  PRIMARY KEY (`cvid`,`columnindex`),
  KEY `cvcolumnlist_columnindex_idx` (`columnindex`),
  KEY `cvcolumnlist_cvid_idx` (`cvid`),
  CONSTRAINT `fk_1_vtiger_cvcolumnlist` FOREIGN KEY (`cvid`) REFERENCES `vtiger_customview` (`cvid`) ON DELETE CASCADE
) ENGINE=InnoDB DEFAULT CHARSET=utf8 COLLATE=utf8_general_ci;

--
-- Dumping data for table `vtiger_cvcolumnlist`
--

INSERT INTO `vtiger_cvcolumnlist` VALUES (1,1,'vtiger_leaddetails:firstname:firstname:Leads_First_Name:V'),(1,2,'vtiger_leaddetails:lastname:lastname:Leads_Last_Name:V'),(1,3,'vtiger_leaddetails:company:company:Leads_Company:V'),(1,4,'vtiger_leadaddress:phone:phone:Leads_Phone:V'),(1,5,'vtiger_leadsubdetails:website:website:Leads_Website:V'),(1,6,'vtiger_leaddetails:email:email:Leads_Email:V'),(1,7,'vtiger_crmentity:smownerid:assigned_user_id:Leads_Assigned_To:V'),(4,0,'vtiger_account:accountname:accountname:Accounts_Account_Name:V'),(4,1,'vtiger_account:siccode:siccode:Accounts_SIC_Code:V'),(4,2,'vtiger_account:phone:phone:Accounts_Phone:V'),(4,3,'vtiger_account:email1:email1:Accounts_Email:V'),(4,4,'vtiger_crmentity:smownerid:assigned_user_id:Accounts_Assigned_To:V'),(4,5,'vtiger_accountbillads:bill_city:bill_city:Accounts_Billing_City:V'),(4,6,'vtiger_account:website:website:Accounts_Website:V'),(7,1,'vtiger_contactdetails:firstname:firstname:Contacts_First_Name:V'),(7,2,'vtiger_contactdetails:lastname:lastname:Contacts_Last_Name:V'),(7,3,'vtiger_contactdetails:title:title:Contacts_Title:V'),(7,4,'vtiger_contactdetails:accountid:account_id:Contacts_Account_Name:V'),(7,5,'vtiger_contactdetails:email:email:Contacts_Email:V'),(7,6,'vtiger_contactdetails:phone:phone:Contacts_Office_Phone:V'),(7,7,'vtiger_crmentity:smownerid:assigned_user_id:Contacts_Assigned_To:V'),(10,1,'vtiger_potential:potentialname:potentialname:Potentials_Potential_Name:V'),(10,2,'vtiger_potential:related_to:related_to:Potentials_Related_To:V'),(10,3,'vtiger_potential:sales_stage:sales_stage:Potentials_Sales_Stage:V'),(10,4,'vtiger_potential:leadsource:leadsource:Potentials_Lead_Source:V'),(10,5,'vtiger_potential:closingdate:closingdate:Potentials_Expected_Close_Date:D'),(10,6,'vtiger_potential:amount:amount:Potentials_Amount:N'),(10,7,'vtiger_crmentity:smownerid:assigned_user_id:Potentials_Assigned_To:V'),(10,8,'vtiger_potential:contact_id:contact_id:Potentials_Contact_Name:V'),(13,1,'vtiger_troubletickets:title:ticket_title:HelpDesk_Title:V'),(13,2,'vtiger_troubletickets:parent_id:parent_id:HelpDesk_Related_To:V'),(13,3,'vtiger_troubletickets:status:ticketstatus:HelpDesk_Status:V'),(13,4,'vtiger_troubletickets:priority:ticketpriorities:HelpDesk_Priority:V'),(13,5,'vtiger_crmentity:smownerid:assigned_user_id:HelpDesk_Assigned_To:V'),(13,6,'vtiger_troubletickets:contact_id:contact_id:HelpDesk_Contact_Name:V'),(16,1,'vtiger_quotes:subject:subject:Quotes_Subject:V'),(16,2,'vtiger_quotes:quotestage:quotestage:Quotes_Quote_Stage:V'),(16,3,'vtiger_quotes:potentialid:potential_id:Quotes_Potential_Name:V'),(16,4,'vtiger_quotes:accountid:account_id:Quotes_Account_Name:V'),(16,5,'vtiger_quotes:total:hdnGrandTotal:Quotes_Total:N'),(16,6,'vtiger_crmentity:smownerid:assigned_user_id:Quotes_Assigned_To:V'),(19,0,'vtiger_activity:status:taskstatus:Calendar_Status:V'),(19,1,'vtiger_activity:activitytype:activitytype:Calendar_Activity_Type:V'),(19,2,'vtiger_activity:subject:subject:Calendar_Subject:V'),(19,3,'vtiger_seactivityrel:crmid:parent_id:Calendar_Related_To:V'),(19,4,'vtiger_activity:date_start:date_start:Calendar_Start_Date_&_Time:DT'),(19,5,'vtiger_activity:due_date:due_date:Calendar_Due_Date:D'),(19,6,'vtiger_crmentity:smownerid:assigned_user_id:Calendar_Assigned_To:V'),(20,0,'vtiger_activity:subject:subject:Emails_Subject:V'),(20,1,'vtiger_emaildetails:to_email:saved_toid:Emails_To:V'),(20,2,'vtiger_activity:date_start:date_start:Emails_Date_&_Time_Sent:DT'),(21,1,'vtiger_invoice:subject:subject:Invoice_Subject:V'),(21,2,'vtiger_invoice:salesorderid:salesorder_id:Invoice_Sales_Order:V'),(21,3,'vtiger_invoice:invoicestatus:invoicestatus:Invoice_Status:V'),(21,4,'vtiger_invoice:total:hdnGrandTotal:Invoice_Total:N'),(21,5,'vtiger_crmentity:smownerid:assigned_user_id:Invoice_Assigned_To:V'),(22,1,'vtiger_notes:title:notes_title:Documents_Title:V'),(22,2,'vtiger_notes:filename:filename:Documents_File_Name:V'),(22,3,'vtiger_crmentity:modifiedtime:modifiedtime:Documents_Modified_Time:DT'),(22,4,'vtiger_crmentity:smownerid:assigned_user_id:Documents_Assigned_To:V'),(23,1,'vtiger_pricebook:bookname:bookname:PriceBooks_Price_Book_Name:V'),(23,2,'vtiger_pricebook:active:active:PriceBooks_Active:C'),(23,3,'vtiger_pricebook:currency_id:currency_id:PriceBooks_Currency:V'),(24,1,'vtiger_products:productname:productname:Products_Product_Name:V'),(24,2,'vtiger_products:productcode:productcode:Products_Part_Number:V'),(24,3,'vtiger_products:commissionrate:commissionrate:Products_Commission_Rate:N'),(24,4,'vtiger_products:qtyinstock:qtyinstock:Products_Qty_In_Stock:NN'),(24,5,'vtiger_products:qty_per_unit:qty_per_unit:Products_Qty/Unit:N'),(24,6,'vtiger_products:unit_price:unit_price:Products_Unit_Price:N'),(25,1,'vtiger_purchaseorder:subject:subject:PurchaseOrder_Subject:V'),(25,2,'vtiger_purchaseorder:vendorid:vendor_id:PurchaseOrder_Vendor_Name:V'),(25,3,'vtiger_purchaseorder:tracking_no:tracking_no:PurchaseOrder_Tracking_Number:V'),(25,4,'vtiger_purchaseorder:total:hdnGrandTotal:PurchaseOrder_Total:N'),(25,5,'vtiger_crmentity:smownerid:assigned_user_id:PurchaseOrder_Assigned_To:V'),(26,1,'vtiger_salesorder:subject:subject:SalesOrder_Subject:V'),(26,2,'vtiger_salesorder:accountid:account_id:SalesOrder_Account_Name:V'),(26,3,'vtiger_salesorder:quoteid:quote_id:SalesOrder_Quote_Name:V'),(26,4,'vtiger_salesorder:total:hdnGrandTotal:SalesOrder_Total:N'),(26,5,'vtiger_crmentity:smownerid:assigned_user_id:SalesOrder_Assigned_To:V'),(27,1,'vtiger_vendor:vendorname:vendorname:Vendors_Vendor_Name:V'),(27,2,'vtiger_vendor:phone:phone:Vendors_Phone:V'),(27,3,'vtiger_vendor:email:email:Vendors_Email:V'),(27,4,'vtiger_vendor:category:category:Vendors_Category:V'),(27,5,'vtiger_crmentity:smownerid:assigned_user_id:Vendors_Assigned_To:V'),(28,1,'vtiger_faq:question:question:Faq_Question:V'),(28,2,'vtiger_faq:category:faqcategories:Faq_Category:V'),(28,3,'vtiger_faq:product_id:product_id:Faq_Product_Name:V'),(28,4,'vtiger_crmentity:createdtime:createdtime:Faq_Created_Time:DT'),(28,5,'vtiger_crmentity:modifiedtime:modifiedtime:Faq_Modified_Time:DT'),(29,1,'vtiger_campaign:campaignname:campaignname:Campaigns_Campaign_Name:V'),(29,2,'vtiger_campaign:campaigntype:campaigntype:Campaigns_Campaign_Type:V'),(29,3,'vtiger_campaign:campaignstatus:campaignstatus:Campaigns_Campaign_Status:V'),(29,4,'vtiger_campaign:expectedrevenue:expectedrevenue:Campaigns_Expected_Revenue:N'),(29,5,'vtiger_campaign:closingdate:closingdate:Campaigns_Expected_Close_Date:D'),(29,6,'vtiger_crmentity:smownerid:assigned_user_id:Campaigns_Assigned_To:V'),(30,0,'subject:subject:subject:Subject:V'),(30,1,'from:fromname:fromname:From:N'),(30,2,'to:tpname:toname:To:N'),(30,3,'body:body:body:Body:V'),(38,1,'vtiger_servicecontracts:subject:subject:ServiceContracts_Subject:V'),(38,2,'vtiger_servicecontracts:sc_related_to:sc_related_to:ServiceContracts_Related_to:V'),(38,3,'vtiger_crmentity:smownerid:assigned_user_id:ServiceContracts_Assigned_To:V'),(38,4,'vtiger_servicecontracts:start_date:start_date:ServiceContracts_Start_Date:D'),(38,5,'vtiger_servicecontracts:due_date:due_date:ServiceContracts_Due_date:D'),(38,7,'vtiger_servicecontracts:progress:progress:ServiceContracts_Progress:N'),(38,8,'vtiger_servicecontracts:contract_status:contract_status:ServiceContracts_Status:V'),(39,1,'vtiger_service:servicename:servicename:Services_Service_Name:V'),(39,2,'vtiger_service:service_usageunit:service_usageunit:Services_Usage_Unit:V'),(39,3,'vtiger_service:unit_price:unit_price:Services_Price:N'),(39,4,'vtiger_service:qty_per_unit:qty_per_unit:Services_No_of_Units:N'),(39,5,'vtiger_service:servicecategory:servicecategory:Services_Service_Category:V'),(39,6,'vtiger_crmentity:smownerid:assigned_user_id:Services_Owner:I'),(40,0,'vtiger_pbxmanager:callstatus:callstatus:PBXManager_Call_Status:V'),(40,1,'vtiger_pbxmanager:customernumber:customernumber:PBXManager_Customer_Number:V'),(40,2,'vtiger_pbxmanager:customer:customer:PBXManager_Customer:V'),(40,3,'vtiger_pbxmanager:user:user:PBXManager_User:V'),(40,4,'vtiger_pbxmanager:recordingurl:recordingurl:PBXManager_Recording_URL:V'),(40,5,'vtiger_pbxmanager:totalduration:totalduration:PBXManager_Total_Duration:I'),(40,6,'vtiger_pbxmanager:starttime:starttime:PBXManager_Start_Time:DT'),(41,0,'vtiger_modcomments:commentcontent:commentcontent:ModComments_Comment:V'),(41,1,'vtiger_modcomments:related_to:related_to:ModComments_Related_To:V'),(41,2,'vtiger_crmentity:modifiedtime:modifiedtime:ModComments_Modified_Time:DT'),(41,3,'vtiger_crmentity:smownerid:assigned_user_id:ModComments_Assigned_To:V'),(45,1,'vtiger_assets:assetname:assetname:Assets_Asset_Name:V'),(45,2,'vtiger_assets:account:account:Assets_Customer_Name:V'),(45,3,'vtiger_assets:product:product:Assets_Product_Name:V'),(46,0,'vtiger_smsnotifier:message:message:SMSNotifier_message:V'),(46,2,'vtiger_crmentity:smownerid:assigned_user_id:SMSNotifier_Assigned_To:V'),(46,3,'vtiger_crmentity:createdtime:createdtime:SMSNotifier_Created_Time:DT'),(46,4,'vtiger_crmentity:modifiedtime:modifiedtime:SMSNotifier_Modified_Time:DT'),(47,0,'vtiger_projectmilestone:projectmilestonename:projectmilestonename:ProjectMilestone_Project_Milestone_Name:V'),(47,1,'vtiger_projectmilestone:projectmilestonedate:projectmilestonedate:ProjectMilestone_Milestone_Date:D'),(47,3,'vtiger_crmentity:description:description:ProjectMilestone_description:V'),(47,4,'vtiger_crmentity:createdtime:createdtime:ProjectMilestone_Created_Time:DT'),(47,5,'vtiger_crmentity:modifiedtime:modifiedtime:ProjectMilestone_Modified_Time:DT'),(48,2,'vtiger_projecttask:projecttaskname:projecttaskname:ProjectTask_Project_Task_Name:V'),(48,3,'vtiger_projecttask:projectid:projectid:ProjectTask_Related_to:V'),(48,4,'vtiger_projecttask:projecttaskpriority:projecttaskpriority:ProjectTask_Priority:V'),(48,5,'vtiger_projecttask:projecttaskprogress:projecttaskprogress:ProjectTask_Progress:V'),(48,6,'vtiger_projecttask:projecttaskhours:projecttaskhours:ProjectTask_Worked_Hours:V'),(48,7,'vtiger_projecttask:startdate:startdate:ProjectTask_Start_Date:D'),(48,8,'vtiger_projecttask:enddate:enddate:ProjectTask_End_Date:D'),(48,9,'vtiger_crmentity:smownerid:assigned_user_id:ProjectTask_Assigned_To:V'),(49,0,'vtiger_project:projectname:projectname:Project_Project_Name:V'),(49,1,'vtiger_project:linktoaccountscontacts:linktoaccountscontacts:Project_Related_to:V'),(49,2,'vtiger_project:startdate:startdate:Project_Start_Date:D'),(49,3,'vtiger_project:targetenddate:targetenddate:Project_Target_End_Date:D'),(49,4,'vtiger_project:actualenddate:actualenddate:Project_Actual_End_Date:D'),(49,5,'vtiger_project:targetbudget:targetbudget:Project_Target_Budget:V'),(49,6,'vtiger_project:progress:progress:Project_Progress:V'),(49,7,'vtiger_project:projectstatus:projectstatus:Project_Status:V'),(49,8,'vtiger_crmentity:smownerid:assigned_user_id:Project_Assigned_To:V'),(49,19,'vtiger_project:contactid:contactid:Project_Contact_Name:V'),(50,0,'vtiger_cttimetracker:tracking_title:tracking_title:CTTimeTracker_Title:V'),(50,1,'vtiger_cttimetracker:tracking_notes:tracking_notes:CTTimeTracker_Notes:V'),(50,2,'vtiger_cttimetracker:related_to:related_to:CTTimeTracker_Related_to:V'),(50,3,'vtiger_cttimetracker:tracking_user:tracking_user:CTTimeTracker_Employee_Name:I'),(50,4,'vtiger_crmentity:createdtime:createdtime:CTTimeTracker_Created_Time:DT'),(50,5,'vtiger_crmentity:modifiedtime:modifiedtime:CTTimeTracker_Modified_Time:DT'),(50,6,'vtiger_cttimetracker:check_in_address:check_in_address:CTTimeTracker_Location_Address_When_Start_Timer:V'),(50,7,'vtiger_cttimetracker:check_out_address:check_out_address:CTTimeTracker_Location_Address_When_Stop_Timer:V'),(50,8,'vtiger_cttimetracker:total_hour:total_hour:CTTimeTracker_Total_Hours:I'),(50,9,'vtiger_cttimetracker:total_min:total_min:CTTimeTracker_Total_Minutes:I'),(50,10,'vtiger_cttimetracker:tracking_status:tracking_status:CTTimeTracker_Status:V'),(51,1,'vtiger_cttimecontrol:cttimecontrol_no:cttimecontrol_no:CTTimeControl_Time_Control_No:V'),(51,2,'vtiger_cttimecontrol:related_tracking:related_tracking:CTTimeControl_Related_To:I'),(51,3,'vtiger_crmentity:smownerid:assigned_user_id:CTTimeControl_Assigned_To:V'),(52,0,'vtiger_ctrouteplanning:ctroutename:ctroutename:CTRoutePlanning_Route_Name:V'),(52,1,'vtiger_ctrouteplanning:ctroute_date:ctroute_date:CTRoutePlanning_Route_Planning_Date:D'),(52,2,'vtiger_crmentity:smownerid:assigned_user_id:CTRoutePlanning_Assigned_To:V'),(53,1,'vtiger_ctrouteattendance:ctroute_user:ctroute_user:CTRouteAttendance_Employee_Name:V'),(53,2,'vtiger_crmentity:createdtime:createdtime:CTRouteAttendance_Check_In:DT'),(53,3,'vtiger_ctrouteattendance:check_in_address:check_in_address:CTRouteAttendance_Check_In_Address:V'),(53,4,'vtiger_crmentity:modifiedtime:modifiedtime:CTRouteAttendance_Check_Out:DT'),(53,5,'vtiger_ctrouteattendance:check_out_address:check_out_address:CTRouteAttendance_Check_Out_Address:V'),(54,0,'vtiger_ctattendance:employee_name:employee_name:CTAttendance_Employee_Name:V'),(54,1,'vtiger_crmentity:createdtime:createdtime:CTAttendance_Check_In:DT'),(54,2,'vtiger_ctattendance:check_in_address:check_in_address:CTAttendance_Check_In_Address:V'),(54,3,'vtiger_crmentity:modifiedtime:modifiedtime:CTAttendance_Check_Out:DT'),(54,4,'vtiger_ctattendance:check_out_address:check_out_address:CTAttendance_Check_Out_Address:V'),(54,5,'vtiger_ctattendance:eventid:eventid:CTAttendance_Event_Name:V'),(54,6,'vtiger_ctattendance:attendance_status:attendance_status:CTAttendance_Attendance_Status:V'),(57,1,'vtiger_ctuserfilterview:ctuser_filter_view_no:ctuser_filter_view_no:CTUserFilterView_CTMobile_User_Filter_View_No:V'),(57,2,'vtiger_ctuserfilterview:module_name:module_name:CTUserFilterView_Module_Name:V'),(58,0,'vtiger_ctmessagetemplate:description:description:CTMessageTemplate_Description_:V'),(58,1,'vtiger_ctmessagetemplate:template_no:template_no:CTMessageTemplate_Templte_No:V'),(58,2,'vtiger_ctmessagetemplate:message_status:message_status:CTMessageTemplate_Status:V'),(59,1,'vtiger_ctpushnotification:pn_title:pn_title:CTPushNotification_Push_Notification_Title:V'),(59,2,'vtiger_ctpushnotification:pn_related:pn_related:CTPushNotification_Related_Module:V'),(59,3,'vtiger_ctpushnotification:pushnotificationstatus:pushnotificationstatus:CTPushNotification_Push_Notification_Status:V'),(61,0,'vtiger_cobranzas:lb_numerofactura:lb_numerofactura:Cobranzas_Numero_de_Factura:V'),(61,1,'vtiger_cobranzas:lb_razonsocial:lb_razonsocial:Cobranzas_Razon_Social:V'),(61,2,'vtiger_cobranzas:lb_estado:lb_estado:Cobranzas_Estado:V'),(61,3,'vtiger_cobranzas:lb_montototal:lb_montototal:Cobranzas_Monto_Total:N'),(61,4,'vtiger_cobranzas:lb_fechadevencimiento:lb_fechadevencimiento:Cobranzas_Fecha_de_Vencimiento:D'),(61,5,'vtiger_crmentity:smownerid:assigned_user_id:Cobranzas_Assigned_To:V'),(61,6,'vtiger_cobranzas:lb_conreclamos:lb_conreclamos:Cobranzas_Con_Reclamos:V'),(61,7,'vtiger_cobranzas:lb_etapa:lb_etapa:Cobranzas_Etapa:V'),(61,8,'vtiger_cobranzas:lb_montofinalacordado:lb_montofinalacordado:Cobranzas_Monto_Final_Acordado:N'),(63,0,'vtiger_pagos:pagosno:pagosno:Pagos_Pagos_No:V'),(63,1,'vtiger_crmentity:smownerid:assigned_user_id:Pagos_Assigned_To:V'),(63,2,'vtiger_pagos:lb_estadopagosparciales:lb_estadopagosparciales:Pagos_Estado_de_Pago:V'),(63,3,'vtiger_pagos:lb_montopagosparciales:lb_montopagosparciales:Pagos_Monto:N'),(63,4,'vtiger_pagos:lb_formapagosparciales:lb_formapagosparciales:Pagos_Forma_de_Pago:V'),(63,5,'vtiger_pagos:lb_cobranzapagosparciales:lb_cobranzapagosparciales:Pagos_Cobranza:V'),(65,0,'vtiger_ctwhatsapp:whatsapp_no:whatsapp_no:CTWhatsApp_WhatsApp_No:V'),(65,1,'vtiger_ctwhatsapp:whatsapp_sendername:whatsapp_sendername:CTWhatsApp_Sender_Name:V'),(65,2,'vtiger_ctwhatsapp:whatsapp_chatid:whatsapp_chatid:CTWhatsApp_WhatsApp_ChatId:V'),(65,3,'vtiger_ctwhatsapp:whatsapp_unreadread:whatsapp_unreadread:CTWhatsApp_Read_/_Unread:V'),(65,4,'vtiger_ctwhatsapp:message_type:message_type:CTWhatsApp_Message_Type:V'),(65,5,'vtiger_ctwhatsapp:message_body:message_body:CTWhatsApp_Body:V'),(65,6,'vtiger_crmentity:createdtime:createdtime:CTWhatsApp_Created_Time:DT'),(65,7,'vtiger_crmentity:modifiedtime:modifiedtime:CTWhatsApp_Modified_Time:DT'),(65,8,'vtiger_crmentity:smownerid:assigned_user_id:CTWhatsApp_Assigned_To:V'),(65,9,'vtiger_ctwhatsapp:whatsapp_contactid:whatsapp_contactid:CTWhatsApp_Related_To:V'),(65,10,'vtiger_ctwhatsapp:whatsapp_withccode:whatsapp_withccode:CTWhatsApp_With_Country_Code:V'),(65,11,'vtiger_ctwhatsapp:msgid:msgid:CTWhatsApp_Message_ID:V'),(65,12,'vtiger_ctwhatsapp:whatsapp_datetime:whatsapp_datetime:CTWhatsApp_Date_Time_of_message:DT'),(66,0,'vtiger_ctwhatsapp:whatsapp_sendername:whatsapp_sendername:CTWhatsApp_Sender_Name:V'),(66,1,'vtiger_ctwhatsapp:whatsapp_important:whatsapp_important:CTWhatsApp_Important:V'),(66,2,'vtiger_ctwhatsapp:whatsapp_response:whatsapp_response:CTWhatsApp_Response:V'),(66,3,'vtiger_ctwhatsapp:whatsapp_displayname:whatsapp_displayname:CTWhatsApp_Display_Name:V'),(66,4,'vtiger_ctwhatsapp:whatsapp_contactid:whatsapp_contactid:CTWhatsApp_Related_To:V'),(66,5,'vtiger_ctwhatsapp:whatsapp_botid:whatsapp_botid:CTWhatsApp_BotID:V'),(66,6,'vtiger_ctwhatsapp:your_number:your_number:CTWhatsApp_Your_phone_number:V'),(66,7,'vtiger_ctwhatsapp:whatsapp_withccode:whatsapp_withccode:CTWhatsApp_With_Country_Code:V'),(66,8,'vtiger_ctwhatsapp:msgid:msgid:CTWhatsApp_Message_ID:V'),(66,9,'vtiger_ctwhatsapp:message_body:message_body:CTWhatsApp_Body:V'),(66,10,'vtiger_crmentity:smownerid:assigned_user_id:CTWhatsApp_Assigned_To:V'),(66,11,'vtiger_ctwhatsapp:message_type:message_type:CTWhatsApp_Message_Type:V'),(66,12,'vtiger_crmentity:createdtime:createdtime:CTWhatsApp_Created_Time:DT'),(66,13,'vtiger_ctwhatsapp:whatsapp_unreadread:whatsapp_unreadread:CTWhatsApp_Read_/_Unread:V'),(66,14,'vtiger_ctwhatsapp:whatsapp_chatid:whatsapp_chatid:CTWhatsApp_WhatsApp_ChatId:V'),(66,15,'vtiger_ctwhatsapp:whatsapp_withoccode:whatsapp_withoccode:CTWhatsApp_Mass_Message:V'),(67,0,'vtiger_ctwhatsapp:whatsapp_no:whatsapp_no:CTWhatsApp_WhatsApp_No:V'),(67,1,'vtiger_ctwhatsapp:whatsapp_chatid:whatsapp_chatid:CTWhatsApp_WhatsApp_ChatId:V'),(67,2,'vtiger_ctwhatsapp:whatsapp_sendername:whatsapp_sendername:CTWhatsApp_Sender_Name:V'),(67,3,'vtiger_ctwhatsapp:message_type:message_type:CTWhatsApp_Message_Type:V'),(67,4,'vtiger_ctwhatsapp:message_body:message_body:CTWhatsApp_Body:V'),(67,5,'vtiger_crmentity:createdtime:createdtime:CTWhatsApp_Created_Time:DT'),(67,6,'vtiger_crmentity:smownerid:assigned_user_id:CTWhatsApp_Assigned_To:V'),(67,7,'vtiger_ctwhatsapp:whatsapp_contactid:whatsapp_contactid:CTWhatsApp_Related_To:V'),(67,8,'vtiger_crmentity:source:source:CTWhatsApp_Source:V'),(67,9,'vtiger_ctwhatsapp:whatsapp_unreadread:whatsapp_unreadread:CTWhatsApp_Read_/_Unread:V'),(67,10,'vtiger_ctwhatsapp:whatsapp_withccode:whatsapp_withccode:CTWhatsApp_With_Country_Code:V'),(67,11,'vtiger_ctwhatsapp:whatsapp_withoccode:whatsapp_withoccode:CTWhatsApp_Mass_Message:V'),(67,12,'vtiger_ctwhatsapp:msgid:msgid:CTWhatsApp_Message_ID:V'),(67,13,'vtiger_ctwhatsapp:whatsapp_datetime:whatsapp_datetime:CTWhatsApp_Date_Time_of_message:DT'),(67,14,'vtiger_ctwhatsapp:whatsapp_important:whatsapp_important:CTWhatsApp_Important:V'),(68,0,'vtiger_ctwhatsapp:whatsapp_no:whatsapp_no:CTWhatsApp_WhatsApp_No:V'),(68,1,'vtiger_ctwhatsapp:whatsapp_sendername:whatsapp_sendername:CTWhatsApp_Sender_Name:V'),(68,2,'vtiger_ctwhatsapp:whatsapp_chatid:whatsapp_chatid:CTWhatsApp_WhatsApp_ChatId:V'),(68,3,'vtiger_ctwhatsapp:message_type:message_type:CTWhatsApp_Message_Type:V'),(68,4,'vtiger_ctwhatsapp:message_body:message_body:CTWhatsApp_Body:V'),(68,5,'vtiger_crmentity:createdtime:createdtime:CTWhatsApp_Created_Time:DT'),(68,6,'vtiger_crmentity:smownerid:assigned_user_id:CTWhatsApp_Assigned_To:V'),(68,7,'vtiger_ctwhatsapp:whatsapp_contactid:whatsapp_contactid:CTWhatsApp_Related_To:V'),(68,8,'vtiger_crmentity:source:source:CTWhatsApp_Source:V'),(68,9,'vtiger_ctwhatsapp:whatsapp_unreadread:whatsapp_unreadread:CTWhatsApp_Read_/_Unread:V'),(68,10,'vtiger_ctwhatsapp:whatsapp_withccode:whatsapp_withccode:CTWhatsApp_With_Country_Code:V'),(68,11,'vtiger_ctwhatsapp:whatsapp_withoccode:whatsapp_withoccode:CTWhatsApp_Mass_Message:V'),(68,12,'vtiger_ctwhatsapp:msgid:msgid:CTWhatsApp_Message_ID:V'),(68,13,'vtiger_ctwhatsapp:whatsapp_datetime:whatsapp_datetime:CTWhatsApp_Date_Time_of_message:DT'),(68,14,'vtiger_ctwhatsapp:whatsapp_important:whatsapp_important:CTWhatsApp_Important:V'),(69,0,'vtiger_ctwhatsapp:message_body:message_body:CTWhatsApp_Body:V'),(69,1,'vtiger_ctwhatsapp:whatsapp_no:whatsapp_no:CTWhatsApp_WhatsApp_No:V'),(69,2,'vtiger_crmentity:smownerid:assigned_user_id:CTWhatsApp_Assigned_To:V'),(70,0,'vtiger_ctwhatsapp:whatsapp_sendername:whatsapp_sendername:CTWhatsApp_Sender_Name:V'),(70,1,'vtiger_ctwhatsapp:whatsapp_withccode:whatsapp_withccode:CTWhatsApp_With_Country_Code:V'),(70,2,'vtiger_ctwhatsapp:whatsapp_no:whatsapp_no:CTWhatsApp_WhatsApp_No:V'),(70,3,'vtiger_ctwhatsapp:message_type:message_type:CTWhatsApp_Message_Type:V'),(70,4,'vtiger_crmentity:smownerid:assigned_user_id:CTWhatsApp_Assigned_To:V'),(70,5,'vtiger_ctwhatsapp:message_body:message_body:CTWhatsApp_Body:V'),(70,6,'vtiger_ctwhatsapp:whatsapp_chatid:whatsapp_chatid:CTWhatsApp_WhatsApp_ChatId:V'),(70,7,'vtiger_ctwhatsapp:whatsapp_datetime:whatsapp_datetime:CTWhatsApp_Date_Time_of_message:DT'),(70,8,'vtiger_ctwhatsapp:whatsapp_unreadread:whatsapp_unreadread:CTWhatsApp_Read_/_Unread:V'),(70,9,'vtiger_ctwhatsapp:whatsapp_important:whatsapp_important:CTWhatsApp_Important:V'),(70,10,'vtiger_ctwhatsapp:your_number:your_number:CTWhatsApp_Your_phone_number:V'),(71,0,'vtiger_ctwhatsapp:message_type:message_type:CTWhatsApp_Message_Type:V'),(71,1,'vtiger_ctwhatsapp:whatsapp_unreadread:whatsapp_unreadread:CTWhatsApp_Read_/_Unread:V'),(71,2,'vtiger_ctwhatsapp:message_body:message_body:CTWhatsApp_Body:V'),(71,3,'vtiger_ctwhatsapp:whatsapp_no:whatsapp_no:CTWhatsApp_WhatsApp_No:V'),(71,4,'vtiger_ctwhatsapp:whatsapp_sendername:whatsapp_sendername:CTWhatsApp_Sender_Name:V'),(71,5,'vtiger_crmentity:smownerid:assigned_user_id:CTWhatsApp_Assigned_To:V'),(72,0,'vtiger_ctwhatsapp:whatsapp_datetime:whatsapp_datetime:CTWhatsApp_Date_Time_of_message:DT'),(72,1,'vtiger_ctwhatsapp:whatsapp_no:whatsapp_no:CTWhatsApp_WhatsApp_No:V'),(72,2,'vtiger_ctwhatsapp:message_type:message_type:CTWhatsApp_Message_Type:V'),(72,3,'vtiger_ctwhatsapp:message_body:message_body:CTWhatsApp_Body:V'),(72,4,'vtiger_ctwhatsapp:whatsapp_unreadread:whatsapp_unreadread:CTWhatsApp_Read_/_Unread:V'),(72,5,'vtiger_ctwhatsapp:your_number:your_number:CTWhatsApp_Your_phone_number:V'),(72,6,'vtiger_ctwhatsapp:whatsapp_withccode:whatsapp_withccode:CTWhatsApp_With_Country_Code:V'),(72,7,'vtiger_crmentity:smownerid:assigned_user_id:CTWhatsApp_Assigned_To:V'),(73,0,'vtiger_ctwhatsapp:whatsapp_contactid:whatsapp_contactid:CTWhatsApp_Related_To:V'),(73,1,'vtiger_ctwhatsapp:message_body:message_body:CTWhatsApp_Body:V'),(73,2,'vtiger_ctwhatsapp:whatsapp_chatid:whatsapp_chatid:CTWhatsApp_WhatsApp_ChatId:V'),(73,3,'vtiger_ctwhatsapp:whatsapp_sendername:whatsapp_sendername:CTWhatsApp_Sender_Name:V'),(73,4,'vtiger_crmentity:smownerid:assigned_user_id:CTWhatsApp_Assigned_To:V'),(73,5,'vtiger_ctwhatsapp:whatsapp_withccode:whatsapp_withccode:CTWhatsApp_With_Country_Code:V'),(73,6,'vtiger_ctwhatsapp:msgid:msgid:CTWhatsApp_Message_ID:V'),(73,7,'vtiger_ctwhatsapp:whatsapp_displayname:whatsapp_displayname:CTWhatsApp_Display_Name:V'),(74,1,'vtiger_ctwhatsapptemplates:wptemplate_scannumber:wptemplate_scannumber:CTWhatsAppTemplates_Template_Number:V'),(74,2,'vtiger_ctwhatsapptemplates:wptemplate_text:wptemplate_text:CTWhatsAppTemplates_WhatsApp_message_to_Send:V'),(74,3,'vtiger_ctwhatsapptemplates:wptemplate_title:wptemplate_title:CTWhatsAppTemplates_Title:V'),(74,4,'vtiger_ctwhatsapptemplates:wptemplate_modules:wptemplate_modules:CTWhatsAppTemplates_Module_Name:V'),(74,5,'vtiger_crmentity:smownerid:assigned_user_id:CTWhatsAppTemplates_Assigned_To:V'),(74,6,'vtiger_ctwhatsapptemplates:whatsapptemplates_no:whatsapptemplates_no:CTWhatsAppTemplates_WhatsAppTemplates_No:V'),(74,7,'vtiger_ctwhatsapptemplates:wptemplate_image:wptemplate_image:CTWhatsAppTemplates_WhatsApp_Banner_to_send:V'),(74,8,'vtiger_ctwhatsapptemplates:wptemplate_fields:wptemplate_fields:CTWhatsAppTemplates_Module_Fields:V'),(74,9,'vtiger_crmentity:createdtime:createdtime:CTWhatsAppTemplates_Created_Time:DT'),(74,10,'vtiger_crmentity:modifiedtime:modifiedtime:CTWhatsAppTemplates_Modified_Time:DT'),(74,11,'vtiger_crmentity:source:source:CTWhatsAppTemplates_Source:V'),(75,0,'vtiger_ctwhatsapptemplates:wptemplate_title:wptemplate_title:CTWhatsAppTemplates_Title:V'),(75,1,'vtiger_ctwhatsapptemplates:wptemplate_modules:wptemplate_modules:CTWhatsAppTemplates_Module_Name:V'),(75,2,'vtiger_crmentity:smownerid:assigned_user_id:CTWhatsAppTemplates_Assigned_To:V'),(76,0,'vtiger_whatsapplog:messagelog_body:messagelog_body:WhatsAppLog_Body:V'),(76,1,'vtiger_whatsapplog:whatsapp_numberactive:whatsapp_numberactive:WhatsAppLog_WhatsApp_Active/InActive:C'),(76,2,'vtiger_whatsapplog:whatsapplog_response:whatsapplog_response:WhatsAppLog_Response:V'),(76,3,'vtiger_whatsapplog:whatsapplog_displayname:whatsapplog_displayname:WhatsAppLog_Display_Name:V'),(76,4,'vtiger_whatsapplog:whatsapplog_contactid:whatsapplog_contactid:WhatsAppLog_Contacts_ID:V'),(76,5,'vtiger_whatsapplog:whatsapplog_botid:whatsapplog_botid:WhatsAppLog_BotID:V'),(76,6,'vtiger_whatsapplog:whatsapplog_your_number:whatsapplog_your_number:WhatsAppLog_Your_phone_number:V'),(76,7,'vtiger_whatsapplog:whatsapplog_withccode:whatsapplog_withccode:WhatsAppLog_Customer_phone:V'),(76,8,'vtiger_whatsapplog:whatsapplog_msgid:whatsapplog_msgid:WhatsAppLog_Message_ID:V'),(76,9,'vtiger_crmentity:smownerid:assigned_user_id:WhatsAppLog_Assigned_To:V'),(76,10,'vtiger_whatsapplog:messagelog_type:messagelog_type:WhatsAppLog_Message_Type:V'),(76,11,'vtiger_crmentity:createdtime:createdtime:WhatsAppLog_Created_Time:DT'),(76,12,'vtiger_whatsapplog:whatsapplog_unreadread:whatsapplog_unreadread:WhatsAppLog_Read_/_Unread:V'),(76,13,'vtiger_whatsapplog:whatsapplog_important:whatsapplog_important:WhatsAppLog_Important:V'),(76,14,'vtiger_whatsapplog:whatsapplog_sendername:whatsapplog_sendername:WhatsAppLog_Sender_Name:V'),(77,0,'vtiger_whatsapplog:whatsapplog_important:whatsapplog_important:WhatsAppLog_Important:V'),(77,1,'vtiger_whatsapplog:whatsapplog_no:whatsapplog_no:WhatsAppLog_WhatsAppLog_No:V'),(77,2,'vtiger_whatsapplog:whatsapplog_sendername:whatsapplog_sendername:WhatsAppLog_Sender_Name:V'),(77,3,'vtiger_whatsapplog:whatsapplog_chatid:whatsapplog_chatid:WhatsAppLog_Whatsapp_ChatId:V'),(77,4,'vtiger_whatsapplog:messagelog_type:messagelog_type:WhatsAppLog_Message_Type:V'),(77,5,'vtiger_whatsapplog:messagelog_body:messagelog_body:WhatsAppLog_Body:V'),(77,6,'vtiger_whatsapplog:whatsapplog_quotemessage:whatsapplog_quotemessage:WhatsAppLog_Quote_Message:V'),(77,7,'vtiger_whatsapplog:whatsapplog_contactid:whatsapplog_contactid:WhatsAppLog_Contacts_ID:V'),(77,8,'vtiger_whatsapplog:whatsapplog_unreadread:whatsapplog_unreadread:WhatsAppLog_Read_/_Unread:V'),(77,9,'vtiger_whatsapplog:whatsapplog_withoccode:whatsapplog_withoccode:WhatsAppLog_Mass_Message_:V'),(77,10,'vtiger_whatsapplog:whatsapplog_withccode:whatsapplog_withccode:WhatsAppLog_Customer_phone:V'),(77,11,'vtiger_whatsapplog:whatsapplog_datetime:whatsapplog_datetime:WhatsAppLog_Date_Time_of_message:DT'),(77,12,'vtiger_whatsapplog:whatsapplog_msgid:whatsapplog_msgid:WhatsAppLog_Message_ID:V'),(77,13,'vtiger_whatsapplog:whatsapplog_your_number:whatsapplog_your_number:WhatsAppLog_Your_phone_number:V'),(77,14,'vtiger_crmentity:smownerid:assigned_user_id:WhatsAppLog_Assigned_To:V'),(78,0,'vtiger_cobranzas:lb_razonsocial:lb_razonsocial:Cobranzas_Razon_Social:V'),(78,1,'vtiger_cobranzas:lb_numerofactura:lb_numerofactura:Cobranzas_Numero_de_Factura:V'),(78,2,'vtiger_cobranzas:lb_montototal:lb_montototal:Cobranzas_Monto_Total:N'),(78,3,'vtiger_cobranzas:lb_fechaemision:lb_fechaemision:Cobranzas_Fecha_de_Emisión:D'),(78,4,'vtiger_cobranzas:lb_fechadevencimiento:lb_fechadevencimiento:Cobranzas_Fecha_de_Vencimiento:D'),(78,5,'vtiger_cobranzas:lb_diasvencidos:lb_diasvencidos:Cobranzas_Días_Vencidos:V'),(78,6,'vtiger_cobranzas:lb_estado:lb_estado:Cobranzas_Estado:V'),(78,7,'vtiger_cobranzas:lb_contactopag:lb_contactopag:Cobranzas_Contacto:V'),(78,8,'vtiger_contactdetails:email:(lb_contactopag ; (Contacts) email):Contacts_Contacto-Email:V'),(78,9,'vtiger_contactdetails:phone:(lb_contactopag ; (Contacts) phone):Contacts_Contacto-Teléfono:V'),(78,10,'vtiger_crmentity:smownerid:assigned_user_id:Cobranzas_Assigned_To:V'),(79,0,'vtiger_cobranzas:lb_razonsocial:lb_razonsocial:Cobranzas_Razon_Social:V'),(79,1,'vtiger_cobranzas:lb_numerofactura:lb_numerofactura:Cobranzas_Numero_de_Factura:V'),(79,2,'vtiger_cobranzas:lb_fechadevencimiento:lb_fechadevencimiento:Cobranzas_Fecha_de_Vencimiento:D'),(79,3,'vtiger_cobranzas:lb_montototal:lb_montototal:Cobranzas_Monto_Total:N'),(79,4,'vtiger_cobranzas:lb_estado:lb_estado:Cobranzas_Estado:V'),(79,5,'vtiger_cobranzas:lb_diasvencidos:lb_diasvencidos:Cobranzas_Días_Vencidos:V'),(79,6,'vtiger_cobranzas:lb_contactopag:lb_contactopag:Cobranzas_Contacto:V'),(79,7,'vtiger_cobranzas:lb_telefonocobran:lb_telefonocobran:Cobranzas_Telefono:V'),(79,8,'vtiger_contactdetails:email:(lb_contactopag ; (Contacts) email):Contacts_Contacto-Email:V'),(79,9,'vtiger_crmentity:smownerid:assigned_user_id:Cobranzas_Assigned_To:V'),(80,0,'vtiger_cobranzas:lb_numerofactura:lb_numerofactura:Cobranzas_Numero_de_Factura:V'),(80,1,'vtiger_cobranzas:lb_razonsocial:lb_razonsocial:Cobranzas_Razon_Social:V'),(80,2,'vtiger_cobranzas:lb_fechaemision:lb_fechaemision:Cobranzas_Fecha_de_Emisión:D'),(80,3,'vtiger_cobranzas:lb_fechadevencimiento:lb_fechadevencimiento:Cobranzas_Fecha_de_Vencimiento:D'),(80,4,'vtiger_cobranzas:lb_fechacompromisopa:lb_fechacompromisopa:Cobranzas_Fecha_de_Compromiso_de_Pago	:D'),(80,5,'vtiger_cobranzas:lb_montototal:lb_montototal:Cobranzas_Monto_Total:N'),(80,6,'vtiger_cobranzas:lb_estado:lb_estado:Cobranzas_Estado:V'),(80,7,'vtiger_cobranzas:lb_diasvencidos:lb_diasvencidos:Cobranzas_Días_Vencidos:V'),(80,8,'vtiger_crmentity:smownerid:assigned_user_id:Cobranzas_Assigned_To:V'),(80,9,'vtiger_cobranzas:lb_contactopag:lb_contactopag:Cobranzas_Contacto:V'),(80,10,'vtiger_cobranzas:lb_telefonocobran:lb_telefonocobran:Cobranzas_Telefono:V');

--
-- Table structure for table `vtiger_cvstdfilter`
--

CREATE TABLE `vtiger_cvstdfilter` (
  `cvid` int(19) NOT NULL,
  `columnname` varchar(250) DEFAULT '',
  `stdfilter` varchar(250) DEFAULT '',
  `startdate` date DEFAULT NULL,
  `enddate` date DEFAULT NULL,
  KEY `cvstdfilter_cvid_idx` (`cvid`),
  CONSTRAINT `fk_1_vtiger_cvstdfilter` FOREIGN KEY (`cvid`) REFERENCES `vtiger_customview` (`cvid`) ON DELETE CASCADE
) ENGINE=InnoDB DEFAULT CHARSET=utf8 COLLATE=utf8_general_ci;

--
-- Dumping data for table `vtiger_cvstdfilter`
--


--
-- Table structure for table `vtiger_dashboard_tabs`
--

CREATE TABLE `vtiger_dashboard_tabs` (
  `id` int(19) NOT NULL AUTO_INCREMENT,
  `tabname` varchar(50) DEFAULT NULL,
  `isdefault` int(1) DEFAULT 0,
  `sequence` int(5) DEFAULT 2,
  `appname` varchar(20) DEFAULT NULL,
  `modulename` varchar(50) DEFAULT NULL,
  `userid` int(11) DEFAULT NULL,
  PRIMARY KEY (`id`),
  UNIQUE KEY `tabname` (`tabname`,`userid`),
  KEY `vtiger_dashboard_tabs_ibfk_1` (`userid`),
  CONSTRAINT `vtiger_dashboard_tabs_ibfk_1` FOREIGN KEY (`userid`) REFERENCES `vtiger_users` (`id`) ON DELETE CASCADE
) ENGINE=InnoDB AUTO_INCREMENT=52 DEFAULT CHARSET=utf8 COLLATE=utf8_general_ci;

--
-- Dumping data for table `vtiger_dashboard_tabs`
--

INSERT INTO `vtiger_dashboard_tabs` VALUES (2,'My Dashboard',1,1,'','',1),(4,'My Dashboard',1,1,'','',5),(5,'My Dashboard',1,1,'','',6),(6,'My Dashboard',1,1,'','',7),(7,'My Dashboard',1,1,'','',8),(15,'Creantis Analytics',0,2,NULL,NULL,1);

--
-- Table structure for table `vtiger_datashare_grp2grp`
--

CREATE TABLE `vtiger_datashare_grp2grp` (
  `shareid` int(19) NOT NULL,
  `share_groupid` int(19) DEFAULT NULL,
  `to_groupid` int(19) DEFAULT NULL,
  `permission` int(19) DEFAULT NULL,
  PRIMARY KEY (`shareid`),
  KEY `datashare_grp2grp_share_groupid_idx` (`share_groupid`),
  KEY `datashare_grp2grp_to_groupid_idx` (`to_groupid`),
  CONSTRAINT `fk_3_vtiger_datashare_grp2grp` FOREIGN KEY (`to_groupid`) REFERENCES `vtiger_groups` (`groupid`) ON DELETE CASCADE
) ENGINE=InnoDB DEFAULT CHARSET=utf8 COLLATE=utf8_general_ci;

--
-- Dumping data for table `vtiger_datashare_grp2grp`
--


--
-- Table structure for table `vtiger_datashare_grp2role`
--

CREATE TABLE `vtiger_datashare_grp2role` (
  `shareid` int(19) NOT NULL,
  `share_groupid` int(19) DEFAULT NULL,
  `to_roleid` varchar(255) DEFAULT NULL,
  `permission` int(19) DEFAULT NULL,
  PRIMARY KEY (`shareid`),
  KEY `idx_datashare_grp2role_share_groupid` (`share_groupid`),
  KEY `idx_datashare_grp2role_to_roleid` (`to_roleid`),
  CONSTRAINT `fk_3_vtiger_datashare_grp2role` FOREIGN KEY (`to_roleid`) REFERENCES `vtiger_role` (`roleid`) ON DELETE CASCADE
) ENGINE=InnoDB DEFAULT CHARSET=utf8 COLLATE=utf8_general_ci;

--
-- Dumping data for table `vtiger_datashare_grp2role`
--


--
-- Table structure for table `vtiger_datashare_grp2rs`
--

CREATE TABLE `vtiger_datashare_grp2rs` (
  `shareid` int(19) NOT NULL,
  `share_groupid` int(19) DEFAULT NULL,
  `to_roleandsubid` varchar(255) DEFAULT NULL,
  `permission` int(19) DEFAULT NULL,
  PRIMARY KEY (`shareid`),
  KEY `datashare_grp2rs_share_groupid_idx` (`share_groupid`),
  KEY `datashare_grp2rs_to_roleandsubid_idx` (`to_roleandsubid`),
  CONSTRAINT `fk_3_vtiger_datashare_grp2rs` FOREIGN KEY (`to_roleandsubid`) REFERENCES `vtiger_role` (`roleid`) ON DELETE CASCADE
) ENGINE=InnoDB DEFAULT CHARSET=utf8 COLLATE=utf8_general_ci;

--
-- Dumping data for table `vtiger_datashare_grp2rs`
--


--
-- Table structure for table `vtiger_datashare_module_rel`
--

CREATE TABLE `vtiger_datashare_module_rel` (
  `shareid` int(19) NOT NULL,
  `tabid` int(19) NOT NULL,
  `relationtype` varchar(200) DEFAULT NULL,
  PRIMARY KEY (`shareid`),
  KEY `idx_datashare_module_rel_tabid` (`tabid`),
  CONSTRAINT `fk_1_vtiger_datashare_module_rel` FOREIGN KEY (`tabid`) REFERENCES `vtiger_tab` (`tabid`) ON DELETE CASCADE
) ENGINE=InnoDB DEFAULT CHARSET=utf8 COLLATE=utf8_general_ci;

--
-- Dumping data for table `vtiger_datashare_module_rel`
--


--
-- Table structure for table `vtiger_datashare_relatedmodule_permission`
--

CREATE TABLE `vtiger_datashare_relatedmodule_permission` (
  `shareid` int(19) NOT NULL,
  `datashare_relatedmodule_id` int(19) NOT NULL,
  `permission` int(19) DEFAULT NULL,
  PRIMARY KEY (`shareid`,`datashare_relatedmodule_id`),
  KEY `datashare_relatedmodule_permission_shareid_permissions_idx` (`shareid`,`permission`)
) ENGINE=InnoDB DEFAULT CHARSET=utf8 COLLATE=utf8_general_ci;

--
-- Dumping data for table `vtiger_datashare_relatedmodule_permission`
--


--
-- Table structure for table `vtiger_datashare_relatedmodules`
--

CREATE TABLE `vtiger_datashare_relatedmodules` (
  `datashare_relatedmodule_id` int(19) NOT NULL,
  `tabid` int(19) DEFAULT NULL,
  `relatedto_tabid` int(19) DEFAULT NULL,
  PRIMARY KEY (`datashare_relatedmodule_id`),
  KEY `datashare_relatedmodules_tabid_idx` (`tabid`),
  KEY `datashare_relatedmodules_relatedto_tabid_idx` (`relatedto_tabid`),
  CONSTRAINT `fk_2_vtiger_datashare_relatedmodules` FOREIGN KEY (`tabid`) REFERENCES `vtiger_tab` (`tabid`) ON DELETE CASCADE
) ENGINE=InnoDB DEFAULT CHARSET=utf8 COLLATE=utf8_general_ci;

--
-- Dumping data for table `vtiger_datashare_relatedmodules`
--

INSERT INTO `vtiger_datashare_relatedmodules` VALUES (1,6,2),(2,6,13),(3,6,20),(4,6,22),(5,6,23),(6,2,20),(7,2,22),(8,20,22),(9,22,23);

--
-- Table structure for table `vtiger_datashare_relatedmodules_seq`
--

CREATE TABLE `vtiger_datashare_relatedmodules_seq` (
  `id` int(11) NOT NULL
) ENGINE=InnoDB DEFAULT CHARSET=utf8 COLLATE=utf8_general_ci;

--
-- Dumping data for table `vtiger_datashare_relatedmodules_seq`
--

INSERT INTO `vtiger_datashare_relatedmodules_seq` VALUES (9);

--
-- Table structure for table `vtiger_datashare_role2group`
--

CREATE TABLE `vtiger_datashare_role2group` (
  `shareid` int(19) NOT NULL,
  `share_roleid` varchar(255) DEFAULT NULL,
  `to_groupid` int(19) DEFAULT NULL,
  `permission` int(19) DEFAULT NULL,
  PRIMARY KEY (`shareid`),
  KEY `idx_datashare_role2group_share_roleid` (`share_roleid`),
  KEY `idx_datashare_role2group_to_groupid` (`to_groupid`),
  CONSTRAINT `fk_3_vtiger_datashare_role2group` FOREIGN KEY (`share_roleid`) REFERENCES `vtiger_role` (`roleid`) ON DELETE CASCADE
) ENGINE=InnoDB DEFAULT CHARSET=utf8 COLLATE=utf8_general_ci;

--
-- Dumping data for table `vtiger_datashare_role2group`
--


--
-- Table structure for table `vtiger_datashare_role2role`
--

CREATE TABLE `vtiger_datashare_role2role` (
  `shareid` int(19) NOT NULL,
  `share_roleid` varchar(255) DEFAULT NULL,
  `to_roleid` varchar(255) DEFAULT NULL,
  `permission` int(19) DEFAULT NULL,
  PRIMARY KEY (`shareid`),
  KEY `datashare_role2role_share_roleid_idx` (`share_roleid`),
  KEY `datashare_role2role_to_roleid_idx` (`to_roleid`),
  CONSTRAINT `fk_3_vtiger_datashare_role2role` FOREIGN KEY (`to_roleid`) REFERENCES `vtiger_role` (`roleid`) ON DELETE CASCADE
) ENGINE=InnoDB DEFAULT CHARSET=utf8 COLLATE=utf8_general_ci;

--
-- Dumping data for table `vtiger_datashare_role2role`
--


--
-- Table structure for table `vtiger_datashare_role2rs`
--

CREATE TABLE `vtiger_datashare_role2rs` (
  `shareid` int(19) NOT NULL,
  `share_roleid` varchar(255) DEFAULT NULL,
  `to_roleandsubid` varchar(255) DEFAULT NULL,
  `permission` int(19) DEFAULT NULL,
  PRIMARY KEY (`shareid`),
  KEY `datashare_role2s_share_roleid_idx` (`share_roleid`),
  KEY `datashare_role2s_to_roleandsubid_idx` (`to_roleandsubid`),
  CONSTRAINT `fk_3_vtiger_datashare_role2rs` FOREIGN KEY (`to_roleandsubid`) REFERENCES `vtiger_role` (`roleid`) ON DELETE CASCADE
) ENGINE=InnoDB DEFAULT CHARSET=utf8 COLLATE=utf8_general_ci;

--
-- Dumping data for table `vtiger_datashare_role2rs`
--


--
-- Table structure for table `vtiger_datashare_rs2grp`
--

CREATE TABLE `vtiger_datashare_rs2grp` (
  `shareid` int(19) NOT NULL,
  `share_roleandsubid` varchar(255) DEFAULT NULL,
  `to_groupid` int(19) DEFAULT NULL,
  `permission` int(19) DEFAULT NULL,
  PRIMARY KEY (`shareid`),
  KEY `datashare_rs2grp_share_roleandsubid_idx` (`share_roleandsubid`),
  KEY `datashare_rs2grp_to_groupid_idx` (`to_groupid`),
  CONSTRAINT `fk_3_vtiger_datashare_rs2grp` FOREIGN KEY (`share_roleandsubid`) REFERENCES `vtiger_role` (`roleid`) ON DELETE CASCADE
) ENGINE=InnoDB DEFAULT CHARSET=utf8 COLLATE=utf8_general_ci;

--
-- Dumping data for table `vtiger_datashare_rs2grp`
--


--
-- Table structure for table `vtiger_datashare_rs2role`
--

CREATE TABLE `vtiger_datashare_rs2role` (
  `shareid` int(19) NOT NULL,
  `share_roleandsubid` varchar(255) DEFAULT NULL,
  `to_roleid` varchar(255) DEFAULT NULL,
  `permission` int(19) DEFAULT NULL,
  PRIMARY KEY (`shareid`),
  KEY `datashare_rs2role_share_roleandsubid_idx` (`share_roleandsubid`),
  KEY `datashare_rs2role_to_roleid_idx` (`to_roleid`),
  CONSTRAINT `fk_3_vtiger_datashare_rs2role` FOREIGN KEY (`to_roleid`) REFERENCES `vtiger_role` (`roleid`) ON DELETE CASCADE
) ENGINE=InnoDB DEFAULT CHARSET=utf8 COLLATE=utf8_general_ci;

--
-- Dumping data for table `vtiger_datashare_rs2role`
--


--
-- Table structure for table `vtiger_datashare_rs2rs`
--

CREATE TABLE `vtiger_datashare_rs2rs` (
  `shareid` int(19) NOT NULL,
  `share_roleandsubid` varchar(255) DEFAULT NULL,
  `to_roleandsubid` varchar(255) DEFAULT NULL,
  `permission` int(19) DEFAULT NULL,
  PRIMARY KEY (`shareid`),
  KEY `datashare_rs2rs_share_roleandsubid_idx` (`share_roleandsubid`),
  KEY `idx_datashare_rs2rs_to_roleandsubid_idx` (`to_roleandsubid`),
  CONSTRAINT `fk_3_vtiger_datashare_rs2rs` FOREIGN KEY (`to_roleandsubid`) REFERENCES `vtiger_role` (`roleid`) ON DELETE CASCADE
) ENGINE=InnoDB DEFAULT CHARSET=utf8 COLLATE=utf8_general_ci;

--
-- Dumping data for table `vtiger_datashare_rs2rs`
--


--
-- Table structure for table `vtiger_date_format`
--

CREATE TABLE `vtiger_date_format` (
  `date_formatid` int(19) NOT NULL AUTO_INCREMENT,
  `date_format` varchar(200) NOT NULL,
  `sortorderid` int(19) NOT NULL DEFAULT 0,
  `presence` int(1) NOT NULL DEFAULT 1,
  PRIMARY KEY (`date_formatid`)
) ENGINE=InnoDB AUTO_INCREMENT=6 DEFAULT CHARSET=utf8 COLLATE=utf8_general_ci;

--
-- Dumping data for table `vtiger_date_format`
--

INSERT INTO `vtiger_date_format` VALUES (1,'dd-mm-yyyy',0,1),(2,'mm-dd-yyyy',1,1),(3,'yyyy-mm-dd',2,1),(4,'dd.mm.yyyy',3,1),(5,'dd/mm/yyyy',4,1);

--
-- Table structure for table `vtiger_date_format_seq`
--

CREATE TABLE `vtiger_date_format_seq` (
  `id` int(11) NOT NULL
) ENGINE=InnoDB DEFAULT CHARSET=utf8 COLLATE=utf8_general_ci;

--
-- Dumping data for table `vtiger_date_format_seq`
--

INSERT INTO `vtiger_date_format_seq` VALUES (3);

--
-- Table structure for table `vtiger_dayoftheweek`
--

CREATE TABLE `vtiger_dayoftheweek` (
  `dayoftheweekid` int(11) NOT NULL AUTO_INCREMENT,
  `dayoftheweek` varchar(200) NOT NULL,
  `sortorderid` int(11) DEFAULT NULL,
  `presence` int(11) NOT NULL DEFAULT 1,
  PRIMARY KEY (`dayoftheweekid`)
) ENGINE=InnoDB AUTO_INCREMENT=8 DEFAULT CHARSET=utf8 COLLATE=utf8_general_ci;

--
-- Dumping data for table `vtiger_dayoftheweek`
--

INSERT INTO `vtiger_dayoftheweek` VALUES (1,'Sunday',0,1),(2,'Monday',1,1),(3,'Tuesday',2,1),(4,'Wednesday',3,1),(5,'Thursday',4,1),(6,'Friday',5,1),(7,'Saturday',6,1);

--
-- Table structure for table `vtiger_dayoftheweek_seq`
--

CREATE TABLE `vtiger_dayoftheweek_seq` (
  `id` int(11) NOT NULL
) ENGINE=InnoDB DEFAULT CHARSET=utf8 COLLATE=utf8_general_ci;

--
-- Dumping data for table `vtiger_dayoftheweek_seq`
--

INSERT INTO `vtiger_dayoftheweek_seq` VALUES (7);

--
-- Table structure for table `vtiger_def_org_field`
--

CREATE TABLE `vtiger_def_org_field` (
  `tabid` int(10) DEFAULT NULL,
  `fieldid` int(19) NOT NULL,
  `visible` int(19) DEFAULT NULL,
  `readonly` int(19) DEFAULT NULL,
  PRIMARY KEY (`fieldid`),
  KEY `def_org_field_tabid_fieldid_idx` (`tabid`,`fieldid`),
  KEY `def_org_field_tabid_idx` (`tabid`),
  KEY `def_org_field_visible_fieldid_idx` (`visible`,`fieldid`)
) ENGINE=InnoDB DEFAULT CHARSET=utf8 COLLATE=utf8_general_ci;

--
-- Dumping data for table `vtiger_def_org_field`
--

INSERT INTO `vtiger_def_org_field` VALUES (6,1,0,0),(6,2,0,0),(6,3,0,0),(6,4,0,0),(6,5,0,0),(6,6,0,0),(6,7,0,0),(6,8,0,0),(6,9,0,0),(6,10,0,0),(6,11,0,0),(6,12,0,0),(6,13,0,0),(6,14,0,0),(6,15,0,0),(6,16,0,0),(6,17,0,0),(6,18,0,0),(6,19,0,0),(6,20,0,0),(6,21,0,0),(6,22,0,0),(6,23,0,0),(6,24,0,0),(6,25,0,0),(6,26,0,0),(6,27,0,0),(6,28,0,0),(6,29,0,0),(6,30,0,0),(6,31,0,0),(6,32,0,0),(6,33,0,0),(6,34,0,0),(6,35,0,0),(6,36,0,0),(7,37,0,0),(7,38,0,0),(7,39,0,0),(7,40,0,0),(7,41,0,0),(7,42,0,0),(7,43,0,0),(7,44,0,0),(7,45,0,0),(7,46,0,0),(7,47,0,0),(7,48,0,0),(7,49,0,0),(7,50,0,0),(7,51,0,0),(7,52,0,0),(7,53,0,0),(7,54,0,0),(7,55,0,0),(7,56,0,0),(7,57,0,0),(7,58,0,0),(7,59,0,0),(7,60,0,0),(7,61,0,0),(7,62,0,0),(7,63,0,0),(7,64,0,0),(7,65,0,0),(4,66,0,0),(4,67,0,0),(4,68,0,0),(4,69,0,0),(4,70,0,0),(4,71,0,0),(4,72,0,0),(4,73,0,0),(4,74,0,0),(4,75,0,0),(4,76,0,0),(4,77,0,0),(4,78,0,0),(4,79,0,0),(4,80,0,0),(4,81,0,0),(4,82,0,0),(4,83,0,0),(4,84,0,0),(4,85,0,0),(4,86,0,0),(4,87,0,0),(4,88,0,0),(4,89,0,0),(4,90,0,0),(4,91,0,0),(4,92,0,0),(4,93,0,0),(4,94,0,0),(4,95,0,0),(4,96,0,0),(4,97,0,0),(4,98,0,0),(4,99,0,0),(4,100,0,0),(4,101,0,0),(4,102,0,0),(4,103,0,0),(4,104,0,0),(4,105,0,0),(4,106,0,0),(4,107,0,0),(4,108,0,0),(4,109,0,0),(2,110,0,0),(2,111,0,0),(2,112,0,0),(2,113,0,0),(2,114,0,0),(2,115,0,0),(2,116,0,0),(2,117,0,0),(2,118,0,0),(2,119,0,0),(2,120,0,0),(2,121,0,0),(2,122,0,0),(2,123,0,0),(2,124,0,0),(2,125,0,0),(26,126,0,0),(26,127,0,0),(26,128,0,0),(26,129,0,0),(26,130,0,0),(26,131,0,0),(26,132,0,0),(26,133,0,0),(26,134,0,0),(26,135,0,0),(26,136,0,0),(26,137,0,0),(26,138,0,0),(26,139,0,0),(26,140,0,0),(26,141,0,0),(26,142,0,0),(26,143,0,0),(26,144,0,0),(26,145,0,0),(26,146,0,0),(26,147,0,0),(26,148,0,0),(26,149,0,0),(26,150,0,0),(4,151,0,0),(6,152,0,0),(7,153,0,0),(26,154,0,0),(13,155,0,0),(13,156,0,0),(13,157,0,0),(13,158,0,0),(13,159,0,0),(13,160,0,0),(13,161,0,0),(13,162,0,0),(13,163,0,0),(13,164,0,0),(13,165,0,0),(13,166,0,0),(13,167,0,0),(13,168,0,0),(13,169,0,0),(13,170,0,0),(13,171,0,0),(13,172,0,0),(13,173,0,0),(14,174,0,0),(14,175,0,0),(14,176,0,0),(14,177,0,0),(14,178,0,0),(14,179,0,0),(14,180,0,0),(14,181,0,0),(14,182,0,0),(14,183,0,0),(14,184,0,0),(14,185,0,0),(14,186,0,0),(14,187,0,0),(14,188,0,0),(14,189,0,0),(14,190,0,0),(14,191,0,0),(14,192,0,0),(14,193,0,0),(14,194,0,0),(14,195,0,0),(14,196,0,0),(14,197,0,0),(14,198,0,0),(14,199,0,0),(14,200,0,0),(14,201,0,0),(14,202,0,0),(14,203,0,0),(14,204,0,0),(8,205,0,0),(8,206,0,0),(8,207,0,0),(8,208,0,0),(8,209,0,0),(8,210,0,0),(8,211,0,0),(8,212,0,0),(8,213,0,0),(8,214,0,0),(8,215,0,0),(8,216,0,0),(8,217,0,0),(8,218,0,0),(8,219,0,0),(10,220,0,0),(10,221,0,0),(10,222,0,0),(10,223,0,0),(10,224,0,0),(10,225,0,0),(10,226,0,0),(10,227,0,0),(10,228,0,0),(10,229,0,0),(10,230,0,0),(10,231,0,0),(9,232,0,0),(9,233,0,0),(9,234,0,0),(9,235,0,0),(9,236,0,0),(9,237,0,0),(9,238,0,0),(9,239,0,0),(9,240,0,0),(9,241,0,0),(9,242,0,0),(9,243,0,0),(9,244,0,0),(9,245,0,0),(9,246,0,0),(9,247,0,0),(9,248,0,0),(9,249,0,0),(9,250,0,0),(9,251,0,0),(9,252,0,0),(9,253,0,0),(9,254,0,0),(9,255,0,0),(16,256,0,0),(16,257,0,0),(16,258,0,0),(16,259,0,0),(16,260,0,0),(16,261,0,0),(16,262,0,0),(16,263,0,0),(16,264,0,0),(16,265,0,0),(16,266,0,0),(16,267,0,0),(16,268,0,0),(16,269,0,0),(16,270,0,0),(16,271,0,0),(16,272,0,0),(16,273,0,0),(16,274,0,0),(16,275,0,0),(16,276,0,0),(16,277,0,0),(16,278,0,0),(15,279,0,0),(15,280,0,0),(15,281,0,0),(15,282,0,0),(15,283,0,0),(15,284,0,0),(15,285,0,0),(15,286,0,0),(15,287,0,0),(15,288,0,0),(18,289,0,0),(18,290,0,0),(18,291,0,0),(18,292,0,0),(18,293,0,0),(18,294,0,0),(18,295,0,0),(18,296,0,0),(18,297,0,0),(18,298,0,0),(18,299,0,0),(18,300,0,0),(18,301,0,0),(18,302,0,0),(18,303,0,0),(18,304,0,0),(18,305,0,0),(19,306,0,0),(19,307,0,0),(19,308,0,0),(19,309,0,0),(19,310,0,0),(19,311,0,0),(19,312,0,0),(19,313,0,0),(20,314,0,0),(20,315,0,0),(20,316,0,0),(20,317,0,0),(20,318,0,0),(20,319,0,0),(20,320,0,0),(20,321,0,0),(20,322,0,0),(20,323,0,0),(20,324,0,0),(20,325,0,0),(20,326,0,0),(20,327,0,0),(20,328,0,0),(20,329,0,0),(20,330,0,0),(20,331,0,0),(20,332,0,0),(20,333,0,0),(20,334,0,0),(20,335,0,0),(20,336,0,0),(20,337,0,0),(20,338,0,0),(20,339,0,0),(20,340,0,0),(20,341,0,0),(20,342,0,0),(20,343,0,0),(20,344,0,0),(20,345,0,0),(20,346,0,0),(20,347,0,0),(20,348,0,0),(20,349,0,0),(20,350,0,0),(21,351,0,0),(21,352,0,0),(21,353,0,0),(21,354,0,0),(21,355,0,0),(21,356,0,0),(21,357,0,0),(21,358,0,0),(21,359,0,0),(21,360,0,0),(21,361,0,0),(21,362,0,0),(21,363,0,0),(21,364,0,0),(21,365,0,0),(21,366,0,0),(21,367,0,0),(21,368,0,0),(21,369,0,0),(21,370,0,0),(21,371,0,0),(21,372,0,0),(21,373,0,0),(21,374,0,0),(21,375,0,0),(21,376,0,0),(21,377,0,0),(21,378,0,0),(21,379,0,0),(21,380,0,0),(21,381,0,0),(21,382,0,0),(21,383,0,0),(21,384,0,0),(21,385,0,0),(21,386,0,0),(21,387,0,0),(21,388,0,0),(22,389,0,0),(22,390,0,0),(22,391,0,0),(22,392,0,0),(22,393,0,0),(22,394,0,0),(22,395,0,0),(22,396,0,0),(22,397,0,0),(22,398,0,0),(22,399,0,0),(22,400,0,0),(22,401,0,0),(22,402,0,0),(22,403,0,0),(22,404,0,0),(22,405,0,0),(22,406,0,0),(22,407,0,0),(22,408,0,0),(22,409,0,0),(22,410,0,0),(22,411,0,0),(22,412,0,0),(22,413,0,0),(22,414,0,0),(22,415,0,0),(22,416,0,0),(22,417,0,0),(22,418,0,0),(22,419,0,0),(22,420,0,0),(22,421,0,0),(22,422,0,0),(22,423,0,0),(22,424,0,0),(22,425,0,0),(22,426,0,0),(22,427,0,0),(22,428,0,0),(22,429,0,0),(22,430,0,0),(22,431,0,0),(22,432,0,0),(22,433,0,0),(22,434,0,0),(22,435,0,0),(23,436,0,0),(23,437,0,0),(23,438,0,0),(23,439,0,0),(23,440,0,0),(23,441,0,0),(23,442,0,0),(23,443,0,0),(23,444,0,0),(23,445,0,0),(23,446,0,0),(23,447,0,0),(23,448,0,0),(23,449,0,0),(23,450,0,0),(23,451,0,0),(23,452,0,0),(23,453,0,0),(23,454,0,0),(23,455,0,0),(23,456,0,0),(23,457,0,0),(23,458,0,0),(23,459,0,0),(23,460,0,0),(23,461,0,0),(23,462,0,0),(23,463,0,0),(23,464,0,0),(23,465,0,0),(23,466,0,0),(23,467,0,0),(23,468,0,0),(23,469,0,0),(23,470,0,0),(23,471,0,0),(23,472,0,0),(23,473,0,0),(23,474,0,0),(10,520,0,0),(10,521,0,0),(10,522,0,0),(10,523,0,0),(10,524,0,0),(10,525,0,0),(31,526,0,0),(31,527,0,0),(31,528,0,0),(31,529,0,0),(31,530,0,0),(31,531,0,0),(31,532,0,0),(31,533,0,0),(31,534,0,0),(31,535,0,0),(31,536,0,0),(31,537,0,0),(31,538,0,0),(31,539,0,0),(31,540,0,0),(31,541,0,0),(31,542,0,0),(31,543,0,0),(31,544,0,0),(31,545,0,0),(31,546,0,0),(31,547,0,0),(32,548,0,0),(32,549,0,0),(32,550,0,0),(32,551,0,0),(32,552,0,0),(32,553,0,0),(32,554,0,0),(32,555,0,0),(32,556,0,0),(32,557,0,0),(32,558,0,0),(32,559,0,0),(32,560,0,0),(32,561,0,0),(32,562,0,0),(32,563,0,0),(32,564,0,0),(32,565,0,0),(32,566,0,0),(32,567,0,0),(32,568,0,0),(32,569,0,0),(37,570,0,0),(37,571,0,0),(37,572,0,0),(37,573,0,0),(37,574,0,0),(37,575,0,0),(37,576,0,0),(37,577,0,0),(37,578,0,0),(37,579,0,0),(37,580,0,0),(37,581,0,0),(37,582,0,0),(37,583,0,0),(37,584,0,0),(37,585,0,0),(37,586,0,0),(29,587,0,0),(38,588,0,0),(38,589,0,0),(38,590,0,0),(38,591,0,0),(38,592,0,0),(38,593,0,0),(38,594,0,0),(38,595,0,0),(42,596,0,0),(42,597,0,0),(42,598,0,0),(42,599,0,0),(42,600,0,0),(42,601,0,0),(42,602,0,0),(42,603,0,0),(42,604,0,0),(42,605,0,0),(42,606,0,0),(42,607,0,0),(42,608,0,0),(43,609,0,0),(43,610,0,0),(43,611,0,0),(43,612,0,0),(43,613,0,0),(43,614,0,0),(43,615,0,0),(43,616,0,0),(43,617,0,0),(43,618,0,0),(43,619,0,0),(43,620,0,0),(43,621,0,0),(43,622,0,0),(43,623,0,0),(43,624,0,0),(43,625,0,0),(43,626,0,0),(44,627,0,0),(44,628,0,0),(44,629,0,0),(44,630,0,0),(44,631,0,0),(44,632,0,0),(44,633,0,0),(44,634,0,0),(44,635,0,0),(44,636,0,0),(44,637,0,0),(44,638,0,0),(44,639,0,0),(44,640,0,0),(44,641,0,0),(44,642,0,0),(44,643,0,0),(44,644,0,0),(44,645,0,0),(44,646,0,0),(46,647,0,0),(46,648,0,0),(46,649,0,0),(46,650,0,0),(46,651,0,0),(46,652,0,0),(46,653,0,0),(46,654,0,0),(46,655,0,0),(46,656,0,0),(46,657,0,0),(46,658,0,0),(46,659,0,0),(46,660,0,0),(46,661,0,0),(46,662,0,0),(46,663,0,0),(46,664,0,0),(46,665,0,0),(46,666,0,0),(46,667,0,0),(47,668,0,0),(47,669,0,0),(47,670,0,0),(47,671,0,0),(47,672,0,0),(47,673,0,0),(2,674,0,0),(29,675,0,0),(23,676,0,0),(23,677,0,0),(23,678,0,0),(23,679,0,0),(23,680,0,0),(23,681,0,0),(23,682,0,0),(23,683,0,0),(23,684,0,0),(22,685,0,0),(22,686,0,0),(22,687,0,0),(22,688,0,0),(22,689,0,0),(22,690,0,0),(22,691,0,0),(22,692,0,0),(22,693,0,0),(21,694,0,0),(21,695,0,0),(21,696,0,0),(21,697,0,0),(21,698,0,0),(21,699,0,0),(21,700,0,0),(21,701,0,0),(21,702,0,0),(20,703,0,0),(20,704,0,0),(20,705,0,0),(20,706,0,0),(20,707,0,0),(20,708,0,0),(20,709,0,0),(20,710,0,0),(20,711,0,0),(29,712,0,0),(43,713,0,0),(38,714,0,0),(29,715,0,0),(29,716,0,0),(29,717,0,0),(23,718,0,0),(22,719,0,0),(21,720,0,0),(20,721,0,0),(29,722,0,0),(6,723,0,0),(4,724,0,0),(2,725,0,0),(29,726,0,0),(23,727,0,0),(23,728,0,0),(21,729,0,0),(21,730,0,0),(18,731,0,0),(7,732,0,0),(38,733,0,0),(38,734,0,0),(23,735,0,0),(20,736,0,0),(21,737,0,0),(22,738,0,0),(29,739,0,0),(2,740,0,0),(13,741,0,0),(29,742,0,0),(29,743,0,0),(29,744,0,0),(29,745,0,0),(14,772,0,0),(32,773,0,0),(23,774,0,0),(29,775,0,0),(23,776,0,0),(23,777,0,0),(23,778,0,0),(20,779,0,0),(20,780,0,0),(20,781,0,0),(21,782,0,0),(22,783,0,0),(22,784,0,0),(22,785,0,0),(38,786,0,0),(38,787,0,0),(38,788,0,0),(2,789,0,0),(4,790,0,0),(6,791,0,0),(7,792,0,0),(8,793,0,0),(9,794,0,0),(10,795,0,0),(13,796,0,0),(14,797,0,0),(15,798,0,0),(16,799,0,0),(18,800,0,0),(19,801,0,0),(20,802,0,0),(21,803,0,0),(22,804,0,0),(23,805,0,0),(26,806,0,0),(10,807,0,0),(2,808,0,0),(4,809,0,0),(6,810,0,0),(7,811,0,0),(8,812,0,0),(9,813,0,0),(10,814,0,0),(13,815,0,0),(14,816,0,0),(15,817,0,0),(16,818,0,0),(18,819,0,0),(19,820,0,0),(20,821,0,0),(21,822,0,0),(22,823,0,0),(23,824,0,0),(26,825,0,0),(2,826,0,0),(4,827,0,0),(6,828,0,0),(7,829,0,0),(8,830,0,0),(9,831,0,0),(10,832,0,0),(13,833,0,0),(14,834,0,0),(15,835,0,0),(16,836,0,0),(18,837,0,0),(19,838,0,0),(20,839,0,0),(21,840,0,0),(22,841,0,0),(23,842,0,0),(26,843,0,0),(20,844,0,0),(21,845,0,0),(22,846,0,0),(23,847,0,0),(44,848,0,0),(44,849,0,0),(29,850,0,0),(22,851,0,0),(29,852,0,0),(4,954,0,0),(52,955,0,0),(52,956,0,0),(52,957,0,0),(52,958,0,0),(52,959,0,0),(52,960,0,0),(52,961,0,0),(52,962,0,0),(52,963,0,0),(52,964,0,0),(52,965,0,0),(52,966,0,0),(52,967,0,0),(52,968,0,0),(52,969,0,0),(52,970,0,0),(52,971,0,0),(52,972,0,0),(52,973,0,0),(52,974,0,0),(53,975,0,0),(53,976,0,0),(53,977,0,0),(53,978,0,0),(53,979,0,0),(53,980,0,0),(53,981,0,0),(53,982,0,0),(53,983,0,0),(53,984,0,0),(53,985,0,0),(53,986,0,0),(53,987,0,0),(53,988,0,0),(53,989,0,0),(53,990,0,0),(54,991,0,0),(54,992,0,0),(54,993,0,0),(54,994,0,0),(54,995,0,0),(54,996,0,0),(54,997,0,0),(54,998,0,0),(54,999,0,0),(54,1000,0,0),(54,1001,0,0),(55,1002,0,0),(55,1003,0,0),(55,1004,0,0),(55,1005,0,0),(55,1006,0,0),(55,1007,0,0),(55,1008,0,0),(55,1009,0,0),(55,1010,0,0),(55,1011,0,0),(55,1012,0,0),(55,1013,0,0),(55,1014,0,0),(55,1015,0,0),(55,1016,0,0),(56,1017,0,0),(56,1018,0,0),(56,1019,0,0),(56,1020,0,0),(56,1021,0,0),(56,1022,0,0),(56,1023,0,0),(56,1024,0,0),(56,1025,0,0),(56,1026,0,0),(56,1027,0,0),(56,1028,0,0),(56,1029,0,0),(56,1030,0,0),(57,1031,0,0),(57,1032,0,0),(57,1033,0,0),(57,1034,0,0),(57,1035,0,0),(57,1036,0,0),(57,1037,0,0),(57,1038,0,0),(57,1039,0,0),(57,1040,0,0),(58,1041,0,0),(58,1042,0,0),(58,1043,0,0),(58,1044,0,0),(58,1045,0,0),(58,1046,0,0),(58,1047,0,0),(58,1048,0,0),(58,1049,0,0),(58,1050,0,0),(58,1051,0,0),(59,1052,0,0),(59,1053,0,0),(59,1054,0,0),(59,1055,0,0),(59,1056,0,0),(59,1057,0,0),(59,1058,0,0),(59,1059,0,0),(59,1060,0,0),(59,1061,0,0),(59,1062,0,0),(59,1063,0,0),(59,1064,0,0),(59,1065,0,0),(59,1066,0,0),(60,1074,0,0),(60,1075,0,0),(60,1076,0,0),(60,1077,0,0),(60,1078,0,0),(60,1079,0,0),(60,1080,0,0),(60,1081,0,0),(60,1082,0,0),(60,1083,0,0),(60,1084,0,0),(60,1085,0,0),(60,1086,0,0),(60,1087,0,0),(60,1088,0,0),(60,1089,0,0),(61,1090,0,0),(61,1091,0,0),(61,1092,0,0),(61,1093,0,0),(61,1094,0,0),(61,1095,0,0),(61,1096,0,0),(61,1097,0,0),(60,1098,0,0),(60,1099,0,0),(60,1100,0,0),(60,1101,0,0),(60,1102,0,0),(60,1103,0,0),(60,1104,0,0),(60,1105,0,0),(60,1106,0,0),(60,1107,0,0),(60,1108,0,0),(60,1109,0,0),(60,1110,0,0),(60,1111,0,0),(60,1112,0,0),(60,1113,0,0),(60,1114,0,0),(60,1115,0,0),(60,1116,0,0),(60,1117,0,0),(60,1118,0,0),(60,1119,0,0),(60,1120,0,0),(61,1121,0,0),(61,1122,0,0),(61,1123,0,0),(61,1124,0,0),(61,1125,0,0),(61,1126,0,0),(13,1127,0,0),(13,1128,0,0),(13,1129,0,0),(13,1130,0,0),(13,1131,0,0),(13,1132,0,0),(13,1133,0,0),(26,1134,0,0),(26,1135,0,0),(4,1136,0,0),(4,1137,0,0),(4,1138,0,0),(4,1139,0,0),(4,1140,0,0),(4,1141,0,0),(4,1142,0,0),(4,1143,0,0),(4,1144,0,0),(4,1145,0,0),(4,1146,0,0),(4,1147,0,0),(4,1148,0,0),(4,1149,0,0),(4,1150,0,0),(4,1151,0,0),(4,1152,0,0),(4,1153,0,0),(4,1154,0,0),(2,1155,0,0),(2,1156,0,0),(6,1157,0,0),(6,1158,0,0),(6,1159,0,0),(6,1160,0,0),(6,1161,0,0),(6,1162,0,0),(6,1163,0,0),(6,1164,0,0),(6,1165,0,0),(6,1166,0,0),(6,1167,0,0),(6,1168,0,0),(6,1169,0,0),(61,1170,0,0),(61,1171,0,0),(61,1172,0,0),(61,1173,0,0),(61,1174,0,0),(61,1175,0,0),(61,1176,0,0),(61,1177,0,0),(61,1178,0,0),(61,1179,0,0),(61,1180,0,0),(61,1181,0,0),(61,1182,0,0),(61,1183,0,0),(62,1184,0,0),(62,1185,0,0),(62,1186,0,0),(62,1187,0,0),(62,1188,0,0),(62,1189,0,0),(62,1190,0,0),(62,1191,0,0),(62,1192,0,0),(62,1193,0,0),(62,1194,0,0),(62,1195,0,0),(62,1196,0,0),(62,1197,0,0),(62,1198,0,0),(62,1199,0,0),(62,1200,0,0),(62,1201,0,0),(62,1202,0,0),(62,1203,0,0),(62,1204,0,0),(62,1205,0,0),(62,1206,0,0),(62,1207,0,0),(63,1208,0,0),(63,1209,0,0),(63,1210,0,0),(63,1211,0,0),(63,1212,0,0),(63,1213,0,0),(63,1214,0,0),(63,1215,0,0),(63,1216,0,0),(63,1217,0,0),(63,1218,0,0),(63,1219,0,0),(63,1220,0,0),(63,1221,0,0),(63,1222,0,0),(64,1223,0,0),(64,1224,0,0),(64,1225,0,0),(64,1226,0,0),(64,1227,0,0),(64,1228,0,0),(64,1229,0,0),(64,1230,0,0),(64,1231,0,0),(64,1232,0,0),(64,1233,0,0),(64,1234,0,0),(64,1235,0,0),(64,1236,0,0),(64,1237,0,0),(64,1238,0,0),(64,1239,0,0),(64,1240,0,0),(64,1241,0,0),(64,1242,0,0),(64,1243,0,0),(64,1244,0,0),(64,1245,0,0),(64,1246,0,0),(64,1247,0,0),(60,1248,0,0),(60,1249,0,0),(60,1250,0,0);

--
-- Table structure for table `vtiger_def_org_share`
--

CREATE TABLE `vtiger_def_org_share` (
  `ruleid` int(11) NOT NULL AUTO_INCREMENT,
  `tabid` int(11) NOT NULL,
  `permission` int(19) DEFAULT NULL,
  `editstatus` int(19) DEFAULT NULL,
  PRIMARY KEY (`ruleid`),
  KEY `fk_1_vtiger_def_org_share` (`permission`),
  CONSTRAINT `fk_1_vtiger_def_org_share` FOREIGN KEY (`permission`) REFERENCES `vtiger_org_share_action_mapping` (`share_action_id`) ON DELETE CASCADE
) ENGINE=InnoDB AUTO_INCREMENT=39 DEFAULT CHARSET=utf8 COLLATE=utf8_general_ci;

--
-- Dumping data for table `vtiger_def_org_share`
--

INSERT INTO `vtiger_def_org_share` VALUES (1,2,2,0),(2,4,2,0),(3,6,2,0),(4,7,2,0),(5,9,3,1),(6,13,2,0),(7,16,3,2),(8,20,2,0),(9,21,2,0),(10,22,2,0),(11,23,2,0),(12,26,2,0),(13,8,2,0),(14,14,2,0),(15,31,2,0),(16,32,2,0),(17,37,3,0),(18,38,2,0),(19,42,2,0),(20,43,2,0),(21,44,2,0),(22,46,2,0),(23,47,2,0),(24,18,2,0),(25,10,2,0),(26,52,3,0),(27,53,3,0),(28,54,3,0),(29,55,3,0),(30,56,3,0),(31,57,3,0),(32,58,3,0),(33,59,3,0),(34,60,3,0),(35,61,3,0),(36,62,2,0),(37,63,2,0),(38,64,2,0);

--
-- Table structure for table `vtiger_def_org_share_seq`
--

CREATE TABLE `vtiger_def_org_share_seq` (
  `id` int(11) NOT NULL
) ENGINE=InnoDB DEFAULT CHARSET=utf8 COLLATE=utf8_general_ci;

--
-- Dumping data for table `vtiger_def_org_share_seq`
--

INSERT INTO `vtiger_def_org_share_seq` VALUES (38);

--
-- Table structure for table `vtiger_default_record_view`
--

CREATE TABLE `vtiger_default_record_view` (
  `default_record_viewid` int(11) NOT NULL AUTO_INCREMENT,
  `default_record_view` varchar(200) NOT NULL,
  `sortorderid` int(11) DEFAULT NULL,
  `presence` int(11) NOT NULL DEFAULT 1,
  PRIMARY KEY (`default_record_viewid`)
) ENGINE=InnoDB AUTO_INCREMENT=3 DEFAULT CHARSET=utf8 COLLATE=utf8_general_ci;

--
-- Dumping data for table `vtiger_default_record_view`
--

INSERT INTO `vtiger_default_record_view` VALUES (1,'Summary',1,1),(2,'Detail',0,1);

--
-- Table structure for table `vtiger_default_record_view_seq`
--

CREATE TABLE `vtiger_default_record_view_seq` (
  `id` int(11) NOT NULL
) ENGINE=InnoDB DEFAULT CHARSET=utf8 COLLATE=utf8_general_ci;

--
-- Dumping data for table `vtiger_default_record_view_seq`
--

INSERT INTO `vtiger_default_record_view_seq` VALUES (2);

--
-- Table structure for table `vtiger_defaultactivitytype`
--

CREATE TABLE `vtiger_defaultactivitytype` (
  `defaultactivitytypeid` int(11) NOT NULL AUTO_INCREMENT,
  `defaultactivitytype` varchar(200) NOT NULL,
  `presence` int(1) NOT NULL DEFAULT 1,
  `picklist_valueid` int(11) NOT NULL DEFAULT 0,
  `sortorderid` int(11) DEFAULT 0,
  PRIMARY KEY (`defaultactivitytypeid`)
) ENGINE=InnoDB AUTO_INCREMENT=3 DEFAULT CHARSET=utf8 COLLATE=utf8_general_ci;

--
-- Dumping data for table `vtiger_defaultactivitytype`
--

INSERT INTO `vtiger_defaultactivitytype` VALUES (1,'Call',1,299,1),(2,'Meeting',1,300,2);

--
-- Table structure for table `vtiger_defaultactivitytype_seq`
--

CREATE TABLE `vtiger_defaultactivitytype_seq` (
  `id` int(11) NOT NULL
) ENGINE=InnoDB DEFAULT CHARSET=utf8 COLLATE=utf8_general_ci;

--
-- Dumping data for table `vtiger_defaultactivitytype_seq`
--

INSERT INTO `vtiger_defaultactivitytype_seq` VALUES (2);

--
-- Table structure for table `vtiger_defaultcalendarview`
--

CREATE TABLE `vtiger_defaultcalendarview` (
  `defaultcalendarviewid` int(11) NOT NULL AUTO_INCREMENT,
  `defaultcalendarview` varchar(200) NOT NULL,
  `sortorderid` int(11) DEFAULT NULL,
  `presence` int(11) NOT NULL DEFAULT 1,
  PRIMARY KEY (`defaultcalendarviewid`)
) ENGINE=InnoDB AUTO_INCREMENT=4 DEFAULT CHARSET=utf8 COLLATE=utf8_general_ci;

--
-- Dumping data for table `vtiger_defaultcalendarview`
--

INSERT INTO `vtiger_defaultcalendarview` VALUES (1,'ListView',0,1),(2,'MyCalendar',1,1),(3,'SharedCalendar',2,1);

--
-- Table structure for table `vtiger_defaultcalendarview_seq`
--

CREATE TABLE `vtiger_defaultcalendarview_seq` (
  `id` int(11) NOT NULL
) ENGINE=InnoDB DEFAULT CHARSET=utf8 COLLATE=utf8_general_ci;

--
-- Dumping data for table `vtiger_defaultcalendarview_seq`
--

INSERT INTO `vtiger_defaultcalendarview_seq` VALUES (3);

--
-- Table structure for table `vtiger_defaultcv`
--

CREATE TABLE `vtiger_defaultcv` (
  `tabid` int(19) NOT NULL,
  `defaultviewname` varchar(50) NOT NULL,
  `query` text DEFAULT NULL,
  PRIMARY KEY (`tabid`),
  CONSTRAINT `fk_1_vtiger_defaultcv` FOREIGN KEY (`tabid`) REFERENCES `vtiger_tab` (`tabid`) ON DELETE CASCADE
) ENGINE=InnoDB DEFAULT CHARSET=utf8 COLLATE=utf8_general_ci;

--
-- Dumping data for table `vtiger_defaultcv`
--


--
-- Table structure for table `vtiger_defaulteventstatus`
--

CREATE TABLE `vtiger_defaulteventstatus` (
  `defaulteventstatusid` int(11) NOT NULL AUTO_INCREMENT,
  `defaulteventstatus` varchar(200) NOT NULL,
  `presence` int(1) NOT NULL DEFAULT 1,
  `picklist_valueid` int(11) NOT NULL DEFAULT 0,
  `sortorderid` int(11) DEFAULT 0,
  PRIMARY KEY (`defaulteventstatusid`)
) ENGINE=InnoDB AUTO_INCREMENT=4 DEFAULT CHARSET=utf8 COLLATE=utf8_general_ci;

--
-- Dumping data for table `vtiger_defaulteventstatus`
--

INSERT INTO `vtiger_defaulteventstatus` VALUES (1,'Planned',1,296,1),(2,'Held',1,297,2),(3,'Not Held',1,298,3);

--
-- Table structure for table `vtiger_defaulteventstatus_seq`
--

CREATE TABLE `vtiger_defaulteventstatus_seq` (
  `id` int(11) NOT NULL
) ENGINE=InnoDB DEFAULT CHARSET=utf8 COLLATE=utf8_general_ci;

--
-- Dumping data for table `vtiger_defaulteventstatus_seq`
--

INSERT INTO `vtiger_defaulteventstatus_seq` VALUES (3);

--
-- Table structure for table `vtiger_defaultlandingpage`
--

CREATE TABLE `vtiger_defaultlandingpage` (
  `defaultlandingpageid` int(11) NOT NULL AUTO_INCREMENT,
  `defaultlandingpage` varchar(200) NOT NULL,
  `presence` int(1) NOT NULL DEFAULT 1,
  `picklist_valueid` int(11) NOT NULL DEFAULT 0,
  `sortorderid` int(11) DEFAULT 0,
  `color` varchar(10) DEFAULT NULL,
  PRIMARY KEY (`defaultlandingpageid`)
) ENGINE=InnoDB AUTO_INCREMENT=3 DEFAULT CHARSET=utf8 COLLATE=utf8_general_ci;

--
-- Dumping data for table `vtiger_defaultlandingpage`
--

INSERT INTO `vtiger_defaultlandingpage` VALUES (1,'true',1,303,1,NULL),(2,'false',1,304,2,NULL);

--
-- Table structure for table `vtiger_defaultlandingpage_seq`
--

CREATE TABLE `vtiger_defaultlandingpage_seq` (
  `id` int(11) NOT NULL
) ENGINE=InnoDB DEFAULT CHARSET=utf8 COLLATE=utf8_general_ci;

--
-- Dumping data for table `vtiger_defaultlandingpage_seq`
--

INSERT INTO `vtiger_defaultlandingpage_seq` VALUES (2);

--
-- Table structure for table `vtiger_duration_minutes`
--

CREATE TABLE `vtiger_duration_minutes` (
  `minutesid` int(19) NOT NULL AUTO_INCREMENT,
  `duration_minutes` varchar(200) NOT NULL,
  `sortorderid` int(19) NOT NULL DEFAULT 0,
  `presence` int(1) NOT NULL DEFAULT 1,
  `color` varchar(10) DEFAULT NULL,
  PRIMARY KEY (`minutesid`)
) ENGINE=InnoDB AUTO_INCREMENT=5 DEFAULT CHARSET=utf8 COLLATE=utf8_general_ci;

--
-- Dumping data for table `vtiger_duration_minutes`
--

INSERT INTO `vtiger_duration_minutes` VALUES (1,'00',0,1,NULL),(2,'15',1,1,NULL),(3,'30',2,1,NULL),(4,'45',3,1,NULL);

--
-- Table structure for table `vtiger_duration_minutes_seq`
--

CREATE TABLE `vtiger_duration_minutes_seq` (
  `id` int(11) NOT NULL
) ENGINE=InnoDB DEFAULT CHARSET=utf8 COLLATE=utf8_general_ci;

--
-- Dumping data for table `vtiger_duration_minutes_seq`
--

INSERT INTO `vtiger_duration_minutes_seq` VALUES (4);

--
-- Table structure for table `vtiger_durationhrs`
--

CREATE TABLE `vtiger_durationhrs` (
  `hrsid` int(19) NOT NULL AUTO_INCREMENT,
  `hrs` varchar(50) DEFAULT NULL,
  `sortorderid` int(19) NOT NULL DEFAULT 0,
  `presence` int(1) NOT NULL DEFAULT 1,
  PRIMARY KEY (`hrsid`)
) ENGINE=InnoDB DEFAULT CHARSET=utf8 COLLATE=utf8_general_ci;

--
-- Dumping data for table `vtiger_durationhrs`
--


--
-- Table structure for table `vtiger_durationmins`
--

CREATE TABLE `vtiger_durationmins` (
  `minsid` int(19) NOT NULL AUTO_INCREMENT,
  `mins` varchar(50) DEFAULT NULL,
  `sortorderid` int(19) NOT NULL DEFAULT 0,
  `presence` int(1) NOT NULL DEFAULT 1,
  PRIMARY KEY (`minsid`)
) ENGINE=InnoDB DEFAULT CHARSET=utf8 COLLATE=utf8_general_ci;

--
-- Dumping data for table `vtiger_durationmins`
--


--
-- Table structure for table `vtiger_email_access`
--

CREATE TABLE `vtiger_email_access` (
  `crmid` int(11) DEFAULT NULL,
  `mailid` int(11) DEFAULT NULL,
  `accessdate` date DEFAULT NULL,
  `accesstime` datetime DEFAULT NULL
) ENGINE=InnoDB DEFAULT CHARSET=utf8 COLLATE=utf8_general_ci;

--
-- Dumping data for table `vtiger_email_access`
--


--
-- Table structure for table `vtiger_email_track`
--

CREATE TABLE `vtiger_email_track` (
  `crmid` int(11) DEFAULT NULL,
  `mailid` int(11) DEFAULT NULL,
  `access_count` int(11) DEFAULT NULL,
  `click_count` int(11) NOT NULL DEFAULT 0,
  UNIQUE KEY `link_tabidtype_idx` (`crmid`,`mailid`)
) ENGINE=InnoDB DEFAULT CHARSET=utf8 COLLATE=utf8_general_ci;

--
-- Dumping data for table `vtiger_email_track`
--

INSERT INTO `vtiger_email_track` VALUES (170,751,0,0),(170,752,0,0),(734,753,0,0),(735,754,0,0),(735,755,0,0),(170,756,0,0),(170,757,0,0),(743,758,0,0),(745,759,0,0),(746,760,0,0);

--
-- Table structure for table `vtiger_emaildetails`
--

CREATE TABLE `vtiger_emaildetails` (
  `emailid` int(19) NOT NULL,
  `from_email` varchar(50) NOT NULL DEFAULT '',
  `to_email` text NOT NULL,
  `cc_email` text NOT NULL,
  `bcc_email` text NOT NULL,
  `assigned_user_email` varchar(50) NOT NULL DEFAULT '',
  `idlists` text NOT NULL,
  `email_flag` varchar(50) NOT NULL DEFAULT '',
  PRIMARY KEY (`emailid`)
) ENGINE=InnoDB DEFAULT CHARSET=utf8 COLLATE=utf8_general_ci;

--
-- Dumping data for table `vtiger_emaildetails`
--

INSERT INTO `vtiger_emaildetails` VALUES (751,'cgarcia@creantis.com','[\"cgarcia@creantis.com\"]','[\"\"]','[\"\"]','','170@1|','SENT'),(752,'cgarcia@creantis.com','[\"cgarcia@creantis.com\"]','[\"\"]','[\"\"]','','170@1|','SENT'),(753,'creantisdevelopment@gmail.com','[\"creantisdevelopment@gmail.com\"]','[\"\"]','[\"\"]','','734@1|','SENT'),(754,'creantisdevelopment@gmail.com','[\"creantisdevelopment@gmail.com\"]','[\"\"]','[\"\"]','','735@1|','SENT'),(755,'creantisdevelopment@gmail.com','[\"creantisdevelopment@gmail.com\"]','[\"\"]','[\"\"]','','735@1|','SENT'),(756,'cgarcia@creantis.com','[\"cgarcia@creantis.com\"]','[\"\"]','[\"\"]','','170@1|','SENT'),(757,'cgarcia@creantis.com','[\"cgarcia@creantis.com\"]','[\"\"]','[\"\"]','','170@1|','SENT'),(758,'creantisdevelopment@gmail.com','[\"creantisdevelopment@gmail.com\"]','[\"\"]','[\"\"]','','743@1|','SENT'),(759,'creantisdevelopment@gmail.com','[\"creantisdevelopment@gmail.com\"]','[\"\"]','[\"\"]','','745@1|','SENT'),(760,'creantisdevelopment@gmail.com','[\"creantisdevelopment@gmail.com\"]','[\"\"]','[\"\"]','','746@1|','SENT');

--
-- Table structure for table `vtiger_emails_recipientprefs`
--

CREATE TABLE `vtiger_emails_recipientprefs` (
  `id` int(11) NOT NULL AUTO_INCREMENT,
  `tabid` int(11) NOT NULL,
  `prefs` varchar(255) DEFAULT NULL,
  `userid` int(11) DEFAULT NULL,
  PRIMARY KEY (`id`)
) ENGINE=InnoDB DEFAULT CHARSET=utf8 COLLATE=utf8_general_ci;

--
-- Dumping data for table `vtiger_emails_recipientprefs`
--


--
-- Table structure for table `vtiger_emailslookup`
--

CREATE TABLE `vtiger_emailslookup` (
  `crmid` int(20) DEFAULT NULL,
  `setype` varchar(100) DEFAULT NULL,
  `value` varchar(100) DEFAULT NULL,
  `fieldid` int(20) DEFAULT NULL,
  UNIQUE KEY `emailslookup_crmid_setype_fieldname_uk` (`crmid`,`setype`,`fieldid`),
  KEY `emailslookup_fieldid_setype_idx` (`fieldid`,`setype`),
  CONSTRAINT `emailslookup_crmid_fk` FOREIGN KEY (`crmid`) REFERENCES `vtiger_crmentity` (`crmid`) ON DELETE CASCADE
) ENGINE=InnoDB DEFAULT CHARSET=utf8 COLLATE=utf8_general_ci;

--
-- Dumping data for table `vtiger_emailslookup`
--

INSERT INTO `vtiger_emailslookup` VALUES (456,'Cobranzas','gventas@zapler.com',1119),(457,'Cobranzas','osanchez@refineriala.com.pe',1119),(459,'Cobranzas','hperez@minerayanac.com.pe',1119),(465,'Cobranzas','smendez@minerabarri.com.pe',1119),(469,'Cobranzas','acorrales@telefonicam.com.pe',1119),(470,'Cobranzas','bdiaz@perupetros..com.pe',1119),(471,'Cobranzas','cmarcenaro@alicorps.a..com.pe',1119),(472,'Cobranzas','dsolis@uniondecer.com.pe',1119),(473,'Cobranzas','ffoppiano@repsolcomer.com.pe',1119),(474,'Cobranzas','grojas@peruanadec.com.pe',1119),(479,'Cobranzas','mquezada@hipermercado.com.pe',1119),(481,'Cobranzas','ovillanueva@supermercado.com.pe',1119),(483,'Cobranzas','jcruz@rimacintern.com.pe',1119),(484,'Cobranzas','rescobedo@pluspetrolp.com.pe',1119),(485,'Cobranzas','oscarsc@hotmail.com',1119),(486,'Cobranzas','vgutierrez@a.ys.s.a..com.pe',1119),(489,'Cobranzas','ibarron@empresaded.com.pe',1119),(491,'Cobranzas','carellano@sagafalabel.com.pe',1119),(495,'Cobranzas','hbenavente@minsurs.a..com.pe',1119),(496,'Cobranzas','osantacruz@g.ym.s.a..com.pe',1119),(497,'Cobranzas','dlituma@corporacion.com.pe',1119),(498,'Cobranzas','acevasco@superintende.com.pe',1119),(499,'Cobranzas','alima@sanfernando.com.pe',1119),(502,'Cobranzas','mcuenca@tiendaspor.com.pe',1119),(506,'Cobranzas','cmachado@e.wongs.a..com.pe',1119),(507,'Cobranzas','scanales@huntoilcom.com.pe',1119),(508,'Cobranzas','pleon@peruanadep.com.pe',1119),(510,'Cobranzas','lmiyagi@enersurs.a..com.pe',1119),(512,'Cobranzas','gdelatorre@serviciode.com.pe',1119),(514,'Cobranzas','psanchez@doerunperu.com.pe',1119),(516,'Cobranzas','lperez@elpacifico.com.pe',1119),(517,'Cobranzas','hdiaz@conirsas.a..com.pe',1119),(518,'Cobranzas','gpolo@pluspetroln.com.pe',1119),(520,'Cobranzas','mbarron@edegels.a.a.com.pe',1119),(522,'Cobranzas','aarellano@goldfields.com.pe',1119),(523,'Cobranzas','ghurtado@koriperus..com.pe',1119),(524,'Cobranzas','cpaez@procter&ga.com.pe',1119),(525,'Cobranzas','hdelacruz@eckerdperu.com.pe',1119),(526,'Cobranzas','ohernandez@techints.a..com.pe',1119),(528,'Cobranzas','adiaz@cia.minera.com.pe',1119),(530,'Cobranzas','asolis@shouganghie.com.pe',1119),(532,'Cobranzas','aregalado@mibancobanc.com.pe',1119),(534,'Cobranzas','dzuniga@transportado.com.pe',1119),(536,'Cobranzas','gmontes@nexteldelp.com.pe',1119),(537,'Cobranzas','jsegura@cia.minera.com.pe',1119),(538,'Cobranzas','rreyna@manuperuho.com.pe',1119),(539,'Cobranzas','sruiz@l.g.electr.com.pe',1119),(541,'Cobranzas','wpizarro@crediscotia.com.pe',1119),(542,'Cobranzas','xcorcuera@cetcos.a..com.pe',1119),(543,'Cobranzas','kzambrano@sociedadmin.com.pe',1119),(547,'Cobranzas','oparedes@maestrohome.com.pe',1119),(549,'Cobranzas','csegura@sodimacperu.com.pe',1119),(551,'Cobranzas','fruiz@kimberlycla.com.pe',1119),(554,'Cobranzas','jraez@elpacifico.com.pe',1119),(562,'Cobranzas','oaltamirano@cementospac.com.pe',1119),(563,'Cobranzas','jperez@petroleosde.com.pe',1119),(564,'Cobranzas','oscar@creantis.com',1119),(565,'Cobranzas','osantacruz@creantis.net',1119),(566,'Cobranzas','jperez@pacasmayo.com',1119),(567,'Cobranzas','carlos@losvelasquez.net',1119),(568,'Cobranzas','jose.zavaleta@kcc.com',1119),(569,'Cobranzas','carlos@losvelasquez.net',1119),(570,'Cobranzas','jraez@elpacifico.com.pe',1119),(571,'Cobranzas','oaltamirano@cementospac.com.pe',1119),(572,'Cobranzas','jperez@petroleosde.com.pe',1119),(573,'Cobranzas','oscar@creantis.com',1119),(574,'Cobranzas','osantacruz@creantis.net',1119),(575,'Cobranzas','jperez@pacasmayo.com',1119),(576,'Cobranzas','carlos@losvelasquez.net',1119),(577,'Cobranzas','carlos@losvelasquez.net',1119),(578,'Cobranzas','jraez@elpacifico.com.pe',1119),(579,'Cobranzas','oaltamirano@cementospac.com.pe',1119),(580,'Cobranzas','jperez@petroleosde.com.pe',1119),(581,'Cobranzas','oscar@creantis.com',1119),(582,'Cobranzas','osantacruz@creantis.net',1119),(458,'Cobranzas','jrodriguez@southernper.com.pe',1119),(460,'Cobranzas','fdiaz@cia.minera.com.pe',1119),(461,'Cobranzas','dpolo@sociedadmin.com.pe',1119),(462,'Cobranzas','mmanzanares@bancodecre.com.pe',1119),(463,'Cobranzas','jrodriguez@segurosocia.com.pe',1119),(464,'Cobranzas','jrojas@telefonicad.com.pe',1119),(466,'Cobranzas','epacheco@consorciomi.com.pe',1119),(467,'Cobranzas','cdelacruz@bancocentra.com.pe',1119),(468,'Cobranzas','mhernandez@bancocontin.com.pe',1119),(475,'Cobranzas','hcampos@primaxs.a..com.pe',1119),(476,'Cobranzas','jallemant@bancointern.com.pe',1119),(477,'Cobranzas','kvillanes@scotiabankp.com.pe',1119),(480,'Cobranzas','npardo@procesadora.com.pe',1119),(482,'Cobranzas','pnaranjo@glorias.a..com.pe',1119),(487,'Cobranzas','wzapata@corporacion.com.pe',1119),(488,'Cobranzas','xbarrantes@luzdelsur.com.pe',1119),(490,'Cobranzas','afernandez@saviaperus.com.pe',1119),(492,'Cobranzas','dhurtado@universalme.com.pe',1119),(493,'Cobranzas','fpaez@volcancia..com.pe',1119),(494,'Cobranzas','gzevallos@bancodela.com.pe',1119),(500,'Cobranzas','aramos@tecnologica.com.pe',1119),(501,'Cobranzas','avelasquez@cia.demina.com.pe',1119),(503,'Cobranzas','pramirez@empresaside.com.pe',1119),(504,'Cobranzas','aabad@hipermercado.com.pe',1119),(505,'Cobranzas','ginurritegui@empresaelec.com.pe',1119),(509,'Cobranzas','sjayo@quimicasuiz.com.pe',1119),(511,'Cobranzas','hmedina@oricachemic.com.pe',1119),(513,'Cobranzas','sperez@toyotadelp.com.pe',1119),(515,'Cobranzas','srodriguez@nestleperu.com.pe',1119),(519,'Cobranzas','abarrantes@deprodecas.com.pe',1119),(521,'Cobranzas','pfernandez@lanperus.a.com.pe',1119),(527,'Cobranzas','dcorrales@petrobrasen.com.pe',1119),(529,'Cobranzas','amarcenaro@cementoslim.com.pe',1119),(531,'Cobranzas','iaservi@cbiperuana.com.pe',1119),(533,'Cobranzas','csalazar@repsolypfc.com.pe',1119),(535,'Cobranzas','fpachas@fondonacion.com.pe',1119),(540,'Cobranzas','vcastilla@corporacion.com.pe',1119),(544,'Cobranzas','lcarrera@inversiones.com.pe',1119),(545,'Cobranzas','mvillar@australgrou.com.pe',1119),(546,'Cobranzas','nsevillano@xstratatint.com.pe',1119),(548,'Cobranzas','pmontes@pluspetrolc.com.pe',1119),(550,'Cobranzas','dreyna@uniques.a..com.pe',1119),(552,'Cobranzas','gcastilla@pesqueradia.com.pe',1119),(553,'Cobranzas','hpizarro@credibolsas.com.pe',1119),(555,'Cobranzas','oaltamirano@cementospac.com.pe',1119),(556,'Cobranzas','jperez@petroleosde.com.pe',1119),(557,'Cobranzas','oscar@creantis.com',1119),(558,'Cobranzas','osantacruz@creantis.net',1119),(559,'Cobranzas','jperez@pacasmayo.com',1119),(560,'Cobranzas','carlos@losvelasquez.net',1119),(561,'Cobranzas','jraez@elpacifico.com.pe',1119),(478,'Cobranzas','lgalvez@americamovi.com.pe',1119),(170,'Contacts','abarrantes@deprodecas.com.pe',80);

--
-- Table structure for table `vtiger_emailtemplates`
--

CREATE TABLE `vtiger_emailtemplates` (
  `foldername` varchar(100) DEFAULT NULL,
  `templatename` varchar(100) DEFAULT NULL,
  `templatepath` varchar(100) DEFAULT NULL,
  `subject` varchar(255) DEFAULT NULL,
  `description` text DEFAULT NULL,
  `body` text DEFAULT NULL,
  `deleted` int(1) NOT NULL DEFAULT 0,
  `templateid` int(19) NOT NULL AUTO_INCREMENT,
  `systemtemplate` int(1) NOT NULL DEFAULT 0,
  `module` varchar(100) DEFAULT NULL,
  PRIMARY KEY (`templateid`),
  KEY `emailtemplates_foldernamd_templatename_subject_idx` (`foldername`,`templatename`,`subject`)
) ENGINE=InnoDB AUTO_INCREMENT=17 DEFAULT CHARSET=utf8 COLLATE=utf8_general_ci;

--
-- Dumping data for table `vtiger_emailtemplates`
--

INSERT INTO `vtiger_emailtemplates` VALUES ('Public','Announcement for Release','','Announcement for Release','Announcement of a release','Hello!   <br />\n	<br />\n	On behalf of the vtiger team,  I am pleased to announce the release of vtiger crm4.2 . This is a feature packed release including the mass email template handling, custom view feature, vtiger_reports feature and a host of other utilities. vtiger runs on all platforms.    <br />\n        <br />\n	Notable Features of vtiger are :   <br />\n	<br />\n	-Email Client Integration    <br />\n	-Trouble Ticket Integration   <br />\n	-Invoice Management Integration   <br />\n	-Reports Integration   <br />\n	-Portal Integration   <br />\n	-Enhanced Word Plugin Support   <br />\n	-Custom View Integration   <br />\n	<br />\n	Known Issues:   <br />\n	-ABCD   <br />\n	-EFGH   <br />\n	-IJKL   <br />\n	-MNOP   <br />\n	-QRST',0,1,0,'Contacts'),('Public','Pending Invoices','','Invoices Pending','Payment Due','name <br />\nstreet, <br />\ncity, <br />\nstate, <br />\n zip) <br />\n  <br />\n Dear <br />\n <br />\n Please check the following invoices that are yet to be paid by you: <br />\n <br />\n No. Date      Amount <br />\n 1   1/1/01    $4000 <br />\n 2   2/2//01   $5000 <br />\n 3   3/3/01    $10000 <br />\n 4   7/4/01    $23560 <br />\n <br />\n Kindly let us know if there are any issues that you feel are pending to be discussed. <br />\n We will be more than happy to give you a call. <br />\n We would like to continue our business with you.',0,2,0,'Contacts'),('Public','Acceptance Proposal','','Acceptance Proposal','Acceptance of Proposal',' Dear <br />\n <br />\nYour proposal on the project XYZW has been reviewed by us <br />\nand is acceptable in its entirety. <br />\n <br />\nWe are eagerly looking forward to this project <br />\nand are pleased about having the opportunity to work <br />\ntogether. We look forward to a long standing relationship <br />\nwith your esteemed firm. <br />\n<br />\nI would like to take this opportunity to invite you <br />\nto a game of golf on Wednesday morning 9am at the <br />\nCuff Links Ground. We will be waiting for you in the <br />\nExecutive Lounge. <br />\n<br />\nLooking forward to seeing you there.',0,3,0,'Contacts'),('Public','Goods received acknowledgement','','Goods received acknowledgement','Acknowledged Receipt of Goods',' The undersigned hereby acknowledges receipt and delivery of the goods. <br />\nThe undersigned will release the payment subject to the goods being discovered not satisfactory. <br />\n<br />\nSigned under seal this <date>',0,4,0,'Contacts'),('Public','Accept Order','','Accept Order','Acknowledgement/Acceptance of Order',' Dear <br />\n         We are in receipt of your order as contained in the <br />\n   purchase order form.We consider this to be final and binding on both sides. <br />\nIf there be any exceptions noted, we shall consider them <br />\nonly if the objection is received within ten days of receipt of <br />\nthis notice. <br />\n <br />\nThank you for your patronage.',0,5,0,'Contacts'),('Public','Address Change','','Change of Address','Address Change','Dear <br />\n <br />\nWe are relocating our office to <br />\n11111,XYZDEF Cross, <br />\nUVWWX Circle <br />\nThe telephone number for this new location is (101) 1212-1328. <br />\n<br />\nOur Manufacturing Division will continue operations <br />\nat 3250 Lovedale Square Avenue, in Frankfurt. <br />\n<br />\nWe hope to keep in touch with you all. <br />\nPlease update your addressbooks.',0,6,0,'Contacts'),('Public','Follow Up','','Follow Up','Follow Up of meeting','Dear <br />\n<br />\nThank you for extending us the opportunity to meet with <br />\nyou and members of your staff. <br />\n<br />\nI know that John Doe serviced your account <br />\nfor many years and made many friends at your firm. He has personally <br />\ndiscussed with me the deep relationship that he had with your firm. <br />\nWhile his presence will be missed, I can promise that we will <br />\ncontinue to provide the fine service that was accorded by <br />\nJohn to your firm. <br />\n<br />\nI was genuinely touched to receive such fine hospitality. <br />\n<br />\nThank you once again.',0,7,0,'Contacts'),('Public','Target Crossed!','','Target Crossed!','Fantastic Sales Spree!','Congratulations! <br />\n<br />\nThe numbers are in and I am proud to inform you that our <br />\ntotal sales for the previous quarter <br />\namounts to $100,000,00.00!. This is the first time <br />\nwe have exceeded the target by almost 30%. <br />\nWe have also beat the previous quarter record by a <br />\nwhopping 75%! <br />\n<br />\nLet us meet at Smoking Joe for a drink in the evening! <br />\n\nC you all there guys!',0,8,0,'Contacts'),('Public','Thanks Note','','Thanks Note','Note of thanks','Dear <br />\n<br />\nThank you for your confidence in our ability to serve you. <br />\nWe are glad to be given the chance to serve you.I look <br />\nforward to establishing a long term partnership with you. <br />\nConsider me as a friend. <br />\nShould any need arise,please do give us a call.',0,9,0,'Contacts'),('Public','Customer Login Details','','Customer Portal Login Details','Send Portal login details to customer','<!DOCTYPE HTML PUBLIC \"-//W3C//DTD HTML 4.01//EN\" \"http://www.w3.org/TR/html4/strict.dtd\">\n        <html>\n        <head>\n          <title></title>\n        </head>\n        <body class=\"scayt-enabled\">\n          <!-- <center> -->\n            <table border=\"0\" cellpadding=\"0\" cellspacing=\"0\" class=\"borderGrey\" width=\"600px\" style=\"margin-left:0px;\">\n              <tbody>\n                <tr>\n                  <td colspan=\"6\"><!-- Begin Pre header --><!-- // End Pre header \\ --></td>\n                </tr>\n                <tr style=\"height:50px;\">\n                  <td colspan=\"6\" style=\"\n                  font-family: Helvetica,Verdana,sans-serif\">\n                  <div style=\"margin-bottom:10px;color: rgb(34, 34, 34); font-family: arial, sans-serif; font-size: 14px; background-color: rgb(255, 255, 255);\"><br />\n                    Dear $contacts-firstname$ $contacts-lastname$,</div>\n\n                    <div style=\"margin-top:20px;margin-bottom:20px; color: rgb(34, 34, 34); font-family: arial, sans-serif; font-size: 14px; background-color: rgb(255, 255, 255);\">As our customer, you can be assured of getting excellent support from our team. I would like to take this opportunity to introduce the portal we have setup for valuable customers like you. You can submit questions/issues via the portal, see past issues and responses. In addition, Portal provides you access to our knowledge base and documents we shared with you in the past.\n                    </div>\n\n                    <div style=\"margin-top:10px;color: rgb(34, 34, 34); font-family: arial, sans-serif; font-size: 14px; background-color: rgb(255, 255, 255);\">$URL$ to login to the portal, with the credentials below.</div>\n\n                    <div style=\"margin-top:20px;color: rgb(34, 34, 34); font-family: arial, sans-serif; font-size: 14px; background-color: rgb(255, 255, 255);\">Your Username: $login_name$</div>\n\n                    <div style=\"margin-bottom:20px;color: rgb(34, 34, 34); font-family: arial, sans-serif; font-size: 14px; background-color: rgb(255, 255, 255);\">Your Password: $password$</div>\n                    <div class=\"gmail_extra\" style=\"margin-top:10px;color: rgb(34, 34, 34); font-family: arial, sans-serif; font-size: 14px; background-color: rgb(255, 255, 255);\">Thank you,<br />\n                      $contacts-smownerid$</div>\n\n                    </td>\n                  </tr>\n                  <tr>\n                    <td colspan=\"6\" style=\"font-family: Helvetica,Verdana,sans-serif;font-size: 11px;color: #666666;\">\n                      <table border=\"0\" cellpadding=\"4\" cellspacing=\"0\" width=\"100%\">\n                        <tbody>\n                          <!--copy right data-->\n                          <tr>\n                            <td valign=\"top\" style=\"\n                            padding-left: 0px;\n                            padding-right: 0px;\n                            width:350px\">\n                                <div style=\"margin-top:20px;\"><em>Powered By <a href=\"www.vtiger.com\">Vtiger</a><div>\n                            </td>\n                          </tr>\n                          <!--subscribers links-->\n                        </tbody>\n                      </table>\n                    </td>\n                  </tr>\n                </tbody>\n              </table>\n            <!-- </center> -->\n          </body>\n          </html>',0,10,0,'Contacts'),('Public','Support end notification before a week','','VtigerCRM Support Notification','Send Notification mail to customer before a week of support end date','<table width=\"700\" cellspacing=\"0\" cellpadding=\"0\" border=\"0\" align=\"center\" style=\"font-family: Arial,Helvetica,sans-serif; font-size: 12px; font-weight: normal; text-decoration: none; background-color: rgb(122, 122, 254);\">\n        <tr>\n            <td> </td>\n            <td> </td>\n            <td> </td>\n        </tr>\n        <tr>\n            <td> </td>\n            <td> </td>\n            <td> </td>\n        </tr>\n        <tr>\n            <td> </td>\n            <td> </td>\n            <td> </td>\n        </tr>\n        <tr>\n            <td width=\"50\"> </td>\n            <td>\n            <table width=\"100%\" cellspacing=\"0\" cellpadding=\"0\" border=\"0\">\n                    <tr>\n                        <td>\n                        <table width=\"100%\" cellspacing=\"0\" cellpadding=\"0\" border=\"0\" style=\"background-color: rgb(27, 77, 140); font-family: Arial,Helvetica,sans-serif; font-size: 14px; color: rgb(255, 255, 255); font-weight: normal; line-height: 25px;\">\n                                <tr>\n                                    <td align=\"center\" rowspan=\"4\">$logo$</td>\n                                    <td align=\"center\"> </td>\n                                </tr>\n                                <tr>\n                                    <td align=\"left\" style=\"background-color: rgb(27, 77, 140); font-family: Arial,Helvetica,sans-serif; font-size: 24px; color: rgb(255, 255, 255); font-weight: bolder; line-height: 35px;\">vtiger CRM </td>\n                                </tr>\n                                <tr>\n                                    <td align=\"right\" style=\"padding-right: 100px;\">The honest Open Source CRM </td>\n                                </tr>\n                                <tr>\n                                    <td> </td>\n                                </tr>\n                        </table>\n                        </td>\n                    </tr>\n                    <tr>\n                        <td>\n                        <table width=\"100%\" cellspacing=\"0\" cellpadding=\"0\" border=\"0\" style=\"font-family: Arial,Helvetica,sans-serif; font-size: 12px; font-weight: normal; color: rgb(0, 0, 0); background-color: rgb(255, 255, 255);\">\n                                <tr>\n                                    <td valign=\"top\">\n                                    <table width=\"100%\" cellspacing=\"0\" cellpadding=\"5\" border=\"0\">\n                                            <tr>\n                                                <td align=\"right\" style=\"font-family: Arial,Helvetica,sans-serif; font-size: 12px; font-weight: bolder; text-decoration: none; color: rgb(66, 66, 253);\"> </td>\n                                            </tr>\n                                            <tr>\n                                                <td> </td>\n                                            </tr>\n                                            <tr>\n                                                <td style=\"font-family: Arial,Helvetica,sans-serif; font-size: 14px; color: rgb(22, 72, 134); font-weight: bolder; line-height: 15px;\">Dear $contacts-lastname$, </td>\n                                            </tr>\n                                            <tr>\n                                                <td style=\"font-family: Arial,Helvetica,sans-serif; font-size: 12px; color: rgb(0, 0, 0); font-weight: normal; text-align: justify; line-height: 20px;\">This is just a notification mail regarding your support end.<br /><span style=\"font-weight: bold;\">Priority:</span> Urgent<br />Your Support is going to expire on next week<br />Please contact support@vtiger.com.<br /><br /><br /></td>\n                                            </tr>\n                                            <tr>\n                                                <td align=\"center\"><br /></td>\n                                            </tr>\n                                            <tr>\n                                                <td align=\"right\"><strong style=\"padding: 2px; font-family: Arial,Helvetica,sans-serif; font-size: 12px; color: rgb(0, 0, 0); font-weight: bold;\"><br /><br />Sincerly</strong></td>\n                                            </tr>\n                                            <tr>\n                                                <td align=\"right\" style=\"font-family: Arial,Helvetica,sans-serif; font-size: 12px; color: rgb(0, 0, 0); font-weight: normal; line-height: 20px;\">Support Team </td>\n                                            </tr>\n                                            <tr>\n                                                <td align=\"right\"><a style=\"font-family: Arial,Helvetica,sans-serif; font-size: 12px; font-weight: bolder; text-decoration: none; color: rgb(66, 66, 253);\" href=\"http://www.vtiger.com\">www.vtiger.com</a></td>\n                                            </tr>\n                                            <tr>\n                                                <td> </td>\n                                            </tr>\n                                    </table>\n                                    </td>\n                                    <td width=\"1%\" valign=\"top\"> </td>\n                                </tr>\n                        </table>\n                        </td>\n                    </tr>\n                    <tr>\n                        <td>\n                        <table width=\"100%\" cellspacing=\"0\" cellpadding=\"5\" border=\"0\" style=\"font-family: Arial,Helvetica,sans-serif; font-size: 12px; color: rgb(255, 255, 255); font-weight: normal; line-height: 15px; background-color: rgb(51, 51, 51);\">\n                                <tr>\n                                    <td align=\"center\">Shree Narayana Complex, No 11 Sarathy Nagar, Vijaya Nagar , Velachery, Chennai - 600 042 India </td>\n                                </tr>\n                                <tr>\n                                    <td align=\"center\">Telephone No: +91 - 44 - 4202 - 1990     Toll Free No: +1 877 788 4437</td>\n                                </tr>\n                                <tr>\n                                    <td align=\"center\">Email Id: <a style=\"font-family: Arial,Helvetica,sans-serif; font-size: 12px; font-weight: bolder; text-decoration: none; color: rgb(255, 255, 255);\" href=\"mailto:info@vtiger.com\">info@vtiger.com</a></td>\n                                </tr>\n                        </table>\n                        </td>\n                    </tr>\n            </table>\n            </td>\n            <td width=\"50\"> </td>\n        </tr>\n        <tr>\n            <td> </td>\n            <td> </td>\n            <td> </td>\n        </tr>\n        <tr>\n            <td> </td>\n            <td> </td>\n            <td> </td>\n        </tr>\n        <tr>\n            <td> </td>\n            <td> </td>\n            <td> </td>\n        </tr>\n</table>',0,11,0,'Contacts'),('Public','Support end notification before a month','','VtigerCRM Support Notification','Send Notification mail to customer before a month of support end date','<table width=\"700\" cellspacing=\"0\" cellpadding=\"0\" border=\"0\" align=\"center\" style=\"font-family: Arial,Helvetica,sans-serif; font-size: 12px; font-weight: normal; text-decoration: none; background-color: rgb(122, 122, 254);\">\n        <tr>\n            <td> </td>\n            <td> </td>\n            <td> </td>\n        </tr>\n        <tr>\n            <td> </td>\n            <td> </td>\n            <td> </td>\n        </tr>\n        <tr>\n            <td> </td>\n            <td> </td>\n            <td> </td>\n        </tr>\n        <tr>\n            <td width=\"50\"> </td>\n            <td>\n            <table width=\"100%\" cellspacing=\"0\" cellpadding=\"0\" border=\"0\">\n                    <tr>\n                        <td>\n                        <table width=\"100%\" cellspacing=\"0\" cellpadding=\"0\" border=\"0\" style=\"background-color: rgb(27, 77, 140); font-family: Arial,Helvetica,sans-serif; font-size: 14px; color: rgb(255, 255, 255); font-weight: normal; line-height: 25px;\">\n                                <tr>\n                                    <td align=\"center\" rowspan=\"4\">$logo$</td>\n                                    <td align=\"center\"> </td>\n                                </tr>\n                                <tr>\n                                    <td align=\"left\" style=\"background-color: rgb(27, 77, 140); font-family: Arial,Helvetica,sans-serif; font-size: 24px; color: rgb(255, 255, 255); font-weight: bolder; line-height: 35px;\">vtiger CRM </td>\n                                </tr>\n                                <tr>\n                                    <td align=\"right\" style=\"padding-right: 100px;\">The honest Open Source CRM </td>\n                                </tr>\n                                <tr>\n                                    <td> </td>\n                                </tr>\n                        </table>\n                        </td>\n                    </tr>\n                    <tr>\n                        <td>\n                        <table width=\"100%\" cellspacing=\"0\" cellpadding=\"0\" border=\"0\" style=\"font-family: Arial,Helvetica,sans-serif; font-size: 12px; font-weight: normal; color: rgb(0, 0, 0); background-color: rgb(255, 255, 255);\">\n                                <tr>\n                                    <td valign=\"top\">\n                                    <table width=\"100%\" cellspacing=\"0\" cellpadding=\"5\" border=\"0\">\n                                            <tr>\n                                                <td align=\"right\" style=\"font-family: Arial,Helvetica,sans-serif; font-size: 12px; font-weight: bolder; text-decoration: none; color: rgb(66, 66, 253);\"> </td>\n                                            </tr>\n                                            <tr>\n                                                <td> </td>\n                                            </tr>\n                                            <tr>\n                                                <td style=\"font-family: Arial,Helvetica,sans-serif; font-size: 14px; color: rgb(22, 72, 134); font-weight: bolder; line-height: 15px;\">Dear $contacts-lastname$, </td>\n                                            </tr>\n                                            <tr>\n                                                <td style=\"font-family: Arial,Helvetica,sans-serif; font-size: 12px; color: rgb(0, 0, 0); font-weight: normal; text-align: justify; line-height: 20px;\">This is just a notification mail regarding your support end.<br /><span style=\"font-weight: bold;\">Priority:</span> Normal<br />Your Support is going to expire on next month.<br />Please contact support@vtiger.com<br /><br /><br /></td>\n                                            </tr>\n                                            <tr>\n                                                <td align=\"center\"><br /></td>\n                                            </tr>\n                                            <tr>\n                                                <td align=\"right\"><strong style=\"padding: 2px; font-family: Arial,Helvetica,sans-serif; font-size: 12px; color: rgb(0, 0, 0); font-weight: bold;\"><br /><br />Sincerly</strong></td>\n                                            </tr>\n                                            <tr>\n                                                <td align=\"right\" style=\"font-family: Arial,Helvetica,sans-serif; font-size: 12px; color: rgb(0, 0, 0); font-weight: normal; line-height: 20px;\">Support Team </td>\n                                            </tr>\n                                            <tr>\n                                                <td align=\"right\"><a href=\"http://www.vtiger.com\" style=\"font-family: Arial,Helvetica,sans-serif; font-size: 12px; font-weight: bolder; text-decoration: none; color: rgb(66, 66, 253);\">www.vtiger.com</a></td>\n                                            </tr>\n                                            <tr>\n                                                <td> </td>\n                                            </tr>\n                                    </table>\n                                    </td>\n                                    <td width=\"1%\" valign=\"top\"> </td>\n                                </tr>\n                        </table>\n                        </td>\n                    </tr>\n                    <tr>\n                        <td>\n                        <table width=\"100%\" cellspacing=\"0\" cellpadding=\"5\" border=\"0\" style=\"font-family: Arial,Helvetica,sans-serif; font-size: 12px; color: rgb(255, 255, 255); font-weight: normal; line-height: 15px; background-color: rgb(51, 51, 51);\">\n                                <tr>\n                                    <td align=\"center\">Shree Narayana Complex, No 11 Sarathy Nagar, Vijaya Nagar , Velachery, Chennai - 600 042 India </td>\n                                </tr>\n                                <tr>\n                                    <td align=\"center\">Telephone No: +91 - 44 - 4202 - 1990     Toll Free No: +1 877 788 4437</td>\n                                </tr>\n                                <tr>\n                                    <td align=\"center\">Email Id: <a href=\"mailto:info@vtiger.com\" style=\"font-family: Arial,Helvetica,sans-serif; font-size: 12px; font-weight: bolder; text-decoration: none; color: rgb(255, 255, 255);\">info@vtiger.com</a></td>\n                                </tr>\n                        </table>\n                        </td>\n                    </tr>\n            </table>\n            </td>\n            <td width=\"50\"> </td>\n        </tr>\n        <tr>\n            <td> </td>\n            <td> </td>\n            <td> </td>\n        </tr>\n        <tr>\n            <td> </td>\n            <td> </td>\n            <td> </td>\n        </tr>\n        <tr>\n            <td> </td>\n            <td> </td>\n            <td> </td>\n        </tr>\n</table>',0,12,0,'Contacts'),('Public','Activity Reminder',NULL,'Reminder','Reminder','<p>This is a reminder notification for the Activity<br/>The details are :<br/> \n							&nbsp; Subject : $events-subject$<br/> \n							&nbsp; Start Date & Time : $events-date_start$<br/>\n							&nbsp; End Date & Time : $events-due_date$<br/> \n							&nbsp; Status : $events-eventstatus$<br/> \n							&nbsp; Location : $events-location$<br/> \n							&nbsp; Description : $events-description$<br/><br/> \n							<p/>',0,14,1,'Events'),('Public','ToDo Reminder',NULL,'Activity Reminder','Reminder','<p>This is a reminder notification for the Activity<br/>The details are :<br/>\n								&nbsp; Subject : $calendar-subject$<br/>\n								&nbsp; Start Date & Time : $calendar-date_start$<br/>\n								&nbsp; Due Date : $calendar-due_date$<br/>\n								&nbsp; Status : $calendar-status$<br/>\n								&nbsp; Location : $calendar-location$<br/>\n								&nbsp; Description : $calendar-description$<br/><br/>\n								<p/>',0,15,1,'Events'),('Public','Invite Users',NULL,'Invitation','Invite Users','<p>$invitee_name$,<br/><br/>You have been invited for an activity<br/><br/>The details are :<br/>\n								&nbsp; Subject : $events-subject$<br/>\n								&nbsp; Start Date & Time : $events-date_start$<br/> \n								&nbsp; End Date & Time : $events-due_date$<br/>\n								&nbsp; Status : $events-eventstatus$<br/>\n								&nbsp; Priority : $events-priority$<br/>\n								&nbsp; Related To : $events-crmid$<br/>\n								&nbsp; Contact List : $events-contactid$<br/>\n								&nbsp; Location : $events-location$<br/>\n								&nbsp; Description : $events-description$<br/><br/>\n								Thanks & Regards,<br/>\n								$current_user_name$\n								<p/>',0,16,1,'Events');

--
-- Table structure for table `vtiger_emailtemplates_seq`
--

CREATE TABLE `vtiger_emailtemplates_seq` (
  `id` int(11) NOT NULL
) ENGINE=InnoDB DEFAULT CHARSET=utf8 COLLATE=utf8_general_ci;

--
-- Dumping data for table `vtiger_emailtemplates_seq`
--

INSERT INTO `vtiger_emailtemplates_seq` VALUES (16);

--
-- Table structure for table `vtiger_entityname`
--

CREATE TABLE `vtiger_entityname` (
  `tabid` int(19) NOT NULL DEFAULT 0,
  `modulename` varchar(100) DEFAULT NULL,
  `tablename` varchar(100) NOT NULL,
  `fieldname` varchar(150) NOT NULL,
  `entityidfield` varchar(150) NOT NULL,
  `entityidcolumn` varchar(150) NOT NULL,
  PRIMARY KEY (`tabid`),
  KEY `entityname_tabid_idx` (`tabid`),
  CONSTRAINT `fk_1_vtiger_entityname` FOREIGN KEY (`tabid`) REFERENCES `vtiger_tab` (`tabid`) ON DELETE CASCADE
) ENGINE=InnoDB DEFAULT CHARSET=utf8 COLLATE=utf8_general_ci;

--
-- Dumping data for table `vtiger_entityname`
--

INSERT INTO `vtiger_entityname` VALUES (2,'Potentials','vtiger_potential','potentialname','potentialid','potential_id'),(4,'Contacts','vtiger_contactdetails','firstname,lastname','contactid','contact_id'),(6,'Accounts','vtiger_account','accountname','accountid','account_id'),(7,'Leads','vtiger_leaddetails','firstname,lastname','leadid','leadid'),(8,'Documents','vtiger_notes','title','notesid','notesid'),(9,'Calendar','vtiger_activity','subject','activityid','activityid'),(10,'Emails','vtiger_activity','subject','activityid','activityid'),(13,'HelpDesk','vtiger_troubletickets','title','ticketid','ticketid'),(14,'Products','vtiger_products','productname','productid','product_id'),(15,'Faq','vtiger_faq','question','id','id'),(18,'Vendors','vtiger_vendor','vendorname','vendorid','vendor_id'),(19,'PriceBooks','vtiger_pricebook','bookname','pricebookid','pricebookid'),(20,'Quotes','vtiger_quotes','subject','quoteid','quote_id'),(21,'PurchaseOrder','vtiger_purchaseorder','subject','purchaseorderid','purchaseorderid'),(22,'SalesOrder','vtiger_salesorder','subject','salesorderid','salesorder_id'),(23,'Invoice','vtiger_invoice','subject','invoiceid','invoiceid'),(26,'Campaigns','vtiger_campaign','campaignname','campaignid','campaignid'),(29,'Users','vtiger_users','first_name,last_name','id','id'),(31,'ServiceContracts','vtiger_servicecontracts','subject','servicecontractsid','servicecontractsid'),(32,'Services','vtiger_service','servicename','serviceid','serviceid'),(37,'PBXManager','vtiger_pbxmanager','customernumber','pbxmanagerid','pbxmanagerid'),(38,'ModComments','vtiger_modcomments','commentcontent','modcommentsid','modcommentsid'),(42,'ProjectMilestone','vtiger_projectmilestone','projectmilestonename','projectmilestoneid','projectmilestoneid'),(43,'ProjectTask','vtiger_projecttask','projecttaskname','projecttaskid','projecttaskid'),(44,'Project','vtiger_project','projectname','projectid','projectid'),(46,'Assets','vtiger_assets','assetname','assetsid','assetsid'),(47,'SMSNotifier','vtiger_smsnotifier','message','smsnotifierid','smsnotifierid'),(52,'CTTimeTracker','vtiger_cttimetracker','tracking_title','cttimetrackerid','cttimetrackerid'),(53,'CTTimeControl','vtiger_cttimecontrol','cttimecontrol_no','cttimecontrolid','cttimecontrolid'),(54,'CTRoutePlanning','vtiger_ctrouteplanning','ctrouteplanning_no','ctrouteplanningid','ctrouteplanningid'),(55,'CTRouteAttendance','vtiger_ctrouteattendance','ctrouteattendance_no','ctrouteattendanceid','ctrouteattendanceid'),(57,'CTUserFilterView','vtiger_ctuserfilterview','ctuser_filter_view_no','ctuserfilterviewid','ctuserfilterviewid'),(58,'CTMessageTemplate','vtiger_ctmessagetemplate','templates_name','ctmessagetemplateid','ctmessagetemplateid'),(59,'CTPushNotification','vtiger_ctpushnotification','pushnotification_no','ctpushnotificationid','ctpushnotificationid'),(60,'Cobranzas','vtiger_cobranzas','cobranzasno','cobranzasid','cobranzasid'),(61,'Pagos','vtiger_pagos','pagosno','pagosid','pagosid'),(62,'CTWhatsApp','vtiger_ctwhatsapp','whatsapp_no','ctwhatsappid','ctwhatsappid'),(63,'CTWhatsAppTemplates','vtiger_ctwhatsapptemplates','whatsapptemplates_no','ctwhatsapptemplatesid','ctwhatsapptemplatesid'),(64,'WhatsAppLog','vtiger_whatsapplog','whatsapplog_no','whatsapplogid','whatsapplogid');

--
-- Table structure for table `vtiger_eventhandler_module`
--

CREATE TABLE `vtiger_eventhandler_module` (
  `eventhandler_module_id` int(11) NOT NULL AUTO_INCREMENT,
  `module_name` varchar(100) DEFAULT NULL,
  `handler_class` varchar(100) DEFAULT NULL,
  PRIMARY KEY (`eventhandler_module_id`)
) ENGINE=InnoDB AUTO_INCREMENT=5 DEFAULT CHARSET=utf8 COLLATE=utf8_general_ci;

--
-- Dumping data for table `vtiger_eventhandler_module`
--

INSERT INTO `vtiger_eventhandler_module` VALUES (1,'ServiceContracts','ServiceContractsHandler'),(2,'ModTracker','ModTrackerHandler'),(3,'Invoice','InvoiceHandler'),(4,'PurchaseOrder','PurchaseOrderHandler');

--
-- Table structure for table `vtiger_eventhandler_module_seq`
--

CREATE TABLE `vtiger_eventhandler_module_seq` (
  `id` int(11) NOT NULL
) ENGINE=InnoDB DEFAULT CHARSET=utf8 COLLATE=utf8_general_ci;

--
-- Dumping data for table `vtiger_eventhandler_module_seq`
--

INSERT INTO `vtiger_eventhandler_module_seq` VALUES (4);

--
-- Table structure for table `vtiger_eventhandlers`
--

CREATE TABLE `vtiger_eventhandlers` (
  `eventhandler_id` int(11) NOT NULL AUTO_INCREMENT,
  `event_name` varchar(100) NOT NULL,
  `handler_path` varchar(400) NOT NULL,
  `handler_class` varchar(100) NOT NULL,
  `cond` text NOT NULL,
  `is_active` int(1) NOT NULL,
  `dependent_on` varchar(255) DEFAULT '[]',
  PRIMARY KEY (`eventhandler_id`,`event_name`,`handler_class`),
  UNIQUE KEY `eventhandler_idx` (`eventhandler_id`)
) ENGINE=InnoDB AUTO_INCREMENT=36 DEFAULT CHARSET=utf8 COLLATE=utf8_general_ci;

--
-- Dumping data for table `vtiger_eventhandlers`
--

INSERT INTO `vtiger_eventhandlers` VALUES (1,'vtiger.entity.aftersave','modules/SalesOrder/RecurringInvoiceHandler.php','RecurringInvoiceHandler','',1,'[]'),(2,'vtiger.entity.beforesave','data/VTEntityDelta.php','VTEntityDelta','',1,'[]'),(3,'vtiger.entity.aftersave','data/VTEntityDelta.php','VTEntityDelta','',1,'[]'),(4,'vtiger.entity.aftersave','modules/com_vtiger_workflow/VTEventHandler.inc','VTWorkflowEventHandler','',1,'[\"VTEntityDelta\"]'),(5,'vtiger.entity.afterrestore','modules/com_vtiger_workflow/VTEventHandler.inc','VTWorkflowEventHandler','',1,'[]'),(6,'vtiger.entity.aftersave.final','modules/HelpDesk/HelpDeskHandler.php','HelpDeskHandler','',1,'[]'),(7,'vtiger.entity.beforesave','modules/ServiceContracts/ServiceContractsHandler.php','ServiceContractsHandler','',1,'[]'),(8,'vtiger.entity.aftersave','modules/ServiceContracts/ServiceContractsHandler.php','ServiceContractsHandler','',1,'[]'),(9,'vtiger.entity.aftersave.final','modules/ModTracker/ModTrackerHandler.php','ModTrackerHandler','',1,'[]'),(10,'vtiger.entity.beforedelete','modules/ModTracker/ModTrackerHandler.php','ModTrackerHandler','',1,'[]'),(11,'vtiger.entity.afterrestore','modules/ModTracker/ModTrackerHandler.php','ModTrackerHandler','',1,'[]'),(12,'vtiger.entity.aftersave','modules/WSAPP/WorkFlowHandlers/WSAPPAssignToTracker.php','WSAPPAssignToTracker','',1,'[\"VTEntityDelta\"]'),(13,'vtiger.entity.aftersave','modules/PBXManager/PBXManagerHandler.php','PBXManagerHandler','',1,'[\"VTEntityDelta\"]'),(14,'vtiger.entity.afterdelete','modules/PBXManager/PBXManagerHandler.php','PBXManagerHandler','',1,'[]'),(15,'vtiger.entity.afterrestore','modules/PBXManager/PBXManagerHandler.php','PBXManagerHandler','',1,'[]'),(16,'vtiger.batchevent.save','modules/PBXManager/PBXManagerHandler.php','PBXManagerBatchHandler','',1,'[]'),(17,'vtiger.batchevent.delete','modules/PBXManager/PBXManagerHandler.php','PBXManagerBatchHandler','',1,'[]'),(18,'vtiger.lead.convertlead','modules/PBXManager/PBXManagerHandler.php','PBXManagerHandler','',1,'[]'),(19,'vtiger.entity.aftersave','modules/Invoice/InvoiceHandler.php','InvoiceHandler','',1,'[]'),(20,'vtiger.entity.aftersave','modules/PurchaseOrder/PurchaseOrderHandler.php','PurchaseOrderHandler','',1,'[]'),(21,'vtiger.entity.aftersave','modules/ModComments/ModCommentsHandler.php','ModCommentsHandler','',1,'[]'),(22,'vtiger.picklist.afterrename','modules/Settings/Picklist/handlers/PickListHandler.php','PickListHandler','',1,'[]'),(23,'vtiger.picklist.afterdelete','modules/Settings/Picklist/handlers/PickListHandler.php','PickListHandler','',1,'[]'),(24,'vtiger.entity.aftersave','modules/Vtiger/handlers/EmailLookupHandler.php','EmailLookupHandler','',1,'[\"VTEntityDelta\"]'),(25,'vtiger.entity.afterdelete','modules/Vtiger/handlers/EmailLookupHandler.php','EmailLookupHandler','',1,'[]'),(26,'vtiger.entity.afterrestore','modules/Vtiger/handlers/EmailLookupHandler.php','EmailLookupHandler','',1,'[]'),(27,'vtiger.batchevent.save','modules/Vtiger/handlers/EmailLookupHandler.php','EmailLookupBatchHandler','',1,'[]'),(28,'vtiger.lead.convertlead','modules/Leads/handlers/LeadHandler.php','LeadHandler','',1,'[]'),(29,'vtiger.entity.beforesave','modules/Vtiger/handlers/CheckDuplicateHandler.php','CheckDuplicateHandler','',1,'[]'),(30,'vtiger.entity.beforerestore','modules/Vtiger/handlers/CheckDuplicateHandler.php','CheckDuplicateHandler','',1,'[]'),(31,'vtiger.entity.aftersave','modules/Vtiger/handlers/FollowRecordHandler.php','FollowRecordHandler','',1,'[]'),(32,'vtiger.field.afterdelete','modules/Vtiger/handlers/FieldEventHandler.php','FieldEventHandler','',1,'[]'),(33,'vtiger.entity.beforerelate','modules/Vtiger/handlers/RelateEntitesHandler.php','RelateEntitesHandler','',1,'[]'),(34,'vtiger.entity.afterrelate','modules/Vtiger/handlers/RelateEntitesHandler.php','RelateEntitesHandler','',1,'[]'),(35,'vtiger.entity.aftersave.final','modules/ModComments/CommentsTagsHandler.php','CommentsTagsHandler','',1,'[]');

--
-- Table structure for table `vtiger_eventhandlers_seq`
--

CREATE TABLE `vtiger_eventhandlers_seq` (
  `id` int(11) NOT NULL
) ENGINE=InnoDB DEFAULT CHARSET=utf8 COLLATE=utf8_general_ci;

--
-- Dumping data for table `vtiger_eventhandlers_seq`
--

INSERT INTO `vtiger_eventhandlers_seq` VALUES (35);

--
-- Table structure for table `vtiger_eventstatus`
--

CREATE TABLE `vtiger_eventstatus` (
  `eventstatusid` int(19) NOT NULL AUTO_INCREMENT,
  `eventstatus` varchar(200) NOT NULL,
  `presence` int(1) NOT NULL DEFAULT 1,
  `picklist_valueid` int(19) NOT NULL DEFAULT 0,
  `sortorderid` int(11) DEFAULT NULL,
  `color` varchar(10) DEFAULT NULL,
  PRIMARY KEY (`eventstatusid`)
) ENGINE=InnoDB AUTO_INCREMENT=4 DEFAULT CHARSET=utf8 COLLATE=utf8_general_ci;

--
-- Dumping data for table `vtiger_eventstatus`
--

INSERT INTO `vtiger_eventstatus` VALUES (1,'Planned',0,38,0,NULL),(2,'Held',0,39,1,NULL),(3,'Not Held',0,40,2,NULL);

--
-- Table structure for table `vtiger_eventstatus_seq`
--

CREATE TABLE `vtiger_eventstatus_seq` (
  `id` int(11) NOT NULL
) ENGINE=InnoDB DEFAULT CHARSET=utf8 COLLATE=utf8_general_ci;

--
-- Dumping data for table `vtiger_eventstatus_seq`
--

INSERT INTO `vtiger_eventstatus_seq` VALUES (3);

--
-- Table structure for table `vtiger_expectedresponse`
--

CREATE TABLE `vtiger_expectedresponse` (
  `expectedresponseid` int(19) NOT NULL AUTO_INCREMENT,
  `expectedresponse` varchar(200) NOT NULL,
  `presence` int(1) NOT NULL DEFAULT 1,
  `picklist_valueid` int(19) NOT NULL DEFAULT 0,
  `sortorderid` int(11) DEFAULT NULL,
  `color` varchar(10) DEFAULT NULL,
  PRIMARY KEY (`expectedresponseid`),
  UNIQUE KEY `CampaignExpRes_UK01` (`expectedresponse`)
) ENGINE=InnoDB AUTO_INCREMENT=10 DEFAULT CHARSET=utf8 COLLATE=utf8_general_ci;

--
-- Dumping data for table `vtiger_expectedresponse`
--

INSERT INTO `vtiger_expectedresponse` VALUES (2,'Excellent',1,42,1,NULL),(3,'Good',1,43,2,NULL),(4,'Average',1,44,3,NULL),(5,'Poor',1,45,4,NULL),(6,'Excelente',1,489,1,NULL),(7,'Pobre',1,492,1,NULL),(8,'Buena',1,493,1,NULL),(9,'Normal',1,494,1,NULL);

--
-- Table structure for table `vtiger_expectedresponse_seq`
--

CREATE TABLE `vtiger_expectedresponse_seq` (
  `id` int(11) NOT NULL
) ENGINE=InnoDB DEFAULT CHARSET=utf8 COLLATE=utf8_general_ci;

--
-- Dumping data for table `vtiger_expectedresponse_seq`
--

INSERT INTO `vtiger_expectedresponse_seq` VALUES (9);

--
-- Table structure for table `vtiger_extnstore_users`
--

CREATE TABLE `vtiger_extnstore_users` (
  `id` int(11) NOT NULL AUTO_INCREMENT,
  `username` varchar(50) DEFAULT NULL,
  `password` varchar(75) DEFAULT NULL,
  `instanceurl` varchar(255) DEFAULT NULL,
  `createdon` datetime DEFAULT NULL,
  `deleted` int(1) NOT NULL DEFAULT 0,
  PRIMARY KEY (`id`)
) ENGINE=InnoDB DEFAULT CHARSET=utf8 COLLATE=utf8_general_ci;

--
-- Dumping data for table `vtiger_extnstore_users`
--


--
-- Table structure for table `vtiger_faq`
--

CREATE TABLE `vtiger_faq` (
  `id` int(11) NOT NULL AUTO_INCREMENT,
  `faq_no` varchar(100) NOT NULL,
  `product_id` varchar(100) DEFAULT NULL,
  `question` text NOT NULL,
  `answer` text DEFAULT NULL,
  `category` varchar(200) NOT NULL,
  `status` varchar(200) NOT NULL,
  `tags` varchar(1) DEFAULT NULL,
  PRIMARY KEY (`id`),
  KEY `faq_id_idx` (`id`),
  CONSTRAINT `fk_1_vtiger_faq` FOREIGN KEY (`id`) REFERENCES `vtiger_crmentity` (`crmid`) ON DELETE CASCADE
) ENGINE=InnoDB DEFAULT CHARSET=utf8 COLLATE=utf8_general_ci;

--
-- Dumping data for table `vtiger_faq`
--


--
-- Table structure for table `vtiger_faqcategories`
--

CREATE TABLE `vtiger_faqcategories` (
  `faqcategories_id` int(19) NOT NULL AUTO_INCREMENT,
  `faqcategories` varchar(200) DEFAULT NULL,
  `presence` int(1) NOT NULL DEFAULT 1,
  `picklist_valueid` int(19) NOT NULL DEFAULT 0,
  `sortorderid` int(11) DEFAULT NULL,
  `color` varchar(10) DEFAULT NULL,
  PRIMARY KEY (`faqcategories_id`)
) ENGINE=InnoDB AUTO_INCREMENT=2 DEFAULT CHARSET=utf8 COLLATE=utf8_general_ci;

--
-- Dumping data for table `vtiger_faqcategories`
--

INSERT INTO `vtiger_faqcategories` VALUES (1,'General',1,46,0,NULL);

--
-- Table structure for table `vtiger_faqcategories_seq`
--

CREATE TABLE `vtiger_faqcategories_seq` (
  `id` int(11) NOT NULL
) ENGINE=InnoDB DEFAULT CHARSET=utf8 COLLATE=utf8_general_ci;

--
-- Dumping data for table `vtiger_faqcategories_seq`
--

INSERT INTO `vtiger_faqcategories_seq` VALUES (1);

--
-- Table structure for table `vtiger_faqcf`
--

CREATE TABLE `vtiger_faqcf` (
  `faqid` int(19) NOT NULL DEFAULT 0,
  PRIMARY KEY (`faqid`),
  CONSTRAINT `fk_1_vtiger_faqcf` FOREIGN KEY (`faqid`) REFERENCES `vtiger_faq` (`id`) ON DELETE CASCADE
) ENGINE=InnoDB DEFAULT CHARSET=utf8 COLLATE=utf8_general_ci;

--
-- Dumping data for table `vtiger_faqcf`
--


--
-- Table structure for table `vtiger_faqcomments`
--

CREATE TABLE `vtiger_faqcomments` (
  `commentid` int(19) NOT NULL AUTO_INCREMENT,
  `faqid` int(19) DEFAULT NULL,
  `comments` text DEFAULT NULL,
  `createdtime` datetime NOT NULL,
  PRIMARY KEY (`commentid`),
  KEY `faqcomments_faqid_idx` (`faqid`),
  CONSTRAINT `fk_1_vtiger_faqcomments` FOREIGN KEY (`faqid`) REFERENCES `vtiger_faq` (`id`) ON DELETE CASCADE
) ENGINE=InnoDB DEFAULT CHARSET=utf8 COLLATE=utf8_general_ci;

--
-- Dumping data for table `vtiger_faqcomments`
--


--
-- Table structure for table `vtiger_faqstatus`
--

CREATE TABLE `vtiger_faqstatus` (
  `faqstatus_id` int(19) NOT NULL AUTO_INCREMENT,
  `faqstatus` varchar(200) DEFAULT NULL,
  `presence` int(1) NOT NULL DEFAULT 1,
  `picklist_valueid` int(19) NOT NULL DEFAULT 0,
  `sortorderid` int(11) DEFAULT NULL,
  `color` varchar(10) DEFAULT NULL,
  PRIMARY KEY (`faqstatus_id`)
) ENGINE=InnoDB AUTO_INCREMENT=5 DEFAULT CHARSET=utf8 COLLATE=utf8_general_ci;

--
-- Dumping data for table `vtiger_faqstatus`
--

INSERT INTO `vtiger_faqstatus` VALUES (1,'Draft',0,47,0,NULL),(2,'Reviewed',0,48,1,NULL),(3,'Published',0,49,2,NULL),(4,'Obsolete',0,50,3,NULL);

--
-- Table structure for table `vtiger_faqstatus_seq`
--

CREATE TABLE `vtiger_faqstatus_seq` (
  `id` int(11) NOT NULL
) ENGINE=InnoDB DEFAULT CHARSET=utf8 COLLATE=utf8_general_ci;

--
-- Dumping data for table `vtiger_faqstatus_seq`
--

INSERT INTO `vtiger_faqstatus_seq` VALUES (4);

--
-- Table structure for table `vtiger_feedback`
--

CREATE TABLE `vtiger_feedback` (
  `userid` int(19) DEFAULT NULL,
  `dontshow` varchar(19) DEFAULT 'false'
) ENGINE=InnoDB DEFAULT CHARSET=utf8 COLLATE=utf8_general_ci;

--
-- Dumping data for table `vtiger_feedback`
--


--
-- Table structure for table `vtiger_field`
--

CREATE TABLE `vtiger_field` (
  `tabid` int(19) NOT NULL,
  `fieldid` int(19) NOT NULL AUTO_INCREMENT,
  `columnname` varchar(30) NOT NULL,
  `tablename` varchar(100) DEFAULT NULL,
  `generatedtype` int(19) NOT NULL DEFAULT 0,
  `uitype` varchar(30) NOT NULL,
  `fieldname` varchar(50) NOT NULL,
  `fieldlabel` varchar(50) NOT NULL,
  `readonly` int(1) NOT NULL,
  `presence` int(19) NOT NULL DEFAULT 1,
  `defaultvalue` text DEFAULT NULL,
  `maximumlength` int(19) DEFAULT NULL,
  `sequence` int(19) DEFAULT NULL,
  `block` int(19) DEFAULT NULL,
  `displaytype` int(19) DEFAULT NULL,
  `typeofdata` varchar(100) DEFAULT NULL,
  `quickcreate` int(10) NOT NULL DEFAULT 1,
  `quickcreatesequence` int(19) DEFAULT NULL,
  `info_type` varchar(20) DEFAULT NULL,
  `masseditable` int(10) NOT NULL DEFAULT 1,
  `helpinfo` text DEFAULT NULL,
  `summaryfield` int(10) NOT NULL DEFAULT 0,
  `headerfield` int(1) DEFAULT 0,
  `isunique` tinyint(1) DEFAULT 0,
  PRIMARY KEY (`fieldid`),
  KEY `field_tabid_idx` (`tabid`),
  KEY `field_fieldname_idx` (`fieldname`),
  KEY `field_block_idx` (`block`),
  KEY `field_displaytype_idx` (`displaytype`),
  CONSTRAINT `fk_1_vtiger_field` FOREIGN KEY (`tabid`) REFERENCES `vtiger_tab` (`tabid`) ON DELETE CASCADE
) ENGINE=InnoDB AUTO_INCREMENT=1251 DEFAULT CHARSET=utf8 COLLATE=utf8_general_ci;

--
-- Dumping data for table `vtiger_field`
--

INSERT INTO `vtiger_field` VALUES (6,1,'accountname','vtiger_account',1,'2','accountname','Account Name',1,0,'',100,1,9,1,'V~M',0,1,'BAS',1,NULL,1,0,1),(6,2,'account_no','vtiger_account',1,'4','account_no','Account No',1,0,'',100,2,124,1,'V~O',3,NULL,'BAS',0,NULL,0,0,0),(6,3,'phone','vtiger_account',1,'11','phone','Phone',1,2,'',100,3,9,1,'V~O',2,2,'BAS',1,NULL,0,1,0),(6,4,'website','vtiger_account',1,'17','website','Website',1,2,'',100,6,9,1,'V~O',2,3,'BAS',1,NULL,0,1,0),(6,5,'fax','vtiger_account',1,'11','fax','Fax',1,1,'',100,6,9,1,'V~O',1,NULL,'BAS',1,NULL,0,0,0),(6,6,'tickersymbol','vtiger_account',1,'1','tickersymbol','Ticker Symbol',1,1,'',100,5,9,1,'V~O',1,NULL,'BAS',1,NULL,0,0,0),(6,7,'otherphone','vtiger_account',1,'11','otherphone','Other Phone',1,2,'',100,5,9,1,'V~O',1,NULL,'ADV',1,NULL,0,0,0),(6,8,'parentid','vtiger_account',1,'51','account_id','Member Of',1,2,'',100,4,9,1,'I~O',1,NULL,'BAS',0,NULL,0,0,0),(6,9,'email1','vtiger_account',1,'13','email1','Email',1,2,'',100,7,9,1,'E~O',1,NULL,'BAS',1,NULL,0,1,0),(6,10,'employees','vtiger_account',1,'7','employees','Employees',1,2,'',100,6,247,1,'I~O',1,NULL,'ADV',1,NULL,0,0,0),(6,11,'email2','vtiger_account',1,'13','email2','Other Email',1,1,'',100,11,9,1,'E~O',1,NULL,'ADV',1,NULL,0,0,0),(6,12,'ownership','vtiger_account',1,'1','ownership','Ownership',1,1,'',100,12,9,1,'V~O',1,NULL,'ADV',1,NULL,0,0,0),(6,13,'rating','vtiger_account',1,'15','rating','Rating',1,2,'',100,2,247,1,'V~O',1,NULL,'ADV',1,NULL,0,0,0),(6,14,'industry','vtiger_account',1,'15','industry','industry',1,2,'',100,4,247,1,'V~O',1,NULL,'ADV',1,NULL,0,0,0),(6,15,'siccode','vtiger_account',1,'1','siccode','SIC Code',1,2,'',100,2,9,1,'V~O',1,NULL,'ADV',1,NULL,0,0,0),(6,16,'account_type','vtiger_account',1,'15','accounttype','Type',1,2,'',100,3,247,1,'V~O',1,NULL,'ADV',1,NULL,0,0,0),(6,17,'annualrevenue','vtiger_account',1,'71','annual_revenue','Annual Revenue',1,2,'',100,5,247,1,'N~O',1,NULL,'ADV',1,NULL,0,0,0),(6,18,'emailoptout','vtiger_account',1,'56','emailoptout','Email Opt Out',1,0,'',100,17,124,1,'C~O',1,NULL,'ADV',1,NULL,0,0,0),(6,19,'notify_owner','vtiger_account',1,'56','notify_owner','Notify Owner',1,1,'',10,20,9,1,'C~O',1,NULL,'ADV',1,NULL,0,0,0),(6,20,'smownerid','vtiger_crmentity',1,'53','assigned_user_id','Assigned To',1,0,'',100,8,9,1,'V~M',0,4,'BAS',1,NULL,1,0,0),(6,21,'createdtime','vtiger_crmentity',1,'70','createdtime','Created Time',1,0,'',100,22,124,2,'DT~O',3,NULL,'BAS',0,NULL,0,0,0),(6,22,'modifiedtime','vtiger_crmentity',1,'70','modifiedtime','Modified Time',1,0,'',100,21,124,2,'DT~O',3,NULL,'BAS',0,NULL,0,0,0),(6,23,'modifiedby','vtiger_crmentity',1,'52','modifiedby','Last Modified By',1,0,'',100,23,9,3,'V~O',3,NULL,'BAS',0,NULL,0,0,0),(6,24,'bill_street','vtiger_accountbillads',1,'21','bill_street','Billing Address',1,2,'',100,1,11,1,'V~O',1,NULL,'BAS',1,NULL,0,0,0),(6,25,'ship_street','vtiger_accountshipads',1,'21','ship_street','Shipping Address',1,2,'',100,2,11,1,'V~O',1,NULL,'BAS',1,NULL,0,0,0),(6,26,'bill_city','vtiger_accountbillads',1,'1','bill_city','Billing City',1,2,'',100,5,11,1,'V~O',1,NULL,'BAS',1,NULL,1,0,0),(6,27,'ship_city','vtiger_accountshipads',1,'1','ship_city','Shipping City',1,2,'',100,6,11,1,'V~O',1,NULL,'BAS',1,NULL,0,0,0),(6,28,'bill_state','vtiger_accountbillads',1,'1','bill_state','Billing State',1,2,'',100,7,11,1,'V~O',1,NULL,'BAS',1,NULL,0,0,0),(6,29,'ship_state','vtiger_accountshipads',1,'1','ship_state','Shipping State',1,2,'',100,8,11,1,'V~O',1,NULL,'BAS',1,NULL,0,0,0),(6,30,'bill_code','vtiger_accountbillads',1,'1','bill_code','Billing Code',1,2,'',100,9,11,1,'V~O',1,NULL,'BAS',1,NULL,0,0,0),(6,31,'ship_code','vtiger_accountshipads',1,'1','ship_code','Shipping Code',1,2,'',100,10,11,1,'V~O',1,NULL,'BAS',1,NULL,0,0,0),(6,32,'bill_country','vtiger_accountbillads',1,'1','bill_country','Billing Country',1,2,'',100,11,11,1,'V~O',1,NULL,'BAS',1,NULL,1,0,0),(6,33,'ship_country','vtiger_accountshipads',1,'1','ship_country','Shipping Country',1,2,'',100,12,11,1,'V~O',1,NULL,'BAS',1,NULL,0,0,0),(6,34,'bill_pobox','vtiger_accountbillads',1,'1','bill_pobox','Billing Po Box',1,2,'',100,3,11,1,'V~O',1,NULL,'BAS',1,NULL,0,0,0),(6,35,'ship_pobox','vtiger_accountshipads',1,'1','ship_pobox','Shipping Po Box',1,2,'',100,4,11,1,'V~O',1,NULL,'BAS',1,NULL,0,0,0),(6,36,'description','vtiger_crmentity',1,'19','description','Description',1,2,'',100,1,12,1,'V~O',1,NULL,'BAS',1,NULL,0,0,0),(7,37,'salutation','vtiger_leaddetails',1,'55','salutationtype','Salutation',1,0,'',100,1,13,3,'V~O',1,NULL,'BAS',1,NULL,0,0,0),(7,38,'firstname','vtiger_leaddetails',1,'55','firstname','First Name',1,0,'',100,1,13,1,'V~O',2,1,'BAS',1,NULL,1,0,0),(7,39,'lead_no','vtiger_leaddetails',1,'4','lead_no','Lead No',1,0,'',100,2,13,1,'V~O',3,NULL,'BAS',0,NULL,0,0,0),(7,40,'phone','vtiger_leadaddress',1,'11','phone','Phone',1,2,'',100,4,13,1,'V~O',2,4,'BAS',1,NULL,0,1,0),(7,41,'lastname','vtiger_leaddetails',1,'255','lastname','Last Name',1,0,'',100,3,13,1,'V~M',0,2,'BAS',1,NULL,1,0,0),(7,42,'mobile','vtiger_leadaddress',1,'11','mobile','Mobile',1,2,'',100,6,13,1,'V~O',1,NULL,'BAS',1,NULL,0,0,0),(7,43,'company','vtiger_leaddetails',1,'2','company','Company',1,2,'',100,5,13,1,'V~O',2,3,'BAS',1,NULL,1,0,0),(7,44,'fax','vtiger_leadaddress',1,'11','fax','Fax',1,2,'',100,8,13,1,'V~O',1,NULL,'BAS',1,NULL,0,0,0),(7,45,'designation','vtiger_leaddetails',1,'1','designation','Designation',1,2,'',100,7,13,1,'V~O',1,NULL,'BAS',1,NULL,0,0,0),(7,46,'email','vtiger_leaddetails',1,'13','email','Email',1,2,'',100,10,13,1,'E~O',2,5,'BAS',1,NULL,0,1,0),(7,47,'leadsource','vtiger_leaddetails',1,'15','leadsource','Lead Source',1,2,'',100,9,13,1,'V~O',1,NULL,'BAS',1,NULL,1,0,0),(7,48,'website','vtiger_leadsubdetails',1,'17','website','Website',1,2,'',100,12,13,1,'V~O',1,NULL,'ADV',1,NULL,1,0,0),(7,49,'industry','vtiger_leaddetails',1,'15','industry','Industry',1,2,'',100,11,13,1,'V~O',1,NULL,'ADV',1,NULL,0,0,0),(7,50,'leadstatus','vtiger_leaddetails',1,'15','leadstatus','Lead Status',1,2,'',100,14,13,1,'V~O',1,NULL,'BAS',1,NULL,0,0,0),(7,51,'annualrevenue','vtiger_leaddetails',1,'71','annualrevenue','Annual Revenue',1,2,'',100,13,13,1,'N~O',1,NULL,'ADV',1,NULL,0,0,0),(7,52,'rating','vtiger_leaddetails',1,'15','rating','Rating',1,2,'',100,20,13,1,'V~O',1,NULL,'ADV',1,NULL,0,0,0),(7,53,'noofemployees','vtiger_leaddetails',1,'1','noofemployees','No Of Employees',1,2,'',100,15,13,1,'I~O',1,NULL,'ADV',1,NULL,0,0,0),(7,54,'smownerid','vtiger_crmentity',1,'53','assigned_user_id','Assigned To',1,0,'',100,22,13,1,'V~M',0,6,'BAS',1,NULL,1,0,0),(7,55,'secondaryemail','vtiger_leaddetails',1,'13','secondaryemail','Secondary Email',1,2,'',100,17,13,1,'E~O',1,NULL,'ADV',1,NULL,0,0,0),(7,56,'createdtime','vtiger_crmentity',1,'70','createdtime','Created Time',1,0,'',100,16,13,2,'DT~O',3,NULL,'BAS',0,NULL,0,0,0),(7,57,'modifiedtime','vtiger_crmentity',1,'70','modifiedtime','Modified Time',1,0,'',100,19,13,2,'DT~O',3,NULL,'BAS',0,NULL,0,0,0),(7,58,'modifiedby','vtiger_crmentity',1,'52','modifiedby','Last Modified By',1,0,'',100,23,13,3,'V~O',3,NULL,'BAS',0,NULL,0,0,0),(7,59,'lane','vtiger_leadaddress',1,'21','lane','Street',1,2,'',100,1,15,1,'V~O',1,NULL,'BAS',1,NULL,0,0,0),(7,60,'code','vtiger_leadaddress',1,'1','code','Postal Code',1,2,'',100,3,15,1,'V~O',1,NULL,'BAS',1,NULL,0,0,0),(7,61,'city','vtiger_leadaddress',1,'1','city','City',1,2,'',100,4,15,1,'V~O',1,NULL,'BAS',1,NULL,1,0,0),(7,62,'country','vtiger_leadaddress',1,'1','country','Country',1,2,'',100,5,15,1,'V~O',1,NULL,'BAS',1,NULL,1,0,0),(7,63,'state','vtiger_leadaddress',1,'1','state','State',1,2,'',100,6,15,1,'V~O',1,NULL,'BAS',1,NULL,0,0,0),(7,64,'pobox','vtiger_leadaddress',1,'1','pobox','Po Box',1,2,'',100,2,15,1,'V~O',1,NULL,'BAS',1,NULL,0,0,0),(7,65,'description','vtiger_crmentity',1,'19','description','Description',1,2,'',100,1,16,1,'V~O',1,NULL,'BAS',1,NULL,0,0,0),(4,66,'salutation','vtiger_contactdetails',1,'55','salutationtype','Salutation',1,0,'',100,1,4,3,'V~O',1,NULL,'BAS',1,NULL,0,0,0),(4,67,'firstname','vtiger_contactdetails',1,'55','firstname','First Name',1,0,'',100,1,4,1,'V~O',2,1,'BAS',1,NULL,1,0,0),(4,68,'contact_no','vtiger_contactdetails',1,'4','contact_no','Contact Id',1,0,'',100,3,123,1,'V~O',3,NULL,'BAS',0,NULL,0,0,0),(4,69,'phone','vtiger_contactdetails',1,'11','phone','Office Phone',1,2,'',100,7,4,1,'V~O',2,4,'BAS',1,NULL,0,1,0),(4,70,'lastname','vtiger_contactdetails',1,'255','lastname','Last Name',1,0,'',100,3,4,1,'V~M',0,2,'BAS',1,NULL,1,0,0),(4,71,'mobile','vtiger_contactdetails',1,'11','mobile','Mobile',1,2,'',100,4,4,1,'V~O',1,NULL,'BAS',1,NULL,0,0,0),(4,72,'accountid','vtiger_contactdetails',1,'51','account_id','Account Name',1,0,'',100,1,245,1,'I~O',2,3,'BAS',1,NULL,1,0,0),(4,73,'homephone','vtiger_contactsubdetails',1,'11','homephone','Home Phone',1,2,'',100,6,4,1,'V~O',1,NULL,'ADV',1,NULL,0,0,0),(4,74,'leadsource','vtiger_contactsubdetails',1,'15','leadsource','Lead Source',1,2,'',100,10,4,1,'V~O',1,NULL,'BAS',1,NULL,0,0,0),(4,75,'otherphone','vtiger_contactsubdetails',1,'11','otherphone','Other Phone',1,2,'',100,8,4,1,'V~O',1,NULL,'ADV',1,NULL,0,0,0),(4,76,'title','vtiger_contactdetails',1,'1','title','Title',1,2,'',100,2,245,1,'V~O',1,NULL,'BAS',1,NULL,1,0,0),(4,77,'fax','vtiger_contactdetails',1,'11','fax','Fax',1,2,'',100,7,5,1,'V~O',1,NULL,'BAS',1,NULL,0,0,0),(4,78,'department','vtiger_contactdetails',1,'1','department','Department',1,1,'',100,16,4,1,'V~O',1,NULL,'ADV',1,NULL,0,0,0),(4,79,'birthday','vtiger_contactsubdetails',1,'5','birthday','Birthdate',1,2,'',100,9,4,1,'D~O',1,NULL,'ADV',1,NULL,0,0,0),(4,80,'email','vtiger_contactdetails',1,'13','email','Email',1,2,'',100,12,4,1,'E~O',2,5,'BAS',1,NULL,0,1,0),(4,81,'reportsto','vtiger_contactdetails',1,'57','contact_id','Reports To',1,2,'',100,4,245,1,'V~O',1,NULL,'ADV',0,NULL,0,0,0),(4,82,'assistant','vtiger_contactsubdetails',1,'1','assistant','Assistant',1,2,'',100,5,5,1,'V~O',1,NULL,'ADV',1,NULL,0,0,0),(4,83,'secondaryemail','vtiger_contactdetails',1,'13','secondaryemail','Secondary Email',1,2,'',100,14,4,1,'E~O',1,NULL,'ADV',1,NULL,0,0,0),(4,84,'assistantphone','vtiger_contactsubdetails',1,'11','assistantphone','Assistant Phone',1,2,'',100,6,5,1,'V~O',1,NULL,'ADV',1,NULL,0,0,0),(4,85,'donotcall','vtiger_contactdetails',1,'56','donotcall','Do Not Call',1,2,'',100,2,5,1,'C~O',1,NULL,'ADV',1,NULL,0,0,0),(4,86,'emailoptout','vtiger_contactdetails',1,'56','emailoptout','Email Opt Out',1,0,'',100,3,5,1,'C~O',1,NULL,'ADV',1,NULL,0,0,0),(4,87,'smownerid','vtiger_crmentity',1,'53','assigned_user_id','Assigned To',1,0,'',100,13,4,1,'V~M',0,6,'BAS',1,NULL,1,0,0),(4,88,'reference','vtiger_contactdetails',1,'56','reference','Reference',1,2,'',10,4,5,1,'C~O',1,NULL,'ADV',1,NULL,0,0,0),(4,89,'notify_owner','vtiger_contactdetails',1,'56','notify_owner','Notify Owner',1,2,'',10,1,5,1,'C~O',1,NULL,'ADV',1,NULL,0,0,0),(4,90,'createdtime','vtiger_crmentity',1,'70','createdtime','Created Time',1,0,'',100,25,123,2,'DT~O',3,NULL,'BAS',0,NULL,0,0,0),(4,91,'modifiedtime','vtiger_crmentity',1,'70','modifiedtime','Modified Time',1,0,'',100,27,123,2,'DT~O',3,NULL,'BAS',0,NULL,0,0,0),(4,92,'modifiedby','vtiger_crmentity',1,'52','modifiedby','Last Modified By',1,0,'',100,28,4,3,'V~O',3,NULL,'BAS',0,NULL,0,0,0),(4,93,'portal','vtiger_customerdetails',1,'56','portal','Portal User',1,2,'',100,1,6,1,'C~O',1,NULL,'ADV',1,NULL,0,0,0),(4,94,'support_start_date','vtiger_customerdetails',1,'5','support_start_date','Support Start Date',1,2,'',100,2,6,1,'D~O',1,NULL,'ADV',1,NULL,0,0,0),(4,95,'support_end_date','vtiger_customerdetails',1,'5','support_end_date','Support End Date',1,2,'',100,3,6,1,'D~O~OTH~GE~support_start_date~Support Start Date',1,NULL,'ADV',1,NULL,0,0,0),(4,96,'mailingstreet','vtiger_contactaddress',1,'21','mailingstreet','Mailing Street',1,2,'',100,1,7,1,'V~O',1,NULL,'BAS',1,NULL,0,0,0),(4,97,'otherstreet','vtiger_contactaddress',1,'21','otherstreet','Other Street',1,2,'',100,2,7,1,'V~O',1,NULL,'BAS',1,NULL,0,0,0),(4,98,'mailingcity','vtiger_contactaddress',1,'1','mailingcity','Mailing City',1,2,'',100,5,7,1,'V~O',1,NULL,'BAS',1,NULL,1,0,0),(4,99,'othercity','vtiger_contactaddress',1,'1','othercity','Other City',1,2,'',100,6,7,1,'V~O',1,NULL,'BAS',1,NULL,0,0,0),(4,100,'mailingstate','vtiger_contactaddress',1,'1','mailingstate','Mailing State',1,2,'',100,7,7,1,'V~O',1,NULL,'BAS',1,NULL,0,0,0),(4,101,'otherstate','vtiger_contactaddress',1,'1','otherstate','Other State',1,2,'',100,8,7,1,'V~O',1,NULL,'BAS',1,NULL,0,0,0),(4,102,'mailingzip','vtiger_contactaddress',1,'1','mailingzip','Mailing Zip',1,2,'',100,9,7,1,'V~O',1,NULL,'BAS',1,NULL,0,0,0),(4,103,'otherzip','vtiger_contactaddress',1,'1','otherzip','Other Zip',1,2,'',100,10,7,1,'V~O',1,NULL,'BAS',1,NULL,0,0,0),(4,104,'mailingcountry','vtiger_contactaddress',1,'1','mailingcountry','Mailing Country',1,2,'',100,11,7,1,'V~O',1,NULL,'BAS',1,NULL,1,0,0),(4,105,'othercountry','vtiger_contactaddress',1,'1','othercountry','Other Country',1,2,'',100,12,7,1,'V~O',1,NULL,'BAS',1,NULL,0,0,0),(4,106,'mailingpobox','vtiger_contactaddress',1,'1','mailingpobox','Mailing Po Box',1,2,'',100,3,7,1,'V~O',1,NULL,'BAS',1,NULL,0,0,0),(4,107,'otherpobox','vtiger_contactaddress',1,'1','otherpobox','Other Po Box',1,2,'',100,4,7,1,'V~O',1,NULL,'BAS',1,NULL,0,0,0),(4,108,'imagename','vtiger_contactdetails',1,'69','imagename','Contact Image',1,2,'',100,1,73,1,'V~O',3,NULL,'ADV',0,NULL,0,0,0),(4,109,'description','vtiger_crmentity',1,'19','description','Description',1,2,'',100,1,8,1,'V~O',1,NULL,'BAS',1,NULL,0,0,0),(2,110,'potentialname','vtiger_potential',1,'2','potentialname','Potential Name',1,0,'',100,1,1,1,'V~M',0,1,'BAS',1,NULL,1,0,0),(2,111,'potential_no','vtiger_potential',1,'4','potential_no','Potential No',1,0,'',100,2,121,1,'V~O',3,NULL,'BAS',0,NULL,0,0,0),(2,112,'amount','vtiger_potential',1,'71','amount','Amount',1,2,'',100,6,1,1,'N~O',2,5,'BAS',1,NULL,0,1,0),(2,113,'related_to','vtiger_potential',1,'10','related_to','Related To',1,0,'',100,2,1,1,'V~O',0,2,'BAS',1,NULL,0,1,0),(2,114,'closingdate','vtiger_potential',1,'23','closingdate','Expected Close Date',1,2,'',100,7,1,1,'D~M',2,3,'BAS',1,NULL,1,0,0),(2,115,'potentialtype','vtiger_potential',1,'15','opportunity_type','Type',1,2,'',100,11,1,1,'V~O',1,NULL,'BAS',1,NULL,0,0,0),(2,116,'nextstep','vtiger_potential',1,'1','nextstep','Next Step',1,2,'',100,10,1,1,'V~O',1,NULL,'BAS',1,NULL,0,0,0),(2,117,'leadsource','vtiger_potential',1,'15','leadsource','Lead Source',1,2,'',100,3,2,1,'V~O',1,NULL,'BAS',1,NULL,0,0,0),(2,118,'sales_stage','vtiger_potential',1,'15','sales_stage','Sales Stage',1,2,'',100,5,1,1,'V~M',2,4,'BAS',1,NULL,0,1,0),(2,119,'smownerid','vtiger_crmentity',1,'53','assigned_user_id','Assigned To',1,2,'',100,4,1,1,'V~M',0,6,'BAS',1,NULL,1,0,0),(2,120,'probability','vtiger_potential',1,'9','probability','Probability',1,2,'',100,2,2,1,'N~O',1,NULL,'BAS',1,NULL,0,0,0),(2,121,'campaignid','vtiger_potential',1,'58','campaignid','Campaign Source',1,2,'',100,1,2,1,'N~O',1,NULL,'BAS',1,NULL,0,0,0),(2,122,'createdtime','vtiger_crmentity',1,'70','createdtime','Created Time',1,0,'',100,16,121,2,'DT~O',3,NULL,'BAS',0,NULL,0,0,0),(2,123,'modifiedtime','vtiger_crmentity',1,'70','modifiedtime','Modified Time',1,0,'',100,15,121,2,'DT~O',3,NULL,'BAS',0,NULL,0,0,0),(2,124,'modifiedby','vtiger_crmentity',1,'52','modifiedby','Last Modified By',1,0,'',100,17,1,3,'V~O',3,NULL,'BAS',0,NULL,0,0,0),(2,125,'description','vtiger_crmentity',1,'19','description','Description',1,2,'',100,1,3,1,'V~O',1,NULL,'BAS',1,NULL,0,0,0),(26,126,'campaignname','vtiger_campaign',1,'2','campaignname','Campaign Name',1,0,'',100,1,74,1,'V~M',0,1,'BAS',1,NULL,1,0,0),(26,127,'campaign_no','vtiger_campaign',1,'4','campaign_no','Campaign No',1,0,'',100,2,141,1,'V~O',3,NULL,'BAS',0,NULL,0,0,0),(26,128,'campaigntype','vtiger_campaign',1,'15','campaigntype','Campaign Type',1,2,'',100,5,74,1,'V~O',2,3,'BAS',1,NULL,1,0,0),(26,129,'product_id','vtiger_campaign',1,'59','product_id','Product',1,2,'',100,6,74,1,'I~O',2,5,'BAS',1,NULL,0,0,0),(26,130,'campaignstatus','vtiger_campaign',1,'15','campaignstatus','Campaign Status',1,2,'',100,4,74,1,'V~O',2,6,'BAS',1,NULL,1,0,0),(26,131,'closingdate','vtiger_campaign',1,'23','closingdate','Expected Close Date',1,2,'',100,8,74,1,'D~M',2,2,'BAS',1,NULL,1,0,0),(26,132,'smownerid','vtiger_crmentity',1,'53','assigned_user_id','Assigned To',1,0,'',100,3,74,1,'V~M',0,7,'BAS',1,NULL,1,0,0),(26,133,'numsent','vtiger_campaign',1,'9','numsent','Num Sent',1,2,'',100,12,74,1,'N~O',1,NULL,'BAS',1,NULL,0,0,0),(26,134,'sponsor','vtiger_campaign',1,'1','sponsor','Sponsor',1,2,'',100,9,74,1,'V~O',1,NULL,'BAS',1,NULL,0,0,0),(26,135,'targetaudience','vtiger_campaign',1,'1','targetaudience','Target Audience',1,2,'',100,7,74,1,'V~O',1,NULL,'BAS',1,NULL,0,0,0),(26,136,'targetsize','vtiger_campaign',1,'1','targetsize','TargetSize',1,2,'',100,10,74,1,'I~O',1,NULL,'BAS',1,NULL,0,0,0),(26,137,'createdtime','vtiger_crmentity',1,'70','createdtime','Created Time',1,0,'',100,11,141,2,'DT~O',3,NULL,'BAS',0,NULL,0,0,0),(26,138,'modifiedtime','vtiger_crmentity',1,'70','modifiedtime','Modified Time',1,0,'',100,13,141,2,'DT~O',3,NULL,'BAS',0,NULL,0,0,0),(26,139,'modifiedby','vtiger_crmentity',1,'52','modifiedby','Last Modified By',1,0,'',100,16,74,3,'V~O',3,NULL,'BAS',0,NULL,0,0,0),(26,140,'expectedresponse','vtiger_campaign',1,'15','expectedresponse','Expected Response',1,2,'',100,3,76,1,'V~O',2,4,'BAS',1,NULL,0,0,0),(26,141,'expectedrevenue','vtiger_campaign',1,'71','expectedrevenue','Expected Revenue',1,2,'',100,4,76,1,'N~O',1,NULL,'BAS',1,NULL,1,0,0),(26,142,'budgetcost','vtiger_campaign',1,'71','budgetcost','Budget Cost',1,2,'',100,1,76,1,'N~O',1,NULL,'BAS',1,NULL,0,0,0),(26,143,'actualcost','vtiger_campaign',1,'71','actualcost','Actual Cost',1,2,'',100,2,76,1,'N~O',1,NULL,'BAS',1,NULL,0,0,0),(26,144,'expectedresponsecount','vtiger_campaign',1,'1','expectedresponsecount','Expected Response Count',1,2,'',100,7,76,1,'I~O',1,NULL,'BAS',1,NULL,0,0,0),(26,145,'expectedsalescount','vtiger_campaign',1,'1','expectedsalescount','Expected Sales Count',1,2,'',100,5,76,1,'I~O',1,NULL,'BAS',1,NULL,0,0,0),(26,146,'expectedroi','vtiger_campaign',1,'71','expectedroi','Expected ROI',1,2,'',100,9,76,1,'N~O',1,NULL,'BAS',1,NULL,0,0,0),(26,147,'actualresponsecount','vtiger_campaign',1,'1','actualresponsecount','Actual Response Count',1,2,'',100,8,76,1,'I~O',1,NULL,'BAS',1,NULL,0,0,0),(26,148,'actualsalescount','vtiger_campaign',1,'1','actualsalescount','Actual Sales Count',1,2,'',100,6,76,1,'I~O',1,NULL,'BAS',1,NULL,0,0,0),(26,149,'actualroi','vtiger_campaign',1,'71','actualroi','Actual ROI',1,2,'',100,10,76,1,'N~O',1,NULL,'BAS',1,NULL,0,0,0),(26,150,'description','vtiger_crmentity',1,'19','description','Description',1,2,'',100,1,81,1,'V~O',1,NULL,'BAS',1,NULL,0,0,0),(4,151,'campaignrelstatus','vtiger_campaignrelstatus',1,'16','campaignrelstatus','Status',1,0,'0',100,1,NULL,1,'V~O',1,NULL,'BAS',0,NULL,0,0,0),(6,152,'campaignrelstatus','vtiger_campaignrelstatus',1,'16','campaignrelstatus','Status',1,0,'0',100,1,NULL,1,'V~O',1,NULL,'BAS',0,NULL,0,0,0),(7,153,'campaignrelstatus','vtiger_campaignrelstatus',1,'16','campaignrelstatus','Status',1,0,'0',100,1,NULL,1,'V~O',1,NULL,'BAS',0,NULL,0,0,0),(26,154,'campaignrelstatus','vtiger_campaignrelstatus',1,'16','campaignrelstatus','Status',1,0,'0',100,1,NULL,1,'V~O',1,NULL,'BAS',0,NULL,0,0,0),(13,155,'ticket_no','vtiger_troubletickets',1,'4','ticket_no','Ticket No',1,0,'',100,14,129,1,'V~O',3,NULL,'BAS',0,NULL,1,0,0),(13,156,'smownerid','vtiger_crmentity',1,'53','assigned_user_id','Assigned To',1,0,'',100,9,25,1,'V~M',0,4,'BAS',1,NULL,1,0,0),(13,157,'parent_id','vtiger_troubletickets',1,'10','parent_id','Related To',1,0,'',100,2,25,1,'I~O',1,NULL,'BAS',1,NULL,1,0,0),(13,158,'priority','vtiger_troubletickets',1,'15','ticketpriorities','Priority',1,2,'',100,8,25,1,'V~M',2,3,'BAS',1,NULL,1,0,0),(13,159,'product_id','vtiger_troubletickets',1,'59','product_id','Product Name',1,2,'',100,5,25,1,'I~O',1,NULL,'BAS',1,NULL,0,0,0),(13,160,'severity','vtiger_troubletickets',1,'15','ticketseverities','Severity',1,2,'',100,10,25,1,'V~O',1,NULL,'BAS',1,NULL,1,0,0),(13,161,'status','vtiger_troubletickets',1,'15','ticketstatus','Status',1,2,'',100,7,25,1,'V~M',1,2,'BAS',1,NULL,1,0,0),(13,162,'category','vtiger_troubletickets',1,'15','ticketcategories','Category',1,2,'',100,6,25,1,'V~O',1,NULL,'BAS',1,NULL,0,0,0),(13,163,'update_log','vtiger_troubletickets',1,'19','update_log','Update History',1,1,'',100,12,25,3,'V~O',1,NULL,'BAS',0,NULL,0,0,0),(13,164,'hours','vtiger_troubletickets',1,'1','hours','Hours',1,2,'',100,1,27,1,'N~O',1,NULL,'BAS',1,'This gives the estimated hours for the Ticket.<br>When the same ticket is added to a Service Contract,based on the Tracking Unit of the Service Contract,Used units is updated whenever a ticket is Closed.',0,0,0),(13,165,'days','vtiger_troubletickets',1,'1','days','Days',1,2,'',100,2,27,1,'N~O',1,NULL,'BAS',1,'This gives the estimated days for the Ticket.<br>When the same ticket is added to a Service Contract,based on the Tracking Unit of the Service Contract,Used units is updated whenever a ticket is Closed.',0,0,0),(13,166,'createdtime','vtiger_crmentity',1,'70','createdtime','Created Time',1,0,'',100,10,129,2,'DT~O',3,NULL,'BAS',0,NULL,0,0,0),(13,167,'modifiedtime','vtiger_crmentity',1,'70','modifiedtime','Modified Time',1,0,'',100,13,129,2,'DT~O',3,NULL,'BAS',0,NULL,0,0,0),(13,168,'from_portal','vtiger_ticketcf',1,'56','from_portal','From Portal',1,0,'',100,14,25,3,'C~O',3,NULL,'BAS',0,NULL,0,0,0),(13,169,'modifiedby','vtiger_crmentity',1,'52','modifiedby','Last Modified By',1,0,'',100,17,25,3,'V~O',3,NULL,'BAS',0,NULL,0,0,0),(13,170,'title','vtiger_troubletickets',1,'22','ticket_title','Title',1,0,'',100,1,25,1,'V~M',0,1,'BAS',1,NULL,1,0,0),(13,171,'description','vtiger_crmentity',1,'19','description','Description',1,2,'',100,1,28,1,'V~O',2,4,'BAS',1,NULL,1,0,0),(13,172,'solution','vtiger_troubletickets',1,'19','solution','Solution',1,0,'',100,1,29,1,'V~O',3,NULL,'BAS',0,NULL,0,0,0),(13,173,'comments','vtiger_ticketcomments',1,'19','comments','Add Comment',1,1,'',100,1,30,1,'V~O',3,NULL,'BAS',0,NULL,0,0,0),(14,174,'productname','vtiger_products',1,'2','productname','Product Name',1,0,'',100,1,31,1,'V~M',0,1,'BAS',1,NULL,1,0,0),(14,175,'product_no','vtiger_products',1,'4','product_no','Product No',1,0,'',100,2,130,1,'V~O',3,NULL,'BAS',0,NULL,0,1,0),(14,176,'productcode','vtiger_products',1,'1','productcode','Part Number',1,2,'',100,4,31,1,'V~O',1,NULL,'BAS',1,NULL,1,0,0),(14,177,'discontinued','vtiger_products',1,'56','discontinued','Product Active',1,2,'1',100,3,31,1,'V~O',2,2,'BAS',1,NULL,0,1,0),(14,178,'manufacturer','vtiger_products',1,'15','manufacturer','Manufacturer',1,2,'',100,6,31,1,'V~O',1,NULL,'BAS',1,NULL,0,0,0),(14,179,'productcategory','vtiger_products',1,'15','productcategory','Product Category',1,2,'',100,6,31,1,'V~O',1,NULL,'BAS',1,NULL,0,1,0),(14,180,'sales_start_date','vtiger_products',1,'5','sales_start_date','Sales Start Date',1,2,'',100,5,31,1,'D~O',1,NULL,'BAS',1,NULL,0,0,0),(14,181,'sales_end_date','vtiger_products',1,'5','sales_end_date','Sales End Date',1,2,'',100,8,31,1,'D~O~OTH~GE~sales_start_date~Sales Start Date',1,NULL,'BAS',1,NULL,0,0,0),(14,182,'start_date','vtiger_products',1,'5','start_date','Support Start Date',1,2,'',100,7,31,1,'D~O',1,NULL,'BAS',1,NULL,0,0,0),(14,183,'expiry_date','vtiger_products',1,'5','expiry_date','Support Expiry Date',1,2,'',100,10,31,1,'D~O~OTH~GE~start_date~Start Date',1,NULL,'BAS',1,NULL,0,0,0),(14,184,'website','vtiger_products',1,'17','website','Website',1,2,'',100,14,31,1,'V~O',1,NULL,'BAS',1,NULL,0,0,0),(14,185,'vendor_id','vtiger_products',1,'75','vendor_id','Vendor Name',1,2,'',100,13,31,1,'I~O',1,NULL,'BAS',1,NULL,0,0,0),(14,186,'mfr_part_no','vtiger_products',1,'1','mfr_part_no','Mfr PartNo',1,2,'',100,16,31,1,'V~O',1,NULL,'BAS',1,NULL,0,0,0),(14,187,'vendor_part_no','vtiger_products',1,'1','vendor_part_no','Vendor PartNo',1,2,'',100,15,31,1,'V~O',1,NULL,'BAS',1,NULL,0,0,0),(14,188,'serialno','vtiger_products',1,'1','serial_no','Serial No',1,2,'',100,18,130,1,'V~O',1,NULL,'BAS',1,NULL,0,0,0),(14,189,'productsheet','vtiger_products',1,'1','productsheet','Product Sheet',1,2,'',100,17,31,1,'V~O',1,NULL,'BAS',1,NULL,0,0,0),(14,190,'glacct','vtiger_products',1,'15','glacct','GL Account',1,2,'',100,20,31,1,'V~O',1,NULL,'BAS',1,NULL,0,0,0),(14,191,'createdtime','vtiger_crmentity',1,'70','createdtime','Created Time',1,0,'',100,19,130,2,'DT~O',3,NULL,'BAS',0,NULL,0,0,0),(14,192,'modifiedtime','vtiger_crmentity',1,'70','modifiedtime','Modified Time',1,0,'',100,21,130,2,'DT~O',3,NULL,'BAS',0,NULL,0,0,0),(14,193,'modifiedby','vtiger_crmentity',1,'52','modifiedby','Last Modified By',1,0,'',100,22,31,3,'V~O',3,NULL,'BAS',0,NULL,0,0,0),(14,194,'unit_price','vtiger_products',1,'72','unit_price','Unit Price',1,0,'',100,1,32,1,'N~O',2,3,'BAS',0,NULL,1,0,0),(14,195,'commissionrate','vtiger_products',1,'9','commissionrate','Commission Rate',1,2,'',100,2,32,1,'N~O',1,NULL,'BAS',1,NULL,1,0,0),(14,196,'taxclass','vtiger_products',1,'83','taxclass','Taxes',1,2,'',100,4,32,1,'V~O',2,NULL,'BAS',1,NULL,0,0,0),(14,197,'usageunit','vtiger_products',1,'15','usageunit','Usage Unit',1,2,'',100,1,33,1,'V~O',1,NULL,'ADV',1,NULL,0,0,0),(14,198,'qty_per_unit','vtiger_products',1,'1','qty_per_unit','Qty/Unit',1,2,'',100,2,33,1,'N~O',1,NULL,'ADV',1,NULL,1,0,0),(14,199,'qtyinstock','vtiger_products',1,'1','qtyinstock','Qty In Stock',1,2,'',100,3,33,1,'NN~O',0,4,'ADV',1,NULL,0,1,0),(14,200,'reorderlevel','vtiger_products',1,'1','reorderlevel','Reorder Level',1,2,'',100,4,33,1,'I~O',1,NULL,'ADV',1,NULL,0,0,0),(14,201,'smownerid','vtiger_crmentity',1,'53','assigned_user_id','Handler',1,0,'',100,5,33,1,'V~M',0,5,'BAS',1,NULL,0,0,0),(14,202,'qtyindemand','vtiger_products',1,'1','qtyindemand','Qty In Demand',1,2,'',100,6,33,1,'I~O',1,NULL,'ADV',1,NULL,0,0,0),(14,203,'imagename','vtiger_products',1,'69','imagename','Product Image',1,2,'',100,1,35,1,'V~O',3,NULL,'ADV',0,NULL,0,0,0),(14,204,'description','vtiger_crmentity',1,'19','description','Description',1,2,'',100,1,36,1,'V~O',1,NULL,'BAS',1,NULL,0,0,0),(8,205,'title','vtiger_notes',1,'2','notes_title','Title',1,0,'',100,1,17,1,'V~M',0,1,'BAS',1,NULL,1,0,0),(8,206,'createdtime','vtiger_crmentity',1,'70','createdtime','Created Time',1,0,'',100,5,126,2,'DT~O',3,NULL,'BAS',0,NULL,0,0,0),(8,207,'modifiedtime','vtiger_crmentity',1,'70','modifiedtime','Modified Time',1,0,'',100,6,126,2,'DT~O',3,NULL,'BAS',0,NULL,1,0,0),(8,208,'filename','vtiger_notes',1,'28','filename','File Name',1,2,'',100,3,18,1,'V~O',0,NULL,'BAS',0,NULL,1,0,0),(8,209,'smownerid','vtiger_crmentity',1,'53','assigned_user_id','Assigned To',1,0,'',100,4,17,1,'V~M',0,3,'BAS',1,NULL,1,0,0),(8,210,'notecontent','vtiger_notes',1,'19','notecontent','Note',1,2,'',100,1,84,1,'V~O',1,NULL,'BAS',0,NULL,0,0,0),(8,211,'filetype','vtiger_notes',1,'1','filetype','File Type',1,2,NULL,100,5,18,2,'V~O',3,NULL,'BAS',0,NULL,0,0,0),(8,212,'filesize','vtiger_notes',1,'1','filesize','File Size',1,2,NULL,100,4,18,2,'I~O',3,NULL,'BAS',0,NULL,0,0,0),(8,213,'filelocationtype','vtiger_notes',1,'27','filelocationtype','Download Type',1,0,NULL,100,1,18,1,'V~O',0,NULL,'BAS',0,NULL,0,0,0),(8,214,'fileversion','vtiger_notes',1,'1','fileversion','Version',1,2,NULL,100,6,18,1,'V~O',1,NULL,'BAS',1,NULL,0,0,0),(8,215,'filestatus','vtiger_notes',1,'56','filestatus','Active',1,2,'1',100,2,18,1,'V~O',1,NULL,'BAS',1,NULL,0,0,0),(8,216,'filedownloadcount','vtiger_notes',1,'1','filedownloadcount','Download Count',1,2,NULL,100,7,18,2,'I~O',3,NULL,'BAS',0,NULL,0,0,0),(8,217,'folderid','vtiger_notes',1,'26','folderid','Folder Name',1,2,'',100,2,17,1,'V~O',2,2,'BAS',1,NULL,1,0,0),(8,218,'note_no','vtiger_notes',1,'4','note_no','Document No',1,0,'',100,3,126,1,'V~O',3,NULL,'BAS',0,NULL,0,0,0),(8,219,'modifiedby','vtiger_crmentity',1,'52','modifiedby','Last Modified By',1,0,'',100,12,17,3,'V~O',3,NULL,'BAS',0,NULL,0,0,0),(10,220,'date_start','vtiger_activity',1,'6','date_start','Date & Time Sent',1,0,'',100,1,21,1,'DT~M~time_start~Time Start',1,NULL,'BAS',1,NULL,0,0,0),(10,221,'semodule','vtiger_activity',1,'2','parent_type','Sales Enity Module',1,0,'',100,2,21,3,'',1,NULL,'BAS',1,NULL,0,0,0),(10,222,'activitytype','vtiger_activity',1,'2','activitytype','Activtiy Type',1,0,'',100,3,21,3,'V~O',1,NULL,'BAS',1,NULL,0,0,0),(10,223,'smownerid','vtiger_crmentity',1,'53','assigned_user_id','Assigned To',1,0,'',100,5,21,1,'V~M',1,NULL,'BAS',1,NULL,0,0,0),(10,224,'subject','vtiger_activity',1,'2','subject','Subject',1,0,'',100,1,23,1,'V~M',1,NULL,'BAS',1,NULL,0,0,0),(10,225,'name','vtiger_attachments',1,'61','filename','Attachment',1,0,'',100,2,23,1,'V~O',1,NULL,'BAS',1,NULL,0,0,0),(10,226,'description','vtiger_crmentity',1,'19','description','Description',1,0,'',100,1,24,1,'V~O',1,NULL,'BAS',1,NULL,0,0,0),(10,227,'time_start','vtiger_activity',1,'2','time_start','Time Start',1,0,'',100,9,23,1,'T~O',1,NULL,'BAS',1,NULL,0,0,0),(10,228,'createdtime','vtiger_crmentity',1,'70','createdtime','Created Time',1,0,'',100,10,128,1,'DT~O',3,NULL,'BAS',0,NULL,0,0,0),(10,229,'modifiedtime','vtiger_crmentity',1,'70','modifiedtime','Modified Time',1,0,'',100,11,128,2,'DT~O',3,NULL,'BAS',0,NULL,0,0,0),(10,230,'access_count','vtiger_email_track',1,'25','access_count','Access Count',1,0,'0',100,6,21,3,'I~O',1,NULL,'BAS',0,NULL,0,0,0),(10,231,'modifiedby','vtiger_crmentity',1,'52','modifiedby','Last Modified By',1,0,'',100,12,21,3,'V~O',3,NULL,'BAS',0,NULL,0,0,0),(9,232,'subject','vtiger_activity',1,'2','subject','Subject',1,0,'',100,1,19,1,'V~M',0,1,'BAS',1,NULL,1,0,0),(9,233,'smownerid','vtiger_crmentity',1,'53','assigned_user_id','Assigned To',1,0,'',100,2,19,1,'V~M',0,4,'BAS',1,NULL,1,0,0),(9,234,'date_start','vtiger_activity',1,'6','date_start','Start Date & Time',1,0,'',100,3,19,1,'DT~M~time_start',0,2,'BAS',1,NULL,1,0,0),(9,235,'time_start','vtiger_activity',1,'2','time_start','Time Start',1,0,'',100,4,19,3,'T~M',1,NULL,'BAS',1,NULL,1,0,0),(9,236,'time_end','vtiger_activity',1,'2','time_end','End Time',1,0,'',100,4,19,3,'T~O',1,NULL,'BAS',1,NULL,1,0,0),(9,237,'due_date','vtiger_activity',1,'23','due_date','Due Date',1,0,'',100,5,19,1,'D~M~OTH~GE~date_start~Start Date & Time',1,NULL,'BAS',1,NULL,1,0,0),(9,238,'crmid','vtiger_seactivityrel',1,'66','parent_id','Related To',1,0,'',100,7,19,1,'I~O',1,NULL,'BAS',1,NULL,1,0,0),(9,239,'contactid','vtiger_cntactivityrel',1,'57','contact_id','Contact Name',1,0,'',100,8,19,1,'I~O',1,NULL,'BAS',1,NULL,0,0,0),(9,240,'status','vtiger_activity',1,'15','taskstatus','Status',1,0,'',100,8,19,1,'V~M',0,3,'BAS',1,NULL,0,0,0),(9,241,'eventstatus','vtiger_activity',1,'15','eventstatus','Status',1,0,'',100,9,19,3,'V~O',1,NULL,'BAS',1,NULL,0,0,0),(9,242,'priority','vtiger_activity',1,'15','taskpriority','Priority',1,0,'',100,10,19,1,'V~O',1,NULL,'BAS',1,NULL,0,0,0),(9,243,'sendnotification','vtiger_activity',1,'56','sendnotification','Send Notification',1,0,'',100,11,19,1,'C~O',1,NULL,'BAS',1,NULL,0,0,0),(9,244,'createdtime','vtiger_crmentity',1,'70','createdtime','Created Time',1,0,'',100,14,127,2,'DT~O',3,NULL,'BAS',0,NULL,0,0,0),(9,245,'modifiedtime','vtiger_crmentity',1,'70','modifiedtime','Modified Time',1,0,'',100,15,127,2,'DT~O',3,NULL,'BAS',0,NULL,0,0,0),(9,246,'activitytype','vtiger_activity',1,'15','activitytype','Activity Type',1,0,'',100,16,19,3,'V~O',1,NULL,'BAS',1,NULL,1,0,0),(9,247,'visibility','vtiger_activity',1,'16','visibility','Visibility',1,0,'',100,17,19,3,'V~O',1,NULL,'BAS',1,NULL,0,0,0),(9,248,'description','vtiger_crmentity',1,'19','description','Description',1,0,'',100,1,20,1,'V~O',1,NULL,'BAS',1,NULL,0,0,0),(9,249,'duration_hours','vtiger_activity',1,'63','duration_hours','Duration',1,0,'',100,17,19,3,'T~O',1,NULL,'BAS',1,NULL,0,0,0),(9,250,'duration_minutes','vtiger_activity',1,'16','duration_minutes','Duration Minutes',1,0,'',100,18,19,3,'T~O',1,NULL,'BAS',1,NULL,0,0,0),(9,251,'location','vtiger_activity',1,'1','location','Location',1,0,'',100,19,19,1,'V~O',1,NULL,'BAS',1,NULL,1,0,0),(9,252,'reminder_time','vtiger_activity_reminder',1,'30','reminder_time','Send Reminder',1,0,'',100,1,120,1,'I~O',1,NULL,'BAS',1,NULL,0,0,0),(9,253,'recurringtype','vtiger_activity',1,'16','recurringtype','Recurrence',1,0,'',100,6,19,3,'O~O',1,NULL,'BAS',1,NULL,1,0,0),(9,254,'notime','vtiger_activity',1,'56','notime','No Time',1,0,'',100,20,19,3,'C~O',1,NULL,'BAS',1,NULL,0,0,0),(9,255,'modifiedby','vtiger_crmentity',1,'52','modifiedby','Last Modified By',1,0,'',100,22,19,3,'V~O',3,NULL,'BAS',0,NULL,0,0,0),(16,256,'subject','vtiger_activity',1,'2','subject','Subject',1,0,'',100,1,39,1,'V~M',0,1,'BAS',1,NULL,1,0,0),(16,257,'smownerid','vtiger_crmentity',1,'53','assigned_user_id','Assigned To',1,0,'',100,2,39,1,'V~M',0,6,'BAS',1,NULL,1,0,0),(16,258,'date_start','vtiger_activity',1,'6','date_start','Start Date & Time',1,0,'',100,3,39,1,'DT~M~time_start',0,2,'BAS',1,NULL,1,0,0),(16,259,'time_start','vtiger_activity',1,'2','time_start','Time Start',1,0,'',100,4,39,3,'T~M',1,NULL,'BAS',1,NULL,1,0,0),(16,260,'due_date','vtiger_activity',1,'23','due_date','End Date',1,0,'',100,5,39,1,'D~M~OTH~GE~date_start~Start Date & Time',0,5,'BAS',1,NULL,1,0,0),(16,261,'time_end','vtiger_activity',1,'2','time_end','End Time',1,0,'',100,5,39,3,'T~M',1,NULL,'BAS',1,NULL,1,0,0),(16,262,'recurringtype','vtiger_activity',1,'16','recurringtype','Recurrence',1,0,'',100,6,117,1,'O~O',1,NULL,'BAS',1,NULL,1,0,0),(16,263,'duration_hours','vtiger_activity',1,'63','duration_hours','Duration',1,0,'',100,7,39,3,'I~M',1,NULL,'BAS',1,NULL,0,0,0),(16,264,'duration_minutes','vtiger_activity',1,'16','duration_minutes','Duration Minutes',1,0,'',100,8,39,3,'O~O',1,NULL,'BAS',1,NULL,0,0,0),(16,265,'crmid','vtiger_seactivityrel',1,'66','parent_id','Related To',1,0,'',100,9,119,1,'I~O',1,NULL,'BAS',1,NULL,1,0,0),(16,266,'eventstatus','vtiger_activity',1,'15','eventstatus','Status',1,0,'',100,10,39,1,'V~M',0,3,'BAS',1,NULL,0,0,0),(16,267,'sendnotification','vtiger_activity',1,'56','sendnotification','Send Notification',1,0,'',100,11,39,1,'C~O',1,NULL,'BAS',1,NULL,0,0,0),(16,268,'activitytype','vtiger_activity',1,'15','activitytype','Activity Type',1,0,'',100,12,39,1,'V~M',0,4,'BAS',1,NULL,1,0,0),(16,269,'location','vtiger_activity',1,'1','location','Location',1,0,'',100,13,39,1,'V~O',1,NULL,'BAS',1,NULL,1,0,0),(16,270,'createdtime','vtiger_crmentity',1,'70','createdtime','Created Time',1,0,'',100,14,132,2,'DT~O',3,NULL,'BAS',0,NULL,0,0,0),(16,271,'modifiedtime','vtiger_crmentity',1,'70','modifiedtime','Modified Time',1,0,'',100,15,132,2,'DT~O',3,NULL,'BAS',0,NULL,0,0,0),(16,272,'priority','vtiger_activity',1,'15','taskpriority','Priority',1,0,'',100,16,39,1,'V~O',1,NULL,'BAS',1,NULL,0,0,0),(16,273,'notime','vtiger_activity',1,'56','notime','No Time',1,0,'',100,17,39,3,'C~O',1,NULL,'BAS',1,NULL,0,0,0),(16,274,'visibility','vtiger_activity',1,'16','visibility','Visibility',1,0,'',100,18,39,1,'V~O',1,NULL,'BAS',1,NULL,0,0,0),(16,275,'modifiedby','vtiger_crmentity',1,'52','modifiedby','Last Modified By',1,0,'',100,22,39,3,'V~O',3,NULL,'BAS',0,NULL,0,0,0),(16,276,'description','vtiger_crmentity',1,'19','description','Description',1,0,'',100,1,41,1,'V~O',1,NULL,'BAS',1,NULL,0,0,0),(16,277,'reminder_time','vtiger_activity_reminder',1,'30','reminder_time','Send Reminder',1,0,'',100,1,40,1,'I~O',1,NULL,'BAS',1,NULL,0,0,0),(16,278,'contactid','vtiger_cntactivityrel',1,'57','contact_id','Contact Name',1,0,'',100,1,119,1,'I~O',1,NULL,'BAS',1,NULL,0,0,0),(15,279,'product_id','vtiger_faq',1,'59','product_id','Product Name',1,2,'',100,1,37,1,'I~O',3,NULL,'BAS',1,NULL,1,0,0),(15,280,'faq_no','vtiger_faq',1,'4','faq_no','Faq No',1,0,'',100,2,131,1,'V~O',3,NULL,'BAS',0,NULL,0,0,0),(15,281,'category','vtiger_faq',1,'15','faqcategories','Category',1,2,'',100,4,37,1,'V~O',3,NULL,'BAS',1,NULL,1,0,0),(15,282,'status','vtiger_faq',1,'15','faqstatus','Status',1,2,'',100,3,37,1,'V~M',3,NULL,'BAS',1,NULL,0,0,0),(15,283,'question','vtiger_faq',1,'20','question','Question',1,2,'',100,7,37,1,'V~M',3,NULL,'BAS',1,NULL,1,0,0),(15,284,'answer','vtiger_faq',1,'20','faq_answer','Answer',1,2,'',100,8,37,1,'V~M',3,NULL,'BAS',1,NULL,0,0,0),(15,285,'comments','vtiger_faqcomments',1,'19','comments','Add Comment',1,1,'',100,1,38,1,'V~O',3,NULL,'BAS',0,NULL,0,0,0),(15,286,'createdtime','vtiger_crmentity',1,'70','createdtime','Created Time',1,0,'',100,5,131,2,'DT~O',3,NULL,'BAS',0,NULL,1,0,0),(15,287,'modifiedtime','vtiger_crmentity',1,'70','modifiedtime','Modified Time',1,0,'',100,6,131,2,'DT~O',3,NULL,'BAS',0,NULL,1,0,0),(15,288,'modifiedby','vtiger_crmentity',1,'52','modifiedby','Last Modified By',1,0,'',100,7,37,3,'V~O',3,NULL,'BAS',0,NULL,0,0,0),(18,289,'vendorname','vtiger_vendor',1,'2','vendorname','Vendor Name',1,0,'',100,1,42,1,'V~M',0,1,'BAS',1,NULL,1,0,0),(18,290,'vendor_no','vtiger_vendor',1,'4','vendor_no','Vendor No',1,0,'',100,2,133,1,'V~O',3,NULL,'BAS',0,NULL,0,0,0),(18,291,'phone','vtiger_vendor',1,'1','phone','Phone',1,2,'',100,4,42,1,'V~O',2,2,'BAS',1,NULL,0,1,0),(18,292,'email','vtiger_vendor',1,'13','email','Email',1,2,'',100,3,42,1,'E~O',2,3,'BAS',1,NULL,0,1,0),(18,293,'website','vtiger_vendor',1,'17','website','Website',1,2,'',100,6,42,1,'V~O',1,NULL,'BAS',1,NULL,0,1,0),(18,294,'glacct','vtiger_vendor',1,'15','glacct','GL Account',1,2,'',100,5,42,1,'V~O',1,NULL,'BAS',1,NULL,0,0,0),(18,295,'category','vtiger_vendor',1,'1','category','Category',1,2,'',100,8,42,1,'V~O',1,NULL,'BAS',1,NULL,1,0,0),(18,296,'createdtime','vtiger_crmentity',1,'70','createdtime','Created Time',1,0,'',100,7,133,2,'DT~O',3,NULL,'BAS',0,NULL,0,0,0),(18,297,'modifiedtime','vtiger_crmentity',1,'70','modifiedtime','Modified Time',1,0,'',100,9,133,2,'DT~O',3,NULL,'BAS',0,NULL,0,0,0),(18,298,'modifiedby','vtiger_crmentity',1,'52','modifiedby','Last Modified By',1,0,'',100,12,42,3,'V~O',3,NULL,'BAS',0,NULL,0,0,0),(18,299,'street','vtiger_vendor',1,'21','street','Street',1,2,'',100,1,44,1,'V~O',1,NULL,'ADV',1,NULL,0,0,0),(18,300,'pobox','vtiger_vendor',1,'1','pobox','Po Box',1,2,'',100,2,44,1,'V~O',1,NULL,'ADV',1,NULL,0,0,0),(18,301,'city','vtiger_vendor',1,'1','city','City',1,2,'',100,3,44,1,'V~O',1,NULL,'ADV',1,NULL,0,0,0),(18,302,'state','vtiger_vendor',1,'1','state','State',1,2,'',100,4,44,1,'V~O',1,NULL,'ADV',1,NULL,0,0,0),(18,303,'postalcode','vtiger_vendor',1,'1','postalcode','Postal Code',1,2,'',100,5,44,1,'V~O',1,NULL,'ADV',1,NULL,0,0,0),(18,304,'country','vtiger_vendor',1,'1','country','Country',1,2,'',100,6,44,1,'V~O',1,NULL,'ADV',1,NULL,0,0,0),(18,305,'description','vtiger_crmentity',1,'19','description','Description',1,2,'',100,1,45,1,'V~O',1,NULL,'ADV',1,NULL,0,0,0),(19,306,'bookname','vtiger_pricebook',1,'2','bookname','Price Book Name',1,0,'',100,1,46,1,'V~M',0,1,'BAS',1,NULL,1,0,0),(19,307,'pricebook_no','vtiger_pricebook',1,'4','pricebook_no','PriceBook No',1,0,'',100,3,134,1,'V~O',3,NULL,'BAS',0,NULL,0,0,0),(19,308,'active','vtiger_pricebook',1,'56','active','Active',1,2,'1',100,2,46,1,'C~O',2,2,'BAS',1,NULL,1,0,0),(19,309,'createdtime','vtiger_crmentity',1,'70','createdtime','Created Time',1,0,'',100,4,134,2,'DT~O',3,NULL,'BAS',0,NULL,0,0,0),(19,310,'modifiedtime','vtiger_crmentity',1,'70','modifiedtime','Modified Time',1,0,'',100,5,134,2,'DT~O',3,NULL,'BAS',0,NULL,0,0,0),(19,311,'currency_id','vtiger_pricebook',1,'117','currency_id','Currency',1,0,'',100,5,46,1,'I~M',0,3,'BAS',0,NULL,0,0,0),(19,312,'modifiedby','vtiger_crmentity',1,'52','modifiedby','Last Modified By',1,0,'',100,7,46,3,'V~O',3,NULL,'BAS',0,NULL,0,0,0),(19,313,'description','vtiger_crmentity',1,'19','description','Description',1,2,'',100,1,48,1,'V~O',1,NULL,'BAS',1,NULL,0,0,0),(20,314,'quote_no','vtiger_quotes',1,'4','quote_no','Quote No',1,0,'',100,3,135,1,'V~O',3,NULL,'BAS',0,NULL,1,0,0),(20,315,'subject','vtiger_quotes',1,'2','subject','Subject',1,0,'',100,1,49,1,'V~M',1,NULL,'BAS',1,NULL,1,0,0),(20,316,'potentialid','vtiger_quotes',1,'76','potential_id','Potential Name',1,2,'',100,2,49,1,'I~O',3,NULL,'BAS',1,NULL,1,0,0),(20,317,'quotestage','vtiger_quotes',1,'15','quotestage','Quote Stage',1,2,'',100,4,49,1,'V~M',3,NULL,'BAS',1,NULL,0,1,0),(20,318,'validtill','vtiger_quotes',1,'5','validtill','Valid Till',1,2,'',100,5,49,1,'D~O',3,NULL,'BAS',1,NULL,0,0,0),(20,319,'contactid','vtiger_quotes',1,'57','contact_id','Contact Name',1,2,'',100,6,49,1,'V~O',3,NULL,'BAS',1,NULL,0,1,0),(20,320,'carrier','vtiger_quotes',1,'15','carrier','Carrier',1,2,'',100,8,49,1,'V~O',3,NULL,'BAS',1,NULL,0,0,0),(20,321,'subtotal','vtiger_quotes',1,'72','hdnSubTotal','Sub Total',1,2,'',100,9,49,3,'N~O',3,NULL,'BAS',1,NULL,0,0,0),(20,322,'shipping','vtiger_quotes',1,'1','shipping','Shipping',1,2,'',100,10,49,1,'V~O',3,NULL,'BAS',1,NULL,0,0,0),(20,323,'inventorymanager','vtiger_quotes',1,'77','assigned_user_id1','Inventory Manager',1,2,'',100,11,49,1,'I~O',3,NULL,'BAS',1,NULL,0,0,0),(20,324,'adjustment','vtiger_quotes',1,'72','txtAdjustment','Adjustment',1,2,'',100,20,49,3,'NN~O',3,NULL,'BAS',1,NULL,0,0,0),(20,325,'total','vtiger_quotes',1,'72','hdnGrandTotal','Total',1,2,'',100,14,49,3,'N~O',3,NULL,'BAS',1,NULL,0,1,0),(20,326,'taxtype','vtiger_quotes',1,'16','hdnTaxType','Tax Type',1,2,'',100,14,49,3,'V~O',3,NULL,'BAS',1,NULL,0,0,0),(20,327,'discount_percent','vtiger_quotes',1,'1','hdnDiscountPercent','Discount Percent',1,2,'',100,14,116,5,'N~O',3,NULL,'BAS',1,NULL,0,0,0),(20,328,'discount_amount','vtiger_quotes',1,'72','hdnDiscountAmount','Discount Amount',1,2,'',100,14,116,5,'N~O',3,NULL,'BAS',1,NULL,0,0,0),(20,329,'s_h_amount','vtiger_quotes',1,'72','hdnS_H_Amount','S&H Amount',1,2,'',100,14,49,3,'N~O',3,NULL,'BAS',1,NULL,0,0,0),(20,330,'accountid','vtiger_quotes',1,'73','account_id','Account Name',1,2,'',100,16,49,1,'I~M',3,NULL,'BAS',1,NULL,0,1,0),(20,331,'smownerid','vtiger_crmentity',1,'53','assigned_user_id','Assigned To',1,0,'',100,17,49,1,'V~M',3,NULL,'BAS',1,NULL,1,0,0),(20,332,'createdtime','vtiger_crmentity',1,'70','createdtime','Created Time',1,0,'',100,18,135,2,'DT~O',3,NULL,'BAS',0,NULL,0,0,0),(20,333,'modifiedtime','vtiger_crmentity',1,'70','modifiedtime','Modified Time',1,0,'',100,19,135,2,'DT~O',3,NULL,'BAS',0,NULL,0,0,0),(20,334,'modifiedby','vtiger_crmentity',1,'52','modifiedby','Last Modified By',1,0,'',100,22,49,3,'V~O',3,NULL,'BAS',0,NULL,0,0,0),(20,335,'currency_id','vtiger_quotes',1,'117','currency_id','Currency',1,2,'1',100,20,49,3,'I~O',3,NULL,'BAS',1,NULL,0,0,0),(20,336,'conversion_rate','vtiger_quotes',1,'1','conversion_rate','Conversion Rate',1,2,'1',100,21,49,3,'N~O',3,NULL,'BAS',1,NULL,0,0,0),(20,337,'bill_street','vtiger_quotesbillads',1,'24','bill_street','Billing Address',1,2,'',100,1,51,1,'V~M',3,NULL,'BAS',1,NULL,0,0,0),(20,338,'ship_street','vtiger_quotesshipads',1,'24','ship_street','Shipping Address',1,2,'',100,2,51,1,'V~M',3,NULL,'BAS',1,NULL,0,0,0),(20,339,'bill_city','vtiger_quotesbillads',1,'1','bill_city','Billing City',1,2,'',100,5,51,1,'V~O',3,NULL,'BAS',1,NULL,0,0,0),(20,340,'ship_city','vtiger_quotesshipads',1,'1','ship_city','Shipping City',1,2,'',100,6,51,1,'V~O',3,NULL,'BAS',1,NULL,0,0,0),(20,341,'bill_state','vtiger_quotesbillads',1,'1','bill_state','Billing State',1,2,'',100,7,51,1,'V~O',3,NULL,'BAS',1,NULL,0,0,0),(20,342,'ship_state','vtiger_quotesshipads',1,'1','ship_state','Shipping State',1,2,'',100,8,51,1,'V~O',3,NULL,'BAS',1,NULL,0,0,0),(20,343,'bill_code','vtiger_quotesbillads',1,'1','bill_code','Billing Code',1,2,'',100,9,51,1,'V~O',3,NULL,'BAS',1,NULL,0,0,0),(20,344,'ship_code','vtiger_quotesshipads',1,'1','ship_code','Shipping Code',1,2,'',100,10,51,1,'V~O',3,NULL,'BAS',1,NULL,0,0,0),(20,345,'bill_country','vtiger_quotesbillads',1,'1','bill_country','Billing Country',1,2,'',100,11,51,1,'V~O',3,NULL,'BAS',1,NULL,0,0,0),(20,346,'ship_country','vtiger_quotesshipads',1,'1','ship_country','Shipping Country',1,2,'',100,12,51,1,'V~O',3,NULL,'BAS',1,NULL,0,0,0),(20,347,'bill_pobox','vtiger_quotesbillads',1,'1','bill_pobox','Billing Po Box',1,2,'',100,3,51,1,'V~O',3,NULL,'BAS',1,NULL,0,0,0),(20,348,'ship_pobox','vtiger_quotesshipads',1,'1','ship_pobox','Shipping Po Box',1,2,'',100,4,51,1,'V~O',3,NULL,'BAS',1,NULL,0,0,0),(20,349,'description','vtiger_crmentity',1,'19','description','Description',1,2,'',100,1,54,1,'V~O',3,NULL,'ADV',1,NULL,0,0,0),(20,350,'terms_conditions','vtiger_quotes',1,'19','terms_conditions','Terms & Conditions',1,2,'',100,1,53,1,'V~O',3,NULL,'ADV',1,NULL,0,0,0),(21,351,'purchaseorder_no','vtiger_purchaseorder',1,'4','purchaseorder_no','PurchaseOrder No',1,0,'',100,2,136,1,'V~O',3,NULL,'BAS',0,NULL,1,0,0),(21,352,'subject','vtiger_purchaseorder',1,'2','subject','Subject',1,0,'',100,1,55,1,'V~M',3,NULL,'BAS',1,NULL,1,0,0),(21,353,'vendorid','vtiger_purchaseorder',1,'81','vendor_id','Vendor Name',1,0,'',100,3,55,1,'I~M',3,NULL,'BAS',1,NULL,1,0,0),(21,354,'requisition_no','vtiger_purchaseorder',1,'1','requisition_no','Requisition No',1,2,'',100,4,136,1,'V~O',3,NULL,'BAS',1,NULL,0,0,0),(21,355,'tracking_no','vtiger_purchaseorder',1,'1','tracking_no','Tracking Number',1,2,'',100,5,55,1,'V~O',3,NULL,'BAS',1,NULL,1,0,0),(21,356,'contactid','vtiger_purchaseorder',1,'57','contact_id','Contact Name',1,2,'',100,6,55,1,'I~O',3,NULL,'BAS',1,NULL,0,1,0),(21,357,'duedate','vtiger_purchaseorder',1,'5','duedate','Due Date',1,2,'',100,7,55,1,'D~O',3,NULL,'BAS',1,NULL,0,0,0),(21,358,'carrier','vtiger_purchaseorder',1,'15','carrier','Carrier',1,2,'',100,8,55,1,'V~O',3,NULL,'BAS',1,NULL,0,0,0),(21,359,'adjustment','vtiger_purchaseorder',1,'72','txtAdjustment','Adjustment',1,2,'',100,10,55,3,'NN~O',3,NULL,'BAS',1,NULL,0,0,0),(21,360,'salescommission','vtiger_purchaseorder',1,'1','salescommission','Sales Commission',1,2,'',100,11,55,1,'N~O',3,NULL,'BAS',1,NULL,0,0,0),(21,361,'exciseduty','vtiger_purchaseorder',1,'1','exciseduty','Excise Duty',1,2,'',100,12,55,1,'N~O',3,NULL,'BAS',1,NULL,0,0,0),(21,362,'total','vtiger_purchaseorder',1,'72','hdnGrandTotal','Total',1,2,'',100,13,55,3,'N~O',3,NULL,'BAS',1,NULL,1,0,0),(21,363,'subtotal','vtiger_purchaseorder',1,'72','hdnSubTotal','Sub Total',1,2,'',100,14,55,3,'N~O',3,NULL,'BAS',1,NULL,0,0,0),(21,364,'taxtype','vtiger_purchaseorder',1,'16','hdnTaxType','Tax Type',1,2,'',100,14,55,3,'V~O',3,NULL,'BAS',1,NULL,0,0,0),(21,365,'discount_percent','vtiger_purchaseorder',1,'1','hdnDiscountPercent','Discount Percent',1,2,'',100,14,115,5,'N~O',3,NULL,'BAS',1,NULL,0,0,0),(21,366,'discount_amount','vtiger_purchaseorder',1,'72','hdnDiscountAmount','Discount Amount',1,0,'',100,14,115,5,'N~O',3,NULL,'BAS',1,NULL,0,0,0),(21,367,'s_h_amount','vtiger_purchaseorder',1,'72','hdnS_H_Amount','S&H Amount',1,2,'',100,14,55,3,'N~O',3,NULL,'BAS',1,NULL,0,0,0),(21,368,'postatus','vtiger_purchaseorder',1,'15','postatus','Status',1,2,'',100,15,55,1,'V~M',3,NULL,'BAS',1,NULL,0,1,0),(21,369,'smownerid','vtiger_crmentity',1,'53','assigned_user_id','Assigned To',1,0,'',100,16,55,1,'V~M',3,NULL,'BAS',1,NULL,0,1,0),(21,370,'createdtime','vtiger_crmentity',1,'70','createdtime','Created Time',1,0,'',100,17,136,2,'DT~O',3,NULL,'BAS',0,NULL,0,0,0),(21,371,'modifiedtime','vtiger_crmentity',1,'70','modifiedtime','Modified Time',1,0,'',100,18,136,2,'DT~O',3,NULL,'BAS',0,NULL,0,0,0),(21,372,'modifiedby','vtiger_crmentity',1,'52','modifiedby','Last Modified By',1,0,'',100,22,55,3,'V~O',3,NULL,'BAS',0,NULL,0,0,0),(21,373,'currency_id','vtiger_purchaseorder',1,'117','currency_id','Currency',1,2,'1',100,19,55,3,'I~O',3,NULL,'BAS',1,NULL,0,0,0),(21,374,'conversion_rate','vtiger_purchaseorder',1,'1','conversion_rate','Conversion Rate',1,2,'1',100,20,55,3,'N~O',3,NULL,'BAS',1,NULL,0,0,0),(21,375,'bill_street','vtiger_pobillads',1,'24','bill_street','Billing Address',1,2,'',100,1,57,1,'V~M',3,NULL,'BAS',1,NULL,0,0,0),(21,376,'ship_street','vtiger_poshipads',1,'24','ship_street','Shipping Address',1,2,'',100,2,57,1,'V~M',3,NULL,'BAS',1,NULL,0,0,0),(21,377,'bill_city','vtiger_pobillads',1,'1','bill_city','Billing City',1,2,'',100,5,57,1,'V~O',3,NULL,'BAS',1,NULL,0,0,0),(21,378,'ship_city','vtiger_poshipads',1,'1','ship_city','Shipping City',1,2,'',100,6,57,1,'V~O',3,NULL,'BAS',1,NULL,0,0,0),(21,379,'bill_state','vtiger_pobillads',1,'1','bill_state','Billing State',1,2,'',100,7,57,1,'V~O',3,NULL,'BAS',1,NULL,0,0,0),(21,380,'ship_state','vtiger_poshipads',1,'1','ship_state','Shipping State',1,2,'',100,8,57,1,'V~O',3,NULL,'BAS',1,NULL,0,0,0),(21,381,'bill_code','vtiger_pobillads',1,'1','bill_code','Billing Code',1,2,'',100,9,57,1,'V~O',3,NULL,'BAS',1,NULL,0,0,0),(21,382,'ship_code','vtiger_poshipads',1,'1','ship_code','Shipping Code',1,2,'',100,10,57,1,'V~O',3,NULL,'BAS',1,NULL,0,0,0),(21,383,'bill_country','vtiger_pobillads',1,'1','bill_country','Billing Country',1,2,'',100,11,57,1,'V~O',3,NULL,'BAS',1,NULL,0,0,0),(21,384,'ship_country','vtiger_poshipads',1,'1','ship_country','Shipping Country',1,2,'',100,12,57,1,'V~O',3,NULL,'BAS',1,NULL,0,0,0),(21,385,'bill_pobox','vtiger_pobillads',1,'1','bill_pobox','Billing Po Box',1,2,'',100,3,57,1,'V~O',3,NULL,'BAS',1,NULL,0,0,0),(21,386,'ship_pobox','vtiger_poshipads',1,'1','ship_pobox','Shipping Po Box',1,2,'',100,4,57,1,'V~O',3,NULL,'BAS',1,NULL,0,0,0),(21,387,'description','vtiger_crmentity',1,'19','description','Description',1,2,'',100,1,60,1,'V~O',3,NULL,'ADV',1,NULL,0,0,0),(21,388,'terms_conditions','vtiger_purchaseorder',1,'19','terms_conditions','Terms & Conditions',1,2,'',100,1,59,1,'V~O',3,NULL,'ADV',1,NULL,0,0,0),(22,389,'salesorder_no','vtiger_salesorder',1,'4','salesorder_no','SalesOrder No',1,0,'',100,4,137,1,'V~O',3,NULL,'BAS',0,NULL,1,0,0),(22,390,'subject','vtiger_salesorder',1,'2','subject','Subject',1,0,'',100,1,61,1,'V~M',3,NULL,'BAS',1,NULL,1,0,0),(22,391,'potentialid','vtiger_salesorder',1,'76','potential_id','Potential Name',1,2,'',100,2,61,1,'I~O',3,NULL,'BAS',1,NULL,0,0,0),(22,392,'customerno','vtiger_salesorder',1,'1','customerno','Customer No',1,2,'',100,3,61,1,'V~O',3,NULL,'BAS',1,NULL,0,0,0),(22,393,'quoteid','vtiger_salesorder',1,'78','quote_id','Quote Name',1,2,'',100,5,61,1,'I~O',3,NULL,'BAS',0,NULL,1,0,0),(22,394,'purchaseorder','vtiger_salesorder',1,'1','vtiger_purchaseorder','Purchase Order',1,2,'',100,5,61,1,'V~O',3,NULL,'BAS',1,NULL,0,0,0),(22,395,'contactid','vtiger_salesorder',1,'57','contact_id','Contact Name',1,2,'',100,6,61,1,'I~O',3,NULL,'BAS',1,NULL,0,1,0),(22,396,'duedate','vtiger_salesorder',1,'5','duedate','Due Date',1,2,'',100,8,61,1,'D~O',3,NULL,'BAS',1,NULL,0,0,0),(22,397,'carrier','vtiger_salesorder',1,'15','carrier','Carrier',1,2,'',100,9,61,1,'V~O',3,NULL,'BAS',1,NULL,0,0,0),(22,398,'pending','vtiger_salesorder',1,'1','pending','Pending',1,2,'',100,10,61,1,'V~O',3,NULL,'BAS',1,NULL,0,0,0),(22,399,'sostatus','vtiger_salesorder',1,'15','sostatus','Status',1,2,'',100,11,61,1,'V~M',3,NULL,'BAS',1,NULL,0,1,0),(22,400,'adjustment','vtiger_salesorder',1,'72','txtAdjustment','Adjustment',1,2,'',100,12,61,3,'NN~O',3,NULL,'BAS',1,NULL,0,0,0),(22,401,'salescommission','vtiger_salesorder',1,'1','salescommission','Sales Commission',1,2,'',100,13,61,1,'N~O',3,NULL,'BAS',1,NULL,0,0,0),(22,402,'exciseduty','vtiger_salesorder',1,'1','exciseduty','Excise Duty',1,2,'',100,13,61,1,'N~O',3,NULL,'BAS',1,NULL,0,0,0),(22,403,'total','vtiger_salesorder',1,'72','hdnGrandTotal','Total',1,2,'',100,14,61,3,'N~O',3,NULL,'BAS',1,NULL,1,0,0),(22,404,'subtotal','vtiger_salesorder',1,'72','hdnSubTotal','Sub Total',1,2,'',100,15,61,3,'N~O',3,NULL,'BAS',1,NULL,0,0,0),(22,405,'taxtype','vtiger_salesorder',1,'16','hdnTaxType','Tax Type',1,2,'',100,15,61,3,'V~O',3,NULL,'BAS',1,NULL,0,0,0),(22,406,'discount_percent','vtiger_salesorder',1,'1','hdnDiscountPercent','Discount Percent',1,2,'',100,15,114,5,'N~O',3,NULL,'BAS',1,NULL,0,0,0),(22,407,'discount_amount','vtiger_salesorder',1,'72','hdnDiscountAmount','Discount Amount',1,0,'',100,15,114,5,'N~O',3,NULL,'BAS',1,NULL,0,0,0),(22,408,'s_h_amount','vtiger_salesorder',1,'72','hdnS_H_Amount','S&H Amount',1,2,'',100,15,61,3,'N~O',3,NULL,'BAS',1,NULL,0,0,0),(22,409,'accountid','vtiger_salesorder',1,'73','account_id','Account Name',1,2,'',100,16,61,1,'I~M',3,NULL,'BAS',1,NULL,0,1,0),(22,410,'smownerid','vtiger_crmentity',1,'53','assigned_user_id','Assigned To',1,0,'',100,17,61,1,'V~M',3,NULL,'BAS',1,NULL,0,1,0),(22,411,'createdtime','vtiger_crmentity',1,'70','createdtime','Created Time',1,0,'',100,18,137,2,'DT~O',3,NULL,'BAS',0,NULL,0,0,0),(22,412,'modifiedtime','vtiger_crmentity',1,'70','modifiedtime','Modified Time',1,0,'',100,19,137,2,'DT~O',3,NULL,'BAS',0,NULL,0,0,0),(22,413,'modifiedby','vtiger_crmentity',1,'52','modifiedby','Last Modified By',1,0,'',100,22,61,3,'V~O',3,NULL,'BAS',0,NULL,0,0,0),(22,414,'currency_id','vtiger_salesorder',1,'117','currency_id','Currency',1,2,'1',100,20,61,3,'I~O',3,NULL,'BAS',1,NULL,0,0,0),(22,415,'conversion_rate','vtiger_salesorder',1,'1','conversion_rate','Conversion Rate',1,2,'1',100,21,61,3,'N~O',3,NULL,'BAS',1,NULL,0,0,0),(22,416,'bill_street','vtiger_sobillads',1,'24','bill_street','Billing Address',1,2,'',100,1,63,1,'V~M',3,NULL,'BAS',1,NULL,0,0,0),(22,417,'ship_street','vtiger_soshipads',1,'24','ship_street','Shipping Address',1,2,'',100,2,63,1,'V~M',3,NULL,'BAS',1,NULL,0,0,0),(22,418,'bill_city','vtiger_sobillads',1,'1','bill_city','Billing City',1,2,'',100,5,63,1,'V~O',3,NULL,'BAS',1,NULL,0,0,0),(22,419,'ship_city','vtiger_soshipads',1,'1','ship_city','Shipping City',1,2,'',100,6,63,1,'V~O',3,NULL,'BAS',1,NULL,0,0,0),(22,420,'bill_state','vtiger_sobillads',1,'1','bill_state','Billing State',1,2,'',100,7,63,1,'V~O',3,NULL,'BAS',1,NULL,0,0,0),(22,421,'ship_state','vtiger_soshipads',1,'1','ship_state','Shipping State',1,2,'',100,8,63,1,'V~O',3,NULL,'BAS',1,NULL,0,0,0),(22,422,'bill_code','vtiger_sobillads',1,'1','bill_code','Billing Code',1,2,'',100,9,63,1,'V~O',3,NULL,'BAS',1,NULL,0,0,0),(22,423,'ship_code','vtiger_soshipads',1,'1','ship_code','Shipping Code',1,2,'',100,10,63,1,'V~O',3,NULL,'BAS',1,NULL,0,0,0),(22,424,'bill_country','vtiger_sobillads',1,'1','bill_country','Billing Country',1,2,'',100,11,63,1,'V~O',3,NULL,'BAS',1,NULL,0,0,0),(22,425,'ship_country','vtiger_soshipads',1,'1','ship_country','Shipping Country',1,2,'',100,12,63,1,'V~O',3,NULL,'BAS',1,NULL,0,0,0),(22,426,'bill_pobox','vtiger_sobillads',1,'1','bill_pobox','Billing Po Box',1,2,'',100,3,63,1,'V~O',3,NULL,'BAS',1,NULL,0,0,0),(22,427,'ship_pobox','vtiger_soshipads',1,'1','ship_pobox','Shipping Po Box',1,2,'',100,4,63,1,'V~O',3,NULL,'BAS',1,NULL,0,0,0),(22,428,'description','vtiger_crmentity',1,'19','description','Description',1,2,'',100,1,66,1,'V~O',3,NULL,'ADV',1,NULL,0,0,0),(22,429,'terms_conditions','vtiger_salesorder',1,'19','terms_conditions','Terms & Conditions',1,2,'',100,1,65,1,'V~O',3,NULL,'ADV',1,NULL,0,0,0),(22,430,'enable_recurring','vtiger_salesorder',1,'56','enable_recurring','Enable Recurring',1,0,'',100,1,85,1,'C~O',3,NULL,'BAS',0,NULL,0,0,0),(22,431,'recurring_frequency','vtiger_invoice_recurring_info',1,'16','recurring_frequency','Frequency',1,0,'',100,2,85,1,'V~O',3,NULL,'BAS',0,NULL,0,0,0),(22,432,'start_period','vtiger_invoice_recurring_info',1,'5','start_period','Start Period',1,0,'',100,3,85,1,'D~O',3,NULL,'BAS',0,NULL,0,0,0),(22,433,'end_period','vtiger_invoice_recurring_info',1,'5','end_period','End Period',1,0,'',100,4,85,1,'D~O~OTH~G~start_period~Start Period',3,NULL,'BAS',0,NULL,0,0,0),(22,434,'payment_duration','vtiger_invoice_recurring_info',1,'16','payment_duration','Payment Duration',1,0,'',100,5,85,1,'V~O',3,NULL,'BAS',0,NULL,0,0,0),(22,435,'invoice_status','vtiger_invoice_recurring_info',1,'15','invoicestatus','Invoice Status',1,0,'',100,6,85,1,'V~M',3,NULL,'BAS',0,NULL,0,0,0),(23,436,'subject','vtiger_invoice',1,'2','subject','Subject',1,0,'',100,1,67,1,'V~M',3,NULL,'BAS',1,NULL,1,0,0),(23,437,'salesorderid','vtiger_invoice',1,'80','salesorder_id','Sales Order',1,2,'',100,2,67,1,'I~O',3,NULL,'BAS',0,NULL,1,0,0),(23,438,'customerno','vtiger_invoice',1,'1','customerno','Customer No',1,2,'',100,3,67,1,'V~O',3,NULL,'BAS',1,NULL,0,0,0),(23,439,'contactid','vtiger_invoice',1,'57','contact_id','Contact Name',1,2,'',100,4,67,1,'I~O',3,NULL,'BAS',1,NULL,0,1,0),(23,440,'invoicedate','vtiger_invoice',1,'5','invoicedate','Invoice Date',1,2,'',100,5,67,1,'D~O',3,NULL,'BAS',1,NULL,0,0,0),(23,441,'duedate','vtiger_invoice',1,'5','duedate','Due Date',1,2,'',100,6,67,1,'D~O',3,NULL,'BAS',1,NULL,0,0,0),(23,442,'purchaseorder','vtiger_invoice',1,'1','vtiger_purchaseorder','Purchase Order',1,2,'',100,8,67,1,'V~O',3,NULL,'BAS',1,NULL,0,0,0),(23,443,'adjustment','vtiger_invoice',1,'72','txtAdjustment','Adjustment',1,2,'',100,9,67,3,'NN~O',3,NULL,'BAS',1,NULL,0,0,0),(23,444,'salescommission','vtiger_invoice',1,'1','salescommission','Sales Commission',1,2,'',10,13,67,1,'N~O',3,NULL,'BAS',1,NULL,0,0,0),(23,445,'exciseduty','vtiger_invoice',1,'1','exciseduty','Excise Duty',1,2,'',100,11,67,1,'N~O',3,NULL,'BAS',1,NULL,0,0,0),(23,446,'subtotal','vtiger_invoice',1,'72','hdnSubTotal','Sub Total',1,2,'',100,12,67,3,'N~O',3,NULL,'BAS',1,NULL,0,0,0),(23,447,'total','vtiger_invoice',1,'72','hdnGrandTotal','Total',1,2,'',100,13,67,3,'N~O',3,NULL,'BAS',1,NULL,1,0,0),(23,448,'taxtype','vtiger_invoice',1,'16','hdnTaxType','Tax Type',1,2,'',100,13,67,3,'V~O',3,NULL,'BAS',1,NULL,0,0,0),(23,449,'discount_percent','vtiger_invoice',1,'1','hdnDiscountPercent','Discount Percent',1,2,'',100,13,113,5,'N~O',3,NULL,'BAS',1,NULL,0,0,0),(23,450,'discount_amount','vtiger_invoice',1,'72','hdnDiscountAmount','Discount Amount',1,2,'',100,13,113,5,'N~O',3,NULL,'BAS',1,NULL,0,0,0),(23,451,'s_h_amount','vtiger_invoice',1,'72','hdnS_H_Amount','S&H Amount',1,2,'',100,14,69,3,'N~O',3,NULL,'BAS',1,NULL,0,0,0),(23,452,'accountid','vtiger_invoice',1,'73','account_id','Account Name',1,2,'',100,14,67,1,'I~M',3,NULL,'BAS',1,NULL,0,1,0),(23,453,'invoicestatus','vtiger_invoice',1,'15','invoicestatus','Status',1,2,'',100,15,67,1,'V~O',3,NULL,'BAS',1,NULL,0,1,0),(23,454,'smownerid','vtiger_crmentity',1,'53','assigned_user_id','Assigned To',1,0,'',100,16,67,1,'V~M',3,NULL,'BAS',1,NULL,0,1,0),(23,455,'createdtime','vtiger_crmentity',1,'70','createdtime','Created Time',1,0,'',100,17,138,2,'DT~O',3,NULL,'BAS',0,NULL,0,0,0),(23,456,'modifiedtime','vtiger_crmentity',1,'70','modifiedtime','Modified Time',1,0,'',100,18,138,2,'DT~O',3,NULL,'BAS',0,NULL,0,0,0),(23,457,'modifiedby','vtiger_crmentity',1,'52','modifiedby','Last Modified By',1,0,'',100,22,67,3,'V~O',3,NULL,'BAS',0,NULL,0,0,0),(23,458,'currency_id','vtiger_invoice',1,'117','currency_id','Currency',1,2,'1',100,19,67,3,'I~O',3,NULL,'BAS',1,NULL,0,0,0),(23,459,'conversion_rate','vtiger_invoice',1,'1','conversion_rate','Conversion Rate',1,2,'1',100,20,67,3,'N~O',3,NULL,'BAS',1,NULL,0,0,0),(23,460,'bill_street','vtiger_invoicebillads',1,'24','bill_street','Billing Address',1,2,'',100,1,69,1,'V~M',3,NULL,'BAS',1,NULL,0,0,0),(23,461,'ship_street','vtiger_invoiceshipads',1,'24','ship_street','Shipping Address',1,2,'',100,2,69,1,'V~M',3,NULL,'BAS',1,NULL,0,0,0),(23,462,'bill_city','vtiger_invoicebillads',1,'1','bill_city','Billing City',1,2,'',100,5,69,1,'V~O',3,NULL,'BAS',1,NULL,0,0,0),(23,463,'ship_city','vtiger_invoiceshipads',1,'1','ship_city','Shipping City',1,2,'',100,6,69,1,'V~O',3,NULL,'BAS',1,NULL,0,0,0),(23,464,'bill_state','vtiger_invoicebillads',1,'1','bill_state','Billing State',1,2,'',100,7,69,1,'V~O',3,NULL,'BAS',1,NULL,0,0,0),(23,465,'ship_state','vtiger_invoiceshipads',1,'1','ship_state','Shipping State',1,2,'',100,8,69,1,'V~O',3,NULL,'BAS',1,NULL,0,0,0),(23,466,'bill_code','vtiger_invoicebillads',1,'1','bill_code','Billing Code',1,2,'',100,9,69,1,'V~O',3,NULL,'BAS',1,NULL,0,0,0),(23,467,'ship_code','vtiger_invoiceshipads',1,'1','ship_code','Shipping Code',1,2,'',100,10,69,1,'V~O',3,NULL,'BAS',1,NULL,0,0,0),(23,468,'bill_country','vtiger_invoicebillads',1,'1','bill_country','Billing Country',1,2,'',100,11,69,1,'V~O',3,NULL,'BAS',1,NULL,0,0,0),(23,469,'ship_country','vtiger_invoiceshipads',1,'1','ship_country','Shipping Country',1,2,'',100,12,69,1,'V~O',3,NULL,'BAS',1,NULL,0,0,0),(23,470,'bill_pobox','vtiger_invoicebillads',1,'1','bill_pobox','Billing Po Box',1,2,'',100,3,69,1,'V~O',3,NULL,'BAS',1,NULL,0,0,0),(23,471,'ship_pobox','vtiger_invoiceshipads',1,'1','ship_pobox','Shipping Po Box',1,2,'',100,4,69,1,'V~O',3,NULL,'BAS',1,NULL,0,0,0),(23,472,'description','vtiger_crmentity',1,'19','description','Description',1,2,'',100,1,72,1,'V~O',3,NULL,'ADV',1,NULL,0,0,0),(23,473,'terms_conditions','vtiger_invoice',1,'19','terms_conditions','Terms & Conditions',1,2,'',100,1,71,1,'V~O',3,NULL,'ADV',1,NULL,0,0,0),(23,474,'invoice_no','vtiger_invoice',1,'4','invoice_no','Invoice No',1,0,'',100,3,138,1,'V~O',3,NULL,'BAS',0,NULL,1,0,0),(29,475,'user_name','vtiger_users',1,'106','user_name','User Name',1,0,'',11,1,77,1,'V~M',1,NULL,'BAS',1,NULL,0,0,0),(29,476,'is_admin','vtiger_users',1,'156','is_admin','Admin',1,0,'',3,7,77,1,'V~O',1,NULL,'BAS',1,NULL,0,0,0),(29,477,'user_password','vtiger_users',1,'99','user_password','Password',1,0,'',30,5,77,4,'P~M',1,NULL,'BAS',1,NULL,0,0,0),(29,478,'confirm_password','vtiger_users',1,'99','confirm_password','Confirm Password',1,0,'',30,6,77,4,'P~M',1,NULL,'BAS',1,NULL,0,0,0),(29,479,'first_name','vtiger_users',1,'1','first_name','First Name',1,0,'',30,3,77,1,'V~O',1,NULL,'BAS',1,NULL,0,0,0),(29,480,'last_name','vtiger_users',1,'2','last_name','Last Name',1,0,'',30,4,77,1,'V~M',1,NULL,'BAS',1,NULL,0,0,0),(29,481,'roleid','vtiger_user2role',1,'98','roleid','Role',1,0,'',200,8,77,1,'V~M',1,NULL,'BAS',1,NULL,0,0,0),(29,482,'email1','vtiger_users',1,'104','email1','Email',1,0,'',100,2,77,1,'E~M',1,NULL,'BAS',1,NULL,0,0,0),(29,483,'status','vtiger_users',1,'115','status','Status',1,0,'Active',100,10,77,1,'V~O',1,NULL,'BAS',1,NULL,0,0,0),(29,484,'activity_view','vtiger_users',1,'16','activity_view','Default Activity View',1,0,'',100,6,118,1,'V~O',1,NULL,'BAS',1,NULL,0,0,0),(29,485,'lead_view','vtiger_users',1,'16','lead_view','Default Lead View',1,0,'',100,9,77,1,'V~O',1,NULL,'BAS',1,NULL,0,0,0),(29,486,'hour_format','vtiger_users',1,'16','hour_format','Calendar Hour Format',1,0,'12',100,4,118,1,'V~O',1,NULL,'BAS',1,NULL,0,0,0),(29,487,'end_hour','vtiger_users',1,'116','end_hour','Day ends at',1,0,'',100,11,77,3,'V~O',1,NULL,'BAS',1,NULL,0,0,0),(29,488,'start_hour','vtiger_users',1,'16','start_hour','Day starts at',1,0,'',100,2,118,1,'V~O',1,NULL,'BAS',1,NULL,0,0,0),(29,489,'is_owner','vtiger_users',1,'1','is_owner','Account Owner',0,2,'0',100,12,77,5,'V~O',0,1,'BAS',0,NULL,0,0,0),(29,490,'title','vtiger_users',1,'1','title','Title',1,0,'',50,1,79,1,'V~O',1,NULL,'BAS',1,NULL,0,0,0),(29,491,'phone_work','vtiger_users',1,'11','phone_work','Office Phone',1,0,'',50,5,79,1,'V~O',1,NULL,'BAS',1,NULL,0,0,0),(29,492,'department','vtiger_users',1,'1','department','Department',1,0,'',50,3,79,1,'V~O',1,NULL,'BAS',1,NULL,0,0,0),(29,493,'phone_mobile','vtiger_users',1,'11','phone_mobile','Mobile',1,0,'',50,7,79,1,'V~O',1,NULL,'BAS',1,NULL,0,0,0),(29,494,'reports_to_id','vtiger_users',1,'101','reports_to_id','Reports To',1,0,'',50,8,79,1,'V~O',1,NULL,'BAS',1,NULL,0,0,0),(29,495,'phone_other','vtiger_users',1,'11','phone_other','Other Phone',1,0,'',50,11,79,1,'V~O',1,NULL,'BAS',1,NULL,0,0,0),(29,496,'email2','vtiger_users',1,'13','email2','Other Email',1,0,'',100,4,79,1,'E~O',1,NULL,'BAS',1,NULL,0,0,0),(29,497,'phone_fax','vtiger_users',1,'11','phone_fax','Fax',1,0,'',50,2,79,1,'V~O',1,NULL,'BAS',1,NULL,0,0,0),(29,498,'secondaryemail','vtiger_users',1,'13','secondaryemail','Secondary Email',1,0,'',100,6,79,1,'E~O',1,NULL,'BAS',1,NULL,0,0,0),(29,499,'phone_home','vtiger_users',1,'11','phone_home','Home Phone',1,0,'',50,9,79,1,'V~O',1,NULL,'BAS',1,NULL,0,0,0),(29,500,'date_format','vtiger_users',1,'16','date_format','Date Format',1,0,'',30,3,118,1,'V~O',1,NULL,'BAS',1,NULL,0,0,0),(29,501,'signature','vtiger_users',1,'21','signature','Signature',1,0,'',250,13,79,1,'V~O',1,NULL,'BAS',1,NULL,0,0,0),(29,502,'description','vtiger_users',1,'21','description','Documents',1,0,'',250,14,79,1,'V~O',1,NULL,'BAS',1,NULL,0,0,0),(29,503,'address_street','vtiger_users',1,'21','address_street','Street Address',1,0,'',250,1,80,1,'V~O',1,NULL,'BAS',1,NULL,0,0,0),(29,504,'address_city','vtiger_users',1,'1','address_city','City',1,0,'',100,3,80,1,'V~O',1,NULL,'BAS',1,NULL,0,0,0),(29,505,'address_state','vtiger_users',1,'1','address_state','State',1,0,'',100,5,80,1,'V~O',1,NULL,'BAS',1,NULL,0,0,0),(29,506,'address_postalcode','vtiger_users',1,'1','address_postalcode','Postal Code',1,0,'',100,4,80,1,'V~O',1,NULL,'BAS',1,NULL,0,0,0),(29,507,'address_country','vtiger_users',1,'1','address_country','Country',1,0,'',100,2,80,1,'V~O',1,NULL,'BAS',1,NULL,0,0,0),(29,508,'accesskey','vtiger_users',1,'3','accesskey','Webservice Access Key',1,0,'',100,2,83,2,'V~O',1,NULL,'BAS',1,NULL,0,0,0),(29,509,'time_zone','vtiger_users',1,'16','time_zone','Time Zone',1,0,'',200,5,118,1,'V~O',1,NULL,'BAS',1,NULL,0,0,0),(29,510,'currency_id','vtiger_users',1,'117','currency_id','Currency',1,0,'',100,1,78,1,'I~O',1,NULL,'BAS',1,NULL,0,0,0),(29,511,'currency_grouping_pattern','vtiger_users',1,'16','currency_grouping_pattern','Digit Grouping Pattern',1,0,'',100,2,78,1,'V~O',1,NULL,'BAS',1,'<b>Currency - Digit Grouping Pattern</b> <br/><br/>This pattern specifies the format in which the currency separator will be placed.',0,0,0),(29,512,'currency_decimal_separator','vtiger_users',1,'16','currency_decimal_separator','Decimal Separator',1,0,'.',2,3,78,1,'V~O',1,NULL,'BAS',1,'<b>Currency - Decimal Separator</b> <br/><br/>Decimal separator specifies the separator to be used to separate the fractional values from the whole number part. <br/><b>Eg:</b> <br/>. => 123.45 <br/>, => 123,45 <br/>\' => 123\'45 <br/>  => 123 45 <br/>$ => 123$45 <br/>',0,0,0),(29,513,'currency_grouping_separator','vtiger_users',1,'16','currency_grouping_separator','Digit Grouping Separator',1,0,',',2,4,78,1,'V~O',1,NULL,'BAS',1,'<b>Currency - Grouping Separator</b> <br/><br/>Grouping separator specifies the separator to be used to group the whole number part into hundreds, thousands etc. <br/><b>Eg:</b> <br/>. => 123.456.789 <br/>, => 123,456,789 <br/>\' => 123\'456\'789 <br/>  => 123 456 789 <br/>$ => 123$456$789 <br/>',0,0,0),(29,514,'currency_symbol_placement','vtiger_users',1,'16','currency_symbol_placement','Symbol Placement',1,0,'',20,5,78,1,'V~O',1,NULL,'BAS',1,'<b>Currency - Symbol Placement</b> <br/><br/>Symbol Placement allows you to configure the position of the currency symbol with respect to the currency value.<br/><b>Eg:</b> <br/>$1.0 => $123,456,789.50 <br/>1.0$ => 123,456,789.50$ <br/>',0,0,0),(29,515,'imagename','vtiger_users',1,'105','imagename','User Image',1,0,'',250,10,82,1,'V~O',1,NULL,'BAS',1,NULL,0,0,0),(29,516,'internal_mailer','vtiger_users',1,'56','internal_mailer','INTERNAL_MAIL_COMPOSER',1,0,'',50,15,79,1,'V~O',1,NULL,'BAS',1,NULL,0,0,0),(29,517,'theme','vtiger_users',1,'31','theme','Theme',1,0,'softed',100,16,79,1,'V~O',1,NULL,'BAS',1,NULL,0,0,0),(29,518,'language','vtiger_users',1,'32','language','Language',1,0,'en_us',100,17,79,1,'V~O',1,NULL,'BAS',1,NULL,0,0,0),(29,519,'reminder_interval','vtiger_users',1,'16','reminder_interval','Reminder Interval',1,0,'',100,11,118,1,'V~O',1,NULL,'BAS',1,NULL,0,0,0),(10,520,'from_email','vtiger_emaildetails',1,'12','from_email','From',1,2,'',100,1,21,3,'V~M',3,NULL,'BAS',0,NULL,0,0,0),(10,521,'to_email','vtiger_emaildetails',1,'8','saved_toid','To',1,2,'',100,2,21,1,'V~M',3,NULL,'BAS',0,NULL,0,0,0),(10,522,'cc_email','vtiger_emaildetails',1,'8','ccmail','CC',1,2,'',1000,3,21,1,'V~O',3,NULL,'BAS',0,NULL,0,0,0),(10,523,'bcc_email','vtiger_emaildetails',1,'8','bccmail','BCC',1,2,'',1000,4,21,1,'V~O',3,NULL,'BAS',0,NULL,0,0,0),(10,524,'idlists','vtiger_emaildetails',1,'357','parent_id','Parent ID',1,2,'',1000,5,21,1,'V~O',3,NULL,'BAS',0,NULL,0,0,0),(10,525,'email_flag','vtiger_emaildetails',1,'16','email_flag','Email Flag',1,2,'',1000,6,21,3,'V~O',3,NULL,'BAS',0,NULL,0,0,0),(31,526,'smownerid','vtiger_crmentity',1,'53','assigned_user_id','Assigned To',1,2,'',100,4,88,1,'V~M',2,2,'BAS',1,'',1,0,0),(31,527,'createdtime','vtiger_crmentity',1,'70','createdtime','Created Time',1,0,'',100,17,146,2,'DT~O',3,0,'BAS',0,'',0,0,0),(31,528,'modifiedtime','vtiger_crmentity',1,'70','modifiedtime','Modified Time',1,0,'',100,18,146,2,'DT~O',3,0,'BAS',0,'',0,0,0),(31,529,'start_date','vtiger_servicecontracts',1,'5','start_date','Start Date',1,2,'',100,7,88,1,'D~O',2,4,'BAS',1,'',0,0,0),(31,530,'end_date','vtiger_servicecontracts',1,'5','end_date','End Date',1,2,'',100,11,88,2,'D~O',3,0,'BAS',0,'',0,0,0),(31,531,'sc_related_to','vtiger_servicecontracts',1,'10','sc_related_to','Related to',1,2,'',100,3,88,1,'V~O',2,6,'BAS',1,'',0,0,0),(31,532,'tracking_unit','vtiger_servicecontracts',1,'15','tracking_unit','Tracking Unit',1,2,'',100,6,88,1,'V~O',2,7,'BAS',1,'',0,0,0),(31,533,'total_units','vtiger_servicecontracts',1,'7','total_units','Total Units',1,2,'',100,8,88,1,'NN~O',2,8,'BAS',1,'',1,0,0),(31,534,'used_units','vtiger_servicecontracts',1,'7','used_units','Used Units',1,2,'',100,10,88,1,'NN~O',2,9,'BAS',1,'',1,0,0),(31,535,'subject','vtiger_servicecontracts',1,'1','subject','Subject',1,0,'',100,1,88,1,'V~M',0,1,'BAS',1,'',1,0,0),(31,536,'due_date','vtiger_servicecontracts',1,'23','due_date','Due date',1,2,'',100,9,88,1,'D~O',2,5,'BAS',1,'',0,0,0),(31,537,'planned_duration','vtiger_servicecontracts',1,'1','planned_duration','Planned Duration',1,2,'',100,13,88,2,'V~O',3,0,'BAS',0,'',0,0,0),(31,538,'actual_duration','vtiger_servicecontracts',1,'1','actual_duration','Actual Duration',1,2,'',100,15,88,2,'V~O',3,0,'BAS',0,'',0,0,0),(31,539,'contract_status','vtiger_servicecontracts',1,'15','contract_status','Status',1,2,'',100,12,88,1,'V~O',1,0,'BAS',1,'',0,0,0),(31,540,'priority','vtiger_servicecontracts',1,'15','contract_priority','Priority',1,2,'',100,14,88,1,'V~O',1,0,'BAS',1,'',0,0,0),(31,541,'contract_type','vtiger_servicecontracts',1,'15','contract_type','Type',1,2,'',100,5,88,1,'V~O',1,0,'BAS',1,'',0,0,0),(31,542,'progress','vtiger_servicecontracts',1,'9','progress','Progress',1,2,'',100,16,88,2,'N~O~2~2',3,3,'BAS',0,'',0,0,0),(31,543,'contract_no','vtiger_servicecontracts',1,'4','contract_no','Contract No',1,0,'',100,2,146,1,'V~O',3,0,'BAS',0,'',1,0,0),(31,544,'modifiedby','vtiger_crmentity',1,'52','modifiedby','Last Modified By',1,0,'',100,17,88,3,'V~O',3,0,'BAS',0,'',0,0,0),(31,545,'source','vtiger_crmentity',1,'1','source','Source',1,2,'',100,19,146,2,'V~O',3,10,'BAS',0,'',0,0,0),(31,546,'starred','vtiger_crmentity_user_field',1,'56','starred','starred',1,2,'',100,20,88,6,'C~O',3,11,'BAS',0,'',0,0,0),(31,547,'tags','vtiger_servicecontracts',1,'1','tags','tags',1,2,'',100,21,88,6,'V~O',3,12,'BAS',0,'',0,0,0),(32,548,'servicename','vtiger_service',1,'2','servicename','Service Name',1,0,'',100,1,90,1,'V~M',0,1,'BAS',1,'',1,0,0),(32,549,'service_no','vtiger_service',1,'4','service_no','Service No',1,0,'',100,2,147,1,'V~O',3,0,'BAS',0,'',1,0,0),(32,550,'discontinued','vtiger_service',1,'56','discontinued','Service Active',1,2,'1',100,4,90,1,'V~O',2,3,'BAS',1,'',0,0,0),(32,551,'sales_start_date','vtiger_service',1,'5','sales_start_date','Sales Start Date',1,2,'',100,9,90,1,'D~O',1,0,'BAS',1,'',0,0,0),(32,552,'sales_end_date','vtiger_service',1,'5','sales_end_date','Sales End Date',1,2,'',100,10,90,1,'D~O~OTH~GE~sales_start_date~Sales Start Date',1,0,'BAS',1,'',0,0,0),(32,553,'start_date','vtiger_service',1,'5','start_date','Support Start Date',1,2,'',100,11,90,1,'D~O',1,0,'BAS',1,'',0,0,0),(32,554,'expiry_date','vtiger_service',1,'5','expiry_date','Support Expiry Date',1,2,'',100,12,90,1,'D~O~OTH~GE~start_date~Start Date',1,0,'BAS',1,'',0,0,0),(32,555,'website','vtiger_service',1,'17','website','Website',1,2,'',100,6,90,1,'V~O',1,0,'BAS',1,'',0,0,0),(32,556,'createdtime','vtiger_crmentity',1,'70','createdtime','Created Time',1,0,'',100,13,147,2,'DT~O',3,0,'BAS',0,'',0,0,0),(32,557,'modifiedtime','vtiger_crmentity',1,'70','modifiedtime','Modified Time',1,0,'',100,14,147,2,'DT~O',3,0,'BAS',0,'',0,0,0),(32,558,'modifiedby','vtiger_crmentity',1,'52','modifiedby','Last Modified By',1,0,'',100,16,90,3,'V~O',3,0,'BAS',0,'',0,0,0),(32,559,'service_usageunit','vtiger_service',1,'15','service_usageunit','Usage Unit',1,2,'',100,3,90,1,'V~O',1,0,'BAS',1,'',0,0,0),(32,560,'qty_per_unit','vtiger_service',1,'1','qty_per_unit','No of Units',1,2,'',100,5,90,1,'N~O',1,0,'BAS',1,'',1,0,0),(32,561,'smownerid','vtiger_crmentity',1,'53','assigned_user_id','Owner',1,0,'',100,8,90,1,'I~O',1,0,'BAS',1,'',0,0,0),(32,562,'servicecategory','vtiger_service',1,'15','servicecategory','Service Category',1,2,'',100,7,90,1,'V~O',1,0,'BAS',1,'',0,0,0),(32,563,'unit_price','vtiger_service',1,'72','unit_price','Price',1,0,'',100,1,91,1,'N~O',2,2,'BAS',0,'',1,0,0),(32,564,'taxclass','vtiger_service',1,'83','taxclass','Taxes',1,2,'',100,4,91,1,'V~O',2,0,'BAS',1,'',0,0,0),(32,565,'commissionrate','vtiger_service',1,'9','commissionrate','Commission Rate',1,2,'',100,2,91,1,'N~O',1,0,'BAS',1,'',1,0,0),(32,566,'description','vtiger_crmentity',1,'19','description','Description',1,2,'',100,1,93,1,'V~O',1,0,'BAS',1,'',0,0,0),(32,567,'source','vtiger_crmentity',1,'1','source','Source',1,2,'',100,17,147,2,'V~O',3,4,'BAS',0,'',0,0,0),(32,568,'starred','vtiger_crmentity_user_field',1,'56','starred','starred',1,2,'',100,18,90,6,'C~O',3,5,'BAS',0,'',0,0,0),(32,569,'tags','vtiger_service',1,'1','tags','tags',1,2,'',100,19,90,6,'V~O',3,6,'BAS',0,'',0,0,0),(37,570,'direction','vtiger_pbxmanager',1,'1','direction','Direction',1,2,'',100,1,94,1,'V~O',1,0,'BAS',1,'',0,0,0),(37,571,'callstatus','vtiger_pbxmanager',1,'1','callstatus','Call Status',1,2,'',100,2,94,1,'V~O',1,0,'BAS',1,'',1,0,0),(37,572,'starttime','vtiger_pbxmanager',1,'70','starttime','Start Time',1,2,'',100,7,94,1,'DT~O',1,0,'BAS',1,'',1,0,0),(37,573,'endtime','vtiger_pbxmanager',1,'70','endtime','End Time',1,2,'',100,8,94,1,'DT~O',1,0,'BAS',1,'',0,0,0),(37,574,'totalduration','vtiger_pbxmanager',1,'7','totalduration','Total Duration',1,2,'',100,10,94,1,'I~O',1,0,'BAS',1,'',0,0,0),(37,575,'billduration','vtiger_pbxmanager',1,'7','billduration','Bill Duration',1,2,'',100,11,94,1,'I~O',1,0,'BAS',1,'',0,0,0),(37,576,'recordingurl','vtiger_pbxmanager',1,'17','recordingurl','Recording URL',1,2,'',100,9,94,1,'V~O',1,0,'BAS',1,'',1,0,0),(37,577,'sourceuuid','vtiger_pbxmanager',1,'1','sourceuuid','Source UUID',1,2,'',100,12,94,1,'V~O',1,0,'BAS',1,'',0,0,0),(37,578,'gateway','vtiger_pbxmanager',1,'1','gateway','Gateway',1,2,'',100,13,94,1,'V~O',1,0,'BAS',1,'',0,0,0),(37,579,'customer','vtiger_pbxmanager',1,'10','customer','Customer',1,2,'',100,3,94,1,'V~O',1,0,'BAS',1,'',1,0,0),(37,580,'user','vtiger_pbxmanager',1,'52','user','User',1,2,'',100,4,94,1,'V~O',1,0,'BAS',1,'',1,0,0),(37,581,'customernumber','vtiger_pbxmanager',1,'11','customernumber','Customer Number',1,2,'',100,5,94,1,'V~M',1,0,'BAS',1,'',0,0,0),(37,582,'customertype','vtiger_pbxmanager',1,'1','customertype','Customer Type',1,2,'',100,6,94,1,'V~O',1,0,'BAS',1,'',0,0,0),(37,583,'smownerid','vtiger_crmentity',1,'53','assigned_user_id','Assigned To',1,2,'',100,14,94,1,'V~M',1,0,'BAS',1,'',0,0,0),(37,584,'createdtime','vtiger_crmentity',1,'70','CreatedTime','Created Time',1,2,'',100,15,152,2,'DT~O',1,0,'BAS',0,'',0,0,0),(37,585,'modifiedtime','vtiger_crmentity',1,'70','ModifiedTime','Modified Time',1,2,'',100,16,152,2,'DT~O',1,0,'BAS',0,'',0,0,0),(37,586,'source','vtiger_crmentity',1,'1','source','Source',1,2,'',100,17,152,2,'V~O',3,1,'BAS',0,'',0,0,0),(29,587,'phone_crm_extension','vtiger_users',1,'11','phone_crm_extension','CRM Phone Extension',1,2,'',100,18,79,1,'V~O',1,0,'BAS',1,'',0,0,0),(38,588,'commentcontent','vtiger_modcomments',1,'19','commentcontent','Comment',1,0,'',100,4,95,1,'V~M',0,4,'BAS',2,'',1,0,0),(38,589,'smownerid','vtiger_crmentity',1,'53','assigned_user_id','Assigned To',1,0,'',100,1,96,1,'V~M',0,1,'BAS',2,'',1,0,0),(38,590,'createdtime','vtiger_crmentity',1,'70','createdtime','Created Time',1,0,'',100,5,153,2,'DT~O',0,2,'BAS',0,'',0,0,0),(38,591,'modifiedtime','vtiger_crmentity',1,'70','modifiedtime','Modified Time',1,0,'',100,6,153,2,'DT~O',0,3,'BAS',0,'',0,0,0),(38,592,'related_to','vtiger_modcomments',1,'10','related_to','Related To',1,2,'',100,2,96,1,'V~M',2,5,'BAS',2,'',0,0,0),(38,593,'smcreatorid','vtiger_crmentity',1,'52','creator','Creator',1,2,'',100,4,96,2,'V~O',1,0,'BAS',1,'',0,0,0),(38,594,'parent_comments','vtiger_modcomments',1,'10','parent_comments','Related To Comments',1,2,'',100,7,96,1,'V~O',1,0,'BAS',1,'',0,0,0),(38,595,'source','vtiger_crmentity',1,'1','source','Source',1,2,'',100,5,153,2,'V~O',3,6,'BAS',0,'',0,0,0),(42,596,'projectmilestonename','vtiger_projectmilestone',1,'2','projectmilestonename','Project Milestone Name',1,2,'',100,1,98,1,'V~M',0,1,'BAS',1,'',1,0,0),(42,597,'projectmilestonedate','vtiger_projectmilestone',1,'5','projectmilestonedate','Milestone Date',1,2,'',100,5,98,1,'D~O',0,3,'BAS',1,'',1,0,0),(42,598,'projectid','vtiger_projectmilestone',1,'10','projectid','Related to',1,0,'',100,4,98,1,'V~M',0,4,'BAS',1,'',0,0,0),(42,599,'projectmilestonetype','vtiger_projectmilestone',1,'15','projectmilestonetype','Type',1,2,'',100,7,98,1,'V~O',1,0,'BAS',1,'',1,0,0),(42,600,'smownerid','vtiger_crmentity',1,'53','assigned_user_id','Assigned To',1,2,'',100,6,98,1,'V~M',0,2,'BAS',1,'',0,0,0),(42,601,'projectmilestone_no','vtiger_projectmilestone',2,'4','projectmilestone_no','Project Milestone No',1,0,'',100,2,157,1,'V~O',3,4,'BAS',0,'',0,0,0),(42,602,'createdtime','vtiger_crmentity',1,'70','createdtime','Created Time',1,2,'',100,1,157,2,'DT~O',1,0,'BAS',0,'',0,0,0),(42,603,'modifiedtime','vtiger_crmentity',1,'70','modifiedtime','Modified Time',1,2,'',100,2,157,2,'DT~O',1,0,'BAS',0,'',0,0,0),(42,604,'modifiedby','vtiger_crmentity',1,'52','modifiedby','Last Modified By',1,0,'',100,3,99,3,'V~O',3,0,'BAS',0,'',0,0,0),(42,605,'description','vtiger_crmentity',1,'19','description','Description',1,2,'',100,1,100,1,'V~O',1,0,'BAS',1,'',0,0,0),(42,606,'source','vtiger_crmentity',1,'1','source','Source',1,2,'',100,8,157,2,'V~O',3,5,'BAS',0,'',0,0,0),(42,607,'starred','vtiger_crmentity_user_field',1,'56','starred','starred',1,2,'',100,9,98,6,'C~O',3,6,'BAS',0,'',0,0,0),(42,608,'tags','vtiger_projectmilestone',1,'1','tags','tags',1,2,'',100,10,98,6,'V~O',3,7,'BAS',0,'',0,0,0),(43,609,'projecttaskname','vtiger_projecttask',1,'2','projecttaskname','Project Task Name',1,2,'',100,1,101,1,'V~M',0,1,'BAS',1,'',1,0,0),(43,610,'projecttasktype','vtiger_projecttask',1,'15','projecttasktype','Type',1,2,'',100,4,101,1,'V~O',1,0,'BAS',1,'',1,0,0),(43,611,'projecttaskpriority','vtiger_projecttask',1,'15','projecttaskpriority','Priority',1,2,'',100,3,101,1,'V~O',1,0,'BAS',1,'',0,0,0),(43,612,'projectid','vtiger_projecttask',1,'10','projectid','Related to',1,0,'',100,6,101,1,'V~M',0,5,'BAS',1,'',0,0,0),(43,613,'smownerid','vtiger_crmentity',1,'53','assigned_user_id','Assigned To',1,2,'',100,7,101,1,'V~M',0,2,'BAS',1,'',1,0,0),(43,614,'projecttasknumber','vtiger_projecttask',1,'7','projecttasknumber','Project Task Number',1,2,'',100,5,101,1,'I~O',1,0,'BAS',1,'',0,0,0),(43,615,'projecttask_no','vtiger_projecttask',2,'4','projecttask_no','Project Task No',1,0,'',100,2,158,1,'V~O',3,4,'BAS',0,'',0,0,0),(43,616,'projecttaskprogress','vtiger_projecttask',1,'15','projecttaskprogress','Progress',1,2,'',100,1,102,1,'V~O',1,0,'BAS',1,'',1,0,0),(43,617,'projecttaskhours','vtiger_projecttask',1,'7','projecttaskhours','Worked Hours',1,2,'',100,2,102,1,'V~O',1,0,'BAS',1,'',0,0,0),(43,618,'startdate','vtiger_projecttask',1,'5','startdate','Start Date',1,2,'',100,3,102,1,'D~O',0,3,'BAS',1,'',1,0,0),(43,619,'enddate','vtiger_projecttask',1,'5','enddate','End Date',1,2,'',100,4,102,1,'D~O~OTH~GE~startdate~Start Date',1,0,'BAS',1,'',1,0,0),(43,620,'createdtime','vtiger_crmentity',1,'70','createdtime','Created Time',1,2,'',100,5,158,2,'DT~O',1,0,'BAS',0,'',0,0,0),(43,621,'modifiedtime','vtiger_crmentity',1,'70','modifiedtime','Modified Time',1,2,'',100,6,158,2,'DT~O',1,0,'BAS',0,'',0,0,0),(43,622,'modifiedby','vtiger_crmentity',1,'52','modifiedby','Last Modified By',1,0,'',100,7,102,3,'V~O',3,0,'BAS',0,'',0,0,0),(43,623,'description','vtiger_crmentity',1,'19','description','description',1,2,'',100,1,103,1,'V~O',1,0,'BAS',1,'',0,0,0),(43,624,'source','vtiger_crmentity',1,'1','source','Source',1,2,'',100,8,158,2,'V~O',3,6,'BAS',0,'',0,0,0),(43,625,'starred','vtiger_crmentity_user_field',1,'56','starred','starred',1,2,'',100,9,101,6,'C~O',3,7,'BAS',0,'',0,0,0),(43,626,'tags','vtiger_projecttask',1,'1','tags','tags',1,2,'',100,10,101,6,'V~O',3,8,'BAS',0,'',0,0,0),(44,627,'projectname','vtiger_project',1,'2','projectname','Project Name',1,2,'',100,1,104,1,'V~M',0,1,'BAS',1,'',1,0,0),(44,628,'startdate','vtiger_project',1,'23','startdate','Start Date',1,2,'',100,3,104,1,'D~O',0,3,'BAS',1,'',1,0,0),(44,629,'targetenddate','vtiger_project',1,'23','targetenddate','Target End Date',1,2,'',100,5,104,1,'D~O~OTH~GE~startdate~Start Date',0,4,'BAS',1,'',1,0,0),(44,630,'actualenddate','vtiger_project',1,'23','actualenddate','Actual End Date',1,2,'',100,6,104,1,'D~O~OTH~GE~startdate~Start Date',1,0,'BAS',1,'',0,0,0),(44,631,'projectstatus','vtiger_project',1,'15','projectstatus','Status',1,2,'',100,7,104,1,'V~O',1,0,'BAS',1,'',1,0,0),(44,632,'projecttype','vtiger_project',1,'15','projecttype','Type',1,2,'',100,8,104,1,'V~O',1,0,'BAS',1,'',1,0,0),(44,633,'linktoaccountscontacts','vtiger_project',1,'10','linktoaccountscontacts','Related to',1,2,'',100,9,104,1,'V~O',1,0,'BAS',1,'',0,1,0),(44,634,'smownerid','vtiger_crmentity',1,'53','assigned_user_id','Assigned To',1,2,'',100,4,104,1,'V~M',0,2,'BAS',1,'',1,0,0),(44,635,'project_no','vtiger_project',2,'4','project_no','Project No',1,0,'',100,2,159,1,'V~O',3,0,'BAS',0,'',0,0,0),(44,636,'targetbudget','vtiger_project',1,'7','targetbudget','Target Budget',1,2,'',100,1,105,1,'V~O',1,0,'BAS',1,'',0,0,0),(44,637,'projecturl','vtiger_project',1,'17','projecturl','Project Url',1,2,'',100,2,105,1,'V~O',1,0,'BAS',1,'',0,0,0),(44,638,'projectpriority','vtiger_project',1,'15','projectpriority','Priority',1,2,'',100,3,105,1,'V~O',1,0,'BAS',1,'',0,0,0),(44,639,'progress','vtiger_project',1,'15','progress','Progress',1,2,'',100,4,105,1,'V~O',1,0,'BAS',1,'',0,0,0),(44,640,'createdtime','vtiger_crmentity',1,'70','createdtime','Created Time',1,2,'',100,5,159,2,'DT~O',1,0,'BAS',0,'',0,0,0),(44,641,'modifiedtime','vtiger_crmentity',1,'70','modifiedtime','Modified Time',1,2,'',100,6,159,2,'DT~O',1,0,'BAS',0,'',0,0,0),(44,642,'modifiedby','vtiger_crmentity',1,'52','modifiedby','Last Modified By',1,0,'',100,7,105,3,'V~O',3,0,'BAS',0,'',0,0,0),(44,643,'description','vtiger_crmentity',1,'19','description','Description',1,2,'',100,1,106,1,'V~O',1,0,'BAS',1,'',0,0,0),(44,644,'source','vtiger_crmentity',1,'1','source','Source',1,2,'',100,10,159,2,'V~O',3,5,'BAS',0,'',0,0,0),(44,645,'starred','vtiger_crmentity_user_field',1,'56','starred','starred',1,2,'',100,11,104,6,'C~O',3,6,'BAS',0,'',0,0,0),(44,646,'tags','vtiger_project',1,'1','tags','tags',1,2,'',100,12,104,6,'V~O',3,7,'BAS',0,'',0,0,0),(46,647,'asset_no','vtiger_assets',1,'4','asset_no','Asset No',1,0,'',100,2,161,1,'V~O',3,0,'BAS',0,'\n					',1,0,0),(46,648,'product','vtiger_assets',1,'10','product','Product Name',1,2,'',100,3,107,1,'V~M',0,3,'BAS',1,'\n					',1,0,0),(46,649,'serialnumber','vtiger_assets',1,'2','serialnumber','Serial Number',1,2,'',100,4,107,1,'V~M',0,5,'BAS',1,'\n					',0,0,0),(46,650,'datesold','vtiger_assets',1,'5','datesold','Date Sold',1,2,'',100,5,107,1,'D~M~OTH~GE~datesold~Date Sold',0,0,'BAS',1,'\n					',0,0,0),(46,651,'dateinservice','vtiger_assets',1,'5','dateinservice','Date in Service',1,2,'',100,6,107,1,'D~M~OTH~GE~dateinservice~Date in Service',0,4,'BAS',1,'\n					',0,0,0),(46,652,'assetstatus','vtiger_assets',1,'15','assetstatus','Status',1,2,'',100,7,107,1,'V~M',0,0,'BAS',1,'\n					',0,0,0),(46,653,'tagnumber','vtiger_assets',1,'2','tagnumber','Tag Number',1,2,'',100,8,107,1,'V~O',1,0,'BAS',1,'\n					',0,0,0),(46,654,'invoiceid','vtiger_assets',1,'10','invoiceid','Invoice Name',1,2,'',100,9,107,1,'V~O',1,0,'BAS',1,'\n					',0,0,0),(46,655,'shippingmethod','vtiger_assets',1,'2','shippingmethod','Shipping Method',1,2,'',100,10,107,1,'V~O',1,0,'BAS',1,'\n					',0,0,0),(46,656,'shippingtrackingnumber','vtiger_assets',1,'2','shippingtrackingnumber','Shipping Tracking Number',1,2,'',100,11,107,1,'V~O',1,0,'BAS',1,'\n					',0,0,0),(46,657,'smownerid','vtiger_crmentity',1,'53','assigned_user_id','Assigned To',1,2,'',100,4,107,1,'V~M',0,2,'BAS',1,'\n					',0,0,0),(46,658,'assetname','vtiger_assets',1,'1','assetname','Asset Name',1,0,'',100,12,107,1,'V~M',0,6,'BAS',1,'\n					',1,0,0),(46,659,'account','vtiger_assets',1,'10','account','Customer Name',1,2,'',100,13,107,1,'V~M',0,0,'BAS',1,'\n					',1,0,0),(46,660,'contact','vtiger_assets',1,'10','contact','Contact Name',1,2,'',100,14,107,1,'V~O',0,0,'BAS',1,'\n					',0,0,0),(46,661,'createdtime','vtiger_crmentity',1,'70','createdtime','Created Time',1,0,'',100,14,161,2,'DT~O',3,0,'BAS',0,'\n					',0,0,0),(46,662,'modifiedtime','vtiger_crmentity',1,'70','modifiedtime','Modified Time',1,0,'',100,15,161,2,'DT~O',3,0,'BAS',0,'\n					',0,0,0),(46,663,'modifiedby','vtiger_crmentity',1,'52','modifiedby','Last Modified By',1,0,'',100,16,107,3,'V~O',3,0,'BAS',0,'\n					',0,0,0),(46,664,'description','vtiger_crmentity',1,'19','description','Notes',1,2,'',100,1,109,1,'V~O',1,0,'BAS',1,'\n					',0,0,0),(46,665,'source','vtiger_crmentity',1,'1','source','Source',1,2,'',100,17,161,2,'V~O',3,7,'BAS',0,'',0,0,0),(46,666,'starred','vtiger_crmentity_user_field',1,'56','starred','starred',1,2,'',100,18,107,6,'C~O',3,8,'BAS',0,'',0,0,0),(46,667,'tags','vtiger_assets',1,'1','tags','tags',1,2,'',100,19,107,6,'V~O',3,9,'BAS',0,'',0,0,0),(47,668,'smownerid','vtiger_crmentity',1,'53','assigned_user_id','Assigned To',1,0,'',100,2,110,1,'V~M',1,0,'BAS',1,'',1,0,0),(47,669,'createdtime','vtiger_crmentity',1,'70','createdtime','Created Time',1,0,'',100,5,162,2,'DT~O',1,0,'BAS',0,'',0,0,0),(47,670,'modifiedtime','vtiger_crmentity',1,'70','modifiedtime','Modified Time',1,0,'',100,6,162,2,'DT~O',1,0,'BAS',0,'',0,0,0),(47,671,'message','vtiger_smsnotifier',1,'21','message','message',1,0,'',100,1,110,1,'V~M',1,0,'BAS',1,'',1,0,0),(47,672,'modifiedby','vtiger_crmentity',1,'52','modifiedby','Last Modified By',1,0,'',100,7,110,3,'V~O',1,0,'BAS',0,'',0,0,0),(47,673,'source','vtiger_crmentity',1,'1','source','Source',1,2,'',100,8,162,2,'V~O',3,1,'BAS',0,'',0,0,0),(2,674,'forecast_amount','vtiger_potential',1,'71','forecast_amount','Forecast Amount',1,2,'',100,4,2,1,'N~O',1,0,'BAS',0,'',0,0,0),(29,675,'no_of_currency_decimals','vtiger_users',1,'16','no_of_currency_decimals','Number Of Currency Decimals',1,2,'2',100,6,78,1,'V~O',1,0,'BAS',1,'<b>Currency - Number of Decimal places</b> <br/><br/>Number of decimal places specifies how many number of decimals will be shown after decimal separator.<br/><b>Eg:</b> 123.00',0,0,0),(23,676,'productid','vtiger_inventoryproductrel',1,'10','productid','Item Name',0,2,'',100,1,113,5,'V~M',1,0,'BAS',0,'',0,0,0),(23,677,'quantity','vtiger_inventoryproductrel',1,'7','quantity','Quantity',0,2,'',100,2,113,5,'N~O',1,0,'BAS',0,'',0,0,0),(23,678,'listprice','vtiger_inventoryproductrel',1,'71','listprice','List Price',0,2,'',100,3,113,5,'N~O',1,0,'BAS',0,'',0,0,0),(23,679,'comment','vtiger_inventoryproductrel',1,'19','comment','Item Comment',0,2,'',100,4,113,5,'V~O',1,0,'BAS',0,'',0,0,0),(23,680,'discount_amount','vtiger_inventoryproductrel',1,'71','discount_amount','Item Discount Amount',0,2,'',100,5,113,5,'N~O',1,0,'BAS',0,'',0,0,0),(23,681,'discount_percent','vtiger_inventoryproductrel',1,'7','discount_percent','Item Discount Percent',0,2,'',100,6,113,5,'V~O',1,0,'BAS',0,'',0,0,0),(23,682,'tax1','vtiger_inventoryproductrel',1,'83','tax1','VAT',0,2,'',100,7,113,5,'V~O',1,0,'BAS',0,'',0,0,0),(23,683,'tax2','vtiger_inventoryproductrel',1,'83','tax2','Sales',0,2,'',100,8,113,5,'V~O',1,0,'BAS',0,'',0,0,0),(23,684,'tax3','vtiger_inventoryproductrel',1,'83','tax3','Service',0,2,'',100,9,113,5,'V~O',1,0,'BAS',0,'',0,0,0),(22,685,'productid','vtiger_inventoryproductrel',1,'10','productid','Item Name',0,2,'',100,1,114,5,'V~M',1,0,'BAS',0,'',0,0,0),(22,686,'quantity','vtiger_inventoryproductrel',1,'7','quantity','Quantity',0,2,'',100,2,114,5,'N~O',1,0,'BAS',0,'',0,0,0),(22,687,'listprice','vtiger_inventoryproductrel',1,'71','listprice','List Price',0,2,'',100,3,114,5,'N~O',1,0,'BAS',0,'',0,0,0),(22,688,'comment','vtiger_inventoryproductrel',1,'19','comment','Item Comment',0,2,'',100,4,114,5,'V~O',1,0,'BAS',0,'',0,0,0),(22,689,'discount_amount','vtiger_inventoryproductrel',1,'71','discount_amount','Item Discount Amount',0,2,'',100,5,114,5,'N~O',1,0,'BAS',0,'',0,0,0),(22,690,'discount_percent','vtiger_inventoryproductrel',1,'7','discount_percent','Item Discount Percent',0,2,'',100,6,114,5,'V~O',1,0,'BAS',0,'',0,0,0),(22,691,'tax1','vtiger_inventoryproductrel',1,'83','tax1','VAT',0,2,'',100,7,114,5,'V~O',1,0,'BAS',0,'',0,0,0),(22,692,'tax2','vtiger_inventoryproductrel',1,'83','tax2','Sales',0,2,'',100,8,114,5,'V~O',1,0,'BAS',0,'',0,0,0),(22,693,'tax3','vtiger_inventoryproductrel',1,'83','tax3','Service',0,2,'',100,9,114,5,'V~O',1,0,'BAS',0,'',0,0,0),(21,694,'productid','vtiger_inventoryproductrel',1,'10','productid','Item Name',0,2,'',100,1,115,5,'V~M',1,0,'BAS',0,'',0,0,0),(21,695,'quantity','vtiger_inventoryproductrel',1,'7','quantity','Quantity',0,2,'',100,2,115,5,'N~O',1,0,'BAS',0,'',0,0,0),(21,696,'listprice','vtiger_inventoryproductrel',1,'71','listprice','List Price',0,2,'',100,3,115,5,'N~O',1,0,'BAS',0,'',0,0,0),(21,697,'comment','vtiger_inventoryproductrel',1,'19','comment','Item Comment',0,2,'',100,4,115,5,'V~O',1,0,'BAS',0,'',0,0,0),(21,698,'discount_amount','vtiger_inventoryproductrel',1,'71','discount_amount','Item Discount Amount',0,2,'',100,5,115,5,'N~O',1,0,'BAS',0,'',0,0,0),(21,699,'discount_percent','vtiger_inventoryproductrel',1,'7','discount_percent','Item Discount Percent',0,2,'',100,6,115,5,'V~O',1,0,'BAS',0,'',0,0,0),(21,700,'tax1','vtiger_inventoryproductrel',1,'83','tax1','VAT',0,2,'',100,7,115,5,'V~O',1,0,'BAS',0,'',0,0,0),(21,701,'tax2','vtiger_inventoryproductrel',1,'83','tax2','Sales',0,2,'',100,8,115,5,'V~O',1,0,'BAS',0,'',0,0,0),(21,702,'tax3','vtiger_inventoryproductrel',1,'83','tax3','Service',0,2,'',100,9,115,5,'V~O',1,0,'BAS',0,'',0,0,0),(20,703,'productid','vtiger_inventoryproductrel',1,'10','productid','Item Name',0,2,'',100,1,116,5,'V~M',1,0,'BAS',0,'',0,0,0),(20,704,'quantity','vtiger_inventoryproductrel',1,'7','quantity','Quantity',0,2,'',100,2,116,5,'N~O',1,0,'BAS',0,'',0,0,0),(20,705,'listprice','vtiger_inventoryproductrel',1,'71','listprice','List Price',0,2,'',100,3,116,5,'N~O',1,0,'BAS',0,'',0,0,0),(20,706,'comment','vtiger_inventoryproductrel',1,'19','comment','Item Comment',0,2,'',100,4,116,5,'V~O',1,0,'BAS',0,'',0,0,0),(20,707,'discount_amount','vtiger_inventoryproductrel',1,'71','discount_amount','Item Discount Amount',0,2,'',100,5,116,5,'N~O',1,0,'BAS',0,'',0,0,0),(20,708,'discount_percent','vtiger_inventoryproductrel',1,'7','discount_percent','Item Discount Percent',0,2,'',100,6,116,5,'V~O',1,0,'BAS',0,'',0,0,0),(20,709,'tax1','vtiger_inventoryproductrel',1,'83','tax1','VAT',0,2,'',100,7,116,5,'V~O',1,0,'BAS',0,'',0,0,0),(20,710,'tax2','vtiger_inventoryproductrel',1,'83','tax2','Sales',0,2,'',100,8,116,5,'V~O',1,0,'BAS',0,'',0,0,0),(20,711,'tax3','vtiger_inventoryproductrel',1,'83','tax3','Service',0,2,'',100,9,116,5,'V~O',1,0,'BAS',0,'',0,0,0),(29,712,'truncate_trailing_zeros','vtiger_users',1,'56','truncate_trailing_zeros','Truncate Trailing Zeros',1,2,'0',100,7,78,1,'V~O',1,0,'BAS',1,'<b> Truncate Trailing Zeros </b> <br/><br/>It truncated trailing 0s in any of Currency, Decimal and Percentage Field types<br/><br/><b>Ex:</b><br/>If value is 89.00000 then <br/>decimal and Percentage fields were shows 89<br/>currency field type - shows 89.00<br/>',0,0,0),(43,713,'projecttaskstatus','vtiger_projecttask',1,'15','projecttaskstatus','Status',1,2,'',100,11,101,1,'V~O',0,9,'BAS',1,'',0,0,0),(38,714,'customer','vtiger_modcomments',1,'10','customer','Customer',1,2,'',100,6,95,3,'V~O',1,0,'BAS',1,'',0,0,0),(29,715,'dayoftheweek','vtiger_users',1,'16','dayoftheweek','Starting Day of the week',1,2,'Monday',100,1,118,1,'V~O',1,0,'BAS',1,'',0,0,0),(29,716,'callduration','vtiger_users',1,'16','callduration','Default Call Duration',1,2,'5',100,7,118,1,'V~O',1,0,'BAS',1,'',0,0,0),(29,717,'othereventduration','vtiger_users',1,'16','othereventduration','Other Event Duration',1,2,'5',100,8,118,1,'V~O',1,0,'BAS',1,'',0,0,0),(23,718,'pre_tax_total','vtiger_invoice',1,'72','pre_tax_total','Pre Tax Total',1,2,'',100,23,67,3,'N~O',1,0,'BAS',1,'',0,0,0),(22,719,'pre_tax_total','vtiger_salesorder',1,'72','pre_tax_total','Pre Tax Total',1,2,'',100,23,61,3,'N~O',1,0,'BAS',1,'',0,0,0),(21,720,'pre_tax_total','vtiger_purchaseorder',1,'72','pre_tax_total','Pre Tax Total',1,2,'',100,23,55,3,'N~O',1,0,'BAS',1,'',0,0,0),(20,721,'pre_tax_total','vtiger_quotes',1,'72','pre_tax_total','Pre Tax Total',1,2,'',100,23,49,3,'N~O',1,0,'BAS',1,'',0,0,0),(29,722,'calendarsharedtype','vtiger_users',1,'16','calendarsharedtype','Calendar Shared Type',1,2,'Public',100,12,118,3,'V~O',1,0,'BAS',1,'',0,0,0),(6,723,'isconvertedfromlead','vtiger_account',1,'56','isconvertedfromlead','Is Converted From Lead',1,1,'',100,24,9,1,'C~O',1,0,'BAS',1,'',0,0,0),(4,724,'isconvertedfromlead','vtiger_contactdetails',1,'56','isconvertedfromlead','Is Converted From Lead',1,1,'',100,24,4,1,'C~O',1,0,'BAS',1,'',0,0,0),(2,725,'isconvertedfromlead','vtiger_potential',1,'56','isconvertedfromlead','Is Converted From Lead',1,1,'',100,8,1,1,'C~O',1,0,'BAS',1,'',0,0,0),(29,726,'default_record_view','vtiger_users',1,'16','default_record_view','Default Record View',1,2,'Detail',100,19,79,1,'V~O',1,0,'BAS',1,'',0,0,0),(23,727,'received','vtiger_invoice',1,'72','received','Received',1,2,'0',100,24,67,3,'N~O',1,0,'BAS',1,'',0,0,0),(23,728,'balance','vtiger_invoice',1,'72','balance','Balance',1,2,'0',100,25,67,3,'N~O',1,0,'BAS',1,'',0,0,0),(21,729,'paid','vtiger_purchaseorder',1,'72','paid','Paid',1,2,'0',100,24,55,3,'N~O',1,0,'BAS',1,'',0,0,0),(21,730,'balance','vtiger_purchaseorder',1,'72','balance','Balance',1,2,'0',100,25,55,3,'N~O',1,0,'BAS',1,'',0,0,0),(18,731,'smownerid','vtiger_crmentity',1,'53','assigned_user_id','Assigned To',1,2,'',100,13,42,1,'V~M',1,0,'BAS',1,'',0,0,0),(7,732,'emailoptout','vtiger_leaddetails',1,'56','emailoptout','Email Opt Out',1,0,'',100,21,13,1,'C~O',1,0,'BAS',1,'',0,0,0),(38,733,'userid','vtiger_modcomments',1,'10','userid','UserId',1,2,'',100,7,95,3,'V~O',1,0,'BAS',1,'',0,0,0),(38,734,'reasontoedit','vtiger_modcomments',1,'19','reasontoedit','ReasonToEdit',1,2,'',100,8,95,1,'V~O',1,0,'BAS',1,'',0,0,0),(23,735,'s_h_percent','vtiger_invoice',1,'1','hdnS_H_Percent','S&H Percent',0,2,'',100,10,113,5,'N~O',0,1,'BAS',0,'',0,0,0),(20,736,'s_h_percent','vtiger_quotes',1,'1','hdnS_H_Percent','S&H Percent',0,2,'',100,10,116,5,'N~O',0,1,'BAS',0,'',0,0,0),(21,737,'s_h_percent','vtiger_purchaseorder',1,'1','hdnS_H_Percent','S&H Percent',0,2,'',100,10,115,5,'N~O',0,1,'BAS',0,'',0,0,0),(22,738,'s_h_percent','vtiger_salesorder',1,'1','hdnS_H_Percent','S&H Percent',0,2,'',100,10,114,5,'N~O',0,1,'BAS',0,'',0,0,0),(29,739,'leftpanelhide','vtiger_users',1,'56','leftpanelhide','Left Panel Hide',1,2,'0',100,20,79,1,'V~O',1,0,'BAS',1,'',0,0,0),(2,740,'contact_id','vtiger_potential',1,'10','contact_id','Contact Name',1,2,'',100,3,1,1,'V~O',1,0,'BAS',1,'',1,0,0),(13,741,'contact_id','vtiger_troubletickets',1,'10','contact_id','Contact Name',1,2,'',100,3,25,1,'V~O',1,0,'BAS',1,'',1,0,0),(29,742,'rowheight','vtiger_users',1,'16','rowheight','Row Height',1,2,'medium',100,21,79,1,'V~O',1,0,'BAS',1,'',0,0,0),(29,743,'defaulteventstatus','vtiger_users',1,'15','defaulteventstatus','Default Event Status',1,2,'Planned',100,9,118,1,'V~O',1,0,'BAS',1,'',0,0,0),(29,744,'defaultactivitytype','vtiger_users',1,'15','defaultactivitytype','Default Activity Type',1,2,'Call',100,10,118,1,'V~O',1,0,'BAS',1,'',0,0,0),(29,745,'hidecompletedevents','vtiger_users',1,'56','hidecompletedevents','LBL_HIDE_COMPLETED_EVENTS',1,2,'0',100,13,118,1,'C~O',1,0,'BAS',1,'',0,0,0),(14,772,'purchase_cost','vtiger_products',1,'71','purchase_cost','Purchase Cost',1,0,'',100,5,32,1,'N~O',1,0,'BAS',1,'',0,0,0),(32,773,'purchase_cost','vtiger_service',1,'71','purchase_cost','Purchase Cost',1,0,'',100,5,91,1,'N~O',1,0,'BAS',1,'',0,0,0),(23,774,'potential_id','vtiger_invoice',1,'10','potential_id','Potential Name',1,2,'',100,26,67,1,'I~O',1,0,'BAS',1,'',0,0,0),(29,775,'defaultcalendarview','vtiger_users',1,'16','defaultcalendarview','Default Calendar View',1,0,'MyCalendar',100,14,118,1,'V~O',1,0,'BAS',1,'',0,0,0),(23,776,'image','vtiger_inventoryproductrel',1,'56','image','Image',0,1,'',100,14,113,5,'V~O',1,0,'BAS',0,'',0,0,0),(23,777,'purchase_cost','vtiger_inventoryproductrel',1,'71','purchase_cost','Purchase Cost',0,1,'',100,15,113,5,'N~O',1,0,'BAS',0,'',0,0,0),(23,778,'margin','vtiger_inventoryproductrel',1,'71','margin','Margin',0,1,'',100,16,113,5,'N~O',1,0,'BAS',0,'',0,0,0),(20,779,'image','vtiger_inventoryproductrel',1,'56','image','Image',0,1,'',100,15,116,5,'V~O',1,0,'BAS',0,'',0,0,0),(20,780,'purchase_cost','vtiger_inventoryproductrel',1,'71','purchase_cost','Purchase Cost',0,1,'',100,16,116,5,'N~O',1,0,'BAS',0,'',0,0,0),(20,781,'margin','vtiger_inventoryproductrel',1,'71','margin','Margin',0,1,'',100,17,116,5,'N~O',1,0,'BAS',0,'',0,0,0),(21,782,'image','vtiger_inventoryproductrel',1,'56','image','Image',0,1,'',100,15,115,5,'V~O',1,0,'BAS',0,'',0,0,0),(22,783,'image','vtiger_inventoryproductrel',1,'56','image','Image',0,1,'',100,16,114,5,'V~O',1,0,'BAS',0,'',0,0,0),(22,784,'purchase_cost','vtiger_inventoryproductrel',1,'71','purchase_cost','Purchase Cost',0,1,'',100,17,114,5,'N~O',1,0,'BAS',0,'',0,0,0),(22,785,'margin','vtiger_inventoryproductrel',1,'71','margin','Margin',0,1,'',100,18,114,5,'N~O',1,0,'BAS',0,'',0,0,0),(38,786,'is_private','vtiger_modcomments',1,'7','is_private','Is Private',1,2,'',100,9,95,1,'I~O',1,0,'BAS',1,'',0,0,0),(38,787,'filename','vtiger_modcomments',1,'61','filename','Attachment',1,0,'',100,10,95,1,'V~O',1,0,'BAS',1,'',0,0,0),(38,788,'related_email_id','vtiger_modcomments',1,'1','related_email_id','Related Email Id',1,2,'0',100,11,95,1,'I~O',1,0,'BAS',1,'',0,0,0),(2,789,'source','vtiger_crmentity',1,'1','source','Source',1,2,'',100,20,121,2,'V~O',3,7,'BAS',0,'',0,0,0),(4,790,'source','vtiger_crmentity',1,'1','source','Source',1,2,'',100,30,123,2,'V~O',3,7,'BAS',0,'',0,0,0),(6,791,'source','vtiger_crmentity',1,'1','source','Source',1,2,'',100,25,124,2,'V~O',3,5,'BAS',0,'',0,0,0),(7,792,'source','vtiger_crmentity',1,'1','source','Source',1,2,'',100,18,13,2,'V~O',3,7,'BAS',0,'',0,0,0),(8,793,'source','vtiger_crmentity',1,'1','source','Source',1,2,'',100,13,126,2,'V~O',3,4,'BAS',0,'',0,0,0),(9,794,'source','vtiger_crmentity',1,'1','source','Source',1,2,'',100,23,127,2,'V~O',3,5,'BAS',0,'',0,0,0),(10,795,'source','vtiger_crmentity',1,'1','source','Source',1,2,'',100,13,128,2,'V~O',3,1,'BAS',0,'',0,0,0),(13,796,'source','vtiger_crmentity',1,'1','source','Source',1,2,'',100,18,129,2,'V~O',3,5,'BAS',0,'',0,0,0),(14,797,'source','vtiger_crmentity',1,'1','source','Source',1,2,'',100,23,130,2,'V~O',3,6,'BAS',0,'',0,0,0),(15,798,'source','vtiger_crmentity',1,'1','source','Source',1,2,'',100,9,131,2,'V~O',3,1,'BAS',0,'',0,0,0),(16,799,'source','vtiger_crmentity',1,'1','source','Source',1,2,'',100,23,132,2,'V~O',3,7,'BAS',0,'',0,0,0),(18,800,'source','vtiger_crmentity',1,'1','source','Source',1,2,'',100,14,133,2,'V~O',3,4,'BAS',0,'',0,0,0),(19,801,'source','vtiger_crmentity',1,'1','source','Source',1,2,'',100,8,134,2,'V~O',3,4,'BAS',0,'',0,0,0),(20,802,'source','vtiger_crmentity',1,'1','source','Source',1,2,'',100,24,135,2,'V~O',3,2,'BAS',0,'',0,0,0),(21,803,'source','vtiger_crmentity',1,'1','source','Source',1,2,'',100,26,136,2,'V~O',3,2,'BAS',0,'',0,0,0),(22,804,'source','vtiger_crmentity',1,'1','source','Source',1,2,'',100,24,137,2,'V~O',3,2,'BAS',0,'',0,0,0),(23,805,'source','vtiger_crmentity',1,'1','source','Source',1,2,'',100,27,138,2,'V~O',3,2,'BAS',0,'',0,0,0),(26,806,'source','vtiger_crmentity',1,'1','source','Source',1,2,'',100,17,141,2,'V~O',3,8,'BAS',0,'',0,0,0),(10,807,'click_count','vtiger_email_track',1,'25','click_count','Click Count',1,2,'0',100,14,21,3,'I~O',0,2,'BAS',0,'',0,0,0),(2,808,'starred','vtiger_crmentity_user_field',1,'56','starred','starred',1,2,'',100,21,1,6,'C~O',3,8,'BAS',0,'',0,0,0),(4,809,'starred','vtiger_crmentity_user_field',1,'56','starred','starred',1,2,'',100,31,4,6,'C~O',3,8,'BAS',0,'',0,0,0),(6,810,'starred','vtiger_crmentity_user_field',1,'56','starred','starred',1,2,'',100,26,9,6,'C~O',3,6,'BAS',0,'',0,0,0),(7,811,'starred','vtiger_crmentity_user_field',1,'56','starred','starred',1,2,'',100,26,13,6,'C~O',3,8,'BAS',0,'',0,0,0),(8,812,'starred','vtiger_crmentity_user_field',1,'56','starred','starred',1,2,'',100,14,17,6,'C~O',3,5,'BAS',0,'',0,0,0),(9,813,'starred','vtiger_crmentity_user_field',1,'56','starred','starred',1,2,'',100,24,19,6,'C~O',3,6,'BAS',0,'',0,0,0),(10,814,'starred','vtiger_crmentity_user_field',1,'56','starred','starred',1,2,'',100,15,21,6,'C~O',3,3,'BAS',0,'',0,0,0),(13,815,'starred','vtiger_crmentity_user_field',1,'56','starred','starred',1,2,'',100,19,25,6,'C~O',3,6,'BAS',0,'',0,0,0),(14,816,'starred','vtiger_crmentity_user_field',1,'56','starred','starred',1,2,'',100,24,31,6,'C~O',3,7,'BAS',0,'',0,0,0),(15,817,'starred','vtiger_crmentity_user_field',1,'56','starred','starred',1,2,'',100,10,37,6,'C~O',3,2,'BAS',0,'',0,0,0),(16,818,'starred','vtiger_crmentity_user_field',1,'56','starred','starred',1,2,'',100,24,39,6,'C~O',3,8,'BAS',0,'',0,0,0),(18,819,'starred','vtiger_crmentity_user_field',1,'56','starred','starred',1,2,'',100,15,42,6,'C~O',3,5,'BAS',0,'',0,0,0),(19,820,'starred','vtiger_crmentity_user_field',1,'56','starred','starred',1,2,'',100,9,46,6,'C~O',3,5,'BAS',0,'',0,0,0),(20,821,'starred','vtiger_crmentity_user_field',1,'56','starred','starred',1,2,'',100,25,49,6,'C~O',3,3,'BAS',0,'',0,0,0),(21,822,'starred','vtiger_crmentity_user_field',1,'56','starred','starred',1,2,'',100,27,55,6,'C~O',3,3,'BAS',0,'',0,0,0),(22,823,'starred','vtiger_crmentity_user_field',1,'56','starred','starred',1,2,'',100,25,61,6,'C~O',3,3,'BAS',0,'',0,0,0),(23,824,'starred','vtiger_crmentity_user_field',1,'56','starred','starred',1,2,'',100,28,67,6,'C~O',3,3,'BAS',0,'',0,0,0),(26,825,'starred','vtiger_crmentity_user_field',1,'56','starred','starred',1,2,'',100,18,74,6,'C~O',3,9,'BAS',0,'',0,0,0),(2,826,'tags','vtiger_potential',1,'1','tags','tags',1,2,'',100,22,1,6,'V~O',3,9,'BAS',0,'',0,0,0),(4,827,'tags','vtiger_contactdetails',1,'1','tags','tags',1,2,'',100,32,4,6,'V~O',3,9,'BAS',0,'',0,0,0),(6,828,'tags','vtiger_account',1,'1','tags','tags',1,2,'',100,27,9,6,'V~O',3,7,'BAS',0,'',0,0,0),(7,829,'tags','vtiger_leaddetails',1,'1','tags','tags',1,2,'',100,27,13,6,'V~O',3,9,'BAS',0,'',0,0,0),(8,830,'tags','vtiger_notes',1,'1','tags','tags',1,2,'',100,15,17,6,'V~O',3,6,'BAS',0,'',0,0,0),(9,831,'tags','vtiger_activity',1,'1','tags','tags',1,2,'',100,25,19,6,'V~O',3,7,'BAS',0,'',0,0,0),(10,832,'tags','vtiger_activity',1,'1','tags','tags',1,2,'',100,16,21,6,'V~O',3,4,'BAS',0,'',0,0,0),(13,833,'tags','vtiger_troubletickets',1,'1','tags','tags',1,2,'',100,20,25,6,'V~O',3,7,'BAS',0,'',0,0,0),(14,834,'tags','vtiger_products',1,'1','tags','tags',1,2,'',100,25,31,6,'V~O',3,8,'BAS',0,'',0,0,0),(15,835,'tags','vtiger_faq',1,'1','tags','tags',1,2,'',100,11,37,6,'V~O',3,3,'BAS',0,'',0,0,0),(16,836,'tags','vtiger_activity',1,'1','tags','tags',1,2,'',100,25,39,6,'V~O',3,9,'BAS',0,'',0,0,0),(18,837,'tags','vtiger_vendor',1,'1','tags','tags',1,2,'',100,16,42,6,'V~O',3,6,'BAS',0,'',0,0,0),(19,838,'tags','vtiger_pricebook',1,'1','tags','tags',1,2,'',100,10,46,6,'V~O',3,6,'BAS',0,'',0,0,0),(20,839,'tags','vtiger_quotes',1,'1','tags','tags',1,2,'',100,26,49,6,'V~O',3,4,'BAS',0,'',0,0,0),(21,840,'tags','vtiger_purchaseorder',1,'1','tags','tags',1,2,'',100,28,55,6,'V~O',3,4,'BAS',0,'',0,0,0),(22,841,'tags','vtiger_salesorder',1,'1','tags','tags',1,2,'',100,26,61,6,'V~O',3,4,'BAS',0,'',0,0,0),(23,842,'tags','vtiger_invoice',1,'1','tags','tags',1,2,'',100,29,67,6,'V~O',3,4,'BAS',0,'',0,0,0),(26,843,'tags','vtiger_campaign',1,'1','tags','tags',1,2,'',100,19,74,6,'V~O',3,10,'BAS',0,'',0,0,0),(20,844,'region_id','vtiger_quotes',1,'16','region_id','Tax Region',0,2,'',100,18,116,5,'N~O',1,0,'BAS',0,'',0,0,0),(21,845,'region_id','vtiger_purchaseorder',1,'16','region_id','Tax Region',0,2,'',100,16,115,5,'N~O',1,0,'BAS',0,'',0,0,0),(22,846,'region_id','vtiger_salesorder',1,'16','region_id','Tax Region',0,2,'',100,19,114,5,'N~O',1,0,'BAS',0,'',0,0,0),(23,847,'region_id','vtiger_invoice',1,'16','region_id','Tax Region',0,2,'',100,17,113,5,'N~O',1,0,'BAS',0,'',0,0,0),(44,848,'isconvertedfrompotential','vtiger_project',1,'56','isconvertedfrompotential','Is Converted From Opportunity',1,2,'',100,13,104,1,'C~O',1,0,'BAS',1,'',0,0,0),(44,849,'potentialid','vtiger_project',1,'10','potentialid','Potential Name',1,2,'',100,14,104,1,'I~O',1,0,'BAS',1,'',0,0,0),(29,850,'defaultlandingpage','vtiger_users',1,'32','defaultlandingpage','Default Landing Page',1,0,'Home',100,22,79,1,'V~O',1,0,'BAS',1,'',0,0,0),(22,851,'last_recurring_date','vtiger_invoice_recurring_info',1,'5','last_recurring_date','Next Invoice Date',1,2,'',100,7,85,2,'D~O',1,0,'BAS',1,'',0,0,0),(29,852,'userlabel','vtiger_users',1,'1','userlabel','User Label',1,2,'',100,23,79,3,'V~O',1,0,'BAS',1,'',0,0,0),(4,954,'cf_953','vtiger_contactscf',2,'16','cf_953','Clasificación',1,2,' ',100,1,246,1,'V~O',1,0,'BAS',1,'',0,0,0),(52,955,'related_to','vtiger_cttimetracker',1,'10','related_to','Related to',1,2,'',100,2,166,1,'V~M',1,0,'BAS',1,'',0,0,0),(52,956,'total_time','vtiger_cttimetracker',1,'1','total_time','Total Time',1,2,'',100,3,166,1,'I~O',1,0,'BAS',1,'',0,0,0),(52,957,'total_hour','vtiger_cttimetracker',1,'1','total_hour','Total Hours',1,2,'',100,4,166,1,'I~O',1,0,'BAS',1,'',0,0,0),(52,958,'total_min','vtiger_cttimetracker',1,'1','total_min','Total Minutes',1,2,'',100,5,166,1,'I~O',1,0,'BAS',1,'',0,0,0),(52,959,'timetracker_no','vtiger_cttimetracker',1,'4','timetracker_no','Time Tracker No',1,2,'',100,8,223,1,'V~O',1,0,'BAS',1,'',0,0,0),(52,960,'createdtime','vtiger_crmentity',1,'70','createdtime','Created Time',1,2,'',100,10,223,2,'DT~O',1,0,'BAS',1,'',0,0,0),(52,961,'modifiedtime','vtiger_crmentity',1,'70','modifiedtime','Modified Time',1,2,'',100,7,223,2,'DT~O',1,0,'BAS',1,'',0,0,0),(52,962,'smownerid','vtiger_crmentity',1,'53','assigned_user_id','Assigned To',1,2,'',100,12,166,1,'V~M',1,0,'BAS',1,'',0,0,0),(52,963,'source','vtiger_crmentity',1,'1','source','Source',1,2,'',100,9,223,2,'V~O',3,1,'BAS',0,'',0,0,0),(52,964,'starred','vtiger_crmentity_user_field',1,'56','starred','starred',1,2,'',100,15,166,6,'C~O',3,2,'BAS',0,'',0,0,0),(52,965,'tags','vtiger_cttimetracker',1,'1','tags','tags',1,2,'',100,16,166,6,'V~O',3,3,'BAS',0,'',0,0,0),(52,966,'tracking_user','vtiger_cttimetracker',1,'10','tracking_user','Employee Name',1,2,'',100,11,166,1,'I~O',1,0,'BAS',1,'',0,0,0),(52,967,'tracking_title','vtiger_cttimetracker',1,'2','tracking_title','Title',1,2,'',100,1,166,1,'V~O',1,0,'BAS',1,'',0,0,0),(52,968,'tracking_notes','vtiger_cttimetracker',1,'19','tracking_notes','Notes',1,2,'',100,14,166,1,'V~O',1,0,'BAS',1,'',0,0,0),(52,969,'tracking_status','vtiger_cttimetracker',1,'15','tracking_status','Status',1,2,'',100,13,166,1,'V~O',1,0,'BAS',1,'',0,0,0),(52,970,'total_seconds','vtiger_cttimetracker',1,'1','total_seconds','Total Seconds',1,2,'',100,6,166,1,'I~O',1,0,'BAS',1,'',0,0,0),(52,971,'check_in_location','vtiger_cttimetracker',1,'2','check_in_location','Location When Start Timer',1,2,'',100,17,166,1,'V~O',1,0,'BAS',1,'',0,0,0),(52,972,'check_out_location','vtiger_cttimetracker',1,'2','check_out_location','Location When Stop Timer',1,2,'',100,18,166,1,'V~O',1,0,'BAS',1,'',0,0,0),(52,973,'check_in_address','vtiger_cttimetracker',1,'21','check_in_address','Location Address When Start Timer',1,2,'',100,19,166,1,'V~O',1,0,'BAS',1,'',0,0,0),(52,974,'check_out_address','vtiger_cttimetracker',1,'21','check_out_address','Location Address When Stop Timer',1,2,'',100,20,166,1,'V~O',1,0,'BAS',1,'',0,0,0),(53,975,'cttimecontrol_no','vtiger_cttimecontrol',1,'4','cttimecontrol_no','Time Control No',1,2,'',100,1,224,1,'V~O',1,0,'BAS',1,'',0,0,0),(53,976,'related_tracking','vtiger_cttimecontrol',1,'10','related_tracking','Related To',1,2,'',100,2,167,1,'I~O',1,0,'BAS',1,'',0,0,0),(53,977,'date_start','vtiger_cttimecontrol',1,'5','date_start','Date Start',1,2,'',100,3,167,1,'D~O',1,0,'BAS',1,'',0,0,0),(53,978,'time_start','vtiger_cttimecontrol',1,'2','time_start','Time Start',1,2,'',100,4,167,1,'T~O',1,0,'BAS',1,'',0,0,0),(53,979,'date_end','vtiger_cttimecontrol',1,'5','date_end','Date End',1,2,'',100,5,167,1,'D~O',1,0,'BAS',1,'',0,0,0),(53,980,'time_end','vtiger_cttimecontrol',1,'2','time_end','Time End',1,2,'',100,6,167,1,'T~O',1,0,'BAS',1,'',0,0,0),(53,981,'createdtime','vtiger_crmentity',1,'70','createdtime','Created Time',1,2,'',100,7,224,2,'DT~O',1,0,'BAS',1,'',0,0,0),(53,982,'modifiedtime','vtiger_crmentity',1,'70','modifiedtime','Modified Time',1,2,'',100,8,224,2,'DT~O',1,0,'BAS',1,'',0,0,0),(53,983,'smownerid','vtiger_crmentity',1,'53','assigned_user_id','Assigned To',1,2,'',100,9,167,1,'V~M',1,0,'BAS',1,'',0,0,0),(53,984,'check_in_location','vtiger_cttimecontrol',1,'2','check_in_location','Location When Start Timer',1,2,'',100,10,167,1,'V~O',1,0,'BAS',1,'',0,0,0),(53,985,'check_out_location','vtiger_cttimecontrol',1,'2','check_out_location','Location When Stop Timer',1,2,'',100,11,167,1,'V~O',1,0,'BAS',1,'',0,0,0),(53,986,'check_in_address','vtiger_cttimecontrol',1,'21','check_in_address','Location Address When Start Timer',1,2,'',100,12,167,1,'V~O',1,0,'BAS',1,'',0,0,0),(53,987,'check_out_address','vtiger_cttimecontrol',1,'21','check_out_address','Location Address When Stop Timer',1,2,'',100,13,167,1,'V~O',1,0,'BAS',1,'',0,0,0),(53,988,'source','vtiger_crmentity',1,'1','source','Source',1,2,'',100,14,224,2,'V~O',3,1,'BAS',0,'',0,0,0),(53,989,'starred','vtiger_crmentity_user_field',1,'56','starred','starred',1,2,'',100,15,167,6,'C~O',3,2,'BAS',0,'',0,0,0),(53,990,'tags','vtiger_cttimecontrol',1,'1','tags','tags',1,2,'',100,16,167,6,'V~O',3,3,'BAS',0,'',0,0,0),(54,991,'ctroutename','vtiger_ctrouteplanning',1,'2','ctroutename','Route Name',1,2,'',100,1,168,1,'V~M',1,0,'BAS',1,'',0,0,0),(54,992,'ctroute_realtedto','vtiger_ctrouteplanrel',1,'10','ctroute_realtedto','Related to',1,2,'',100,6,168,1,'I~O',1,0,'BAS',1,'',0,0,0),(54,993,'ctroute_date','vtiger_ctrouteplanning',1,'5','ctroute_date','Route Planning Date',1,2,'',100,3,168,1,'D~M',1,0,'BAS',1,'',0,0,0),(54,994,'ctroute_status','vtiger_ctrouteplanning',1,'15','ctroute_status','Status',1,2,'',100,4,168,1,'V~O',1,0,'BAS',1,'',0,0,0),(54,995,'ctrouteplanning_no','vtiger_ctrouteplanning',1,'4','ctrouteplanning_no','Route Planning No',1,2,'',100,10,225,1,'V~O',1,0,'BAS',1,'',0,0,0),(54,996,'createdtime','vtiger_crmentity',1,'70','createdtime','Created Time',1,2,'',100,11,225,2,'DT~O',1,0,'BAS',1,'',0,0,0),(54,997,'modifiedtime','vtiger_crmentity',1,'70','modifiedtime','Modified Time',1,2,'',100,12,225,2,'DT~O',1,0,'BAS',1,'',0,0,0),(54,998,'smownerid','vtiger_crmentity',1,'53','assigned_user_id','Assigned To',1,2,'',100,13,168,1,'V~M',1,0,'BAS',1,'',0,0,0),(54,999,'source','vtiger_crmentity',1,'1','source','Source',1,2,'',100,14,225,2,'V~O',3,1,'BAS',0,'',0,0,0),(54,1000,'starred','vtiger_crmentity_user_field',1,'56','starred','starred',1,2,'',100,15,168,6,'C~O',3,2,'BAS',0,'',0,0,0),(54,1001,'tags','vtiger_ctrouteplanning',1,'1','tags','tags',1,2,'',100,16,168,6,'V~O',3,3,'BAS',0,'',0,0,0),(55,1002,'check_in_location','vtiger_ctrouteattendance',1,'2','check_in_location','Check In Location',1,2,'',100,3,169,1,'V~O',1,0,'BAS',1,'',1,0,0),(55,1003,'check_out_location','vtiger_ctrouteattendance',1,'2','check_out_location','Check Out Location',1,2,'',100,3,169,1,'V~O',1,0,'BAS',1,'',1,0,0),(55,1004,'ctrouteattendance_no','vtiger_ctrouteattendance',1,'4','ctrouteattendance_no','Attendance No',1,2,'',100,1,226,1,'V~O',1,0,'BAS',1,'',0,0,0),(55,1005,'ctroute_user','vtiger_ctrouteattendance',1,'52','ctroute_user','Employee Name',1,2,'',100,2,169,1,'V~M',1,0,'BAS',1,'',0,0,0),(55,1006,'smownerid','vtiger_crmentity',1,'53','assigned_user_id','Assigned To',1,2,'',100,3,169,1,'V~M',1,0,'BAS',1,'',0,0,0),(55,1007,'createdtime','vtiger_crmentity',1,'70','createdtime','Check In',1,2,'',100,4,226,2,'DT~O',1,0,'BAS',1,'',0,0,0),(55,1008,'modifiedtime','vtiger_crmentity',1,'70','modifiedtime','Check Out',1,2,'',100,5,226,2,'DT~O',1,0,'BAS',1,'',0,0,0),(55,1009,'ctroute_attendance_status','vtiger_ctrouteattendance',1,'15','ctroute_attendance_status','CTRoute Attendance Status',1,2,'',100,6,169,1,'V~O',1,0,'BAS',1,'',0,0,0),(55,1010,'source','vtiger_crmentity',1,'1','source','Source',1,2,'',100,7,226,2,'V~O',3,1,'BAS',0,'',0,0,0),(55,1011,'starred','vtiger_crmentity_user_field',1,'56','starred','starred',1,2,'',100,8,169,6,'C~O',3,2,'BAS',0,'',0,0,0),(55,1012,'tags','vtiger_ctrouteattendance',1,'1','tags','tags',1,2,'',100,9,169,6,'V~O',3,3,'BAS',0,'',0,0,0),(55,1013,'ctroute_planning','vtiger_ctrouteattendance',1,'10','ctroute_planning','Route Planning',1,2,'',100,10,169,1,'V~O',1,0,'BAS',1,'',0,0,0),(55,1014,'related_to','vtiger_ctrouteattendance',1,'10','related_to','Related To',1,2,'',100,10,169,1,'V~O',1,0,'BAS',1,'',0,0,0),(55,1015,'check_in_address','vtiger_ctrouteattendance',1,'21','check_in_address','Check In Address',1,2,'',100,11,169,1,'V~O',1,0,'BAS',1,'',0,0,0),(55,1016,'check_out_address','vtiger_ctrouteattendance',1,'21','check_out_address','Check Out Address',1,2,'',100,12,169,1,'V~O',1,0,'BAS',1,'',0,0,0),(56,1017,'check_in_location','vtiger_ctattendance',1,'2','check_in_location','Check In Location',1,2,'',100,3,170,1,'V~O',1,0,'BAS',1,'',1,0,0),(56,1018,'check_out_location','vtiger_ctattendance',1,'2','check_out_location','Check Out Location',1,2,'',100,3,170,1,'V~O',1,0,'BAS',1,'',1,0,0),(56,1019,'ctattendance_no','vtiger_ctattendance',1,'4','ctattendance_no','Attendance No',1,2,'',100,1,227,1,'V~O',1,0,'BAS',1,'',1,0,0),(56,1020,'employee_name','vtiger_ctattendance',1,'52','employee_name','Employee Name',1,2,'',100,2,170,1,'V~M',2,0,'BAS',1,'',1,0,0),(56,1021,'smownerid','vtiger_crmentity',1,'53','assigned_user_id','Assigned To',1,2,'',100,3,170,1,'V~M',1,0,'BAS',1,'',0,0,0),(56,1022,'createdtime','vtiger_crmentity',1,'70','createdtime','Check In',1,2,'',100,4,227,2,'DT~O',1,0,'BAS',1,'',0,0,0),(56,1023,'modifiedtime','vtiger_crmentity',1,'70','modifiedtime','Check Out',1,2,'',100,5,227,2,'DT~O',1,0,'BAS',1,'',0,0,0),(56,1024,'attendance_status','vtiger_ctattendance',1,'15','attendance_status','Attendance Status',1,2,'',100,6,170,1,'V~O',1,0,'BAS',1,'',0,0,0),(56,1025,'source','vtiger_crmentity',1,'1','source','Source',1,2,'',100,7,227,2,'V~O',3,1,'BAS',0,'',0,0,0),(56,1026,'starred','vtiger_crmentity_user_field',1,'56','starred','starred',1,2,'',100,8,170,6,'C~O',3,2,'BAS',0,'',0,0,0),(56,1027,'tags','vtiger_ctattendance',1,'1','tags','tags',1,2,'',100,9,170,6,'V~O',3,3,'BAS',0,'',0,0,0),(56,1028,'eventid','vtiger_ctattendance',1,'10','eventid','Event Name',1,2,'',100,10,170,1,'V~O',1,0,'BAS',1,'',0,0,0),(56,1029,'check_in_address','vtiger_ctattendance',1,'21','check_in_address','Check In Address',1,2,'',100,11,170,1,'V~O',1,0,'BAS',1,'',0,0,0),(56,1030,'check_out_address','vtiger_ctattendance',1,'21','check_out_address','Check Out Address',1,2,'',100,12,170,1,'V~O',1,0,'BAS',1,'',0,0,0),(57,1031,'ctuser_filter_view_no','vtiger_ctuserfilterview',1,'4','ctuser_filter_view_no','CTMobile User Filter View No',1,2,'',100,1,228,1,'V~O',1,0,'BAS',1,'',0,0,0),(57,1032,'module_name','vtiger_ctuserfilterview',1,'2','module_name','Module Name',1,2,'',100,2,171,1,'V~O',1,0,'BAS',1,'',0,0,0),(57,1033,'filter_id','vtiger_ctuserfilterview',1,'2','filter_id','Filter',1,2,'',100,3,171,1,'V~O',1,0,'BAS',1,'',0,0,0),(57,1034,'filter_name','vtiger_ctuserfilterview',1,'2','filter_name','Filter Name',1,2,'',100,4,171,1,'V~O',1,0,'BAS',1,'',0,0,0),(57,1035,'smownerid','vtiger_crmentity',1,'53','assigned_user_id','Assigned To',1,2,'',100,5,171,1,'V~M',1,0,'BAS',1,'',0,0,0),(57,1036,'createdtime','vtiger_crmentity',1,'70','createdtime','Created Time',1,2,'',100,6,228,2,'DT~O',1,0,'BAS',1,'',0,0,0),(57,1037,'modifiedtime','vtiger_crmentity',1,'70','modifiedtime','Modified Time',1,2,'',100,7,228,2,'DT~O',1,0,'BAS',1,'',0,0,0),(57,1038,'source','vtiger_crmentity',1,'1','source','Source',1,2,'',100,8,228,2,'V~O',3,1,'BAS',0,'',0,0,0),(57,1039,'starred','vtiger_crmentity_user_field',1,'56','starred','starred',1,2,'',100,9,171,6,'C~O',3,2,'BAS',0,'',0,0,0),(57,1040,'tags','vtiger_ctuserfilterview',1,'1','tags','tags',1,2,'',100,10,171,6,'V~O',3,3,'BAS',0,'',0,0,0),(58,1041,'templates_name','vtiger_ctmessagetemplate',1,'2','templates_name','Template Name',1,2,'',100,1,172,1,'V~O',1,0,'BAS',1,'',0,0,0),(58,1042,'description','vtiger_ctmessagetemplate',1,'21','description','Description ',1,2,'',100,2,172,1,'V~M',1,0,'BAS',1,'',0,0,0),(58,1043,'template_no','vtiger_ctmessagetemplate',1,'4','template_no','Templte No',1,2,'',100,3,229,1,'V~O',1,0,'BAS',1,'',0,0,0),(58,1044,'message_status','vtiger_ctmessagetemplate',1,'15','message_status','Status',1,2,'',100,4,172,1,'V~O',1,0,'BAS',1,'',0,0,0),(58,1045,'smownerid','vtiger_crmentity',1,'53','assigned_user_id','Assigned To',1,2,'',100,5,172,1,'V~M',1,0,'BAS',1,'',0,0,0),(58,1046,'createdtime','vtiger_crmentity',1,'70','createdtime','Created Time',1,2,'',100,6,229,2,'DT~O',1,0,'BAS',1,'',0,0,0),(58,1047,'modifiedtime','vtiger_crmentity',1,'70','modifiedtime','Modified Time',1,2,'',100,7,229,2,'DT~O',1,0,'BAS',1,'',0,0,0),(58,1048,'message_type','vtiger_ctmessagetemplate',1,'15','message_type','Message Type',1,2,'',100,8,172,1,'V~M',1,0,'BAS',1,'',0,0,0),(58,1049,'source','vtiger_crmentity',1,'1','source','Source',1,2,'',100,9,229,2,'V~O',3,1,'BAS',0,'',0,0,0),(58,1050,'starred','vtiger_crmentity_user_field',1,'56','starred','starred',1,2,'',100,10,172,6,'C~O',3,2,'BAS',0,'',0,0,0),(58,1051,'tags','vtiger_ctmessagetemplate',1,'1','tags','tags',1,2,'',100,11,172,6,'V~O',3,3,'BAS',0,'',0,0,0),(59,1052,'pn_title','vtiger_ctpushnotification',1,'2','pn_title','Push Notification Title',1,2,'',100,1,173,1,'V~M',1,0,'BAS',1,'',0,0,0),(59,1053,'pn_related','vtiger_ctpushnotification',1,'10','pn_related','Related Module',1,2,'',100,2,173,1,'V~M',1,0,'BAS',1,'',0,0,0),(59,1054,'pushnotificationstatus','vtiger_ctpushnotification',1,'15','pushnotificationstatus','Push Notification Status',1,2,'',100,3,173,1,'V~O',1,0,'BAS',1,'',0,0,0),(59,1055,'devicekey','vtiger_ctpushnotification',1,'19','devicekey','Device Key',1,2,'',100,4,173,1,'V~O',1,0,'BAS',1,'',0,0,0),(59,1056,'pushnotification_response','vtiger_ctpushnotification',1,'19','pushnotification_response','Push Notification Response',1,2,'',100,5,173,1,'V~O',1,0,'BAS',1,'',0,0,0),(59,1057,'pushnotification_no','vtiger_ctpushnotification',1,'4','pushnotification_no','PushNotification No',1,2,'',100,6,230,1,'V~O',1,0,'BAS',1,'',0,0,0),(59,1058,'createdtime','vtiger_crmentity',1,'70','createdtime','Created Time',1,2,'',100,7,230,2,'DT~O',1,0,'BAS',1,'',0,0,0),(59,1059,'modifiedtime','vtiger_crmentity',1,'70','modifiedtime','Modified Time',1,2,'',100,8,230,2,'DT~O',1,0,'BAS',1,'',0,0,0),(59,1060,'smownerid','vtiger_crmentity',1,'53','assigned_user_id','Assigned To',1,2,'',100,9,173,1,'V~M',1,0,'BAS',1,'',0,0,0),(59,1061,'related_record_id','vtiger_ctpushnotification',1,'2','related_record_id','Related Record Id',1,2,'',100,10,173,1,'V~O',1,0,'BAS',1,'',0,0,0),(59,1062,'notification_url','vtiger_ctpushnotification',1,'17','notification_url','URL',1,2,'',100,10,173,1,'V~O',1,0,'BAS',1,'',0,0,0),(59,1063,'source','vtiger_crmentity',1,'1','source','Source',1,2,'',100,11,230,2,'V~O',3,1,'BAS',0,'',0,0,0),(59,1064,'tags','vtiger_ctpushnotificationcf',1,'1','tags','tags',1,2,'',100,12,173,6,'V~O',3,2,'BAS',0,'',0,0,0),(59,1065,'description','vtiger_ctpushnotification',1,'19','description','Description',1,2,'',100,1,174,1,'V~O',1,0,'BAS',1,'',0,0,0),(59,1066,'starred','vtiger_crmentity_user_field',1,'56','starred','starred',1,2,'',100,13,173,6,'C~O',3,3,'BAS',0,'',0,0,0),(60,1082,'cobranzasno','vtiger_cobranzas',1,'4','cobranzasno','Cobranzas No',1,2,'',100,4,240,1,'V~M',1,0,'BAS',1,'',1,0,0),(60,1083,'cobranzas_tks_dummy','vtiger_cobranzas',1,'2','cobranzas_tks_dummy','dummy',1,1,'',50,5,240,1,'V~M',2,0,'BAS',0,'',0,0,0),(60,1084,'smownerid','vtiger_crmentity',1,'53','assigned_user_id','Assigned To',1,2,'',100,8,235,1,'V~M',1,0,'BAS',1,'',0,0,0),(60,1085,'createdtime','vtiger_crmentity',1,'70','createdtime','Created Time',1,2,'',100,1,240,2,'DT~O',1,0,'BAS',1,'',0,0,0),(60,1086,'modifiedtime','vtiger_crmentity',1,'70','modifiedtime','Modified Time',1,2,'',100,2,240,2,'DT~O',1,0,'BAS',1,'',0,0,0),(60,1087,'source','vtiger_crmentity',1,'1','source','Source',1,2,'',100,3,240,2,'V~O',3,1,'BAS',0,'',0,0,0),(60,1088,'starred','vtiger_crmentity_user_field',1,'56','starred','starred',1,2,'',100,7,235,6,'C~O',3,2,'BAS',0,'',0,0,0),(60,1089,'tags','vtiger_cobranzas',1,'1','tags','tags',1,2,'',100,8,235,6,'V~O',3,3,'BAS',0,'',0,0,0),(60,1098,'lb_razonsocial','vtiger_cobranzas',1,'10','lb_razonsocial','Razon Social',1,2,'',100,2,235,1,'V~O',2,0,'BAS',1,'',0,1,0),(60,1099,'lb_numerofactura','vtiger_cobranzas',1,'1','lb_numerofactura','Numero de Factura',1,2,'',100,1,235,1,'V~O',2,0,'BAS',1,'',0,0,0),(60,1100,'lb_fechaemision','vtiger_cobranzas',1,'5','lb_fechaemision','Fecha de Emisión',1,2,'',100,3,235,1,'D~O',2,0,'BAS',1,'',0,1,0),(60,1101,'lb_fechadevencimiento','vtiger_cobranzas',1,'5','lb_fechadevencimiento','Fecha de Vencimiento',1,2,'',100,4,235,1,'D~O',2,0,'BAS',1,'',0,1,0),(60,1102,'lb_montototal','vtiger_cobranzas',1,'71','lb_montototal','Monto Total',1,2,'',100,5,235,1,'N~O',2,0,'BAS',1,'',0,1,0),(60,1103,'lb_diasvencidos','vtiger_cobranzas',1,'1','lb_diasvencidos','Días Vencidos',1,2,'',100,6,235,1,'V~O',2,0,'BAS',1,'',0,0,0),(60,1104,'lb_conreclamos','vtiger_cobranzas',1,'56','lb_conreclamos','Con Reclamos',1,2,'',100,7,235,1,'V~O',2,0,'BAS',1,'',0,0,0),(60,1105,'lb_estado','vtiger_cobranzas',1,'16','lb_estado','Estado',1,2,'',100,1,257,1,'V~O',2,0,'BAS',1,'',0,1,0),(60,1106,'lb_etapa','vtiger_cobranzas',1,'16','lb_etapa','Etapa',1,2,'',100,2,257,1,'V~O',2,0,'BAS',1,'',0,0,0),(60,1107,'lb_montofinalacordado','vtiger_cobranzas',1,'71','lb_montofinalacordado','Monto Final Acordado',1,2,'',100,5,256,1,'N~O',1,0,'BAS',1,'',0,0,0),(60,1108,'lb_fechacompromisopa','vtiger_cobranzas',1,'5','lb_fechacompromisopa','Fecha de Compromiso de Pago	',1,2,'',100,5,257,1,'D~O',1,0,'BAS',1,'',0,0,0),(60,1109,'lb_pagado','vtiger_cobranzas',1,'71','lb_pagado','Pagado',1,2,'',100,3,256,1,'N~O',1,0,'BAS',1,'',0,0,0),(60,1110,'lb_tipodepago','vtiger_cobranzas',1,'16','lb_tipodepago','Tipo de Pago',1,2,'',100,6,257,1,'V~O',1,0,'BAS',1,'',0,0,0),(60,1111,'lb_motivopagoparcial','vtiger_cobranzas',1,'16','lb_motivopagoparcial','Motivo de Pago Parcial',1,2,'',100,1,256,1,'V~O',1,0,'BAS',1,'',0,0,0),(60,1112,'lb_cuerdodeagoarcial','vtiger_cobranzas',1,'19','lb_cuerdodeagoarcial','Acuerdo de Pago Parcial',1,2,'',100,2,256,1,'V~O',1,0,'BAS',1,'',0,0,0),(60,1113,'lb_reportadoanfocorp','vtiger_cobranzas',1,'56','lb_reportadoanfocorp','Reportado a Infocorp',1,2,'',100,7,257,1,'V~O',1,0,'BAS',1,'',0,0,0),(60,1114,'lb_saldopag','vtiger_cobranzas',1,'71','lb_saldopag','Saldo',1,2,'',100,4,256,1,'N~O',1,0,'BAS',1,'',0,0,0),(60,1115,'lb_requisitodepago','vtiger_cobranzas',1,'19','lb_requisitodepago','Requisito de Pago',1,2,'',100,2,238,1,'V~O',1,0,'BAS',1,'',0,0,0),(60,1116,'lb_diasdepago','vtiger_cobranzas',1,'1','lb_diasdepago','Días de Pago',1,2,'',100,3,238,1,'V~O',1,0,'BAS',1,'',0,0,0),(60,1117,'lb_horarioss','vtiger_cobranzas',1,'2','lb_horarioss','Horario',1,2,'',100,4,238,1,'T~O',1,0,'BAS',1,'',0,0,0),(60,1118,'lb_contactopag','vtiger_cobranzas',1,'10','lb_contactopag','Contacto',1,2,'',100,1,239,1,'V~O',1,0,'BAS',1,'',0,0,0),(60,1119,'lb_emailcxobra','vtiger_cobranzas',1,'13','lb_emailcxobra','Email',1,2,'',100,2,239,1,'E~O',1,0,'BAS',1,'',0,0,0),(60,1120,'lb_telefonocobran','vtiger_cobranzas',1,'1','lb_telefonocobran','Telefono',1,2,'',100,3,239,1,'V~O',1,0,'BAS',1,'',0,0,0),(13,1127,'lb_clasificaciondecontacto','vtiger_troubletickets',1,'16','lb_clasificaciondecontacto','Clasificación de Contacto',1,2,'',100,4,25,1,'V~O',1,0,'BAS',1,'',0,0,0),(13,1128,'lb_responsablecaso','vtiger_troubletickets',1,'16','lb_responsablecaso','Responsable de Proxima Accion',1,2,'',100,1,242,1,'V~O',1,0,'BAS',1,'',0,0,0),(13,1129,'lb_proxima_accion','vtiger_troubletickets',1,'16','lb_proxima_accion','Proxima Accion',1,2,'',100,2,242,1,'V~O',1,0,'BAS',1,'',0,0,0),(13,1130,'lb_elcasofueresuelto','vtiger_troubletickets',1,'16','lb_elcasofueresuelto','El caso fue resuelto',1,2,'',100,1,243,1,'V~O',1,0,'BAS',1,'',0,0,0),(13,1131,'lb_tiempodeatencion','vtiger_troubletickets',1,'16','lb_tiempodeatencion','El tiempo de atención fue optimo',1,2,'',100,2,243,1,'V~O',1,0,'BAS',1,'',0,0,0),(13,1132,'lb_atentidoamablemente','vtiger_troubletickets',1,'16','lb_atentidoamablemente','Fue atentido amablemente',1,2,'',100,3,243,1,'V~O',1,0,'BAS',1,'',0,0,0),(13,1133,'lb_calificaciongeneral','vtiger_troubletickets',1,'16','lb_calificaciongeneral','Calificacion General',1,2,'',100,4,243,1,'V~O',1,0,'BAS',1,'',0,0,0),(26,1134,'lb_mailchimplistid','vtiger_campaign',1,'1','lb_mailchimplistid','Mailchimp List ID ',1,2,'',100,1,244,1,'V~O',1,0,'BAS',1,'',0,0,0),(26,1135,'lb_mailchimpcampaignid','vtiger_campaign',1,'1','lb_mailchimpcampaignid','Mailchimp Campaign ID',1,2,'',100,2,244,1,'V~O',1,0,'BAS',1,'',0,0,0),(4,1136,'lb_whatsappcontact','vtiger_contactdetails',1,'1','lb_whatsappcontact','WhatsApp',1,2,'',100,2,4,1,'V~O',1,0,'BAS',1,'',0,0,0),(4,1137,'lb_dnicontact','vtiger_contactdetails',1,'1','lb_dnicontact','DNI',1,2,'',100,5,4,1,'V~O',1,0,'BAS',1,'',0,0,0),(4,1138,'lb_skypecontact','vtiger_contactdetails',1,'1','lb_skypecontact','Skype',1,2,'',100,11,4,1,'V~O',1,0,'BAS',1,'',0,0,0),(4,1139,'lb_departmentcontact','vtiger_contactdetails',1,'1','lb_departmentcontact','Departamento',1,2,'',100,3,245,1,'V~O',1,0,'BAS',1,'',0,0,0),(4,1140,'lb_ticketpromediocontact','vtiger_contactdetails',1,'71','lb_ticketpromediocontact','Ticket Promedio',1,2,'',100,2,246,1,'N~O',1,0,'BAS',1,'',0,0,0),(4,1141,'lb_compraacumuladacontact','vtiger_contactdetails',1,'71','lb_compraacumuladacontact','Compra Acumulada',1,2,'',100,3,246,1,'N~O',1,0,'BAS',1,'',0,0,0),(4,1142,'lb_ultimacompracontact','vtiger_contactdetails',1,'5','lb_ultimacompracontact','Ultima Compra',1,2,'',100,4,246,1,'D~O',1,0,'BAS',1,'',0,0,0),(4,1143,'lb_frecuenciadecompracontact','vtiger_contactdetails',1,'1','lb_frecuenciadecompracontact','Frecuencia de Compra',1,2,'',100,5,246,1,'I~O',1,0,'BAS',1,'',0,0,0),(4,1144,'lb_sexocontact','vtiger_contactdetails',1,'16','lb_sexocontact','Sexo',1,2,'',100,6,246,1,'V~O',1,0,'BAS',1,'',0,0,0),(4,1145,'lb_origendeprospectocontact','vtiger_contactdetails',1,'16','lb_origendeprospectocontact','Origen de Prospecto',1,2,'',100,7,246,1,'V~O',1,0,'BAS',1,'',0,0,0),(4,1146,'lb_kenjinkai','vtiger_contactdetails',1,'16','lb_kenjinkai',' Kenjinkai del Padre',1,2,'',100,8,246,1,'V~O',1,0,'BAS',1,'',0,0,0),(4,1147,'lb_estadocivil','vtiger_contactdetails',1,'16','lb_estadocivil','Estado Civil',1,2,'',100,9,246,1,'V~O',1,0,'BAS',1,'',0,0,0),(4,1148,'lb_edadcontact','vtiger_contactdetails',1,'1','lb_edadcontact','Edad ',1,2,'',100,10,246,1,'I~O',1,0,'BAS',1,'',0,0,0),(4,1149,'lb_kenjikaidelamadre','vtiger_contactdetails',1,'16','lb_kenjikaidelamadre','Kenjikai de la Madre',1,2,'',100,11,246,1,'V~O',1,0,'BAS',1,'',0,0,0),(4,1150,'lb_perfilcontact','vtiger_contactdetails',1,'16','lb_perfilcontact','Perfil',1,2,'',100,12,246,1,'V~O',1,0,'BAS',1,'',0,0,0),(4,1151,'lb_aceptodatoper','vtiger_contactdetails',1,'16','lb_aceptodatoper','Acepto Tratamiento de Datos Personales',1,2,'',100,13,246,1,'V~O',1,0,'BAS',1,'',0,0,0),(4,1152,'lb_mediodeaceptacion','vtiger_contactdetails',1,'16','lb_mediodeaceptacion','Medio de Aceptacion o Denegacion',1,2,'',100,14,246,1,'V~O',1,0,'BAS',1,'',0,0,0),(4,1154,'lb_fechadeaceptacion','vtiger_contactdetails',1,'5','lb_fechadeaceptacion',' Fecha de Aceptacion o Denegacion',1,2,'',100,15,246,1,'D~O',1,0,'BAS',1,'',0,0,0),(2,1155,'lb_fechadesiguientepaso','vtiger_potential',1,'5','lb_fechadesiguientepaso','Fecha de Siguiente Paso',1,2,'',100,9,1,1,'D~O',1,0,'BAS',1,'',0,0,0),(2,1156,'lb_probabilidaddeexito','vtiger_potential',1,'16','lb_probabilidaddeexito','Probabilidad de Exito ',1,2,'',100,8,1,1,'V~O',1,0,'BAS',1,'',0,0,0),(6,1157,'lb_asesor','vtiger_account',1,'16','lb_asesor','Asesor',1,2,'',100,28,9,1,'V~O',1,0,'BAS',1,'',0,0,0),(6,1158,'lb_supervisor','vtiger_account',1,'16','lb_supervisor','Supervisor',1,2,'',100,29,9,1,'V~O',1,0,'BAS',1,'',0,0,0),(6,1159,'lb_problemasuoportunidades','vtiger_account',1,'19','lb_problemasuoportunidades','Problemas u Oportunidades',1,2,'',100,1,248,1,'V~O',1,0,'BAS',1,'',0,0,0),(6,1160,'lb_proyectosoiniciativas','vtiger_account',1,'19','lb_proyectosoiniciativas','Proyectos o Iniciativas',1,2,'',100,5,248,1,'V~O',1,0,'BAS',1,'',0,0,0),(6,1161,'lb_productoaofrecer','vtiger_account',1,'19','lb_productoaofrecer','Producto a ofrecer',1,2,'',100,4,248,1,'V~O',1,0,'BAS',1,'',0,0,0),(6,1162,'lb_estrategiayobjetivos','vtiger_account',1,'19','lb_estrategiayobjetivos','Estrategia y Objetivos ',1,2,'',100,2,248,1,'V~O',1,0,'BAS',1,'',0,0,0),(6,1163,'lb_perfilde','vtiger_account',1,'19','lb_perfilde','Perfil de',1,2,'',100,3,248,1,'V~O',1,0,'BAS',1,'',0,0,0),(6,1164,'lb_compraacumulada','vtiger_account',1,'71','lb_compraacumulada','Compra Acumulada',1,2,'',100,1,247,1,'N~O',1,0,'BAS',1,'',0,0,0),(6,1165,'lb_region','vtiger_account',1,'16','lb_region','Region',1,2,'',100,7,247,1,'V~O',1,0,'BAS',1,'',0,0,0),(6,1166,'lb_frecuenciadevisitames','vtiger_account',1,'1','lb_frecuenciadevisitames','Frecuencia de Visitas Mensual',1,2,'',100,1,249,1,'I~O',1,0,'BAS',1,'',0,0,0),(6,1167,'lb_frecuenciadecomprames','vtiger_account',1,'1','lb_frecuenciadecomprames','Frecuencia de Compras Mensual',1,2,'',100,3,249,1,'I~O',1,0,'BAS',1,'',0,0,0),(6,1168,'lb_proximavisita','vtiger_account',1,'5','lb_proximavisita','Proxima Visita',1,2,'',100,2,249,1,'D~O',1,0,'BAS',1,'',0,0,0),(6,1169,'lb_proximacompra','vtiger_account',1,'5','lb_proximacompra','Proxima Compra',1,2,'',100,4,249,1,'D~O',1,0,'BAS',1,'',0,0,0),(61,1170,'pagosno','vtiger_pagos',1,'4','pagosno','Pagos No',1,2,'',100,4,251,1,'V~M',1,0,'BAS',1,'',0,0,0),(61,1171,'pagos_tks_dummy','vtiger_pagos',1,'2','pagos_tks_dummy','dummy',1,1,'',70,1,250,1,'V~O',1,0,'BAS',0,'',0,0,0),(61,1172,'smownerid','vtiger_crmentity',1,'53','assigned_user_id','Assigned To',1,2,'',100,7,252,1,'V~M',1,0,'BAS',1,'',1,0,0),(61,1173,'createdtime','vtiger_crmentity',1,'70','createdtime','Created Time',1,2,'',100,1,251,2,'DT~O',1,0,'BAS',1,'',0,0,0),(61,1174,'modifiedtime','vtiger_crmentity',1,'70','modifiedtime','Modified Time',1,2,'',100,2,251,2,'DT~O',1,0,'BAS',1,'',0,0,0),(61,1175,'source','vtiger_crmentity',1,'1','source','Source',1,2,'',100,3,251,2,'V~O',3,1,'BAS',0,'',0,0,0),(61,1176,'starred','vtiger_crmentity_user_field',1,'56','starred','starred',1,2,'',100,7,250,6,'C~O',3,2,'BAS',0,'',0,0,0),(61,1177,'tags','vtiger_pagos',1,'1','tags','tags',1,2,'',100,8,250,6,'V~O',3,3,'BAS',0,'',0,0,0),(61,1178,'lb_cobranzapagosparciales','vtiger_pagos',1,'10','lb_cobranzapagosparciales','Cobranza',1,2,'',100,1,252,1,'V~O',2,0,'BAS',1,'',0,1,0),(61,1179,'lb_estadopagosparciales','vtiger_pagos',1,'16','lb_estadopagosparciales','Estado de Pago',1,2,'',100,2,252,1,'V~O',2,0,'BAS',1,'',1,0,0),(61,1180,'lb_numeropagosparciales','vtiger_pagos',1,'1','lb_numeropagosparciales','Número de Pago',1,2,'',100,3,252,1,'V~O',2,0,'BAS',1,'',0,1,0),(61,1181,'lb_montopagosparciales','vtiger_pagos',1,'71','lb_montopagosparciales','Monto',1,2,'',100,4,252,1,'N~O',2,0,'BAS',1,'',1,0,0),(61,1182,'lb_formapagosparciales','vtiger_pagos',1,'16','lb_formapagosparciales','Forma de Pago',1,2,'',100,5,252,1,'V~O',2,0,'BAS',1,'',0,1,0),(61,1183,'lb_fechapagosparciales','vtiger_pagos',1,'5','lb_fechapagosparciales','Fecha de Pago',1,2,'',100,6,252,1,'D~O',2,0,'BAS',1,'',1,0,0),(62,1184,'whatsapp_no','vtiger_ctwhatsapp',1,'4','whatsapp_no','WhatsApp No',1,2,'',100,1,253,1,'V~O',1,0,'BAS',1,'',0,0,0),(62,1185,'whatsapp_sendername','vtiger_ctwhatsapp',1,'2','whatsapp_sendername','Sender Name',1,2,'',100,2,253,1,'V~O',1,0,'BAS',1,'',0,0,0),(62,1186,'whatsapp_chatid','vtiger_ctwhatsapp',1,'2','whatsapp_chatid','WhatsApp ChatId',1,2,'',100,3,253,1,'V~O',1,0,'BAS',1,'',0,0,0),(62,1187,'message_type','vtiger_ctwhatsapp',1,'15','message_type','Message Type',1,2,'',100,4,253,1,'V~O',1,0,'BAS',1,'',0,0,0),(62,1188,'message_body','vtiger_ctwhatsapp',1,'19','message_body','Body',1,2,'',100,5,253,1,'V~O',1,0,'BAS',1,'',1,0,0),(62,1189,'createdtime','vtiger_crmentity',1,'70','createdtime','Created Time',1,2,'',100,8,253,2,'DT~O',1,0,'BAS',1,'',0,0,0),(62,1190,'modifiedtime','vtiger_crmentity',1,'70','modifiedtime','Modified Time',1,2,'',100,7,253,2,'DT~O',1,0,'BAS',1,'',0,0,0),(62,1191,'smownerid','vtiger_crmentity',1,'53','assigned_user_id','Assigned To',1,2,'',100,10,253,1,'V~M',1,0,'BAS',1,'',0,0,0),(62,1192,'whatsapp_contactid','vtiger_ctwhatsapp',1,'10','whatsapp_contactid','Related To',1,2,'',100,9,253,1,'V~O',1,0,'BAS',1,'',0,0,0),(62,1193,'source','vtiger_crmentity',1,'1','source','Source',1,2,'',100,12,253,2,'V~O',3,1,'BAS',0,'',0,0,0),(62,1194,'tags','vtiger_ctwhatsappcf',1,'1','tags','tags',1,2,'',100,11,253,6,'V~O',3,2,'BAS',0,'',0,0,0),(62,1195,'whatsapp_unreadread','vtiger_ctwhatsapp',1,'15','whatsapp_unreadread','Read / Unread',1,2,'',100,11,253,1,'V~O',1,0,'BAS',1,'',0,0,0),(62,1196,'whatsapp_withccode','vtiger_ctwhatsapp',1,'11','whatsapp_withccode','With Country Code',1,2,'',100,14,253,1,'V~O',1,0,'BAS',1,'',0,0,0),(62,1197,'whatsapp_withoccode','vtiger_ctwhatsapp',1,'11','whatsapp_withoccode','Mass Message',1,2,'',100,13,253,1,'V~O',1,0,'BAS',1,'',0,0,0),(62,1198,'msgid','vtiger_ctwhatsapp',1,'2','msgid','Message ID',1,2,'',100,16,253,1,'V~O',1,0,'BAS',1,'',0,0,0),(62,1199,'whatsapp_datetime','vtiger_ctwhatsapp',1,'70','whatsapp_datetime','Date Time of message',1,2,'',100,15,253,1,'DT~O',1,0,'BAS',1,'',0,0,0),(62,1200,'starred','vtiger_crmentity_user_field',1,'56','starred','starred',1,2,'',100,18,253,6,'C~O',3,3,'BAS',0,'',0,0,0),(62,1201,'whatsapp_important','vtiger_ctwhatsapp',1,'2','whatsapp_important','Important',1,2,'',100,18,253,1,'V~O',1,0,'BAS',1,'',0,0,0),(62,1202,'your_number','vtiger_ctwhatsapp',1,'2','your_number','Your phone number',1,2,'',100,17,253,1,'V~O',1,0,'BAS',1,'',0,0,0),(62,1203,'whatsapp_request','vtiger_ctwhatsapp',1,'19','whatsapp_request','API Request',1,2,'',100,20,253,1,'V~O',1,0,'BAS',1,'',0,0,0),(62,1204,'whatsapp_response','vtiger_ctwhatsapp',1,'19','whatsapp_response','Response',1,2,'',100,19,253,1,'V~O',1,0,'BAS',1,'',0,0,0),(62,1205,'whatsapp_quotemessage','vtiger_ctwhatsapp',1,'19','whatsapp_quotemessage','Quote Message',1,2,'',100,6,253,1,'V~O',1,0,'BAS',1,'',0,0,0),(62,1206,'whatsapp_botid','vtiger_ctwhatsapp',1,'2','whatsapp_botid','BotID',1,2,'',100,21,253,1,'V~O',1,0,'BAS',1,'',0,0,0),(62,1207,'whatsapp_displayname','vtiger_ctwhatsapp',1,'2','whatsapp_displayname','Display Name',1,2,'',100,22,253,1,'V~O',1,0,'BAS',1,'',0,0,0),(63,1208,'wptemplate_title','vtiger_ctwhatsapptemplates',1,'2','wptemplate_title','Title',1,2,'',100,1,254,1,'V~O',1,0,'BAS',1,'',1,0,0),(63,1209,'wptemplate_msg','vtiger_ctwhatsapptemplates',1,'56','wptemplate_msg','Send msg Picture with Text',1,1,'0',100,2,254,1,'C~O',1,0,'BAS',1,'',0,0,0),(63,1210,'wptemplate_modules','vtiger_ctwhatsapptemplates',1,'15','wptemplate_modules','Module Name',1,2,'',100,3,254,1,'V~O',1,0,'BAS',1,'',0,0,0),(63,1211,'wptemplate_fields','vtiger_ctwhatsapptemplates',1,'15','wptemplate_fields','Module Fields',1,2,'',100,4,254,1,'V~O',1,0,'BAS',1,'',0,0,0),(63,1212,'wptemplate_text','vtiger_ctwhatsapptemplates',1,'19','wptemplate_text','WhatsApp message to Send',1,2,'',100,5,254,1,'V~O',1,0,'BAS',1,'',0,0,0),(63,1213,'wptemplate_image','vtiger_ctwhatsapptemplates',1,'69','wptemplate_image','WhatsApp Banner to send',1,2,'',100,15,254,1,'V~O',1,0,'BAS',1,'',0,0,0),(63,1214,'whatsapptemplates_no','vtiger_ctwhatsapptemplates',1,'4','whatsapptemplates_no','WhatsAppTemplates No',1,2,'',100,7,254,1,'V~O',1,0,'BAS',1,'',0,0,0),(63,1215,'createdtime','vtiger_crmentity',1,'70','createdtime','Created Time',1,2,'',100,8,254,2,'DT~O',1,0,'BAS',1,'',0,0,0),(63,1216,'modifiedtime','vtiger_crmentity',1,'70','modifiedtime','Modified Time',1,2,'',100,9,254,2,'DT~O',1,0,'BAS',1,'',0,0,0),(63,1217,'smownerid','vtiger_crmentity',1,'53','assigned_user_id','Assigned To',1,2,'',100,10,254,1,'V~M',1,0,'BAS',1,'',0,0,0),(63,1218,'source','vtiger_crmentity',1,'1','source','Source',1,2,'',100,11,254,2,'V~O',3,1,'BAS',0,'',0,0,0),(63,1219,'starred','vtiger_crmentity_user_field',1,'56','starred','starred',1,2,'',100,12,254,6,'C~O',3,2,'BAS',0,'',0,0,0),(63,1220,'tags','vtiger_ctwhatsapptemplates',1,'1','tags','tags',1,2,'',100,13,254,6,'V~O',3,3,'BAS',0,'',0,0,0),(63,1221,'wptemplate_scannumber','vtiger_ctwhatsapptemplates',1,'33','wptemplate_scannumber','Template Number',1,1,'',100,16,254,1,'V~O',1,0,'BAS',1,'',0,0,0),(63,1222,'wptemplate_quickaccess','vtiger_ctwhatsapptemplates',1,'56','wptemplate_quickaccess','Display in Quick Access',1,2,'on',100,17,254,1,'I~O',1,0,'BAS',1,'',0,0,0),(64,1223,'whatsapplog_no','vtiger_whatsapplog',1,'4','whatsapplog_no','WhatsAppLog No',1,2,'',100,1,255,1,'V~O',1,0,'BAS',1,'',0,0,0),(64,1224,'whatsapplog_sendername','vtiger_whatsapplog',1,'2','whatsapplog_sendername','Sender Name',1,2,'',100,2,255,1,'V~O',1,0,'BAS',1,'',0,0,0),(64,1225,'whatsapplog_chatid','vtiger_whatsapplog',1,'2','whatsapplog_chatid','Whatsapp ChatId',1,2,'',100,3,255,1,'V~O',1,0,'BAS',1,'',0,0,0),(64,1226,'messagelog_type','vtiger_whatsapplog',1,'15','messagelog_type','Message Type',1,2,'',100,4,255,1,'V~O',1,0,'BAS',1,'',0,0,0),(64,1227,'messagelog_body','vtiger_whatsapplog',1,'19','messagelog_body','Body',1,2,'',100,5,255,1,'V~O',1,0,'BAS',1,'',0,0,0),(64,1228,'whatsapplog_quotemessage','vtiger_whatsapplog',1,'19','whatsapplog_quotemessage','Quote Message',1,2,'',100,6,255,1,'V~O',1,0,'BAS',1,'',0,0,0),(64,1229,'whatsapplog_contactid','vtiger_whatsapplog',1,'10','whatsapplog_contactid','Contacts ID',1,2,'',100,7,255,1,'V~O',1,0,'BAS',1,'',0,0,0),(64,1230,'whatsapplog_unreadread','vtiger_whatsapplog',1,'15','whatsapplog_unreadread','Read / Unread',1,2,'',100,8,255,1,'V~O',1,0,'BAS',1,'',0,0,0),(64,1231,'whatsapplog_withoccode','vtiger_whatsapplog',1,'2','whatsapplog_withoccode','Mass Message ',1,2,'',100,9,255,1,'V~O',1,0,'BAS',1,'',0,0,0),(64,1232,'whatsapplog_withccode','vtiger_whatsapplog',1,'2','whatsapplog_withccode','Customer phone',1,2,'',100,10,255,1,'V~O',1,0,'BAS',1,'',0,0,0),(64,1233,'whatsapplog_datetime','vtiger_whatsapplog',1,'70','whatsapplog_datetime','Date Time of message',1,2,'',100,11,255,1,'DT~O',1,0,'BAS',1,'',0,0,0),(64,1234,'whatsapplog_msgid','vtiger_whatsapplog',1,'2','whatsapplog_msgid','Message ID',1,2,'',100,12,255,1,'V~O',1,0,'BAS',1,'',0,0,0),(64,1235,'whatsapplog_your_number','vtiger_whatsapplog',1,'2','whatsapplog_your_number','Your phone number',1,2,'',100,13,255,1,'V~O',1,0,'BAS',1,'',0,0,0),(64,1236,'whatsapplog_important','vtiger_whatsapplog',1,'2','whatsapplog_important','Important',1,2,'',100,14,255,1,'V~O',1,0,'BAS',1,'',0,0,0),(64,1237,'whatsapplog_response','vtiger_whatsapplog',1,'19','whatsapplog_response','Response',1,2,'',100,15,255,1,'V~O',1,0,'BAS',1,'',0,0,0),(64,1238,'whatsapplog_request','vtiger_whatsapplog',1,'19','whatsapplog_request','API Request',1,2,'',100,16,255,1,'V~O',1,0,'BAS',1,'',0,0,0),(64,1239,'whatsapplog_botid','vtiger_whatsapplog',1,'2','whatsapplog_botid','BotID',1,2,'',100,17,255,1,'V~O',1,0,'BAS',1,'',0,0,0),(64,1240,'whatsapplog_displayname','vtiger_whatsapplog',1,'2','whatsapplog_displayname','Display Name',1,2,'',100,18,255,1,'V~O',1,0,'BAS',1,'',0,0,0),(64,1241,'createdtime','vtiger_crmentity',1,'70','createdtime','Created Time',1,2,'',100,19,255,2,'DT~O',1,0,'BAS',1,'',0,0,0),(64,1242,'modifiedtime','vtiger_crmentity',1,'70','modifiedtime','Modified Time',1,2,'',100,20,255,2,'DT~O',1,0,'BAS',1,'',0,0,0),(64,1243,'smownerid','vtiger_crmentity',1,'53','assigned_user_id','Assigned To',1,2,'',100,21,255,1,'V~M',1,0,'BAS',1,'',0,0,0),(64,1244,'whatsapp_numberactive','vtiger_whatsapplog',1,'56','whatsapp_numberactive','WhatsApp Active/InActive',1,2,'',100,22,255,1,'C~O',1,0,'BAS',1,'',0,0,0),(64,1245,'source','vtiger_crmentity',1,'1','source','Source',1,2,'',100,23,255,2,'V~O',3,1,'BAS',0,'',0,0,0),(64,1246,'starred','vtiger_crmentity_user_field',1,'56','starred','starred',1,2,'',100,24,255,6,'C~O',3,2,'BAS',0,'',0,0,0),(64,1247,'tags','vtiger_whatsapplog',1,'1','tags','tags',1,2,'',100,25,255,6,'V~O',3,3,'BAS',0,'',0,0,0),(60,1248,'lb_activitirealizadacobran','vtiger_cobranzas',1,'16','lb_activitirealizadacobran','Actividad Realizada ',1,1,'',100,10,237,1,'V~O',1,0,'BAS',1,'',0,0,0),(60,1249,'lb_accionvocobran','vtiger_cobranzas',1,'16','lb_accionvocobran','Acción de Cobranza',1,2,'',100,3,257,1,'V~O',1,0,'BAS',1,'',0,0,0),(60,1250,'lb_detalleccobran','vtiger_cobranzas',1,'19','lb_detalleccobran','Detalle de Cobranza',1,2,'',100,4,257,1,'V~O',1,0,'BAS',1,'',0,0,0);

--
