-- Table structure for table `vtiger_modtracker_relations`
--

CREATE TABLE `vtiger_modtracker_relations` (
  `id` int(19) NOT NULL,
  `targetmodule` varchar(100) NOT NULL,
  `targetid` int(19) NOT NULL,
  `changedon` datetime DEFAULT NULL,
  PRIMARY KEY (`id`)
) ENGINE=InnoDB DEFAULT CHARSET=utf8 COLLATE=utf8_general_ci;

--
-- Dumping data for table `vtiger_modtracker_relations`
--

INSERT INTO `vtiger_modtracker_relations` VALUES (10,'Pagos',690,'2024-07-07 17:05:35'),(11,'Pagos',691,'2024-07-07 17:06:58'),(12,'Pagos',692,'2024-07-07 17:07:42'),(13,'Pagos',693,'2024-07-07 17:09:04'),(14,'Pagos',694,'2024-07-07 17:12:56'),(15,'Pagos',695,'2024-07-07 17:13:41'),(16,'Pagos',696,'2024-07-07 17:14:10'),(17,'Pagos',697,'2024-07-07 17:15:30'),(18,'Pagos',698,'2024-07-07 17:19:00'),(19,'Pagos',699,'2024-07-07 17:19:38'),(20,'Pagos',700,'2024-07-07 18:31:47'),(21,'Pagos',700,'2024-07-07 18:31:55'),(22,'Pagos',701,'2024-07-07 18:34:45'),(23,'Pagos',702,'2024-07-07 18:35:29'),(24,'Pagos',703,'2024-07-07 18:36:08'),(25,'Pagos',704,'2024-07-07 18:36:44'),(26,'Pagos',705,'2024-07-07 18:39:41'),(27,'Pagos',706,'2024-07-07 18:40:15'),(28,'Pagos',707,'2024-07-07 18:40:52'),(29,'Pagos',708,'2024-07-07 18:41:38'),(30,'Pagos',709,'2024-07-07 18:47:32'),(31,'Pagos',710,'2024-07-07 18:48:06'),(32,'Pagos',711,'2024-07-07 18:48:31'),(33,'Pagos',712,'2024-07-07 18:49:13'),(34,'Pagos',713,'2024-07-07 18:51:36'),(35,'Pagos',714,'2024-07-07 18:52:06'),(36,'Pagos',715,'2024-07-07 18:52:27'),(37,'Pagos',716,'2024-07-07 18:53:12'),(38,'Pagos',717,'2024-07-07 18:55:38'),(39,'Pagos',718,'2024-07-07 18:56:19'),(40,'Pagos',719,'2024-07-07 18:57:01'),(42,'ModComments',720,'2024-07-08 14:22:25'),(44,'Pagos',721,'2024-07-08 14:23:53'),(45,'Pagos',722,'2024-07-08 14:24:09'),(48,'Calendar',723,'2024-07-12 16:12:57'),(51,'Calendar',725,'2024-07-12 16:23:38'),(53,'Calendar',726,'2024-07-12 16:25:50'),(55,'Calendar',727,'2024-07-12 16:37:20'),(60,'ModComments',733,'2024-07-12 17:25:18'),(67,'ModComments',742,'2024-07-18 10:54:36'),(79,'Emails',751,'2024-07-18 17:10:01'),(81,'Emails',752,'2024-07-18 17:10:02'),(83,'Emails',753,'2024-07-18 17:10:02'),(85,'Emails',754,'2024-07-18 17:10:02'),(87,'Emails',755,'2024-07-18 17:10:03'),(89,'Emails',756,'2024-07-18 17:10:03'),(91,'Emails',757,'2024-07-18 17:10:04'),(93,'Emails',758,'2024-07-18 17:10:04'),(95,'Emails',759,'2024-07-18 17:10:04'),(97,'Emails',760,'2024-07-18 17:10:04');

--
-- Table structure for table `vtiger_modtracker_tabs`
--

CREATE TABLE `vtiger_modtracker_tabs` (
  `tabid` int(11) NOT NULL,
  `visible` int(11) DEFAULT 0,
  PRIMARY KEY (`tabid`)
) ENGINE=InnoDB DEFAULT CHARSET=utf8 COLLATE=utf8_general_ci;

--
-- Dumping data for table `vtiger_modtracker_tabs`
--

INSERT INTO `vtiger_modtracker_tabs` VALUES (0,1),(2,1),(4,1),(6,1),(7,1),(8,1),(9,1),(10,1),(13,1),(14,1),(15,1),(16,1),(18,1),(19,1),(20,1),(21,1),(22,1),(23,1),(26,1),(28,1),(31,1),(32,1),(37,1),(38,1),(42,1),(43,1),(44,1),(46,1),(47,1),(60,1),(61,1);

--
-- Table structure for table `vtiger_module_dashboard_widgets`
--

CREATE TABLE `vtiger_module_dashboard_widgets` (
  `id` int(19) NOT NULL AUTO_INCREMENT,
  `linkid` int(19) DEFAULT NULL,
  `userid` int(19) DEFAULT NULL,
  `filterid` int(19) DEFAULT NULL,
  `title` varchar(100) DEFAULT NULL,
  `data` text DEFAULT NULL,
  `position` varchar(50) DEFAULT NULL,
  `reportid` int(19) DEFAULT NULL,
  `dashboardtabid` int(11) DEFAULT NULL,
  `size` varchar(50) DEFAULT NULL,
  PRIMARY KEY (`id`),
  KEY `dashboardtabid` (`dashboardtabid`),
  CONSTRAINT `vtiger_module_dashboard_widgets_ibfk_1` FOREIGN KEY (`dashboardtabid`) REFERENCES `vtiger_dashboard_tabs` (`id`) ON DELETE CASCADE
) ENGINE=InnoDB AUTO_INCREMENT=12 DEFAULT CHARSET=utf8 COLLATE=utf8_general_ci;

--
-- Dumping data for table `vtiger_module_dashboard_widgets`
--

INSERT INTO `vtiger_module_dashboard_widgets` VALUES (1,58,1,NULL,NULL,'null','{\"row\":\"1\",\"col\":\"1\"}',NULL,2,'{\"sizex\":\"2\",\"sizey\":\"1\"}'),(5,103,1,NULL,NULL,'null','{\"row\":\"2\",\"col\":\"1\"}',NULL,2,'{\"sizex\":\"2\",\"sizey\":\"2\"}'),(6,62,1,NULL,NULL,'null','{\"row\":\"6\",\"col\":\"1\"}',NULL,2,'{\"sizex\":\"2\",\"sizey\":\"1\"}'),(7,61,1,NULL,NULL,'null','{\"row\":\"5\",\"col\":\"3\"}',NULL,2,'{\"sizex\":\"2\",\"sizey\":\"2\"}'),(8,60,1,NULL,NULL,'null','{\"row\":\"4\",\"col\":\"1\"}',NULL,2,'{\"sizex\":\"2\",\"sizey\":\"2\"}'),(10,59,1,NULL,NULL,'null','{\"row\":\"1\",\"col\":\"3\"}',NULL,2,'{\"sizex\":\"2\",\"sizey\":\"2\"}'),(11,0,1,NULL,'ChartReportWidget_Potentials_26',NULL,'{\"row\":\"3\",\"col\":\"3\"}',26,2,'{\"sizex\":\"2\",\"sizey\":\"2\"}');

--
-- Table structure for table `vtiger_no_of_currency_decimals`
--

CREATE TABLE `vtiger_no_of_currency_decimals` (
  `no_of_currency_decimalsid` int(11) NOT NULL AUTO_INCREMENT,
  `no_of_currency_decimals` varchar(200) NOT NULL,
  `sortorderid` int(11) DEFAULT NULL,
  `presence` int(11) NOT NULL DEFAULT 1,
  PRIMARY KEY (`no_of_currency_decimalsid`)
) ENGINE=InnoDB AUTO_INCREMENT=8 DEFAULT CHARSET=utf8 COLLATE=utf8_general_ci;

--
-- Dumping data for table `vtiger_no_of_currency_decimals`
--

INSERT INTO `vtiger_no_of_currency_decimals` VALUES (2,'2',2,1),(3,'3',3,1),(4,'4',4,1),(5,'5',5,1),(6,'0',0,1),(7,'1',1,1);

--
-- Table structure for table `vtiger_no_of_currency_decimals_seq`
--

CREATE TABLE `vtiger_no_of_currency_decimals_seq` (
  `id` int(11) NOT NULL
) ENGINE=InnoDB DEFAULT CHARSET=utf8 COLLATE=utf8_general_ci;

--
-- Dumping data for table `vtiger_no_of_currency_decimals_seq`
--

INSERT INTO `vtiger_no_of_currency_decimals_seq` VALUES (7);

--
-- Table structure for table `vtiger_notebook_contents`
--

CREATE TABLE `vtiger_notebook_contents` (
  `userid` int(19) NOT NULL,
  `notebookid` int(19) NOT NULL,
  `contents` text DEFAULT NULL
) ENGINE=InnoDB DEFAULT CHARSET=utf8 COLLATE=utf8_general_ci;

--
-- Dumping data for table `vtiger_notebook_contents`
--


--
-- Table structure for table `vtiger_notes`
--

CREATE TABLE `vtiger_notes` (
  `notesid` int(19) NOT NULL DEFAULT 0,
  `note_no` varchar(100) NOT NULL,
  `title` varchar(50) NOT NULL,
  `filename` varchar(200) DEFAULT NULL,
  `notecontent` text DEFAULT NULL,
  `folderid` int(19) NOT NULL DEFAULT 1,
  `filetype` varchar(50) DEFAULT NULL,
  `filelocationtype` varchar(5) DEFAULT NULL,
  `filedownloadcount` int(19) DEFAULT NULL,
  `filestatus` int(19) DEFAULT NULL,
  `filesize` int(19) NOT NULL DEFAULT 0,
  `fileversion` varchar(50) DEFAULT NULL,
  `tags` varchar(1) DEFAULT NULL,
  PRIMARY KEY (`notesid`),
  KEY `notes_title_idx` (`title`),
  KEY `notes_notesid_idx` (`notesid`),
  CONSTRAINT `fk_1_vtiger_notes` FOREIGN KEY (`notesid`) REFERENCES `vtiger_crmentity` (`crmid`) ON DELETE CASCADE
) ENGINE=InnoDB DEFAULT CHARSET=utf8 COLLATE=utf8_general_ci;

--
-- Dumping data for table `vtiger_notes`
--

INSERT INTO `vtiger_notes` VALUES (675,'DOC1','image001.jpg','image001.jpg','',1,'','I',0,1,4894,'',''),(677,'DOC2','image002.png','image002.png','',1,'','I',0,1,4824,'',''),(679,'DOC3','image003.png','image003.png','',1,'','I',0,1,7458,'',''),(681,'DOC4','image004.png','image004.png','',1,'','I',0,1,771,'',''),(683,'DOC5','image005.png','image005.png','',1,'','I',0,1,883,'',''),(685,'DOC6','image006.png','image006.png','',1,'','I',0,1,783,'',''),(687,'DOC7','image007.png','image007.png','',1,'','I',0,1,682,'',''),(689,'DOC8','image008.png','image008.png','',1,'','I',0,1,1093,'','');

--
-- Table structure for table `vtiger_notescf`
--

CREATE TABLE `vtiger_notescf` (
  `notesid` int(19) NOT NULL DEFAULT 0,
  PRIMARY KEY (`notesid`),
  CONSTRAINT `fk_notesid_vtiger_notescf` FOREIGN KEY (`notesid`) REFERENCES `vtiger_notes` (`notesid`) ON DELETE CASCADE
) ENGINE=InnoDB DEFAULT CHARSET=utf8 COLLATE=utf8_general_ci;

--
-- Dumping data for table `vtiger_notescf`
--

INSERT INTO `vtiger_notescf` VALUES (675),(677),(679),(681),(683),(685),(687),(689);

--
-- Table structure for table `vtiger_notificationscheduler`
--

CREATE TABLE `vtiger_notificationscheduler` (
  `schedulednotificationid` int(19) NOT NULL AUTO_INCREMENT,
  `schedulednotificationname` varchar(200) DEFAULT NULL,
  `active` int(1) DEFAULT NULL,
  `notificationsubject` varchar(200) DEFAULT NULL,
  `notificationbody` text DEFAULT NULL,
  `label` varchar(50) DEFAULT NULL,
  `type` varchar(10) DEFAULT NULL,
  PRIMARY KEY (`schedulednotificationid`),
  UNIQUE KEY `notificationscheduler_schedulednotificationname_idx` (`schedulednotificationname`)
) ENGINE=InnoDB AUTO_INCREMENT=9 DEFAULT CHARSET=utf8 COLLATE=utf8_general_ci;

--
-- Dumping data for table `vtiger_notificationscheduler`
--

INSERT INTO `vtiger_notificationscheduler` VALUES (1,'LBL_TASK_NOTIFICATION_DESCRITPION',1,'Task Delay Notification','Tasks delayed beyond 24 hrs ','LBL_TASK_NOTIFICATION',NULL),(2,'LBL_BIG_DEAL_DESCRIPTION',1,'Big Deal notification','Success! A big deal has been won! ','LBL_BIG_DEAL',NULL),(3,'LBL_TICKETS_DESCRIPTION',1,'Pending Tickets notification','Ticket pending please ','LBL_PENDING_TICKETS',NULL),(4,'LBL_MANY_TICKETS_DESCRIPTION',1,'Too many tickets Notification','Too many tickets pending against this entity ','LBL_MANY_TICKETS',NULL),(5,'LBL_START_DESCRIPTION',1,'Support Start Notification','10','LBL_START_NOTIFICATION','select'),(6,'LBL_SUPPORT_DESCRIPTION',1,'Support ending please','11','LBL_SUPPORT_NOTICIATION','select'),(7,'LBL_SUPPORT_DESCRIPTION_MONTH',1,'Support ending please','12','LBL_SUPPORT_NOTICIATION_MONTH','select'),(8,'LBL_ACTIVITY_REMINDER_DESCRIPTION',1,'Activity Reminder Notification','This is a reminder notification for the Activity','LBL_ACTIVITY_NOTIFICATION',NULL);

--
-- Table structure for table `vtiger_notificationscheduler_seq`
--

CREATE TABLE `vtiger_notificationscheduler_seq` (
  `id` int(11) NOT NULL
) ENGINE=InnoDB DEFAULT CHARSET=utf8 COLLATE=utf8_general_ci;

--
-- Dumping data for table `vtiger_notificationscheduler_seq`
--

INSERT INTO `vtiger_notificationscheduler_seq` VALUES (8);

--
-- Table structure for table `vtiger_opportunity_type`
--

CREATE TABLE `vtiger_opportunity_type` (
  `opptypeid` int(19) NOT NULL AUTO_INCREMENT,
  `opportunity_type` varchar(200) NOT NULL,
  `presence` int(1) NOT NULL DEFAULT 1,
  `picklist_valueid` int(19) NOT NULL DEFAULT 0,
  `sortorderid` int(11) DEFAULT NULL,
  `color` varchar(10) DEFAULT NULL,
  PRIMARY KEY (`opptypeid`),
  UNIQUE KEY `opportunity_type_opportunity_type_idx` (`opportunity_type`)
) ENGINE=InnoDB AUTO_INCREMENT=6 DEFAULT CHARSET=utf8 COLLATE=utf8_general_ci;

--
-- Dumping data for table `vtiger_opportunity_type`
--

INSERT INTO `vtiger_opportunity_type` VALUES (2,'Existing Business',1,128,1,NULL),(3,'New Business',1,129,2,NULL),(4,'Equipos',1,355,3,'#ffffff'),(5,'Servicios',1,356,4,'#ffffff');

--
-- Table structure for table `vtiger_opportunity_type_seq`
--

CREATE TABLE `vtiger_opportunity_type_seq` (
  `id` int(11) NOT NULL
) ENGINE=InnoDB DEFAULT CHARSET=utf8 COLLATE=utf8_general_ci;

--
-- Dumping data for table `vtiger_opportunity_type_seq`
--

INSERT INTO `vtiger_opportunity_type_seq` VALUES (5);

--
-- Table structure for table `vtiger_opportunitystage`
--

CREATE TABLE `vtiger_opportunitystage` (
  `potstageid` int(19) NOT NULL AUTO_INCREMENT,
  `stage` varchar(200) NOT NULL,
  `sortorderid` int(19) NOT NULL DEFAULT 0,
  `presence` int(1) NOT NULL DEFAULT 1,
  `probability` decimal(3,2) DEFAULT 0.00,
  PRIMARY KEY (`potstageid`),
  UNIQUE KEY `opportunitystage_stage_idx` (`stage`)
) ENGINE=InnoDB DEFAULT CHARSET=utf8 COLLATE=utf8_general_ci;

--
-- Dumping data for table `vtiger_opportunitystage`
--


--
-- Table structure for table `vtiger_org_share_action2tab`
--

CREATE TABLE `vtiger_org_share_action2tab` (
  `share_action_id` int(19) NOT NULL,
  `tabid` int(19) NOT NULL,
  PRIMARY KEY (`share_action_id`,`tabid`),
  KEY `fk_2_vtiger_org_share_action2tab` (`tabid`),
  CONSTRAINT `fk_2_vtiger_org_share_action2tab` FOREIGN KEY (`tabid`) REFERENCES `vtiger_tab` (`tabid`) ON DELETE CASCADE
) ENGINE=InnoDB DEFAULT CHARSET=utf8 COLLATE=utf8_general_ci;

--
-- Dumping data for table `vtiger_org_share_action2tab`
--

INSERT INTO `vtiger_org_share_action2tab` VALUES (0,2),(0,4),(0,6),(0,7),(0,8),(0,9),(0,10),(0,13),(0,14),(0,16),(0,18),(0,20),(0,21),(0,22),(0,23),(0,26),(0,31),(0,32),(0,37),(0,38),(0,42),(0,43),(0,44),(0,46),(0,47),(0,52),(0,53),(0,54),(0,55),(0,56),(0,57),(0,58),(0,59),(0,60),(0,61),(0,62),(0,63),(0,64),(1,2),(1,4),(1,6),(1,7),(1,8),(1,9),(1,10),(1,13),(1,14),(1,16),(1,18),(1,20),(1,21),(1,22),(1,23),(1,26),(1,31),(1,32),(1,37),(1,38),(1,42),(1,43),(1,44),(1,46),(1,47),(1,52),(1,53),(1,54),(1,55),(1,56),(1,57),(1,58),(1,59),(1,60),(1,61),(1,62),(1,63),(1,64),(2,2),(2,4),(2,6),(2,7),(2,8),(2,9),(2,10),(2,13),(2,14),(2,16),(2,18),(2,20),(2,21),(2,22),(2,23),(2,26),(2,31),(2,32),(2,37),(2,38),(2,42),(2,43),(2,44),(2,46),(2,47),(2,52),(2,53),(2,54),(2,55),(2,56),(2,57),(2,58),(2,59),(2,60),(2,61),(2,62),(2,63),(2,64),(3,2),(3,4),(3,6),(3,7),(3,8),(3,9),(3,10),(3,13),(3,14),(3,16),(3,18),(3,20),(3,21),(3,22),(3,23),(3,26),(3,31),(3,32),(3,37),(3,38),(3,42),(3,43),(3,44),(3,46),(3,47),(3,52),(3,53),(3,54),(3,55),(3,56),(3,57),(3,58),(3,59),(3,60),(3,61),(3,62),(3,63),(3,64);

--
-- Table structure for table `vtiger_org_share_action_mapping`
--

CREATE TABLE `vtiger_org_share_action_mapping` (
  `share_action_id` int(19) NOT NULL,
  `share_action_name` varchar(200) DEFAULT NULL,
  PRIMARY KEY (`share_action_id`)
) ENGINE=InnoDB DEFAULT CHARSET=utf8 COLLATE=utf8_general_ci;

--
-- Dumping data for table `vtiger_org_share_action_mapping`
--

INSERT INTO `vtiger_org_share_action_mapping` VALUES (0,'Public: Read Only'),(1,'Public: Read, Create/Edit'),(2,'Public: Read, Create/Edit, Delete'),(3,'Private'),(4,'Hide Details'),(5,'Hide Details and Add Events'),(6,'Show Details'),(7,'Show Details and Add Events');

--
-- Table structure for table `vtiger_organizationdetails`
--

CREATE TABLE `vtiger_organizationdetails` (
  `organization_id` int(11) NOT NULL,
  `organizationname` varchar(60) DEFAULT NULL,
  `address` varchar(150) DEFAULT NULL,
  `city` varchar(100) DEFAULT NULL,
  `state` varchar(100) DEFAULT NULL,
  `country` varchar(100) DEFAULT NULL,
  `code` varchar(30) DEFAULT NULL,
  `phone` varchar(30) DEFAULT NULL,
  `fax` varchar(30) DEFAULT NULL,
  `website` varchar(100) DEFAULT NULL,
  `logoname` varchar(50) DEFAULT NULL,
  `logo` text DEFAULT NULL,
  `vatid` varchar(100) DEFAULT NULL,
  PRIMARY KEY (`organization_id`)
) ENGINE=InnoDB DEFAULT CHARSET=utf8 COLLATE=utf8_general_ci;

--
-- Dumping data for table `vtiger_organizationdetails`
--

INSERT INTO `vtiger_organizationdetails` VALUES (1,'Creantis','95, 12th Main Road, 3rd Block, Rajajinagar','Bangalore','Karnataka','India','560010','+91 9243602352','+91 9243602352','www.vtiger.com','logo-creantis.png',NULL,'');

--
-- Table structure for table `vtiger_organizationdetails_seq`
--

CREATE TABLE `vtiger_organizationdetails_seq` (
  `id` int(11) NOT NULL
) ENGINE=InnoDB DEFAULT CHARSET=utf8 COLLATE=utf8_general_ci;

--
-- Dumping data for table `vtiger_organizationdetails_seq`
--

INSERT INTO `vtiger_organizationdetails_seq` VALUES (1);

--
-- Table structure for table `vtiger_othereventduration`
--

CREATE TABLE `vtiger_othereventduration` (
  `othereventdurationid` int(11) NOT NULL AUTO_INCREMENT,
  `othereventduration` varchar(200) NOT NULL,
  `sortorderid` int(11) DEFAULT NULL,
  `presence` int(11) NOT NULL DEFAULT 1,
  PRIMARY KEY (`othereventdurationid`)
) ENGINE=InnoDB AUTO_INCREMENT=6 DEFAULT CHARSET=utf8 COLLATE=utf8_general_ci;

--
-- Dumping data for table `vtiger_othereventduration`
--

INSERT INTO `vtiger_othereventduration` VALUES (1,'5',0,1),(2,'10',1,1),(3,'30',2,1),(4,'60',3,1),(5,'120',4,1);

--
-- Table structure for table `vtiger_othereventduration_seq`
--

CREATE TABLE `vtiger_othereventduration_seq` (
  `id` int(11) NOT NULL
) ENGINE=InnoDB DEFAULT CHARSET=utf8 COLLATE=utf8_general_ci;

--
-- Dumping data for table `vtiger_othereventduration_seq`
--

INSERT INTO `vtiger_othereventduration_seq` VALUES (5);

--
-- Table structure for table `vtiger_pagos`
--

CREATE TABLE `vtiger_pagos` (
  `pagosid` int(11) NOT NULL,
  `pagosno` varchar(100) DEFAULT NULL,
  `pagos_tks_dummy` varchar(70) DEFAULT NULL,
  `tags` varchar(1) DEFAULT NULL,
  `lb_cobranzapagosparciales` text DEFAULT NULL,
  `lb_estadopagosparciales` text DEFAULT NULL,
  `lb_numeropagosparciales` text DEFAULT NULL,
  `lb_montopagosparciales` decimal(25,8) DEFAULT NULL,
  `lb_formapagosparciales` text DEFAULT NULL,
  `lb_fechapagosparciales` date DEFAULT NULL,
  PRIMARY KEY (`pagosid`)
) ENGINE=InnoDB DEFAULT CHARSET=utf8 COLLATE=utf8_general_ci;

--
-- Dumping data for table `vtiger_pagos`
--

INSERT INTO `vtiger_pagos` VALUES (455,'PAG000001',NULL,'','454','Pendiente','22',15000.00000000,'Abono en Cuenta','2024-07-16'),(690,'PAG000002',NULL,'','515','Pagada','PP4250001017',350.00000000,'Abono en Cuenta','2024-04-12'),(691,'PAG000003',NULL,'','515','Pagada','PP250001018',350.00000000,'Abono en Cuenta','2024-07-19'),(692,'PAG000004',NULL,'','515','Pagada','PP250001019',350.00000000,'Abono en Cuenta','2024-07-26'),(693,'PAG000005',NULL,'','515','Pagada','PP250001020',350.00000000,'Abono en Cuenta','2024-07-31'),(694,'PAG000006',NULL,'','466','Pagada','PP280013112',250.00000000,'Abono en Cuenta','2024-03-15'),(695,'PAG000007',NULL,'','466','Pagada','PP280013113',250.00000000,'Abono en Cuenta','2024-03-08'),(696,'PAG000008',NULL,'','466','Pagada','PP280013117',500.00000000,'Abono en Cuenta','2024-03-22'),(697,'PAG000009',NULL,'','466','Pagada','PP280013136',245.00000000,'Abono en Cuenta','2024-03-26'),(698,'PAG000010',NULL,'','546','Pagada','PP280013175',583.50000000,'Abono en Cuenta','2024-05-03'),(699,'PAG000011',NULL,'','546','Pagada','PP280013189',583.50000000,'Abono en Cuenta','2024-05-25'),(700,'PAG000012',NULL,'',NULL,'Pagada','PP4250001098',280.00000000,'Abono en Cuenta','2024-05-03'),(701,'PAG000013',NULL,'','510','Pagada','PP4250001741',205.25000000,'Abono en Cuenta','2024-02-23'),(702,'PAG000014',NULL,'','510','Pagada','PP425000963',205.25000000,'Abono en Cuenta','2024-03-01'),(703,'PAG000015',NULL,'','510','Pagada','PP2500063258',205.25000000,'Abono en Cuenta','2024-03-08'),(704,'PAG000016',NULL,'','510','Pagada','PP42500074857',205.25000000,'Abono en Cuenta','2024-03-15'),(705,'PAG000017',NULL,'','460','Pagada','PP42500024851',313.50000000,'Abono en Cuenta','2024-01-19'),(706,'PAG000018',NULL,'','460','Pagada','PP250001020',313.50000000,'Abono en Cuenta','2024-01-26'),(707,'PAG000019',NULL,'','460','Pagada','PP2500016514',313.50000000,'Abono en Cuenta','2024-02-02'),(708,'PAG000020',NULL,'','460','Pagada','PP2505165184',313.50000000,'Abono en Cuenta','2024-02-08'),(709,'PAG000021',NULL,'','542','Pagada','PP25000321456',196.25000000,'Abono en Cuenta','2024-05-24'),(710,'PAG000022',NULL,'','542','Pagada','PP250001032132',196.25000000,'Abono en Cuenta','2024-05-31'),(711,'PAG000023',NULL,'','542','Pagada','PP250003257',196.25000000,'Abono en Cuenta','2024-06-07'),(712,'PAG000024',NULL,'','542','Pagada','PP250001874145',196.25000000,'Abono en Cuenta','2024-06-14'),(713,'PAG000025',NULL,'','490','Pagada','PP25001479895',366.25000000,'Abono en Cuenta','2024-05-17'),(714,'PAG000026',NULL,'','490','Pagada','PP25000152587',366.25000000,'Abono en Cuenta','2024-05-24'),(715,'PAG000027',NULL,'','490','Pagada','PP2500010174',366.25000000,'Abono en Cuenta','2024-05-31'),(716,'PAG000028',NULL,'','490','Pagada','FPP28001378877',366.25000000,'Abono en Cuenta','2024-06-11'),(717,'PAG000029',NULL,'','494','Pagada','PP2500012752',231.00000000,'Abono en Cuenta','2024-02-23'),(718,'PAG000030',NULL,'','494','Pagada','PP250001025561',231.00000000,'Abono en Cuenta','2024-03-01'),(719,'PAG000031',NULL,'','494','Pagada','PP425000147217542',231.00000000,'Abono en Cuenta','2024-03-08'),(721,'PAG000032',NULL,'','','','1',100.00000000,'','2024-07-15'),(722,'PAG000033',NULL,'','','Pagada','2',150.00000000,'','2024-07-22');

--
-- Table structure for table `vtiger_pagoscf`
--

CREATE TABLE `vtiger_pagoscf` (
  `pagosid` int(11) NOT NULL,
  PRIMARY KEY (`pagosid`)
) ENGINE=InnoDB DEFAULT CHARSET=utf8 COLLATE=utf8_general_ci;

--
-- Dumping data for table `vtiger_pagoscf`
--

INSERT INTO `vtiger_pagoscf` VALUES (455),(690),(691),(692),(693),(694),(695),(696),(697),(698),(699),(700),(701),(702),(703),(704),(705),(706),(707),(708),(709),(710),(711),(712),(713),(714),(715),(716),(717),(718),(719),(721),(722);

--
-- Table structure for table `vtiger_pagosparciales`
--

CREATE TABLE `vtiger_pagosparciales` (
  `pagosparcialesid` int(11) NOT NULL,
  `pagosparcialesno` varchar(100) DEFAULT NULL,
  `pagosparciales_tks_dummy` varchar(50) DEFAULT NULL,
  `tags` varchar(1) DEFAULT NULL,
  `lb_cobranzapag` text DEFAULT NULL,
  `lb_estadodeago` text DEFAULT NULL,
  `lb_numeropagopagpar` text DEFAULT NULL,
  `lb_moentopagpar` decimal(25,8) DEFAULT NULL,
  `lb_formapagopagpar` text DEFAULT NULL,
  `lb_fechapagopagpar` date DEFAULT NULL,
  PRIMARY KEY (`pagosparcialesid`)
) ENGINE=InnoDB DEFAULT CHARSET=utf8 COLLATE=utf8_general_ci;

--
-- Dumping data for table `vtiger_pagosparciales`
--

INSERT INTO `vtiger_pagosparciales` VALUES (453,'','dfb','','452',NULL,NULL,NULL,NULL,NULL);

--
-- Table structure for table `vtiger_pagosparcialescf`
--

CREATE TABLE `vtiger_pagosparcialescf` (
  `pagosparcialesid` int(11) NOT NULL,
  PRIMARY KEY (`pagosparcialesid`)
) ENGINE=InnoDB DEFAULT CHARSET=utf8 COLLATE=utf8_general_ci;

--
-- Dumping data for table `vtiger_pagosparcialescf`
--

INSERT INTO `vtiger_pagosparcialescf` VALUES (453);

--
-- Table structure for table `vtiger_parenttab`
--

CREATE TABLE `vtiger_parenttab` (
  `parenttabid` int(19) NOT NULL,
  `parenttab_label` varchar(100) NOT NULL,
  `sequence` int(10) NOT NULL,
  `visible` int(2) NOT NULL DEFAULT 0,
  PRIMARY KEY (`parenttabid`),
  KEY `parenttab_parenttabid_parenttabl_label_visible_idx` (`parenttabid`,`parenttab_label`,`visible`)
) ENGINE=InnoDB DEFAULT CHARSET=utf8 COLLATE=utf8_general_ci;

--
-- Dumping data for table `vtiger_parenttab`
--

INSERT INTO `vtiger_parenttab` VALUES (1,'My Home Page',1,0),(2,'Marketing',2,0),(3,'Sales',3,0),(4,'Support',4,0),(5,'Analytics',5,0),(6,'Inventory',6,0),(7,'Tools',7,0),(8,'Settings',8,0);

--
-- Table structure for table `vtiger_parenttabrel`
--

CREATE TABLE `vtiger_parenttabrel` (
  `parenttabid` int(19) NOT NULL,
  `tabid` int(19) NOT NULL,
  `sequence` int(3) NOT NULL,
  KEY `parenttabrel_tabid_parenttabid_idx` (`tabid`,`parenttabid`),
  KEY `fk_2_vtiger_parenttabrel` (`parenttabid`),
  CONSTRAINT `fk_1_vtiger_parenttabrel` FOREIGN KEY (`tabid`) REFERENCES `vtiger_tab` (`tabid`) ON DELETE CASCADE,
  CONSTRAINT `fk_2_vtiger_parenttabrel` FOREIGN KEY (`parenttabid`) REFERENCES `vtiger_parenttab` (`parenttabid`) ON DELETE CASCADE
) ENGINE=InnoDB DEFAULT CHARSET=utf8 COLLATE=utf8_general_ci;

--
-- Dumping data for table `vtiger_parenttabrel`
--

INSERT INTO `vtiger_parenttabrel` VALUES (1,9,2),(1,28,4),(1,3,1),(3,7,1),(3,6,2),(3,4,3),(3,2,4),(3,20,5),(3,22,6),(3,23,7),(3,19,8),(3,8,9),(4,13,1),(4,15,2),(4,6,3),(4,4,4),(4,8,5),(5,1,2),(5,25,1),(6,14,1),(6,18,2),(6,19,3),(6,21,4),(6,22,5),(6,20,6),(6,23,7),(7,24,1),(7,27,2),(7,8,3),(2,26,1),(2,6,2),(2,4,3),(2,28,4),(4,28,7),(2,7,5),(2,9,6),(4,9,8),(2,8,8),(3,9,11),(4,31,9),(4,31,10),(6,32,8),(6,32,9),(7,35,4),(7,35,5),(7,37,6),(7,37,7),(7,39,8),(7,39,9),(4,42,11),(4,42,12),(4,43,13),(4,43,14),(4,44,15),(4,44,16),(7,45,10),(7,45,11),(6,46,10),(6,46,11),(3,47,12),(3,47,13),(8,49,1),(8,49,2),(7,24,12),(7,27,13),(7,45,14),(7,39,15),(7,58,16),(7,58,17),(2,60,9),(2,60,10),(2,61,11),(2,61,12),(3,62,14),(3,62,15),(3,64,16),(3,64,17);

--
-- Table structure for table `vtiger_payment_duration`
--

CREATE TABLE `vtiger_payment_duration` (
  `payment_duration_id` int(11) DEFAULT NULL,
  `payment_duration` varchar(200) DEFAULT NULL,
  `sortorderid` int(11) DEFAULT NULL,
  `presence` int(11) DEFAULT NULL,
  `color` varchar(10) DEFAULT NULL
) ENGINE=InnoDB DEFAULT CHARSET=utf8 COLLATE=utf8_general_ci;

--
-- Dumping data for table `vtiger_payment_duration`
--

INSERT INTO `vtiger_payment_duration` VALUES (1,'Net 30 days',6,1,NULL),(2,'Net 45 days',7,1,NULL),(3,'Net 60 days',8,1,NULL),(4,'Net 01 day',1,1,NULL),(5,'Net 05 days',2,1,NULL),(6,'Net 07 days',3,1,NULL),(7,'Net 10 days',4,1,NULL),(8,'Net 15 days',5,1,NULL);

--
-- Table structure for table `vtiger_payment_duration_seq`
--

CREATE TABLE `vtiger_payment_duration_seq` (
  `id` int(11) NOT NULL
) ENGINE=InnoDB DEFAULT CHARSET=utf8 COLLATE=utf8_general_ci;

--
-- Dumping data for table `vtiger_payment_duration_seq`
--

INSERT INTO `vtiger_payment_duration_seq` VALUES (8);

--
-- Table structure for table `vtiger_pbxmanager`
--

CREATE TABLE `vtiger_pbxmanager` (
  `pbxmanagerid` int(20) NOT NULL AUTO_INCREMENT,
  `direction` varchar(10) DEFAULT NULL,
  `callstatus` varchar(20) DEFAULT NULL,
  `starttime` datetime DEFAULT NULL,
  `endtime` datetime DEFAULT NULL,
  `totalduration` int(11) DEFAULT NULL,
  `billduration` int(11) DEFAULT NULL,
  `recordingurl` varchar(200) DEFAULT NULL,
  `sourceuuid` varchar(100) DEFAULT NULL,
  `gateway` varchar(20) DEFAULT NULL,
  `customer` varchar(100) DEFAULT NULL,
  `user` varchar(100) DEFAULT NULL,
  `customernumber` varchar(100) DEFAULT NULL,
  `customertype` varchar(100) DEFAULT NULL,
  PRIMARY KEY (`pbxmanagerid`),
  KEY `index_sourceuuid` (`sourceuuid`),
  KEY `index_pbxmanager_id` (`pbxmanagerid`),
  CONSTRAINT `fk_crmid_vtiger_pbxmanager` FOREIGN KEY (`pbxmanagerid`) REFERENCES `vtiger_crmentity` (`crmid`) ON DELETE CASCADE
) ENGINE=InnoDB AUTO_INCREMENT=22 DEFAULT CHARSET=utf8 COLLATE=utf8_general_ci;

--
-- Dumping data for table `vtiger_pbxmanager`
--


--
-- Table structure for table `vtiger_pbxmanager_gateway`
--

CREATE TABLE `vtiger_pbxmanager_gateway` (
  `id` int(11) NOT NULL AUTO_INCREMENT,
  `gateway` varchar(20) DEFAULT NULL,
  `parameters` text DEFAULT NULL,
  PRIMARY KEY (`id`)
) ENGINE=InnoDB AUTO_INCREMENT=3 DEFAULT CHARSET=utf8 COLLATE=utf8_general_ci;

--
-- Dumping data for table `vtiger_pbxmanager_gateway`
--


--
-- Table structure for table `vtiger_pbxmanager_phonelookup`
--

CREATE TABLE `vtiger_pbxmanager_phonelookup` (
  `crmid` int(20) DEFAULT NULL,
  `setype` varchar(30) DEFAULT NULL,
  `fnumber` varchar(100) DEFAULT NULL,
  `rnumber` varchar(100) DEFAULT NULL,
  `fieldname` varchar(50) DEFAULT NULL,
  UNIQUE KEY `unique_key` (`crmid`,`setype`,`fieldname`),
  KEY `index_phone_number` (`fnumber`,`rnumber`),
  CONSTRAINT `vtiger_pbxmanager_phonelookup_ibfk_1` FOREIGN KEY (`crmid`) REFERENCES `vtiger_crmentity` (`crmid`) ON DELETE CASCADE
) ENGINE=InnoDB DEFAULT CHARSET=utf8 COLLATE=utf8_general_ci;

--
-- Dumping data for table `vtiger_pbxmanager_phonelookup`
--

INSERT INTO `vtiger_pbxmanager_phonelookup` VALUES (2,'Accounts','16145000','00054161','phone'),(3,'Accounts','12156225','52265121','phone'),(4,'Accounts','15120440','04402151','phone'),(5,'Accounts','12152600','00625121','phone'),(6,'Accounts','12173000','00037121','phone'),(7,'Accounts','54283363','36338245','phone'),(8,'Accounts','13132000','00023131','phone'),(9,'Accounts','12656000','00065621','phone'),(10,'Accounts','12101342','24310121','phone'),(11,'Accounts','12159900','00995121','phone'),(12,'Accounts','16132000','00023161','phone'),(13,'Accounts','12111000','00011121','phone'),(14,'Accounts','12157400','00475121','phone'),(15,'Accounts','16171800','00817161','phone'),(16,'Accounts','13150800','00805131','phone'),(17,'Accounts','13113000','00031131','phone'),(18,'Accounts','12156225','52265121','phone'),(19,'Accounts','14114600','00641141','phone'),(20,'Accounts','12033100','00133021','phone'),(21,'Accounts','12192000','00029121','phone'),(22,'Accounts','12116000','00061121','phone'),(23,'Accounts','16131000','00013161','phone'),(24,'Accounts','16260000','00006261','phone'),(25,'Accounts','13261414','41416231','phone'),(26,'Accounts','16188000','00088161','phone'),(27,'Accounts','14707170','07170741','phone'),(28,'Accounts','14113000','00031141','phone'),(29,'Accounts','14117100','00171141','phone'),(30,'Accounts','16264000','00046261','phone'),(31,'Accounts','12178060','06087121','phone'),(32,'Accounts','15171800','00817151','phone'),(33,'Accounts','12719090','09091721','phone'),(34,'Accounts','15612001','10021651','phone'),(35,'Accounts','15137500','00573151','phone'),(36,'Accounts','16161000','00016161','phone'),(37,'Accounts','12260031','13006221','phone'),(38,'Accounts','12194000','00049121','phone'),(39,'Accounts','15192000','00029151','phone'),(40,'Accounts','12158330','03385121','phone'),(41,'Accounts','12130444','44403121','phone'),(42,'Accounts','14812070','07021841','phone'),(43,'Accounts','13153306','60335131','phone'),(44,'Accounts','12417555','55571421','phone'),(45,'Accounts','16111400','00411161','phone'),(46,'Accounts','14192500','00529141','phone'),(47,'Accounts','16115700','00751161','phone'),(48,'Accounts','16186868','86868161','phone'),(49,'Accounts','15139400','00493151','phone'),(50,'Accounts','17154600','00645171','phone'),(51,'Accounts','16260000','00006261','phone'),(52,'Accounts','17074000','00047071','phone'),(53,'Accounts','14114600','00641141','phone'),(54,'Accounts','12114000','00041121','phone'),(55,'Accounts','16167979','97976161','phone'),(56,'Accounts','16113500','00531161','phone'),(57,'Accounts','13173000','00037131','phone'),(58,'Accounts','12159090','09095121','phone'),(59,'Accounts','12151200','00215121','phone'),(60,'Accounts','14364040','04046341','phone'),(61,'Accounts','15184000','00048151','phone'),(62,'Accounts','12172800','00827121','phone'),(63,'Accounts','14117100','00171141','phone'),(64,'Accounts','13172500','00527131','phone'),(65,'Accounts','12156300','00365121','phone'),(66,'Accounts','12138300','00383121','phone'),(67,'Accounts','17060400','00406071','phone'),(68,'Accounts','12212596','69521221','phone'),(69,'Accounts','12153300','00335121','phone'),(70,'Accounts','13159000','00095131','phone'),(71,'Accounts','12135555','55553121','phone'),(72,'Accounts','17062000','00026071','phone'),(73,'Accounts','13172000','00027131','phone'),(74,'Accounts','12170200','00207121','phone'),(75,'Accounts','17145200','00254171','phone'),(76,'Accounts','17059100','00195071','phone'),(77,'Accounts','15138000','00083151','phone'),(78,'Accounts','12157300','00375121','phone'),(79,'Accounts','16177777','77777161','phone'),(80,'Accounts','14404222','22240441','phone'),(81,'Accounts','16111111','11111161','phone'),(82,'Accounts','17105500','00550171','phone'),(83,'Accounts','16128383','38382161','phone'),(84,'Accounts','14150000','00005141','phone'),(85,'Accounts','12134000','00043121','phone'),(86,'Accounts','12119900','00991121','phone'),(87,'Accounts','12113300','00331121','phone'),(88,'Accounts','16113900','00931161','phone'),(90,'Accounts','17107000','00070171','phone'),(91,'Accounts','13722233','33222731','phone'),(92,'Accounts','16111900','00911161','phone'),(93,'Accounts','14117100','00171141','phone'),(94,'Accounts','16110400','00401161','phone'),(95,'Accounts','15134000','00043151','phone'),(96,'Accounts','16181800','00818161','phone'),(97,'Accounts','15132000','00023151','phone'),(98,'Accounts','13132916','61923131','phone'),(99,'Accounts','15184500','00548151','phone'),(100,'Accounts','13176000','00067131','phone'),(101,'Accounts','2345678','8765432','phone'),(102,'Accounts','2430000','0000342','phone'),(107,'Contacts','999999001','100999999','phone'),(107,'Contacts','16145000','00054161','otherphone'),(108,'Contacts','999999002','200999999','phone'),(108,'Contacts','12156225','52265121','otherphone'),(109,'Contacts','999999003','300999999','phone'),(109,'Contacts','15120440,,321','123,,04402151','otherphone'),(110,'Contacts','999999004','400999999','phone'),(110,'Contacts','12152600','00625121','otherphone'),(111,'Contacts','999999005','500999999','phone'),(111,'Contacts','12173000','00037121','otherphone'),(112,'Contacts','999999006','600999999','phone'),(112,'Contacts','54283363','36338245','otherphone'),(113,'Contacts','999999007','700999999','phone'),(113,'Contacts','13132000','00023131','otherphone'),(114,'Contacts','999999008','800999999','phone'),(114,'Contacts','12656000','00065621','otherphone'),(115,'Contacts','999999009','900999999','phone'),(115,'Contacts','12101342','24310121','otherphone'),(116,'Contacts','999999010','010999999','phone'),(116,'Contacts','16124100','00142161','otherphone'),(117,'Contacts','999999011','110999999','phone'),(117,'Contacts','12159900','00995121','otherphone'),(118,'Contacts','999999012','210999999','phone'),(118,'Contacts','16132000','00023161','otherphone'),(119,'Contacts','999999013','310999999','phone'),(119,'Contacts','12111000','00011121','otherphone'),(120,'Contacts','999999014','410999999','phone'),(120,'Contacts','12157400','00475121','otherphone'),(121,'Contacts','999999015','510999999','phone'),(121,'Contacts','16171800','00817161','otherphone'),(122,'Contacts','999999016','610999999','phone'),(122,'Contacts','13150800','00805131','otherphone'),(123,'Contacts','999999017','710999999','phone'),(123,'Contacts','13113000','00031131','otherphone'),(124,'Contacts','999999018','810999999','phone'),(124,'Contacts','12156225','52265121','otherphone'),(125,'Contacts','999999019','910999999','phone'),(125,'Contacts','14114600','00641141','otherphone'),(126,'Contacts','999999020','020999999','phone'),(126,'Contacts','12033100','00133021','otherphone'),(127,'Contacts','999999021','120999999','phone'),(127,'Contacts','12192000','00029121','otherphone'),(128,'Contacts','999999022','220999999','phone'),(128,'Contacts','12116000','00061121','otherphone'),(129,'Contacts','999999023','320999999','phone'),(129,'Contacts','16131000','00013161','otherphone'),(130,'Contacts','999999024','420999999','phone'),(130,'Contacts','16260000','00006261','otherphone'),(131,'Contacts','999999025','520999999','phone'),(131,'Contacts','13261414','41416231','otherphone'),(132,'Contacts','999999026','620999999','phone'),(132,'Contacts','16188000','00088161','otherphone'),(133,'Contacts','999999027','720999999','phone'),(133,'Contacts','14707170','07170741','otherphone'),(134,'Contacts','999999028','820999999','phone'),(134,'Contacts','14113000','00031141','otherphone'),(135,'Contacts','999999029','920999999','phone'),(135,'Contacts','14117100','00171141','otherphone'),(136,'Contacts','999999030','030999999','phone'),(136,'Contacts','16264000','00046261','otherphone'),(137,'Contacts','999999031','130999999','phone'),(137,'Contacts','12178060','06087121','otherphone'),(138,'Contacts','999999032','230999999','phone'),(138,'Contacts','15171800','00817151','otherphone'),(139,'Contacts','999999033','330999999','phone'),(139,'Contacts','12719090','09091721','otherphone'),(140,'Contacts','999999034','430999999','phone'),(140,'Contacts','15612001','10021651','otherphone'),(141,'Contacts','999999035','530999999','phone'),(141,'Contacts','15137500','00573151','otherphone'),(142,'Contacts','999999036','630999999','phone'),(142,'Contacts','16161000','00016161','otherphone'),(143,'Contacts','999999037','730999999','phone'),(143,'Contacts','12260031','13006221','otherphone'),(144,'Contacts','999999038','830999999','phone'),(144,'Contacts','12194000','00049121','otherphone'),(145,'Contacts','999999039','930999999','phone'),(145,'Contacts','15192000','00029151','otherphone'),(146,'Contacts','999999040','040999999','phone'),(146,'Contacts','12158330','03385121','otherphone'),(147,'Contacts','999999041','140999999','phone'),(147,'Contacts','12130444','44403121','otherphone'),(148,'Contacts','999999042','240999999','phone'),(148,'Contacts','14812070','07021841','otherphone'),(149,'Contacts','999999043','340999999','phone'),(149,'Contacts','13153306','60335131','otherphone'),(150,'Contacts','999999044','440999999','phone'),(150,'Contacts','12417555','55571421','otherphone'),(151,'Contacts','999999045','540999999','phone'),(151,'Contacts','16111400','00411161','otherphone'),(152,'Contacts','999999046','640999999','phone'),(152,'Contacts','14192500','00529141','otherphone'),(153,'Contacts','999999047','740999999','phone'),(153,'Contacts','16115700','00751161','otherphone'),(154,'Contacts','999999048','840999999','phone'),(154,'Contacts','16186868','86868161','otherphone'),(155,'Contacts','999999049','940999999','phone'),(155,'Contacts','15139400','00493151','otherphone'),(156,'Contacts','999999050','050999999','phone'),(156,'Contacts','17154600','00645171','otherphone'),(157,'Contacts','999999051','150999999','phone'),(157,'Contacts','16260000','00006261','otherphone'),(158,'Contacts','999999052','250999999','phone'),(158,'Contacts','17074000','00047071','otherphone'),(159,'Contacts','999999053','350999999','phone'),(159,'Contacts','14114600','00641141','otherphone'),(160,'Contacts','999999054','450999999','phone'),(160,'Contacts','12114000','00041121','otherphone'),(161,'Contacts','999999055','550999999','phone'),(161,'Contacts','16167979','97976161','otherphone'),(162,'Contacts','999999056','650999999','phone'),(162,'Contacts','16113500','00531161','otherphone'),(163,'Contacts','999999057','750999999','phone'),(163,'Contacts','13173000','00037131','otherphone'),(164,'Contacts','999999058','850999999','phone'),(164,'Contacts','12159090','09095121','otherphone'),(165,'Contacts','999999059','950999999','phone'),(165,'Contacts','12151200','00215121','otherphone'),(166,'Contacts','999999060','060999999','phone'),(166,'Contacts','14364040','04046341','otherphone'),(167,'Contacts','999999061','160999999','phone'),(167,'Contacts','15184000','00048151','otherphone'),(168,'Contacts','999999062','260999999','phone'),(168,'Contacts','12172800','00827121','otherphone'),(169,'Contacts','999999063','360999999','phone'),(169,'Contacts','14117100','00171141','otherphone'),(170,'Contacts','34644263345','54336244643','phone'),(170,'Contacts','13172500','00527131','otherphone'),(171,'Contacts','999999065','560999999','phone'),(171,'Contacts','12156300','00365121','otherphone'),(172,'Contacts','999999066','660999999','phone'),(172,'Contacts','12138300','00383121','otherphone'),(173,'Contacts','999999067','760999999','phone'),(173,'Contacts','17060400','00406071','otherphone'),(174,'Contacts','999999068','860999999','phone'),(174,'Contacts','12212596','69521221','otherphone'),(175,'Contacts','999999069','960999999','phone'),(175,'Contacts','12153300','00335121','otherphone'),(176,'Contacts','999999070','070999999','phone'),(176,'Contacts','13159000','00095131','otherphone'),(177,'Contacts','999999071','170999999','phone'),(177,'Contacts','12135555','55553121','otherphone'),(178,'Contacts','999999072','270999999','phone'),(178,'Contacts','17062000','00026071','otherphone'),(179,'Contacts','999999073','370999999','phone'),(179,'Contacts','13172000','00027131','otherphone'),(180,'Contacts','999999074','470999999','phone'),(180,'Contacts','12170200','00207121','otherphone'),(181,'Contacts','999999075','570999999','phone'),(181,'Contacts','17145200','00254171','otherphone'),(182,'Contacts','999999076','670999999','phone'),(182,'Contacts','17059100','00195071','otherphone'),(183,'Contacts','999999077','770999999','phone'),(183,'Contacts','15138000','00083151','otherphone'),(184,'Contacts','999999078','870999999','phone'),(184,'Contacts','12157300','00375121','otherphone'),(185,'Contacts','999999079','970999999','phone'),(185,'Contacts','16177777','77777161','otherphone'),(186,'Contacts','999999080','080999999','phone'),(186,'Contacts','14404222','22240441','otherphone'),(187,'Contacts','999999081','180999999','phone'),(187,'Contacts','16111111','11111161','otherphone'),(188,'Contacts','999999082','280999999','phone'),(188,'Contacts','17105500','00550171','otherphone'),(189,'Contacts','999999083','380999999','phone'),(189,'Contacts','16128383','38382161','otherphone'),(190,'Contacts','999999084','480999999','phone'),(190,'Contacts','14150000','00005141','otherphone'),(191,'Contacts','999999085','580999999','phone'),(191,'Contacts','12134000','00043121','otherphone'),(192,'Contacts','999999086','680999999','phone'),(192,'Contacts','12119900','00991121','otherphone'),(193,'Contacts','999999087','780999999','phone'),(193,'Contacts','12113300','00331121','otherphone'),(194,'Contacts','999999088','880999999','phone'),(194,'Contacts','16113900','00931161','otherphone'),(195,'Contacts','999999089','980999999','phone'),(195,'Contacts','16113901','10931161','otherphone'),(196,'Contacts','999999090','090999999','phone'),(196,'Contacts','17107000','00070171','otherphone'),(197,'Contacts','999999091','190999999','phone'),(197,'Contacts','13722233','33222731','otherphone'),(198,'Contacts','999999092','290999999','phone'),(198,'Contacts','16111900','00911161','otherphone'),(199,'Contacts','999999093','390999999','phone'),(199,'Contacts','14117100','00171141','otherphone'),(200,'Contacts','999999094','490999999','phone'),(200,'Contacts','16110400','00401161','otherphone'),(201,'Contacts','999999095','590999999','phone'),(201,'Contacts','15134000','00043151','otherphone'),(202,'Contacts','999999096','690999999','phone'),(202,'Contacts','16181800','00818161','otherphone'),(203,'Contacts','999999097','790999999','phone'),(203,'Contacts','15132000','00023151','otherphone'),(204,'Contacts','999999098','890999999','phone'),(204,'Contacts','13132916','61923131','otherphone'),(205,'Contacts','999999099','990999999','phone'),(205,'Contacts','15184500','00548151','otherphone'),(206,'Contacts','999999100','001999999','phone'),(206,'Contacts','13176000','00067131','otherphone'),(207,'Contacts','999999001','100999999','phone'),(207,'Contacts','16145000','00054161','otherphone'),(208,'Contacts','999999002','200999999','phone'),(208,'Contacts','6120000','0000216','otherphone'),(209,'Contacts','999999003','300999999','phone'),(209,'Contacts','6120001','1000216','otherphone'),(210,'Contacts','999999004','400999999','phone'),(210,'Contacts','6120002','2000216','otherphone'),(211,'Contacts','999999005','500999999','phone'),(211,'Contacts','6120003','3000216','otherphone'),(212,'Contacts','999999006','600999999','phone'),(212,'Contacts','2134568','8654312','otherphone'),(438,'Leads','61478525','52587416','phone'),(441,'Leads','956727976','679727659','phone'),(442,'Leads','950657120','021756059','phone'),(443,'Leads','950657122','221756059','phone'),(444,'Leads','876786876','678687678','phone'),(448,'Leads','4287959','9597824','phone'),(449,'Leads','969876453','354678969','phone'),(101,'Accounts','23435679','97653432','otherphone'),(170,'Contacts','34644263345','54336244643','mobile'),(735,'Contacts','34644263345','54336244643','mobile'),(743,'Contacts','51916168746','64786161915','mobile'),(746,'Contacts','916162746','647261619','mobile');

--
-- Table structure for table `vtiger_pbxmanagercf`
--

CREATE TABLE `vtiger_pbxmanagercf` (
  `pbxmanagerid` int(11) NOT NULL,
  PRIMARY KEY (`pbxmanagerid`),
  CONSTRAINT `fk_pbxmanagerid_vtiger_pbxmanagercf` FOREIGN KEY (`pbxmanagerid`) REFERENCES `vtiger_pbxmanager` (`pbxmanagerid`) ON DELETE CASCADE
) ENGINE=InnoDB DEFAULT CHARSET=utf8 COLLATE=utf8_general_ci;

--
-- Dumping data for table `vtiger_pbxmanagercf`
--


--
-- Table structure for table `vtiger_picklist`
--

CREATE TABLE `vtiger_picklist` (
  `picklistid` int(11) NOT NULL AUTO_INCREMENT,
  `name` varchar(200) NOT NULL,
  PRIMARY KEY (`picklistid`),
  UNIQUE KEY `picklist_name_idx` (`name`)
) ENGINE=InnoDB AUTO_INCREMENT=60 DEFAULT CHARSET=utf8 COLLATE=utf8_general_ci;

--
-- Dumping data for table `vtiger_picklist`
--

INSERT INTO `vtiger_picklist` VALUES (1,'accounttype'),(2,'activitytype'),(45,'assetstatus'),(53,'attendance_status'),(3,'campaignstatus'),(4,'campaigntype'),(5,'carrier'),(33,'contract_priority'),(32,'contract_status'),(34,'contract_type'),(52,'ctroute_attendance_status'),(51,'ctroute_status'),(48,'defaultactivitytype'),(47,'defaulteventstatus'),(49,'defaultlandingpage'),(6,'eventstatus'),(7,'expectedresponse'),(8,'faqcategories'),(9,'faqstatus'),(10,'glacct'),(11,'industry'),(12,'invoicestatus'),(13,'leadsource'),(14,'leadstatus'),(15,'manufacturer'),(58,'messagelog_type'),(54,'message_status'),(55,'message_type'),(16,'opportunity_type'),(17,'postatus'),(18,'productcategory'),(44,'progress'),(37,'projectmilestonetype'),(43,'projectpriority'),(41,'projectstatus'),(39,'projecttaskpriority'),(40,'projecttaskprogress'),(46,'projecttaskstatus'),(38,'projecttasktype'),(42,'projecttype'),(56,'pushnotificationstatus'),(19,'quotestage'),(20,'rating'),(21,'sales_stage'),(22,'salutationtype'),(36,'servicecategory'),(35,'service_usageunit'),(23,'sostatus'),(24,'taskpriority'),(25,'taskstatus'),(26,'ticketcategories'),(27,'ticketpriorities'),(28,'ticketseverities'),(29,'ticketstatus'),(50,'tracking_status'),(31,'tracking_unit'),(30,'usageunit'),(59,'whatsapplog_unreadread'),(57,'whatsapp_unreadread');

--
-- Table structure for table `vtiger_picklist_dependency`
--

CREATE TABLE `vtiger_picklist_dependency` (
  `id` int(11) NOT NULL,
  `tabid` int(19) NOT NULL,
  `sourcefield` varchar(255) DEFAULT NULL,
  `targetfield` varchar(255) DEFAULT NULL,
  `sourcevalue` varchar(100) DEFAULT NULL,
  `targetvalues` text DEFAULT NULL,
  `criteria` text DEFAULT NULL,
  PRIMARY KEY (`id`)
) ENGINE=InnoDB DEFAULT CHARSET=utf8 COLLATE=utf8_general_ci;

--
-- Dumping data for table `vtiger_picklist_dependency`
--


--
-- Table structure for table `vtiger_picklist_seq`
--

CREATE TABLE `vtiger_picklist_seq` (
  `id` int(11) NOT NULL
) ENGINE=InnoDB DEFAULT CHARSET=utf8 COLLATE=utf8_general_ci;

--
-- Dumping data for table `vtiger_picklist_seq`
--

INSERT INTO `vtiger_picklist_seq` VALUES (59);

--
-- Table structure for table `vtiger_picklist_transitions`
--

CREATE TABLE `vtiger_picklist_transitions` (
  `fieldname` varchar(255) NOT NULL,
  `module` varchar(100) NOT NULL,
  `transition_data` varchar(1000) NOT NULL,
  PRIMARY KEY (`fieldname`)
) ENGINE=InnoDB DEFAULT CHARSET=utf8 COLLATE=utf8_general_ci;

--
-- Dumping data for table `vtiger_picklist_transitions`
--


--
-- Table structure for table `vtiger_picklistvalues_seq`
--

CREATE TABLE `vtiger_picklistvalues_seq` (
  `id` int(11) NOT NULL
) ENGINE=InnoDB DEFAULT CHARSET=utf8 COLLATE=utf8_general_ci;

--
-- Dumping data for table `vtiger_picklistvalues_seq`
--

INSERT INTO `vtiger_picklistvalues_seq` VALUES (515);

--
-- Table structure for table `vtiger_pobillads`
--

CREATE TABLE `vtiger_pobillads` (
  `pobilladdressid` int(19) NOT NULL DEFAULT 0,
  `bill_city` varchar(30) DEFAULT NULL,
  `bill_code` varchar(30) DEFAULT NULL,
  `bill_country` varchar(30) DEFAULT NULL,
  `bill_state` varchar(30) DEFAULT NULL,
  `bill_street` varchar(250) DEFAULT NULL,
  `bill_pobox` varchar(30) DEFAULT NULL,
  PRIMARY KEY (`pobilladdressid`),
  CONSTRAINT `fk_1_vtiger_pobillads` FOREIGN KEY (`pobilladdressid`) REFERENCES `vtiger_purchaseorder` (`purchaseorderid`) ON DELETE CASCADE
) ENGINE=InnoDB DEFAULT CHARSET=utf8 COLLATE=utf8_general_ci;

--
-- Dumping data for table `vtiger_pobillads`
--


--
-- Table structure for table `vtiger_portal`
--

CREATE TABLE `vtiger_portal` (
  `portalid` int(19) NOT NULL,
  `portalname` varchar(200) NOT NULL,
  `portalurl` varchar(255) NOT NULL,
  `sequence` int(3) NOT NULL,
  `setdefault` int(3) NOT NULL DEFAULT 0,
  `createdtime` datetime DEFAULT NULL,
  PRIMARY KEY (`portalid`),
  KEY `portal_portalname_idx` (`portalname`)
) ENGINE=InnoDB DEFAULT CHARSET=utf8 COLLATE=utf8_general_ci;

--
-- Dumping data for table `vtiger_portal`
--


--
-- Table structure for table `vtiger_portalinfo`
--

CREATE TABLE `vtiger_portalinfo` (
  `id` int(11) NOT NULL,
  `user_name` varchar(50) DEFAULT NULL,
  `user_password` varchar(255) DEFAULT NULL,
  `type` varchar(5) DEFAULT NULL,
  `cryptmode` varchar(20) DEFAULT NULL,
  `last_login_time` datetime DEFAULT NULL,
  `login_time` datetime DEFAULT NULL,
  `logout_time` datetime DEFAULT NULL,
  `isactive` int(1) DEFAULT NULL,
  PRIMARY KEY (`id`),
  CONSTRAINT `fk_1_vtiger_portalinfo` FOREIGN KEY (`id`) REFERENCES `vtiger_contactdetails` (`contactid`) ON DELETE CASCADE
) ENGINE=InnoDB DEFAULT CHARSET=utf8 COLLATE=utf8_general_ci;

--
-- Dumping data for table `vtiger_portalinfo`
--


--
-- Table structure for table `vtiger_poshipads`
--

CREATE TABLE `vtiger_poshipads` (
  `poshipaddressid` int(19) NOT NULL DEFAULT 0,
  `ship_city` varchar(30) DEFAULT NULL,
  `ship_code` varchar(30) DEFAULT NULL,
  `ship_country` varchar(30) DEFAULT NULL,
  `ship_state` varchar(30) DEFAULT NULL,
  `ship_street` varchar(250) DEFAULT NULL,
  `ship_pobox` varchar(30) DEFAULT NULL,
  PRIMARY KEY (`poshipaddressid`),
  CONSTRAINT `fk_1_vtiger_poshipads` FOREIGN KEY (`poshipaddressid`) REFERENCES `vtiger_purchaseorder` (`purchaseorderid`) ON DELETE CASCADE
) ENGINE=InnoDB DEFAULT CHARSET=utf8 COLLATE=utf8_general_ci;

--
-- Dumping data for table `vtiger_poshipads`
--


--
-- Table structure for table `vtiger_postatus`
--

CREATE TABLE `vtiger_postatus` (
  `postatusid` int(19) NOT NULL AUTO_INCREMENT,
  `postatus` varchar(200) NOT NULL,
  `presence` int(1) NOT NULL DEFAULT 1,
  `picklist_valueid` int(19) NOT NULL DEFAULT 0,
  `sortorderid` int(11) DEFAULT NULL,
  `color` varchar(10) DEFAULT NULL,
  PRIMARY KEY (`postatusid`),
  UNIQUE KEY `postatus_postatus_idx` (`postatus`)
) ENGINE=InnoDB AUTO_INCREMENT=6 DEFAULT CHARSET=utf8 COLLATE=utf8_general_ci;

--
-- Dumping data for table `vtiger_postatus`
--

INSERT INTO `vtiger_postatus` VALUES (1,'Created',0,130,0,NULL),(2,'Approved',0,131,1,NULL),(3,'Delivered',0,132,2,NULL),(4,'Cancelled',0,133,3,NULL),(5,'Received Shipment',0,134,4,NULL);

--
-- Table structure for table `vtiger_postatus_seq`
--

CREATE TABLE `vtiger_postatus_seq` (
  `id` int(11) NOT NULL
) ENGINE=InnoDB DEFAULT CHARSET=utf8 COLLATE=utf8_general_ci;

--
-- Dumping data for table `vtiger_postatus_seq`
--

INSERT INTO `vtiger_postatus_seq` VALUES (5);

--
-- Table structure for table `vtiger_postatushistory`
--

CREATE TABLE `vtiger_postatushistory` (
  `historyid` int(19) NOT NULL AUTO_INCREMENT,
  `purchaseorderid` int(19) NOT NULL,
  `vendorname` varchar(100) DEFAULT NULL,
  `total` decimal(10,0) DEFAULT NULL,
  `postatus` varchar(200) DEFAULT NULL,
  `lastmodified` datetime DEFAULT NULL,
  PRIMARY KEY (`historyid`),
  KEY `postatushistory_purchaseorderid_idx` (`purchaseorderid`),
  CONSTRAINT `fk_1_vtiger_postatushistory` FOREIGN KEY (`purchaseorderid`) REFERENCES `vtiger_purchaseorder` (`purchaseorderid`) ON DELETE CASCADE
) ENGINE=InnoDB DEFAULT CHARSET=utf8 COLLATE=utf8_general_ci;

--
-- Dumping data for table `vtiger_postatushistory`
--


--
-- Table structure for table `vtiger_potential`
--

CREATE TABLE `vtiger_potential` (
  `potentialid` int(19) NOT NULL DEFAULT 0,
  `potential_no` varchar(100) NOT NULL,
  `related_to` int(19) DEFAULT NULL,
  `potentialname` varchar(120) NOT NULL,
  `amount` decimal(25,8) DEFAULT NULL,
  `currency` varchar(20) DEFAULT NULL,
  `closingdate` date DEFAULT NULL,
  `typeofrevenue` varchar(50) DEFAULT NULL,
  `nextstep` varchar(100) DEFAULT NULL,
  `private` int(1) DEFAULT 0,
  `probability` decimal(7,3) DEFAULT 0.000,
  `campaignid` int(19) DEFAULT NULL,
  `sales_stage` varchar(200) DEFAULT NULL,
  `potentialtype` varchar(200) DEFAULT NULL,
  `leadsource` varchar(200) DEFAULT NULL,
  `productid` int(50) DEFAULT NULL,
  `productversion` varchar(50) DEFAULT NULL,
  `quotationref` varchar(50) DEFAULT NULL,
  `partnercontact` varchar(50) DEFAULT NULL,
  `remarks` varchar(50) DEFAULT NULL,
  `runtimefee` int(19) DEFAULT 0,
  `followupdate` date DEFAULT NULL,
  `evaluationstatus` varchar(50) DEFAULT NULL,
  `description` text DEFAULT NULL,
  `forecastcategory` int(19) DEFAULT 0,
  `outcomeanalysis` int(19) DEFAULT 0,
  `forecast_amount` decimal(25,8) DEFAULT NULL,
  `isconvertedfromlead` varchar(3) DEFAULT '0',
  `contact_id` int(19) DEFAULT NULL,
  `tags` varchar(1) DEFAULT NULL,
  `converted` int(1) NOT NULL DEFAULT 0,
  `lb_fechadesiguientepaso` date DEFAULT NULL,
  `lb_probabilidaddeexito` text DEFAULT NULL,
  PRIMARY KEY (`potentialid`),
  KEY `potential_relatedto_idx` (`related_to`),
  KEY `potentail_sales_stage_idx` (`sales_stage`),
  KEY `potentail_sales_stage_amount_idx` (`amount`,`sales_stage`),
  CONSTRAINT `fk_1_vtiger_potential` FOREIGN KEY (`potentialid`) REFERENCES `vtiger_crmentity` (`crmid`) ON DELETE CASCADE
) ENGINE=InnoDB DEFAULT CHARSET=utf8 COLLATE=utf8_general_ci;

--
-- Dumping data for table `vtiger_potential`
--

INSERT INTO `vtiger_potential` VALUES (213,'POT1',2,'Tax & Legal',15100.00000000,NULL,'2024-03-10',NULL,'',0,10.000,0,'Closed Won','','Fuerza de Ventas',NULL,NULL,NULL,NULL,NULL,0,NULL,NULL,NULL,0,0,0.00000000,'0',107,'',0,NULL,NULL),(214,'POT2',3,'Auditoria Financiera',150000.00000000,NULL,'2024-10-11',NULL,'',0,10.000,0,'Closed Lost','','Fuerza de Ventas',NULL,NULL,NULL,NULL,NULL,0,NULL,NULL,NULL,0,0,0.00000000,'0',108,'',0,NULL,NULL),(215,'POT3',4,'Outsourcing',180000.00000000,NULL,'2024-03-10',NULL,'',0,10.000,0,'Closed Won','','Fuerza de Ventas',NULL,NULL,NULL,NULL,NULL,0,NULL,NULL,NULL,0,0,0.00000000,'0',109,'',0,NULL,NULL),(216,'POT4',5,'Proyecto Carretera de Acceso',230000.00000000,NULL,'2024-11-21',NULL,'',0,10.000,0,'Analisis de Necesidad','','Fuerza de Ventas',NULL,NULL,NULL,NULL,NULL,0,NULL,NULL,NULL,0,0,0.00000000,'0',110,'',0,NULL,NULL),(217,'POT5',6,'Tax & Legal',150000.00000000,NULL,'2024-02-15',NULL,'',0,10.000,0,'Closed Lost','','Fuerza de Ventas',NULL,NULL,NULL,NULL,NULL,0,NULL,NULL,NULL,0,0,0.00000000,'0',111,'',0,NULL,NULL),(218,'POT6',7,'Auditoria Financiera',180000.00000000,NULL,'2024-03-10',NULL,'',0,10.000,0,'Closed Won','','Fuerza de Ventas',NULL,NULL,NULL,NULL,NULL,0,NULL,NULL,NULL,0,0,0.00000000,'0',112,'',0,NULL,NULL),(219,'POT7',8,'Outsourcing',210000.00000000,NULL,'2024-10-10',NULL,'',0,10.000,0,'Propuesta','','Fuerza de Ventas',NULL,NULL,NULL,NULL,NULL,0,NULL,NULL,NULL,0,0,0.00000000,'0',113,'',0,NULL,NULL),(220,'POT8',9,'Precios de Transferencia',300000.00000000,NULL,'2024-03-10',NULL,'',0,10.000,0,'Closed Won','','Fuerza de Ventas',NULL,NULL,NULL,NULL,NULL,0,NULL,NULL,NULL,0,0,0.00000000,'0',114,'',0,NULL,NULL),(221,'POT9',10,'110 Termostatos',165000.00000000,NULL,'2024-11-20',NULL,'',0,10.000,0,'Analisis de Necesidad','','Fuerza de Ventas',NULL,NULL,NULL,NULL,NULL,0,NULL,NULL,NULL,0,0,0.00000000,'0',115,'',0,NULL,NULL),(222,'POT10',11,'Educacion Segura',195000.00000000,NULL,'2024-03-18',NULL,'',0,10.000,0,'Closed Won','','Fuerza de Ventas',NULL,NULL,NULL,NULL,NULL,0,NULL,NULL,NULL,0,0,0.00000000,'0',116,'',0,NULL,NULL),(223,'POT11',12,'Auditoria Financiera',75000.00000000,NULL,'2024-10-10',NULL,'',0,10.000,0,'Analisis de Necesidad','','Fuerza de Ventas',NULL,NULL,NULL,NULL,NULL,0,NULL,NULL,NULL,0,0,0.00000000,'0',117,'',0,NULL,NULL),(224,'POT12',13,'Outsourcing',120000.00000000,NULL,'2024-03-18',NULL,'',0,10.000,0,'Closed Won','','Fuerza de Ventas',NULL,NULL,NULL,NULL,NULL,0,NULL,NULL,NULL,0,0,0.00000000,'0',118,'',0,NULL,NULL),(225,'POT13',14,'Precios de Transferencia',300000.00000000,NULL,'2024-03-18',NULL,'',0,10.000,0,'Closed Won','','Fuerza de Ventas',NULL,NULL,NULL,NULL,NULL,0,NULL,NULL,NULL,0,0,0.00000000,'0',119,'',0,NULL,NULL),(226,'POT14',15,'90 Termostatos',430000.00000000,NULL,'2024-03-18',NULL,'',0,20.000,0,'Closed Won','','Fuerza de Ventas',NULL,NULL,NULL,NULL,NULL,0,NULL,NULL,NULL,0,0,0.00000000,'0',120,'',0,NULL,NULL),(227,'POT15',16,'Tax & Legal',105000.00000000,NULL,'2024-12-12',NULL,'',0,20.000,0,'Propuesta','','Fuerza de Ventas',NULL,NULL,NULL,NULL,NULL,0,NULL,NULL,NULL,0,0,0.00000000,'0',121,'',0,NULL,NULL),(228,'POT16',17,'Auditoria Financiera',90000.00000000,NULL,'2024-12-12',NULL,'',0,20.000,0,'Interes','','Fuerza de Ventas',NULL,NULL,NULL,NULL,NULL,0,NULL,NULL,NULL,0,0,0.00000000,'0',122,'',0,NULL,NULL),(229,'POT17',18,'Outsourcing',180000.00000000,NULL,'2024-12-12',NULL,'',0,20.000,0,'Negociacion','','Fuerza de Ventas',NULL,NULL,NULL,NULL,NULL,0,NULL,NULL,NULL,0,0,0.00000000,'0',123,'',0,NULL,NULL),(230,'POT18',19,'Precios de Transferencia',210000.00000000,NULL,'2024-12-12',NULL,'',0,20.000,0,'Analisis de Necesidad','','Fuerza de Ventas',NULL,NULL,NULL,NULL,NULL,0,NULL,NULL,NULL,0,0,0.00000000,'0',124,'',0,NULL,NULL),(231,'POT19',20,'200 Termostatos',300000.00000000,NULL,'2024-12-12',NULL,'',0,20.000,0,'Propuesta','','Fuerza de Ventas',NULL,NULL,NULL,NULL,NULL,0,NULL,NULL,NULL,0,0,0.00000000,'0',125,'',0,NULL,NULL),(232,'POT20',21,'Tax & Legal',105000.00000000,NULL,'2024-12-12',NULL,'',0,20.000,0,'Interes','','Fuerza de Ventas',NULL,NULL,NULL,NULL,NULL,0,NULL,NULL,NULL,0,0,0.00000000,'0',126,'',0,NULL,NULL),(233,'POT21',22,'Outsourcing',30000.00000000,NULL,'2024-11-20',NULL,'',0,20.000,0,'Analisis de Necesidad','','Fuerza de Ventas',NULL,NULL,NULL,NULL,NULL,0,NULL,NULL,NULL,0,0,0.00000000,'0',127,'',0,NULL,NULL),(234,'POT22',23,'Auditoria Financiera',45000.00000000,NULL,'2024-11-21',NULL,'',0,20.000,0,'Propuesta','','Fuerza de Ventas',NULL,NULL,NULL,NULL,NULL,0,NULL,NULL,NULL,0,0,0.00000000,'0',128,'',0,NULL,NULL),(235,'POT23',24,'Outsourcing',150000.00000000,NULL,'2024-10-10',NULL,'',0,20.000,0,'Interes','','Fuerza de Ventas',NULL,NULL,NULL,NULL,NULL,0,NULL,NULL,NULL,0,0,0.00000000,'0',129,'',0,NULL,NULL),(236,'POT24',25,'Precios de Transferencia',320000.00000000,NULL,'2024-11-20',NULL,'',0,20.000,0,'Analisis de Necesidad','','Fuerza de Ventas',NULL,NULL,NULL,NULL,NULL,0,NULL,NULL,NULL,0,0,0.00000000,'0',130,'',0,NULL,NULL),(237,'POT25',26,'40 Termostatos',60000.00000000,NULL,'2024-12-12',NULL,'',0,45.000,0,'Analisis de Necesidad','','Fuerza de Ventas',NULL,NULL,NULL,NULL,NULL,0,NULL,NULL,NULL,0,0,0.00000000,'0',131,'',0,NULL,NULL),(238,'POT26',27,'Tax & Legal',380000.00000000,NULL,'2024-03-06',NULL,'',0,45.000,0,'Negociacion','','Fuerza de Ventas',NULL,NULL,NULL,NULL,NULL,0,NULL,NULL,NULL,0,0,0.00000000,'0',132,'',0,NULL,NULL),(239,'POT27',28,'Outsourcing',120000.00000000,NULL,'2024-12-12',NULL,'',0,45.000,0,'Negociacion','','Fuerza de Ventas',NULL,NULL,NULL,NULL,NULL,0,NULL,NULL,NULL,0,0,0.00000000,'0',133,'',0,NULL,NULL),(240,'POT28',29,'Auditoria Financiera',135000.00000000,NULL,'2024-11-20',NULL,'',0,45.000,0,'Propuesta','','Fuerza de Ventas',NULL,NULL,NULL,NULL,NULL,0,NULL,NULL,NULL,0,0,0.00000000,'0',134,'',0,NULL,NULL),(241,'POT29',30,'Outsourcing',60000.00000000,NULL,'2024-02-15',NULL,'',0,45.000,0,'Closed Lost','','Fuerza de Ventas',NULL,NULL,NULL,NULL,NULL,0,NULL,NULL,NULL,0,0,0.00000000,'0',135,'',0,NULL,NULL),(242,'POT30',31,'Precios de Transferencia',75000.00000000,NULL,'2024-03-18',NULL,'',0,45.000,0,'Closed Won','','Fuerza de Ventas',NULL,NULL,NULL,NULL,NULL,0,NULL,NULL,NULL,0,0,0.00000000,'0',136,'',0,NULL,NULL),(243,'POT31',32,'30 Termostatos',45000.00000000,NULL,'2024-03-18',NULL,'',0,45.000,0,'Closed Won','','Fuerza de Ventas',NULL,NULL,NULL,NULL,NULL,0,NULL,NULL,NULL,0,0,0.00000000,'0',137,'',0,NULL,NULL),(244,'POT32',33,'Tax & Legal',15000.00000000,NULL,'2024-03-18',NULL,'',0,45.000,0,'Closed Won','','Fuerza de Ventas',NULL,NULL,NULL,NULL,NULL,0,NULL,NULL,NULL,0,0,0.00000000,'0',138,'',0,NULL,NULL),(245,'POT33',34,'Outsourcing',105000.00000000,NULL,'2024-02-15',NULL,'',0,45.000,0,'Closed Lost','','Fuerza de Ventas',NULL,NULL,NULL,NULL,NULL,0,NULL,NULL,NULL,0,0,0.00000000,'0',139,'',0,NULL,NULL),(246,'POT34',35,'virtualizacion de desktop',100000.00000000,NULL,'2024-02-16',NULL,'',0,45.000,0,'Analisis de Necesidad','','Fuerza de Ventas',NULL,NULL,NULL,NULL,NULL,0,NULL,NULL,NULL,0,0,0.00000000,'0',140,'',0,NULL,NULL),(247,'POT35',36,'Programa de Liderazgo Transformacional - CXO',8000.00000000,NULL,'2024-02-17',NULL,'',0,45.000,0,'Interes','','Fuerza de Ventas',NULL,NULL,NULL,NULL,NULL,0,NULL,NULL,NULL,0,0,0.00000000,'0',141,'',0,NULL,NULL),(248,'POT36',37,'Diplomado',120000.00000000,NULL,'2024-03-18',NULL,'',0,45.000,0,'Closed Won','','Fuerza de Ventas',NULL,NULL,NULL,NULL,NULL,0,NULL,NULL,NULL,0,0,0.00000000,'0',142,'',0,NULL,NULL),(249,'POT37',38,'Videoconferencia',120000.00000000,NULL,'2024-12-12',NULL,'',0,45.000,0,'Analisis de Necesidad','','Fuerza de Ventas',NULL,NULL,NULL,NULL,NULL,0,NULL,NULL,NULL,0,0,0.00000000,'0',143,'',0,NULL,NULL),(250,'POT38',39,'Flota de Gruas para Toquepal',480000.00000000,NULL,'2024-12-13',NULL,'',0,45.000,0,'Analisis de Necesidad','','Fuerza de Ventas',NULL,NULL,NULL,NULL,NULL,0,NULL,NULL,NULL,0,0,0.00000000,'0',144,'',0,NULL,NULL),(251,'POT39',40,'Alquiler de Gruas - 3 años',120000.00000000,NULL,'2024-12-14',NULL,'',0,45.000,0,'Analisis de Necesidad','','Fuerza de Ventas',NULL,NULL,NULL,NULL,NULL,0,NULL,NULL,NULL,0,0,0.00000000,'0',145,'',0,NULL,NULL),(252,'POT40',41,'Programa Primeros Auxilios G1',345000.00000000,NULL,'2024-12-15',NULL,'',0,45.000,0,'Interes','','Fuerza de Ventas',NULL,NULL,NULL,NULL,NULL,0,NULL,NULL,NULL,0,0,0.00000000,'0',146,'',0,NULL,NULL),(253,'POT41',42,'Programa Primeros Auxilios G2',38000.00000000,NULL,'2024-12-16',NULL,'',0,70.000,0,'Interes','','Fuerza de Ventas',NULL,NULL,NULL,NULL,NULL,0,NULL,NULL,NULL,0,0,0.00000000,'0',147,'',0,NULL,NULL),(254,'POT42',43,'Carta Fianza',300000.00000000,NULL,'2024-12-17',NULL,'',0,70.000,0,'Propuesta','','Fuerza de Ventas',NULL,NULL,NULL,NULL,NULL,0,NULL,NULL,NULL,0,0,0.00000000,'0',148,'',0,NULL,NULL),(255,'POT43',44,'Planta de Lurin - Acceso a Internet',10000.00000000,NULL,'2024-12-18',NULL,'',0,70.000,0,'Propuesta','','Fuerza de Ventas',NULL,NULL,NULL,NULL,NULL,0,NULL,NULL,NULL,0,0,0.00000000,'0',149,'',0,NULL,NULL),(256,'POT44',45,'Proyecto Costos - Hyperion',120000.00000000,NULL,'2024-12-19',NULL,'',0,70.000,0,'Analisis de Necesidad','','Fuerza de Ventas',NULL,NULL,NULL,NULL,NULL,0,NULL,NULL,NULL,0,0,0.00000000,'0',150,'',0,NULL,NULL),(257,'POT45',46,'Convenio 100 personas',98500.00000000,NULL,'2024-05-14',NULL,'',0,70.000,0,'Propuesta','','Fuerza de Ventas',NULL,NULL,NULL,NULL,NULL,0,NULL,NULL,NULL,0,0,0.00000000,'0',151,'',0,NULL,NULL),(258,'POT46',47,'Limpieza de planta con Powerboss',100000.00000000,NULL,'2024-05-15',NULL,'',0,70.000,0,'Propuesta','','Fuerza de Ventas',NULL,NULL,NULL,NULL,NULL,0,NULL,NULL,NULL,0,0,0.00000000,'0',152,'',0,NULL,NULL),(259,'POT47',48,'Flota de 10 uni   - modelo',500000.00000000,NULL,'2024-05-16',NULL,'',0,70.000,0,'Propuesta','','Fuerza de Ventas',NULL,NULL,NULL,NULL,NULL,0,NULL,NULL,NULL,0,0,0.00000000,'0',153,'',0,NULL,NULL),(260,'POT48',49,'Outsourcing impresion',120000.00000000,NULL,'2024-05-17',NULL,'',0,70.000,0,'Interes','','Fuerza de Ventas',NULL,NULL,NULL,NULL,NULL,0,NULL,NULL,NULL,0,0,0.00000000,'0',154,'',0,NULL,NULL),(261,'POT49',50,'Proyecto de Cocina - Linea Sarten Vocable',118900.00000000,NULL,'2024-03-18',NULL,'',0,70.000,0,'Closed Won','','Fuerza de Ventas',NULL,NULL,NULL,NULL,NULL,0,NULL,NULL,NULL,0,0,0.00000000,'0',155,'',0,NULL,NULL),(262,'POT50',51,'Proyecto de Cocina - Linea Sarten Vocable',120000.00000000,NULL,'2024-05-11',NULL,'',0,70.000,0,'Interes','','Fuerza de Ventas',NULL,NULL,NULL,NULL,NULL,0,NULL,NULL,NULL,0,0,0.00000000,'0',156,'',0,NULL,NULL),(263,'POT51',52,'Proyecto Cocina Campamento..',300000.00000000,NULL,'2024-05-12',NULL,'',0,70.000,0,'Interes','','Fuerza de Ventas',NULL,NULL,NULL,NULL,NULL,0,NULL,NULL,NULL,0,0,0.00000000,'0',157,'',0,NULL,NULL),(264,'POT52',53,'Proyecto Cocina Campamento..',120000.00000000,NULL,'2024-03-18',NULL,'',0,70.000,0,'Closed Won','','Fuerza de Ventas',NULL,NULL,NULL,NULL,NULL,0,NULL,NULL,NULL,0,0,0.00000000,'0',158,'',0,NULL,NULL),(265,'POT53',54,'Proyecto Automatizacion -  Labcel',360000.00000000,NULL,'2024-05-14',NULL,'',0,70.000,0,'Analisis de Necesidad','','Fuerza de Ventas',NULL,NULL,NULL,NULL,NULL,0,NULL,NULL,NULL,0,0,0.00000000,'0',159,'',0,NULL,NULL),(266,'POT54',55,'Proyecto de Perforacion - Jumbo',118000.00000000,NULL,'2024-05-15',NULL,'',0,70.000,0,'Negociacion','','Fuerza de Ventas',NULL,NULL,NULL,NULL,NULL,0,NULL,NULL,NULL,0,0,0.00000000,'0',160,'',0,NULL,NULL),(267,'POT55',56,'Camion grua para cambio de postes',150000.00000000,NULL,'2024-05-16',NULL,'',0,70.000,0,'Propuesta','','Fuerza de Ventas',NULL,NULL,NULL,NULL,NULL,0,NULL,NULL,NULL,0,0,0.00000000,'0',161,'',0,NULL,NULL),(268,'POT56',57,'Control de Asistencia 4 locales',10000.00000000,NULL,'2024-05-17',NULL,'',0,70.000,0,'Propuesta','','Fuerza de Ventas',NULL,NULL,NULL,NULL,NULL,0,NULL,NULL,NULL,0,0,0.00000000,'0',162,'',0,NULL,NULL),(269,'POT57',58,'10 VM - 4 locales',12000.00000000,NULL,'2024-05-18',NULL,'',0,70.000,0,'Interes','','Fuerza de Ventas',NULL,NULL,NULL,NULL,NULL,0,NULL,NULL,NULL,0,0,0.00000000,'0',163,'',0,NULL,NULL),(270,'POT58',59,'Letrero Lumino Entrada XYZ 10x24',10500.00000000,NULL,'2024-03-18',NULL,'',0,70.000,0,'Closed Won','','Fuerza de Ventas',NULL,NULL,NULL,NULL,NULL,0,NULL,NULL,NULL,0,0,0.00000000,'0',164,'',0,NULL,NULL),(271,'POT59',60,'Proyecto De Seguridad - Cableado de Fibra',600000.00000000,NULL,'2024-03-29',NULL,'',0,70.000,0,'Interes','','Fuerza de Ventas',NULL,NULL,NULL,NULL,NULL,0,NULL,NULL,NULL,0,0,0.00000000,'0',165,'',0,NULL,NULL),(272,'POT60',61,'Proyecto de impermiabilizacion',100000.00000000,NULL,'2024-03-30',NULL,'',0,70.000,0,'Analisis de Necesidad','','Fuerza de Ventas',NULL,NULL,NULL,NULL,NULL,0,NULL,NULL,NULL,0,0,0.00000000,'0',166,'',0,NULL,NULL),(273,'POT61',62,'Proyecto Seguridad Perimetral',100000.00000000,NULL,'2024-03-18',NULL,'',0,70.000,0,'Closed Won','','Fuerza de Ventas',NULL,NULL,NULL,NULL,NULL,0,NULL,NULL,NULL,0,0,0.00000000,'0',167,'',0,NULL,NULL),(274,'POT62',63,'Internet dedicado 8 MB',14400.00000000,NULL,'2024-03-18',NULL,'',0,60.000,0,'Analisis de Necesidad','','Fuerza de Ventas',NULL,NULL,NULL,NULL,NULL,0,NULL,NULL,NULL,0,0,0.00000000,'0',168,'',0,NULL,NULL),(275,'POT63',64,'Servicio de Exportacion',1800.00000000,NULL,'2024-03-18',NULL,'',0,60.000,0,'Closed Won','','Fuerza de Ventas',NULL,NULL,NULL,NULL,NULL,0,NULL,NULL,NULL,0,0,0.00000000,'0',169,'',0,NULL,NULL),(276,'POT64',65,'Montacarga',12000.00000000,NULL,'2024-03-20',NULL,'',0,60.000,0,'Interes','','Fuerza de Ventas',NULL,NULL,NULL,NULL,NULL,0,NULL,NULL,NULL,0,0,0.00000000,'0',170,'',0,NULL,NULL),(277,'POT65',66,'Auditoria Financiera',10000.00000000,NULL,'2024-03-21',NULL,'',0,60.000,0,'Interes','','Fuerza de Ventas',NULL,NULL,NULL,NULL,NULL,0,NULL,NULL,NULL,0,0,0.00000000,'0',171,'',0,NULL,NULL),(278,'POT66',67,'Tax & Legal',10000.00000000,NULL,'2024-03-22',NULL,'',0,60.000,0,'Interes','','Fuerza de Ventas',NULL,NULL,NULL,NULL,NULL,0,NULL,NULL,NULL,0,0,0.00000000,'0',172,'',0,NULL,NULL),(279,'POT67',68,'Nueva oficina en Surco 100 puestos',200000.00000000,NULL,'2024-03-23',NULL,'',0,60.000,0,'Interes','','Fuerza de Ventas',NULL,NULL,NULL,NULL,NULL,0,NULL,NULL,NULL,0,0,0.00000000,'0',173,'',0,NULL,NULL),(280,'POT68',69,'nueva estufa',100000.00000000,NULL,'2024-03-24',NULL,'',0,60.000,0,'Analisis de Necesidad','','Fuerza de Ventas',NULL,NULL,NULL,NULL,NULL,0,NULL,NULL,NULL,0,0,0.00000000,'0',174,'',0,NULL,NULL),(281,'POT69',70,'Flete Martimo Exportacion',120000.00000000,NULL,'2024-03-25',NULL,'',0,60.000,0,'Interes','','Fuerza de Ventas',NULL,NULL,NULL,NULL,NULL,0,NULL,NULL,NULL,0,0,0.00000000,'0',175,'',0,NULL,NULL),(282,'POT70',71,'Flete Martimo Exportacion',10000.00000000,NULL,'2024-03-26',NULL,'',0,60.000,0,'Interes','','Fuerza de Ventas',NULL,NULL,NULL,NULL,NULL,0,NULL,NULL,NULL,0,0,0.00000000,'0',176,'',0,NULL,NULL),(283,'POT71',72,'Refrigerador Vertical',398500.00000000,NULL,'2024-03-27',NULL,'',0,60.000,0,'Interes','','Fuerza de Ventas',NULL,NULL,NULL,NULL,NULL,0,NULL,NULL,NULL,0,0,0.00000000,'0',177,'',0,NULL,NULL),(284,'POT72',73,'Computacion 105',398500.00000000,NULL,'2024-03-28',NULL,'',0,60.000,0,'Analisis de Necesidad','','Fuerza de Ventas',NULL,NULL,NULL,NULL,NULL,0,NULL,NULL,NULL,0,0,0.00000000,'0',178,'',0,NULL,NULL),(285,'POT73',74,'Fumigadora',8201.00000000,NULL,'2024-03-29',NULL,'',0,60.000,0,'Propuesta','','Fuerza de Ventas',NULL,NULL,NULL,NULL,NULL,0,NULL,NULL,NULL,0,0,0.00000000,'0',179,'',0,NULL,NULL),(286,'POT74',75,'Ventas',100000.00000000,NULL,'2024-03-30',NULL,'',0,60.000,0,'Interes','','Fuerza de Ventas',NULL,NULL,NULL,NULL,NULL,0,NULL,NULL,NULL,0,0,0.00000000,'0',180,'',0,NULL,NULL),(287,'POT75',76,'tarjetas bingo 10 millares',3000.00000000,NULL,'2024-03-31',NULL,'',0,60.000,0,'Interes','','Fuerza de Ventas',NULL,NULL,NULL,NULL,NULL,0,NULL,NULL,NULL,0,0,0.00000000,'0',181,'',0,NULL,NULL),(288,'POT76',77,'Uniformes de Primavera',45950.00000000,NULL,'2024-04-01',NULL,'',0,60.000,0,'Negociacion','','Fuerza de Ventas',NULL,NULL,NULL,NULL,NULL,0,NULL,NULL,NULL,0,0,0.00000000,'0',182,'',0,NULL,NULL),(289,'POT77',78,'Mallas',45950.00000000,NULL,'2024-03-18',NULL,'',0,60.000,0,'Closed Won','','Fuerza de Ventas',NULL,NULL,NULL,NULL,NULL,0,NULL,NULL,NULL,0,0,0.00000000,'0',183,'',0,NULL,NULL),(290,'POT78',79,'Convertirse en mayorista',10000.00000000,NULL,'2024-04-03',NULL,'',0,60.000,0,'Interes','','Fuerza de Ventas',NULL,NULL,NULL,NULL,NULL,0,NULL,NULL,NULL,0,0,0.00000000,'0',184,'',0,NULL,NULL),(291,'POT79',80,'Storage',10000.00000000,NULL,'2024-03-18',NULL,'',0,60.000,0,'Closed Won','','Fuerza de Ventas',NULL,NULL,NULL,NULL,NULL,0,NULL,NULL,NULL,0,0,0.00000000,'0',185,'',0,NULL,NULL),(292,'POT80',81,'Campamento',350000.00000000,NULL,'2024-04-05',NULL,'',0,60.000,0,'Negociacion','','Fuerza de Ventas',NULL,NULL,NULL,NULL,NULL,0,NULL,NULL,NULL,0,0,0.00000000,'0',186,'',0,NULL,NULL),(293,'POT81',82,'Campamento',430000.00000000,NULL,'2024-04-06',NULL,'',0,60.000,0,'Closed Won','','Fuerza de Ventas',NULL,NULL,NULL,NULL,NULL,0,NULL,NULL,NULL,0,0,0.00000000,'0',187,'',0,NULL,NULL),(294,'POT82',83,'Sistema Contable',430000.00000000,NULL,'2024-04-07',NULL,'',0,60.000,0,'Closed Lost','','Fuerza de Ventas',NULL,NULL,NULL,NULL,NULL,0,NULL,NULL,NULL,0,0,0.00000000,'0',188,'',0,NULL,NULL),(295,'POT83',84,'ISO 9001',430000.00000000,NULL,'2024-04-08',NULL,'',0,60.000,0,'Closed Won','','Fuerza de Ventas',NULL,NULL,NULL,NULL,NULL,0,NULL,NULL,NULL,0,0,0.00000000,'0',189,'',0,NULL,NULL),(296,'POT84',85,'100 mil envases del nuevo modelo',132800.00000000,NULL,'2024-04-09',NULL,'',0,60.000,0,'Closed Won','','Fuerza de Ventas',NULL,NULL,NULL,NULL,NULL,0,NULL,NULL,NULL,0,0,0.00000000,'0',190,'',0,NULL,NULL),(297,'POT85',86,'100 lts alcohol',120000.00000000,NULL,'2024-04-10',NULL,'',0,60.000,0,'Analisis de Necesidad','','Fuerza de Ventas',NULL,NULL,NULL,NULL,NULL,0,NULL,NULL,NULL,0,0,0.00000000,'0',191,'',0,NULL,NULL),(298,'POT86',87,'Repuestos para su planta de Cuajone',120000.00000000,NULL,'2024-04-11',NULL,'',0,60.000,0,'Closed Won','','Fuerza de Ventas',NULL,NULL,NULL,NULL,NULL,0,NULL,NULL,NULL,0,0,0.00000000,'0',192,'',0,NULL,NULL),(299,'POT87',88,'Herramienta Llave Stillson (10 un)',130000.00000000,NULL,'2024-04-12',NULL,'',0,60.000,0,'Analisis de Necesidad','','Fuerza de Ventas',NULL,NULL,NULL,NULL,NULL,0,NULL,NULL,NULL,0,0,0.00000000,'0',193,'',0,NULL,NULL),(300,'POT88',89,'M&A',130000.00000000,NULL,'2024-04-13',NULL,'',0,60.000,0,'Closed Won','','Fuerza de Ventas',NULL,NULL,NULL,NULL,NULL,0,NULL,NULL,NULL,0,0,0.00000000,'0',194,'',0,NULL,NULL),(301,'POT89',90,'Proyecto Aliaga',130000.00000000,NULL,'2024-04-14',NULL,'',0,60.000,0,'Closed Lost','','Fuerza de Ventas',NULL,NULL,NULL,NULL,NULL,0,NULL,NULL,NULL,0,0,0.00000000,'0',195,'',0,NULL,NULL),(302,'POT90',91,'Piloto Privado Feb 2017',8000.00000000,NULL,'2024-04-15',NULL,'',0,60.000,0,'Interes','','Fuerza de Ventas',NULL,NULL,NULL,NULL,NULL,0,NULL,NULL,NULL,0,0,0.00000000,'0',196,'',0,NULL,NULL),(303,'POT91',92,'Datacenter',300000.00000000,NULL,'2024-04-16',NULL,'',0,60.000,0,'Interes','','Fuerza de Ventas',NULL,NULL,NULL,NULL,NULL,0,NULL,NULL,NULL,0,0,0.00000000,'0',197,'',0,NULL,NULL),(304,'POT92',93,'Libro',300000.00000000,NULL,'2024-04-17',NULL,'',0,60.000,0,'Closed Won','','Fuerza de Ventas',NULL,NULL,NULL,NULL,NULL,0,NULL,NULL,NULL,0,0,0.00000000,'0',198,'',0,NULL,NULL),(305,'POT93',94,'Proyecto Nueva Oficina San Isidro',300000.00000000,NULL,'2024-04-18',NULL,'',0,25.000,0,'Closed Won','','Fuerza de Ventas',NULL,NULL,NULL,NULL,NULL,0,NULL,NULL,NULL,0,0,0.00000000,'0',199,'',0,NULL,NULL),(306,'POT94',95,'Coleccion de Verano',120000.00000000,NULL,'2024-04-19',NULL,'',0,25.000,0,'Closed Won','','Fuerza de Ventas',NULL,NULL,NULL,NULL,NULL,0,NULL,NULL,NULL,0,0,0.00000000,'0',200,'',0,NULL,NULL),(307,'POT95',96,'Seguridad perimetral local Callao',120000.00000000,NULL,'2024-04-20',NULL,'',0,25.000,0,'Closed Won','','Fuerza de Ventas',NULL,NULL,NULL,NULL,NULL,0,NULL,NULL,NULL,0,0,0.00000000,'0',201,'',0,NULL,NULL),(308,'POT96',97,'Gestion Logistica 2017 - 1 semestre',120000.00000000,NULL,'2024-04-21',NULL,'',0,25.000,0,'Closed Won','','Fuerza de Ventas',NULL,NULL,NULL,NULL,NULL,0,NULL,NULL,NULL,0,0,0.00000000,'0',202,'',0,NULL,NULL),(309,'POT97',98,'Vacaciones de JUlio',120000.00000000,NULL,'2024-04-22',NULL,'',0,25.000,0,'Analisis de Necesidad','','Fuerza de Ventas',NULL,NULL,NULL,NULL,NULL,0,NULL,NULL,NULL,0,0,0.00000000,'0',203,'',0,NULL,NULL),(310,'POT98',99,'Postgrado',120000.00000000,NULL,'2024-04-23',NULL,'',0,25.000,0,'Interes','','Fuerza de Ventas',NULL,NULL,NULL,NULL,NULL,0,NULL,NULL,NULL,0,0,0.00000000,'0',204,'',0,NULL,NULL),(311,'POT99',100,'Implementacion Data Center',160000.00000000,NULL,'2024-04-24',NULL,'',0,25.000,0,'Interes','','Fuerza de Ventas',NULL,NULL,NULL,NULL,NULL,0,NULL,NULL,NULL,0,0,0.00000000,'0',205,'',0,NULL,NULL),(312,'POT100',101,'Nuevo embalaje con cinta xyz',160000.00000000,NULL,'2024-04-25',NULL,'',0,25.000,0,'Closed Won','','Fuerza de Ventas',NULL,NULL,NULL,NULL,NULL,0,NULL,NULL,NULL,0,0,0.00000000,'0',206,'',0,NULL,NULL),(313,'POT101',102,'Venta Cruzada - Campaña Junio',160000.00000000,NULL,'2024-04-26',NULL,'',0,25.000,0,'Analisis de Necesidad','','Fuerza de Ventas',NULL,NULL,NULL,NULL,NULL,0,NULL,NULL,NULL,0,0,0.00000000,'0',107,'',0,NULL,NULL),(314,'POT102',103,'Gruas Campamnto XYZ',160000.00000000,NULL,'2024-04-27',NULL,'',0,25.000,0,'Closed Won','','Fuerza de Ventas',NULL,NULL,NULL,NULL,NULL,0,NULL,NULL,NULL,0,0,0.00000000,'0',208,'',0,NULL,NULL),(315,'POT103',104,'Pollos para toda la cadena',160000.00000000,NULL,'2024-04-28',NULL,'',0,25.000,0,'Closed Won','','Fuerza de Ventas',NULL,NULL,NULL,NULL,NULL,0,NULL,NULL,NULL,0,0,0.00000000,'0',147,'',0,NULL,NULL),(316,'POT104',105,'prueba mobile hn',160000.00000000,NULL,'2024-04-29',NULL,'',0,25.000,0,'Interes','','Fuerza de Ventas',NULL,NULL,NULL,NULL,NULL,0,NULL,NULL,NULL,0,0,0.00000000,'0',107,'',0,NULL,NULL),(317,'POT105',106,'Cancha de Futbol 7',160000.00000000,NULL,'2024-04-30',NULL,'',0,25.000,0,'Interes','','Fuerza de Ventas',NULL,NULL,NULL,NULL,NULL,0,NULL,NULL,NULL,0,0,0.00000000,'0',211,'',0,NULL,NULL),(318,'POT106',2,'Tax & Legal',15100.00000000,NULL,'2024-03-10',NULL,'',0,10.000,0,'Closed Won','','Fuerza de Ventas',NULL,NULL,NULL,NULL,NULL,0,NULL,NULL,NULL,0,0,0.00000000,'0',107,'',0,NULL,NULL),(319,'POT107',3,'Auditoria Financiera',150000.00000000,NULL,'2024-10-11',NULL,'',0,10.000,0,'Closed Lost','','Fuerza de Ventas',NULL,NULL,NULL,NULL,NULL,0,NULL,NULL,NULL,0,0,0.00000000,'0',108,'',0,NULL,NULL),(320,'POT108',4,'Outsourcing',180000.00000000,NULL,'2024-03-10',NULL,'',0,10.000,0,'Closed Won','','Fuerza de Ventas',NULL,NULL,NULL,NULL,NULL,0,NULL,NULL,NULL,0,0,0.00000000,'0',109,'',0,NULL,NULL),(321,'POT109',5,'Proyecto Carretera de Acceso',230000.00000000,NULL,'2024-11-21',NULL,'',0,10.000,0,'Analisis de Necesidad','','Fuerza de Ventas',NULL,NULL,NULL,NULL,NULL,0,NULL,NULL,NULL,0,0,0.00000000,'0',110,'',0,NULL,NULL),(322,'POT110',6,'Tax & Legal',150000.00000000,NULL,'2024-02-15',NULL,'',0,10.000,0,'Closed Lost','','Fuerza de Ventas',NULL,NULL,NULL,NULL,NULL,0,NULL,NULL,NULL,0,0,0.00000000,'0',111,'',0,NULL,NULL),(323,'POT111',7,'Auditoria Financiera',180000.00000000,NULL,'2024-03-10',NULL,'',0,10.000,0,'Closed Won','','Fuerza de Ventas',NULL,NULL,NULL,NULL,NULL,0,NULL,NULL,NULL,0,0,0.00000000,'0',112,'',0,NULL,NULL),(324,'POT112',8,'Outsourcing',210000.00000000,NULL,'2024-10-10',NULL,'',0,10.000,0,'Propuesta','','Fuerza de Ventas',NULL,NULL,NULL,NULL,NULL,0,NULL,NULL,NULL,0,0,0.00000000,'0',113,'',0,NULL,NULL),(325,'POT113',9,'Precios de Transferencia',300000.00000000,NULL,'2024-03-10',NULL,'',0,10.000,0,'Closed Won','','Fuerza de Ventas',NULL,NULL,NULL,NULL,NULL,0,NULL,NULL,NULL,0,0,0.00000000,'0',114,'',0,NULL,NULL),(326,'POT114',10,'110 Termostatos',165000.00000000,NULL,'2024-11-20',NULL,'',0,10.000,0,'Analisis de Necesidad','','Fuerza de Ventas',NULL,NULL,NULL,NULL,NULL,0,NULL,NULL,NULL,0,0,0.00000000,'0',115,'',0,NULL,NULL),(327,'POT115',11,'Educacion Segura',195000.00000000,NULL,'2024-03-18',NULL,'',0,10.000,0,'Closed Won','','Fuerza de Ventas',NULL,NULL,NULL,NULL,NULL,0,NULL,NULL,NULL,0,0,0.00000000,'0',116,'',0,NULL,NULL),(328,'POT116',12,'Auditoria Financiera',75000.00000000,NULL,'2024-10-10',NULL,'',0,10.000,0,'Analisis de Necesidad','','Fuerza de Ventas',NULL,NULL,NULL,NULL,NULL,0,NULL,NULL,NULL,0,0,0.00000000,'0',117,'',0,NULL,NULL),(329,'POT117',13,'Outsourcing',120000.00000000,NULL,'2024-03-18',NULL,'',0,10.000,0,'Closed Won','','Fuerza de Ventas',NULL,NULL,NULL,NULL,NULL,0,NULL,NULL,NULL,0,0,0.00000000,'0',118,'',0,NULL,NULL),(330,'POT118',14,'Precios de Transferencia',300000.00000000,NULL,'2024-03-18',NULL,'',0,10.000,0,'Closed Won','','Fuerza de Ventas',NULL,NULL,NULL,NULL,NULL,0,NULL,NULL,NULL,0,0,0.00000000,'0',119,'',0,NULL,NULL),(331,'POT119',15,'90 Termostatos',430000.00000000,NULL,'2024-03-18',NULL,'',0,20.000,0,'Closed Won','','Fuerza de Ventas',NULL,NULL,NULL,NULL,NULL,0,NULL,NULL,NULL,0,0,0.00000000,'0',120,'',0,NULL,NULL),(332,'POT120',16,'Tax & Legal',105000.00000000,NULL,'2024-12-12',NULL,'',0,20.000,0,'Propuesta','','Fuerza de Ventas',NULL,NULL,NULL,NULL,NULL,0,NULL,NULL,NULL,0,0,0.00000000,'0',121,'',0,NULL,NULL),(333,'POT121',17,'Auditoria Financiera',90000.00000000,NULL,'2024-12-12',NULL,'',0,20.000,0,'Interes','','Fuerza de Ventas',NULL,NULL,NULL,NULL,NULL,0,NULL,NULL,NULL,0,0,0.00000000,'0',122,'',0,NULL,NULL),(334,'POT122',18,'Outsourcing',180000.00000000,NULL,'2024-12-12',NULL,'',0,20.000,0,'Negociacion','','Fuerza de Ventas',NULL,NULL,NULL,NULL,NULL,0,NULL,NULL,NULL,0,0,0.00000000,'0',123,'',0,NULL,NULL),(335,'POT123',19,'Precios de Transferencia',210000.00000000,NULL,'2024-12-12',NULL,'',0,20.000,0,'Analisis de Necesidad','','Fuerza de Ventas',NULL,NULL,NULL,NULL,NULL,0,NULL,NULL,NULL,0,0,0.00000000,'0',124,'',0,NULL,NULL),(336,'POT124',20,'200 Termostatos',300000.00000000,NULL,'2024-12-12',NULL,'',0,20.000,0,'Propuesta','','Fuerza de Ventas',NULL,NULL,NULL,NULL,NULL,0,NULL,NULL,NULL,0,0,0.00000000,'0',125,'',0,NULL,NULL),(337,'POT125',21,'Tax & Legal',105000.00000000,NULL,'2024-12-12',NULL,'',0,20.000,0,'Interes','','Fuerza de Ventas',NULL,NULL,NULL,NULL,NULL,0,NULL,NULL,NULL,0,0,0.00000000,'0',126,'',0,NULL,NULL),(338,'POT126',22,'Outsourcing',30000.00000000,NULL,'2024-11-20',NULL,'',0,20.000,0,'Analisis de Necesidad','','Fuerza de Ventas',NULL,NULL,NULL,NULL,NULL,0,NULL,NULL,NULL,0,0,0.00000000,'0',127,'',0,NULL,NULL),(339,'POT127',23,'Auditoria Financiera',45000.00000000,NULL,'2024-11-21',NULL,'',0,20.000,0,'Propuesta','','Fuerza de Ventas',NULL,NULL,NULL,NULL,NULL,0,NULL,NULL,NULL,0,0,0.00000000,'0',128,'',0,NULL,NULL),(340,'POT128',24,'Outsourcing',150000.00000000,NULL,'2024-10-10',NULL,'',0,20.000,0,'Interes','','Fuerza de Ventas',NULL,NULL,NULL,NULL,NULL,0,NULL,NULL,NULL,0,0,0.00000000,'0',129,'',0,NULL,NULL),(341,'POT129',25,'Precios de Transferencia',320000.00000000,NULL,'2024-11-20',NULL,'',0,20.000,0,'Analisis de Necesidad','','Fuerza de Ventas',NULL,NULL,NULL,NULL,NULL,0,NULL,NULL,NULL,0,0,0.00000000,'0',130,'',0,NULL,NULL),(342,'POT130',26,'40 Termostatos',60000.00000000,NULL,'2024-12-12',NULL,'',0,45.000,0,'Analisis de Necesidad','','Fuerza de Ventas',NULL,NULL,NULL,NULL,NULL,0,NULL,NULL,NULL,0,0,0.00000000,'0',131,'',0,NULL,NULL),(343,'POT131',27,'Tax & Legal',380000.00000000,NULL,'2024-03-06',NULL,'',0,45.000,0,'Negociacion','','Fuerza de Ventas',NULL,NULL,NULL,NULL,NULL,0,NULL,NULL,NULL,0,0,0.00000000,'0',132,'',0,NULL,NULL),(344,'POT132',28,'Outsourcing',120000.00000000,NULL,'2024-12-12',NULL,'',0,45.000,0,'Negociacion','','Fuerza de Ventas',NULL,NULL,NULL,NULL,NULL,0,NULL,NULL,NULL,0,0,0.00000000,'0',133,'',0,NULL,NULL),(345,'POT133',29,'Auditoria Financiera',135000.00000000,NULL,'2024-11-20',NULL,'',0,45.000,0,'Propuesta','','Fuerza de Ventas',NULL,NULL,NULL,NULL,NULL,0,NULL,NULL,NULL,0,0,0.00000000,'0',134,'',0,NULL,NULL),(346,'POT134',30,'Outsourcing',60000.00000000,NULL,'2024-02-15',NULL,'',0,45.000,0,'Closed Lost','','Fuerza de Ventas',NULL,NULL,NULL,NULL,NULL,0,NULL,NULL,NULL,0,0,0.00000000,'0',135,'',0,NULL,NULL),(347,'POT135',31,'Precios de Transferencia',75000.00000000,NULL,'2024-03-18',NULL,'',0,45.000,0,'Closed Won','','Fuerza de Ventas',NULL,NULL,NULL,NULL,NULL,0,NULL,NULL,NULL,0,0,0.00000000,'0',136,'',0,NULL,NULL),(348,'POT136',32,'30 Termostatos',45000.00000000,NULL,'2024-03-18',NULL,'',0,45.000,0,'Closed Won','','Fuerza de Ventas',NULL,NULL,NULL,NULL,NULL,0,NULL,NULL,NULL,0,0,0.00000000,'0',137,'',0,NULL,NULL),(349,'POT137',33,'Tax & Legal',15000.00000000,NULL,'2024-03-18',NULL,'',0,45.000,0,'Closed Won','','Fuerza de Ventas',NULL,NULL,NULL,NULL,NULL,0,NULL,NULL,NULL,0,0,0.00000000,'0',138,'',0,NULL,NULL),(350,'POT138',34,'Outsourcing',105000.00000000,NULL,'2024-02-15',NULL,'',0,45.000,0,'Closed Lost','','Fuerza de Ventas',NULL,NULL,NULL,NULL,NULL,0,NULL,NULL,NULL,0,0,0.00000000,'0',139,'',0,NULL,NULL),(351,'POT139',35,'virtualizacion de desktop',100000.00000000,NULL,'2024-02-16',NULL,'',0,45.000,0,'Analisis de Necesidad','','Fuerza de Ventas',NULL,NULL,NULL,NULL,NULL,0,NULL,NULL,NULL,0,0,0.00000000,'0',140,'',0,NULL,NULL),(352,'POT140',36,'Programa de Liderazgo Transformacional - CXO',8000.00000000,NULL,'2024-02-17',NULL,'',0,45.000,0,'Interes','','Fuerza de Ventas',NULL,NULL,NULL,NULL,NULL,0,NULL,NULL,NULL,0,0,0.00000000,'0',141,'',0,NULL,NULL),(353,'POT141',37,'Diplomado',120000.00000000,NULL,'2024-03-18',NULL,'',0,45.000,0,'Closed Won','','Fuerza de Ventas',NULL,NULL,NULL,NULL,NULL,0,NULL,NULL,NULL,0,0,0.00000000,'0',142,'',0,NULL,NULL),(354,'POT142',38,'Videoconferencia',120000.00000000,NULL,'2024-12-12',NULL,'',0,45.000,0,'Analisis de Necesidad','','Fuerza de Ventas',NULL,NULL,NULL,NULL,NULL,0,NULL,NULL,NULL,0,0,0.00000000,'0',143,'',0,NULL,NULL),(355,'POT143',39,'Flota de Gruas para Toquepal',480000.00000000,NULL,'2024-12-13',NULL,'',0,45.000,0,'Analisis de Necesidad','','Fuerza de Ventas',NULL,NULL,NULL,NULL,NULL,0,NULL,NULL,NULL,0,0,0.00000000,'0',144,'',0,NULL,NULL),(356,'POT144',40,'Alquiler de Gruas - 3 años',120000.00000000,NULL,'2024-12-14',NULL,'',0,45.000,0,'Analisis de Necesidad','','Fuerza de Ventas',NULL,NULL,NULL,NULL,NULL,0,NULL,NULL,NULL,0,0,0.00000000,'0',145,'',0,NULL,NULL),(357,'POT145',41,'Programa Primeros Auxilios G1',345000.00000000,NULL,'2024-12-15',NULL,'',0,45.000,0,'Interes','','Fuerza de Ventas',NULL,NULL,NULL,NULL,NULL,0,NULL,NULL,NULL,0,0,0.00000000,'0',146,'',0,NULL,NULL),(358,'POT146',42,'Programa Primeros Auxilios G2',38000.00000000,NULL,'2024-12-16',NULL,'',0,70.000,0,'Interes','','Fuerza de Ventas',NULL,NULL,NULL,NULL,NULL,0,NULL,NULL,NULL,0,0,0.00000000,'0',147,'',0,NULL,NULL),(359,'POT147',43,'Carta Fianza',300000.00000000,NULL,'2024-12-17',NULL,'',0,70.000,0,'Propuesta','','Fuerza de Ventas',NULL,NULL,NULL,NULL,NULL,0,NULL,NULL,NULL,0,0,0.00000000,'0',148,'',0,NULL,NULL),(360,'POT148',44,'Planta de Lurin - Acceso a Internet',10000.00000000,NULL,'2024-12-18',NULL,'',0,70.000,0,'Propuesta','','Fuerza de Ventas',NULL,NULL,NULL,NULL,NULL,0,NULL,NULL,NULL,0,0,0.00000000,'0',149,'',0,NULL,NULL),(361,'POT149',45,'Proyecto Costos - Hyperion',120000.00000000,NULL,'2024-12-19',NULL,'',0,70.000,0,'Analisis de Necesidad','','Fuerza de Ventas',NULL,NULL,NULL,NULL,NULL,0,NULL,NULL,NULL,0,0,0.00000000,'0',150,'',0,NULL,NULL),(362,'POT150',46,'Convenio 100 personas',98500.00000000,NULL,'2024-05-14',NULL,'',0,70.000,0,'Propuesta','','Fuerza de Ventas',NULL,NULL,NULL,NULL,NULL,0,NULL,NULL,NULL,0,0,0.00000000,'0',151,'',0,NULL,NULL),(363,'POT151',47,'Limpieza de planta con Powerboss',100000.00000000,NULL,'2024-05-15',NULL,'',0,70.000,0,'Propuesta','','Fuerza de Ventas',NULL,NULL,NULL,NULL,NULL,0,NULL,NULL,NULL,0,0,0.00000000,'0',152,'',0,NULL,NULL),(364,'POT152',48,'Flota de 10 uni   - modelo',500000.00000000,NULL,'2024-05-16',NULL,'',0,70.000,0,'Propuesta','','Fuerza de Ventas',NULL,NULL,NULL,NULL,NULL,0,NULL,NULL,NULL,0,0,0.00000000,'0',153,'',0,NULL,NULL),(365,'POT153',49,'Outsourcing impresion',120000.00000000,NULL,'2024-05-17',NULL,'',0,70.000,0,'Interes','','Fuerza de Ventas',NULL,NULL,NULL,NULL,NULL,0,NULL,NULL,NULL,0,0,0.00000000,'0',154,'',0,NULL,NULL),(366,'POT154',50,'Proyecto de Cocina - Linea Sarten Vocable',118900.00000000,NULL,'2024-03-18',NULL,'',0,70.000,0,'Closed Won','','Fuerza de Ventas',NULL,NULL,NULL,NULL,NULL,0,NULL,NULL,NULL,0,0,0.00000000,'0',155,'',0,NULL,NULL),(367,'POT155',51,'Proyecto de Cocina - Linea Sarten Vocable',120000.00000000,NULL,'2024-05-11',NULL,'',0,70.000,0,'Interes','','Fuerza de Ventas',NULL,NULL,NULL,NULL,NULL,0,NULL,NULL,NULL,0,0,0.00000000,'0',156,'',0,NULL,NULL),(368,'POT156',52,'Proyecto Cocina Campamento..',300000.00000000,NULL,'2024-05-12',NULL,'',0,70.000,0,'Interes','','Fuerza de Ventas',NULL,NULL,NULL,NULL,NULL,0,NULL,NULL,NULL,0,0,0.00000000,'0',157,'',0,NULL,NULL),(369,'POT157',53,'Proyecto Cocina Campamento..',120000.00000000,NULL,'2024-03-18',NULL,'',0,70.000,0,'Closed Won','','Fuerza de Ventas',NULL,NULL,NULL,NULL,NULL,0,NULL,NULL,NULL,0,0,0.00000000,'0',158,'',0,NULL,NULL),(370,'POT158',54,'Proyecto Automatizacion -  Labcel',360000.00000000,NULL,'2024-05-14',NULL,'',0,70.000,0,'Analisis de Necesidad','','Fuerza de Ventas',NULL,NULL,NULL,NULL,NULL,0,NULL,NULL,NULL,0,0,0.00000000,'0',159,'',0,NULL,NULL),(371,'POT159',55,'Proyecto de Perforacion - Jumbo',118000.00000000,NULL,'2024-05-15',NULL,'',0,70.000,0,'Negociacion','','Fuerza de Ventas',NULL,NULL,NULL,NULL,NULL,0,NULL,NULL,NULL,0,0,0.00000000,'0',160,'',0,NULL,NULL),(372,'POT160',56,'Camion grua para cambio de postes',150000.00000000,NULL,'2024-05-16',NULL,'',0,70.000,0,'Propuesta','','Fuerza de Ventas',NULL,NULL,NULL,NULL,NULL,0,NULL,NULL,NULL,0,0,0.00000000,'0',161,'',0,NULL,NULL),(373,'POT161',57,'Control de Asistencia 4 locales',10000.00000000,NULL,'2024-05-17',NULL,'',0,70.000,0,'Propuesta','','Fuerza de Ventas',NULL,NULL,NULL,NULL,NULL,0,NULL,NULL,NULL,0,0,0.00000000,'0',162,'',0,NULL,NULL),(374,'POT162',58,'10 VM - 4 locales',12000.00000000,NULL,'2024-05-18',NULL,'',0,70.000,0,'Interes','','Fuerza de Ventas',NULL,NULL,NULL,NULL,NULL,0,NULL,NULL,NULL,0,0,0.00000000,'0',163,'',0,NULL,NULL),(375,'POT163',59,'Letrero Lumino Entrada XYZ 10x24',10500.00000000,NULL,'2024-03-18',NULL,'',0,70.000,0,'Closed Won','','Fuerza de Ventas',NULL,NULL,NULL,NULL,NULL,0,NULL,NULL,NULL,0,0,0.00000000,'0',164,'',0,NULL,NULL),(376,'POT164',60,'Proyecto De Seguridad - Cableado de Fibra',600000.00000000,NULL,'2024-03-29',NULL,'',0,70.000,0,'Interes','','Fuerza de Ventas',NULL,NULL,NULL,NULL,NULL,0,NULL,NULL,NULL,0,0,0.00000000,'0',165,'',0,NULL,NULL),(377,'POT165',61,'Proyecto de impermiabilizacion',100000.00000000,NULL,'2024-03-30',NULL,'',0,70.000,0,'Analisis de Necesidad','','Fuerza de Ventas',NULL,NULL,NULL,NULL,NULL,0,NULL,NULL,NULL,0,0,0.00000000,'0',166,'',0,NULL,NULL),(378,'POT166',62,'Proyecto Seguridad Perimetral',100000.00000000,NULL,'2024-03-18',NULL,'',0,70.000,0,'Closed Won','','Fuerza de Ventas',NULL,NULL,NULL,NULL,NULL,0,NULL,NULL,NULL,0,0,0.00000000,'0',167,'',0,NULL,NULL),(379,'POT167',63,'Internet dedicado 8 MB',14400.00000000,NULL,'2024-03-18',NULL,'',0,60.000,0,'Analisis de Necesidad','','Fuerza de Ventas',NULL,NULL,NULL,NULL,NULL,0,NULL,NULL,NULL,0,0,0.00000000,'0',168,'',0,NULL,NULL),(380,'POT168',64,'Servicio de Exportacion',1800.00000000,NULL,'2024-03-18',NULL,'',0,60.000,0,'Closed Won','','Fuerza de Ventas',NULL,NULL,NULL,NULL,NULL,0,NULL,NULL,NULL,0,0,0.00000000,'0',169,'',0,NULL,NULL),(381,'POT169',65,'Montacarga',12000.00000000,NULL,'2024-03-20',NULL,'',0,60.000,0,'Interes','','Fuerza de Ventas',NULL,NULL,NULL,NULL,NULL,0,NULL,NULL,NULL,0,0,0.00000000,'0',170,'',0,NULL,NULL),(382,'POT170',66,'Auditoria Financiera',10000.00000000,NULL,'2024-03-21',NULL,'',0,60.000,0,'Interes','','Fuerza de Ventas',NULL,NULL,NULL,NULL,NULL,0,NULL,NULL,NULL,0,0,0.00000000,'0',171,'',0,NULL,NULL),(383,'POT171',67,'Tax & Legal',10000.00000000,NULL,'2024-03-22',NULL,'',0,60.000,0,'Interes','','Fuerza de Ventas',NULL,NULL,NULL,NULL,NULL,0,NULL,NULL,NULL,0,0,0.00000000,'0',172,'',0,NULL,NULL),(384,'POT172',68,'Nueva oficina en Surco 100 puestos',200000.00000000,NULL,'2024-03-23',NULL,'',0,60.000,0,'Interes','','Fuerza de Ventas',NULL,NULL,NULL,NULL,NULL,0,NULL,NULL,NULL,0,0,0.00000000,'0',173,'',0,NULL,NULL),(385,'POT173',69,'nueva estufa',100000.00000000,NULL,'2024-03-24',NULL,'',0,60.000,0,'Analisis de Necesidad','','Fuerza de Ventas',NULL,NULL,NULL,NULL,NULL,0,NULL,NULL,NULL,0,0,0.00000000,'0',174,'',0,NULL,NULL),(386,'POT174',70,'Flete Martimo Exportacion',120000.00000000,NULL,'2024-03-25',NULL,'',0,60.000,0,'Interes','','Fuerza de Ventas',NULL,NULL,NULL,NULL,NULL,0,NULL,NULL,NULL,0,0,0.00000000,'0',175,'',0,NULL,NULL),(387,'POT175',71,'Flete Martimo Exportacion',10000.00000000,NULL,'2024-03-26',NULL,'',0,60.000,0,'Interes','','Fuerza de Ventas',NULL,NULL,NULL,NULL,NULL,0,NULL,NULL,NULL,0,0,0.00000000,'0',176,'',0,NULL,NULL),(388,'POT176',72,'Refrigerador Vertical',398500.00000000,NULL,'2024-03-27',NULL,'',0,60.000,0,'Interes','','Fuerza de Ventas',NULL,NULL,NULL,NULL,NULL,0,NULL,NULL,NULL,0,0,0.00000000,'0',177,'',0,NULL,NULL),(389,'POT177',73,'Computacion 105',398500.00000000,NULL,'2024-03-28',NULL,'',0,60.000,0,'Analisis de Necesidad','','Fuerza de Ventas',NULL,NULL,NULL,NULL,NULL,0,NULL,NULL,NULL,0,0,0.00000000,'0',178,'',0,NULL,NULL),(390,'POT178',74,'Fumigadora',8201.00000000,NULL,'2024-03-29',NULL,'',0,60.000,0,'Propuesta','','Fuerza de Ventas',NULL,NULL,NULL,NULL,NULL,0,NULL,NULL,NULL,0,0,0.00000000,'0',179,'',0,NULL,NULL),(391,'POT179',75,'Ventas',100000.00000000,NULL,'2024-03-30',NULL,'',0,60.000,0,'Interes','','Fuerza de Ventas',NULL,NULL,NULL,NULL,NULL,0,NULL,NULL,NULL,0,0,0.00000000,'0',180,'',0,NULL,NULL),(392,'POT180',76,'tarjetas bingo 10 millares',3000.00000000,NULL,'2024-03-31',NULL,'',0,60.000,0,'Interes','','Fuerza de Ventas',NULL,NULL,NULL,NULL,NULL,0,NULL,NULL,NULL,0,0,0.00000000,'0',181,'',0,NULL,NULL),(393,'POT181',77,'Uniformes de Primavera',45950.00000000,NULL,'2024-04-01',NULL,'',0,60.000,0,'Negociacion','','Fuerza de Ventas',NULL,NULL,NULL,NULL,NULL,0,NULL,NULL,NULL,0,0,0.00000000,'0',182,'',0,NULL,NULL),(394,'POT182',78,'Mallas',45950.00000000,NULL,'2024-03-18',NULL,'',0,60.000,0,'Closed Won','','Fuerza de Ventas',NULL,NULL,NULL,NULL,NULL,0,NULL,NULL,NULL,0,0,0.00000000,'0',183,'',0,NULL,NULL),(395,'POT183',79,'Convertirse en mayorista',10000.00000000,NULL,'2024-04-03',NULL,'',0,60.000,0,'Interes','','Fuerza de Ventas',NULL,NULL,NULL,NULL,NULL,0,NULL,NULL,NULL,0,0,0.00000000,'0',184,'',0,NULL,NULL),(396,'POT184',80,'Storage',10000.00000000,NULL,'2024-03-18',NULL,'',0,60.000,0,'Closed Won','','Fuerza de Ventas',NULL,NULL,NULL,NULL,NULL,0,NULL,NULL,NULL,0,0,0.00000000,'0',185,'',0,NULL,NULL),(397,'POT185',81,'Campamento',350000.00000000,NULL,'2024-04-05',NULL,'',0,60.000,0,'Negociacion','','Fuerza de Ventas',NULL,NULL,NULL,NULL,NULL,0,NULL,NULL,NULL,0,0,0.00000000,'0',186,'',0,NULL,NULL),(398,'POT186',82,'Campamento',430000.00000000,NULL,'2024-04-06',NULL,'',0,60.000,0,'Closed Won','','Fuerza de Ventas',NULL,NULL,NULL,NULL,NULL,0,NULL,NULL,NULL,0,0,0.00000000,'0',187,'',0,NULL,NULL),(399,'POT187',83,'Sistema Contable',430000.00000000,NULL,'2024-04-07',NULL,'',0,60.000,0,'Closed Lost','','Fuerza de Ventas',NULL,NULL,NULL,NULL,NULL,0,NULL,NULL,NULL,0,0,0.00000000,'0',188,'',0,NULL,NULL),(400,'POT188',84,'ISO 9001',430000.00000000,NULL,'2024-04-08',NULL,'',0,60.000,0,'Closed Won','','Fuerza de Ventas',NULL,NULL,NULL,NULL,NULL,0,NULL,NULL,NULL,0,0,0.00000000,'0',189,'',0,NULL,NULL),(401,'POT189',85,'100 mil envases del nuevo modelo',132800.00000000,NULL,'2024-04-09',NULL,'',0,60.000,0,'Closed Won','','Fuerza de Ventas',NULL,NULL,NULL,NULL,NULL,0,NULL,NULL,NULL,0,0,0.00000000,'0',190,'',0,NULL,NULL),(402,'POT190',86,'100 lts alcohol',120000.00000000,NULL,'2024-04-10',NULL,'',0,60.000,0,'Analisis de Necesidad','','Fuerza de Ventas',NULL,NULL,NULL,NULL,NULL,0,NULL,NULL,NULL,0,0,0.00000000,'0',191,'',0,NULL,NULL),(403,'POT191',87,'Repuestos para su planta de Cuajone',120000.00000000,NULL,'2024-04-11',NULL,'',0,60.000,0,'Closed Won','','Fuerza de Ventas',NULL,NULL,NULL,NULL,NULL,0,NULL,NULL,NULL,0,0,0.00000000,'0',192,'',0,NULL,NULL),(404,'POT192',88,'Herramienta Llave Stillson (10 un)',130000.00000000,NULL,'2024-04-12',NULL,'',0,60.000,0,'Analisis de Necesidad','','Fuerza de Ventas',NULL,NULL,NULL,NULL,NULL,0,NULL,NULL,NULL,0,0,0.00000000,'0',193,'',0,NULL,NULL),(405,'POT193',89,'M&A',130000.00000000,NULL,'2024-04-13',NULL,'',0,60.000,0,'Closed Won','','Fuerza de Ventas',NULL,NULL,NULL,NULL,NULL,0,NULL,NULL,NULL,0,0,0.00000000,'0',194,'',0,NULL,NULL),(406,'POT194',90,'Proyecto Aliaga',130000.00000000,NULL,'2024-04-14',NULL,'',0,60.000,0,'Closed Lost','','Fuerza de Ventas',NULL,NULL,NULL,NULL,NULL,0,NULL,NULL,NULL,0,0,0.00000000,'0',195,'',0,NULL,NULL),(407,'POT195',91,'Piloto Privado Feb 2017',8000.00000000,NULL,'2024-04-15',NULL,'',0,60.000,0,'Interes','','Fuerza de Ventas',NULL,NULL,NULL,NULL,NULL,0,NULL,NULL,NULL,0,0,0.00000000,'0',196,'',0,NULL,NULL),(408,'POT196',92,'Datacenter',300000.00000000,NULL,'2024-04-16',NULL,'',0,60.000,0,'Interes','','Fuerza de Ventas',NULL,NULL,NULL,NULL,NULL,0,NULL,NULL,NULL,0,0,0.00000000,'0',197,'',0,NULL,NULL),(409,'POT197',93,'Libro',300000.00000000,NULL,'2024-04-17',NULL,'',0,60.000,0,'Closed Won','','Fuerza de Ventas',NULL,NULL,NULL,NULL,NULL,0,NULL,NULL,NULL,0,0,0.00000000,'0',198,'',0,NULL,NULL),(410,'POT198',94,'Proyecto Nueva Oficina San Isidro',300000.00000000,NULL,'2024-04-18',NULL,'',0,25.000,0,'Closed Won','','Fuerza de Ventas',NULL,NULL,NULL,NULL,NULL,0,NULL,NULL,NULL,0,0,0.00000000,'0',199,'',0,NULL,NULL),(411,'POT199',95,'Coleccion de Verano',120000.00000000,NULL,'2024-04-19',NULL,'',0,25.000,0,'Closed Won','','Fuerza de Ventas',NULL,NULL,NULL,NULL,NULL,0,NULL,NULL,NULL,0,0,0.00000000,'0',200,'',0,NULL,NULL),(412,'POT200',96,'Seguridad perimetral local Callao',120000.00000000,NULL,'2024-04-20',NULL,'',0,25.000,0,'Closed Won','','Fuerza de Ventas',NULL,NULL,NULL,NULL,NULL,0,NULL,NULL,NULL,0,0,0.00000000,'0',201,'',0,NULL,NULL),(413,'POT201',97,'Gestion Logistica 2017 - 1 semestre',120000.00000000,NULL,'2024-04-21',NULL,'',0,25.000,0,'Closed Won','','Fuerza de Ventas',NULL,NULL,NULL,NULL,NULL,0,NULL,NULL,NULL,0,0,0.00000000,'0',202,'',0,NULL,NULL),(414,'POT202',98,'Vacaciones de JUlio',120000.00000000,NULL,'2024-04-22',NULL,'',0,25.000,0,'Analisis de Necesidad','','Fuerza de Ventas',NULL,NULL,NULL,NULL,NULL,0,NULL,NULL,NULL,0,0,0.00000000,'0',203,'',0,NULL,NULL),(415,'POT203',99,'Postgrado',120000.00000000,NULL,'2024-04-23',NULL,'',0,25.000,0,'Interes','','Fuerza de Ventas',NULL,NULL,NULL,NULL,NULL,0,NULL,NULL,NULL,0,0,0.00000000,'0',204,'',0,NULL,NULL),(416,'POT204',100,'Implementacion Data Center',160000.00000000,NULL,'2024-04-24',NULL,'',0,25.000,0,'Interes','','Fuerza de Ventas',NULL,NULL,NULL,NULL,NULL,0,NULL,NULL,NULL,0,0,0.00000000,'0',205,'',0,NULL,NULL),(417,'POT205',101,'Nuevo embalaje con cinta xyz',160000.00000000,NULL,'2024-04-25',NULL,'',0,25.000,0,'Closed Won','','Fuerza de Ventas',NULL,NULL,NULL,NULL,NULL,0,NULL,NULL,NULL,0,0,0.00000000,'0',206,'',0,NULL,NULL),(418,'POT206',102,'Venta Cruzada - Campaña Junio',160000.00000000,NULL,'2024-04-26',NULL,'',0,25.000,0,'Analisis de Necesidad','','Fuerza de Ventas',NULL,NULL,NULL,NULL,NULL,0,NULL,NULL,NULL,0,0,0.00000000,'0',107,'',0,NULL,NULL),(419,'POT207',103,'Gruas Campamnto XYZ',160000.00000000,NULL,'2024-04-27',NULL,'',0,25.000,0,'Closed Won','','Fuerza de Ventas',NULL,NULL,NULL,NULL,NULL,0,NULL,NULL,NULL,0,0,0.00000000,'0',208,'',0,NULL,NULL),(420,'POT208',104,'Pollos para toda la cadena',160000.00000000,NULL,'2024-04-28',NULL,'',0,25.000,0,'Closed Won','','Fuerza de Ventas',NULL,NULL,NULL,NULL,NULL,0,NULL,NULL,NULL,0,0,0.00000000,'0',147,'',0,NULL,NULL),(421,'POT209',105,'prueba mobile hn',160000.00000000,NULL,'2024-04-29',NULL,'',0,25.000,0,'Interes','','Fuerza de Ventas',NULL,NULL,NULL,NULL,NULL,0,NULL,NULL,NULL,0,0,0.00000000,'0',107,'',0,NULL,NULL),(422,'POT210',106,'Cancha de Futbol 7',160000.00000000,NULL,'2024-04-30',NULL,'',0,25.000,0,'Interes','','Fuerza de Ventas',NULL,NULL,NULL,NULL,NULL,0,NULL,NULL,NULL,0,0,0.00000000,'0',211,'',0,NULL,NULL);

--
-- Table structure for table `vtiger_potentialscf`
--

CREATE TABLE `vtiger_potentialscf` (
  `potentialid` int(19) NOT NULL DEFAULT 0,
  PRIMARY KEY (`potentialid`),
  CONSTRAINT `fk_1_vtiger_potentialscf` FOREIGN KEY (`potentialid`) REFERENCES `vtiger_potential` (`potentialid`) ON DELETE CASCADE
) ENGINE=InnoDB DEFAULT CHARSET=utf8 COLLATE=utf8_general_ci;

--
-- Dumping data for table `vtiger_potentialscf`
--

INSERT INTO `vtiger_potentialscf` VALUES (213),(214),(215),(216),(217),(218),(219),(220),(221),(222),(223),(224),(225),(226),(227),(228),(229),(230),(231),(232),(233),(234),(235),(236),(237),(238),(239),(240),(241),(242),(243),(244),(245),(246),(247),(248),(249),(250),(251),(252),(253),(254),(255),(256),(257),(258),(259),(260),(261),(262),(263),(264),(265),(266),(267),(268),(269),(270),(271),(272),(273),(274),(275),(276),(277),(278),(279),(280),(281),(282),(283),(284),(285),(286),(287),(288),(289),(290),(291),(292),(293),(294),(295),(296),(297),(298),(299),(300),(301),(302),(303),(304),(305),(306),(307),(308),(309),(310),(311),(312),(313),(314),(315),(316),(317),(318),(319),(320),(321),(322),(323),(324),(325),(326),(327),(328),(329),(330),(331),(332),(333),(334),(335),(336),(337),(338),(339),(340),(341),(342),(343),(344),(345),(346),(347),(348),(349),(350),(351),(352),(353),(354),(355),(356),(357),(358),(359),(360),(361),(362),(363),(364),(365),(366),(367),(368),(369),(370),(371),(372),(373),(374),(375),(376),(377),(378),(379),(380),(381),(382),(383),(384),(385),(386),(387),(388),(389),(390),(391),(392),(393),(394),(395),(396),(397),(398),(399),(400),(401),(402),(403),(404),(405),(406),(407),(408),(409),(410),(411),(412),(413),(414),(415),(416),(417),(418),(419),(420),(421),(422);

--
-- Table structure for table `vtiger_potstagehistory`
--

CREATE TABLE `vtiger_potstagehistory` (
  `historyid` int(19) NOT NULL AUTO_INCREMENT,
  `potentialid` int(19) NOT NULL,
  `amount` decimal(10,0) DEFAULT NULL,
  `stage` varchar(100) DEFAULT NULL,
  `probability` decimal(7,3) DEFAULT NULL,
  `expectedrevenue` decimal(10,0) DEFAULT NULL,
  `closedate` date DEFAULT NULL,
  `lastmodified` datetime DEFAULT NULL,
  PRIMARY KEY (`historyid`),
  KEY `potstagehistory_potentialid_idx` (`potentialid`),
  CONSTRAINT `fk_1_vtiger_potstagehistory` FOREIGN KEY (`potentialid`) REFERENCES `vtiger_potential` (`potentialid`) ON DELETE CASCADE
) ENGINE=InnoDB DEFAULT CHARSET=utf8 COLLATE=utf8_general_ci;

--
-- Dumping data for table `vtiger_potstagehistory`
--


--
-- Table structure for table `vtiger_pricebook`
--

CREATE TABLE `vtiger_pricebook` (
  `pricebookid` int(19) NOT NULL DEFAULT 0,
  `pricebook_no` varchar(100) NOT NULL,
  `bookname` varchar(100) DEFAULT NULL,
  `active` int(1) DEFAULT NULL,
  `currency_id` int(19) NOT NULL DEFAULT 1,
  `tags` varchar(1) DEFAULT NULL,
  PRIMARY KEY (`pricebookid`),
  CONSTRAINT `fk_1_vtiger_pricebook` FOREIGN KEY (`pricebookid`) REFERENCES `vtiger_crmentity` (`crmid`) ON DELETE CASCADE
) ENGINE=InnoDB DEFAULT CHARSET=utf8 COLLATE=utf8_general_ci;

--
-- Dumping data for table `vtiger_pricebook`
--


--
-- Table structure for table `vtiger_pricebookcf`
--

CREATE TABLE `vtiger_pricebookcf` (
  `pricebookid` int(19) NOT NULL DEFAULT 0,
  PRIMARY KEY (`pricebookid`),
  CONSTRAINT `fk_1_vtiger_pricebookcf` FOREIGN KEY (`pricebookid`) REFERENCES `vtiger_pricebook` (`pricebookid`) ON DELETE CASCADE
) ENGINE=InnoDB DEFAULT CHARSET=utf8 COLLATE=utf8_general_ci;

--
-- Dumping data for table `vtiger_pricebookcf`
--


--
-- Table structure for table `vtiger_pricebookproductrel`
--

CREATE TABLE `vtiger_pricebookproductrel` (
  `pricebookid` int(19) NOT NULL,
  `productid` int(19) NOT NULL,
  `listprice` decimal(27,8) DEFAULT NULL,
  `usedcurrency` int(11) NOT NULL DEFAULT 1,
  PRIMARY KEY (`pricebookid`,`productid`),
  KEY `pricebookproductrel_pricebookid_idx` (`pricebookid`),
  KEY `pricebookproductrel_productid_idx` (`productid`),
  CONSTRAINT `fk_1_vtiger_pricebookproductrel` FOREIGN KEY (`pricebookid`) REFERENCES `vtiger_pricebook` (`pricebookid`) ON DELETE CASCADE
) ENGINE=InnoDB DEFAULT CHARSET=utf8 COLLATE=utf8_general_ci;

--
-- Dumping data for table `vtiger_pricebookproductrel`
--


--
-- Table structure for table `vtiger_priority`
--

CREATE TABLE `vtiger_priority` (
  `priorityid` int(19) NOT NULL AUTO_INCREMENT,
  `priority` varchar(200) NOT NULL,
  `sortorderid` int(19) NOT NULL DEFAULT 0,
  `presence` int(1) NOT NULL DEFAULT 1,
  PRIMARY KEY (`priorityid`),
  UNIQUE KEY `priority_priority_idx` (`priority`)
) ENGINE=InnoDB DEFAULT CHARSET=utf8 COLLATE=utf8_general_ci;

--
-- Dumping data for table `vtiger_priority`
--


--
-- Table structure for table `vtiger_productcategory`
--

CREATE TABLE `vtiger_productcategory` (
  `productcategoryid` int(19) NOT NULL AUTO_INCREMENT,
  `productcategory` varchar(200) NOT NULL,
  `presence` int(1) NOT NULL DEFAULT 1,
  `picklist_valueid` int(19) NOT NULL DEFAULT 0,
  `sortorderid` int(11) DEFAULT NULL,
  `color` varchar(10) DEFAULT NULL,
  PRIMARY KEY (`productcategoryid`),
  UNIQUE KEY `productcategory_productcategory_idx` (`productcategory`)
) ENGINE=InnoDB AUTO_INCREMENT=5 DEFAULT CHARSET=utf8 COLLATE=utf8_general_ci;

--
-- Dumping data for table `vtiger_productcategory`
--

INSERT INTO `vtiger_productcategory` VALUES (2,'Privada',1,136,1,'#ffffff'),(3,'Compartida',1,137,2,'#ffffff'),(4,'Sala de Reuniones',1,138,3,'#ffffff');

--
-- Table structure for table `vtiger_productcategory_seq`
--

CREATE TABLE `vtiger_productcategory_seq` (
  `id` int(11) NOT NULL
) ENGINE=InnoDB DEFAULT CHARSET=utf8 COLLATE=utf8_general_ci;

--
-- Dumping data for table `vtiger_productcategory_seq`
--

INSERT INTO `vtiger_productcategory_seq` VALUES (4);

--
-- Table structure for table `vtiger_productcf`
--

CREATE TABLE `vtiger_productcf` (
  `productid` int(19) NOT NULL DEFAULT 0,
  PRIMARY KEY (`productid`),
  CONSTRAINT `fk_1_vtiger_productcf` FOREIGN KEY (`productid`) REFERENCES `vtiger_products` (`productid`) ON DELETE CASCADE
) ENGINE=InnoDB DEFAULT CHARSET=utf8 COLLATE=utf8_general_ci;

--
-- Dumping data for table `vtiger_productcf`
--

INSERT INTO `vtiger_productcf` VALUES (588),(597),(606),(617),(619),(621),(623),(628),(641),(642),(643),(644),(646),(648),(650),(652),(653),(654),(655),(656),(657);

--
-- Table structure for table `vtiger_productcurrencyrel`
--

CREATE TABLE `vtiger_productcurrencyrel` (
  `productid` int(11) NOT NULL,
  `currencyid` int(11) NOT NULL,
  `converted_price` decimal(28,8) DEFAULT NULL,
  `actual_price` decimal(28,8) DEFAULT NULL
) ENGINE=InnoDB DEFAULT CHARSET=utf8 COLLATE=utf8_general_ci;

--
-- Dumping data for table `vtiger_productcurrencyrel`
--

INSERT INTO `vtiger_productcurrencyrel` VALUES (588,1,0.00000000,0.00000000),(597,1,0.00000000,0.00000000),(606,1,0.00000000,0.00000000),(617,1,0.00000000,0.00000000),(619,1,0.00000000,0.00000000),(621,1,0.00000000,0.00000000),(623,1,0.00000000,0.00000000),(628,1,0.00000000,0.00000000),(641,1,0.00000000,0.00000000),(642,1,0.00000000,0.00000000),(643,1,0.00000000,0.00000000),(644,1,0.00000000,0.00000000),(646,1,0.00000000,0.00000000),(648,1,0.00000000,0.00000000),(650,1,0.00000000,0.00000000),(652,1,0.00000000,0.00000000),(653,1,0.00000000,0.00000000),(654,1,0.00000000,0.00000000),(655,1,0.00000000,0.00000000),(656,1,0.00000000,0.00000000),(657,1,0.00000000,0.00000000);

--
-- Table structure for table `vtiger_products`
--

CREATE TABLE `vtiger_products` (
  `productid` int(11) NOT NULL,
  `product_no` varchar(100) NOT NULL,
  `productname` varchar(100) DEFAULT NULL,
  `productcode` varchar(40) DEFAULT NULL,
  `productcategory` varchar(200) DEFAULT NULL,
  `manufacturer` varchar(200) DEFAULT NULL,
  `qty_per_unit` decimal(11,2) DEFAULT 0.00,
  `unit_price` decimal(25,8) DEFAULT NULL,
  `weight` decimal(11,3) DEFAULT NULL,
  `pack_size` int(11) DEFAULT NULL,
  `sales_start_date` date DEFAULT NULL,
  `sales_end_date` date DEFAULT NULL,
  `start_date` date DEFAULT NULL,
  `expiry_date` date DEFAULT NULL,
  `cost_factor` int(11) DEFAULT NULL,
  `commissionrate` decimal(7,3) DEFAULT NULL,
  `commissionmethod` varchar(50) DEFAULT NULL,
  `discontinued` int(1) NOT NULL DEFAULT 0,
  `usageunit` varchar(200) DEFAULT NULL,
  `reorderlevel` int(11) DEFAULT NULL,
  `website` varchar(100) DEFAULT NULL,
  `taxclass` varchar(200) DEFAULT NULL,
  `mfr_part_no` varchar(200) DEFAULT NULL,
  `vendor_part_no` varchar(200) DEFAULT NULL,
  `serialno` varchar(200) DEFAULT NULL,
  `qtyinstock` decimal(25,3) DEFAULT NULL,
  `productsheet` varchar(200) DEFAULT NULL,
  `qtyindemand` int(11) DEFAULT NULL,
  `glacct` varchar(200) DEFAULT NULL,
  `vendor_id` int(11) DEFAULT NULL,
  `imagename` text DEFAULT NULL,
  `currency_id` int(19) NOT NULL DEFAULT 1,
  `is_subproducts_viewable` int(1) DEFAULT 1,
  `purchase_cost` decimal(27,8) DEFAULT NULL,
  `tags` varchar(1) DEFAULT NULL,
  PRIMARY KEY (`productid`),
  CONSTRAINT `fk_1_vtiger_products` FOREIGN KEY (`productid`) REFERENCES `vtiger_crmentity` (`crmid`) ON DELETE CASCADE
) ENGINE=InnoDB DEFAULT CHARSET=utf8 COLLATE=utf8_general_ci;

--
-- Dumping data for table `vtiger_products`
--

INSERT INTO `vtiger_products` VALUES (588,'PRO1','Posavasos','','','',0.00,0.00000000,NULL,NULL,NULL,NULL,NULL,NULL,NULL,0.000,NULL,0,'',0,'','','','','',0.000,'',0,'',0,'',1,1,0.00000000,''),(597,'PRO2','Seguro de vida','','','',0.00,0.00000000,NULL,NULL,NULL,NULL,NULL,NULL,NULL,0.000,NULL,0,'',0,'','','','','',0.000,'',0,'',0,'',1,1,0.00000000,''),(606,'PRO3','ISO 9000','','','',0.00,0.00000000,NULL,NULL,NULL,NULL,NULL,NULL,NULL,0.000,NULL,0,'',0,'','','','','',0.000,'',0,'',0,'',1,1,0.00000000,''),(617,'PRO4','Proyector tamaño A','','','',0.00,0.00000000,NULL,NULL,NULL,NULL,NULL,NULL,NULL,0.000,NULL,0,'',0,'','','','','',0.000,'',0,'',0,'',1,1,0.00000000,''),(619,'PRO5','Paneles Solares Tipo A','','','',0.00,0.00000000,NULL,NULL,NULL,NULL,NULL,NULL,NULL,0.000,NULL,0,'',0,'','','','','',0.000,'',0,'',0,'',1,1,0.00000000,''),(621,'PRO6','celulares Z','','','',0.00,0.00000000,NULL,NULL,NULL,NULL,NULL,NULL,NULL,0.000,NULL,0,'',0,'','','','','',0.000,'',0,'',0,'',1,1,0.00000000,''),(623,'PRO7','Software integrador de restaurantes','','','',0.00,0.00000000,NULL,NULL,NULL,NULL,NULL,NULL,NULL,0.000,NULL,0,'',0,'','','','','',0.000,'',0,'',0,'',1,1,0.00000000,''),(628,'PRO8','CIVIC ACCORD 1.5 TURBO','','','',0.00,0.00000000,NULL,NULL,NULL,NULL,NULL,NULL,NULL,0.000,NULL,0,'',0,'','','','','',0.000,'',0,'',0,'',1,1,0.00000000,''),(641,'PRO9','BOMBA CAVIDAD PROGRESIVA','SEEPEX BN 5-12 / A1 C1-C6-F0A','','Seepex',0.00,0.00000000,NULL,NULL,NULL,NULL,NULL,NULL,NULL,0.000,NULL,0,'',0,'','','','','',0.000,'',0,'',0,'',1,1,0.00000000,''),(642,'PRO10','Cadena de 44 pasos','CR7603','','',0.00,0.00000000,NULL,NULL,NULL,NULL,NULL,NULL,NULL,0.000,NULL,0,'',0,'','','','','',0.000,'',0,'',0,'',1,1,0.00000000,''),(643,'PRO11','rollos de acero','0039','','LexPon Inc.',0.00,0.00000000,NULL,NULL,NULL,NULL,NULL,'2018-04-30',NULL,10.000,NULL,0,'Piezas',0,'','','','','',5000.000,'',0,'',0,'',1,1,0.00000000,''),(644,'PRO12','Disco de almacenamiento tipo A','DRF567','','',0.00,0.00000000,NULL,NULL,NULL,NULL,NULL,NULL,NULL,0.000,NULL,0,'',0,'','','','','',60.000,'',0,'',0,'',1,1,0.00000000,''),(646,'PRO13','Pantallas A','PLK89654','','',1.00,0.00000000,NULL,NULL,NULL,NULL,NULL,NULL,NULL,0.000,NULL,0,'Cantidad',0,'','','','','',15.000,'',0,'',645,'',1,1,0.00000000,''),(648,'PRO14','Teclado inalambrico','TE-KIH78493','','',1.00,0.00000000,NULL,NULL,NULL,NULL,NULL,NULL,NULL,0.000,NULL,0,'Cantidad',0,'','','H78493','KIH78493','78493',10.000,'',0,'',647,'',1,1,0.00000000,''),(650,'PRO15','KB USB COMBO TEROS 136','OKJ-52155','','',0.00,0.00000000,NULL,NULL,NULL,NULL,NULL,NULL,NULL,0.000,NULL,0,'',0,'','','P569-006','ACTLP569-006','',40.000,'',0,'',649,'',1,1,0.00000000,''),(652,'PRO16','NOTEBOOK LENOVO V330 I7-8AUG-1TB-V2G','KMJ-5121','','',0.00,0.00000000,NULL,NULL,NULL,NULL,NULL,NULL,NULL,0.000,NULL,0,'',0,'','','SDCZ50-016G-B35','SAN-SDCZ50-016G-B35','',20.000,'',0,'',651,'',1,1,0.00000000,''),(653,'PRO17','Mini Stereo','HONDA','','',0.00,0.00000000,NULL,NULL,NULL,NULL,NULL,NULL,NULL,0.000,NULL,0,'',0,'','','','','',-1.000,'',0,'',0,'',1,1,0.00000000,''),(654,'PRO18','CIVIC SEDAN LX','HONDA','','',0.00,0.00000000,NULL,NULL,NULL,NULL,NULL,NULL,NULL,0.000,NULL,0,'',0,'','','','','',0.000,'',0,'',0,'',1,1,0.00000000,''),(655,'PRO19','CIVIC SEDAN EXT','HONDA','','',0.00,0.00000000,NULL,NULL,NULL,NULL,NULL,NULL,NULL,0.000,NULL,0,'',0,'','','','','',1.000,'',0,'',0,'',1,1,0.00000000,''),(656,'PRO20','CIVIC ACCORD 2.0 TURBO','HONDA','','',0.00,0.00000000,NULL,NULL,NULL,NULL,NULL,NULL,NULL,0.000,NULL,0,'',0,'','','','','',8.000,'',0,'',0,'',1,1,0.00000000,''),(657,'PRO21','HR-V LX MT','HONDA','','',1.00,0.00000000,NULL,NULL,NULL,NULL,NULL,NULL,NULL,0.000,NULL,0,'',0,'','','','','',7.000,'',0,'',0,'',1,1,0.00000000,'');

--
-- Table structure for table `vtiger_producttaxrel`
--

CREATE TABLE `vtiger_producttaxrel` (
  `productid` int(11) NOT NULL,
  `taxid` int(3) NOT NULL,
  `taxpercentage` decimal(7,3) DEFAULT NULL,
  `regions` text DEFAULT NULL,
  KEY `producttaxrel_productid_idx` (`productid`),
  KEY `producttaxrel_taxid_idx` (`taxid`),
  CONSTRAINT `fk_crmid_vtiger_producttaxrel` FOREIGN KEY (`productid`) REFERENCES `vtiger_crmentity` (`crmid`) ON DELETE CASCADE
) ENGINE=InnoDB DEFAULT CHARSET=utf8 COLLATE=utf8_general_ci;

--
-- Dumping data for table `vtiger_producttaxrel`
--


--
-- Table structure for table `vtiger_profile`
--

CREATE TABLE `vtiger_profile` (
  `profileid` int(10) NOT NULL AUTO_INCREMENT,
  `profilename` varchar(50) NOT NULL,
  `description` text DEFAULT NULL,
  `directly_related_to_role` int(1) DEFAULT 0,
  PRIMARY KEY (`profileid`)
) ENGINE=InnoDB AUTO_INCREMENT=5 DEFAULT CHARSET=utf8 COLLATE=utf8_general_ci;

--
-- Dumping data for table `vtiger_profile`
--

INSERT INTO `vtiger_profile` VALUES (1,'Administrator','Admin Profile',0),(2,'Sales Profile','Profile Related to Sales',0),(3,'Support Profile','Profile Related to Support',0),(4,'Guest Profile','Guest Profile for Test Users',0);

--
-- Table structure for table `vtiger_profile2field`
--

CREATE TABLE `vtiger_profile2field` (
  `profileid` int(11) NOT NULL,
  `tabid` int(10) DEFAULT NULL,
  `fieldid` int(19) NOT NULL,
  `visible` int(19) DEFAULT NULL,
  `readonly` int(19) DEFAULT NULL,
  PRIMARY KEY (`profileid`,`fieldid`),
  KEY `profile2field_profileid_tabid_fieldname_idx` (`profileid`,`tabid`),
  KEY `profile2field_tabid_profileid_idx` (`tabid`,`profileid`),
  KEY `profile2field_visible_profileid_idx` (`visible`,`profileid`)
) ENGINE=InnoDB DEFAULT CHARSET=utf8 COLLATE=utf8_general_ci;

--
-- Dumping data for table `vtiger_profile2field`
--

INSERT INTO `vtiger_profile2field` VALUES (1,6,1,0,0),(1,6,2,0,0),(1,6,3,0,0),(1,6,4,0,0),(1,6,5,0,0),(1,6,6,0,0),(1,6,7,0,0),(1,6,8,0,0),(1,6,9,0,0),(1,6,10,0,0),(1,6,11,0,0),(1,6,12,0,0),(1,6,13,0,0),(1,6,14,0,0),(1,6,15,0,0),(1,6,16,0,0),(1,6,17,0,0),(1,6,18,0,0),(1,6,19,0,0),(1,6,20,0,0),(1,6,21,0,0),(1,6,22,0,0),(1,6,23,0,0),(1,6,24,0,0),(1,6,25,0,0),(1,6,26,0,0),(1,6,27,0,0),(1,6,28,0,0),(1,6,29,0,0),(1,6,30,0,0),(1,6,31,0,0),(1,6,32,0,0),(1,6,33,0,0),(1,6,34,0,0),(1,6,35,0,0),(1,6,36,0,0),(1,7,37,0,0),(1,7,38,0,0),(1,7,39,0,0),(1,7,40,0,0),(1,7,41,0,0),(1,7,42,0,0),(1,7,43,0,0),(1,7,44,0,0),(1,7,45,0,0),(1,7,46,0,0),(1,7,47,0,0),(1,7,48,0,0),(1,7,49,0,0),(1,7,50,0,0),(1,7,51,0,0),(1,7,52,0,0),(1,7,53,0,0),(1,7,54,0,0),(1,7,55,0,0),(1,7,56,0,0),(1,7,57,0,0),(1,7,58,0,0),(1,7,59,0,0),(1,7,60,0,0),(1,7,61,0,0),(1,7,62,0,0),(1,7,63,0,0),(1,7,64,0,0),(1,7,65,0,0),(1,4,66,0,0),(1,4,67,0,0),(1,4,68,0,0),(1,4,69,0,0),(1,4,70,0,0),(1,4,71,0,0),(1,4,72,0,0),(1,4,73,0,0),(1,4,74,0,0),(1,4,75,0,0),(1,4,76,0,0),(1,4,77,0,0),(1,4,78,0,0),(1,4,79,0,0),(1,4,80,0,0),(1,4,81,0,0),(1,4,82,0,0),(1,4,83,0,0),(1,4,84,0,0),(1,4,85,0,0),(1,4,86,0,0),(1,4,87,0,0),(1,4,88,0,0),(1,4,89,0,0),(1,4,90,0,0),(1,4,91,0,0),(1,4,92,0,0),(1,4,93,0,0),(1,4,94,0,0),(1,4,95,0,0),(1,4,96,0,0),(1,4,97,0,0),(1,4,98,0,0),(1,4,99,0,0),(1,4,100,0,0),(1,4,101,0,0),(1,4,102,0,0),(1,4,103,0,0),(1,4,104,0,0),(1,4,105,0,0),(1,4,106,0,0),(1,4,107,0,0),(1,4,108,0,0),(1,4,109,0,0),(1,2,110,0,0),(1,2,111,0,0),(1,2,112,0,0),(1,2,113,0,0),(1,2,114,0,0),(1,2,115,0,0),(1,2,116,0,0),(1,2,117,0,0),(1,2,118,0,0),(1,2,119,0,0),(1,2,120,0,0),(1,2,121,0,0),(1,2,122,0,0),(1,2,123,0,0),(1,2,124,0,0),(1,2,125,0,0),(1,26,126,0,0),(1,26,127,0,0),(1,26,128,0,0),(1,26,129,0,0),(1,26,130,0,0),(1,26,131,0,0),(1,26,132,0,0),(1,26,133,0,0),(1,26,134,0,0),(1,26,135,0,0),(1,26,136,0,0),(1,26,137,0,0),(1,26,138,0,0),(1,26,139,0,0),(1,26,140,0,0),(1,26,141,0,0),(1,26,142,0,0),(1,26,143,0,0),(1,26,144,0,0),(1,26,145,0,0),(1,26,146,0,0),(1,26,147,0,0),(1,26,148,0,0),(1,26,149,0,0),(1,26,150,0,0),(1,4,151,0,0),(1,6,152,0,0),(1,7,153,0,0),(1,26,154,0,0),(1,13,155,0,0),(1,13,156,0,0),(1,13,157,0,0),(1,13,158,0,0),(1,13,159,0,0),(1,13,160,0,0),(1,13,161,0,0),(1,13,162,0,0),(1,13,163,0,0),(1,13,164,0,0),(1,13,165,0,0),(1,13,166,0,0),(1,13,167,0,0),(1,13,168,0,0),(1,13,169,0,0),(1,13,170,0,0),(1,13,171,0,0),(1,13,172,0,0),(1,13,173,0,0),(1,14,174,0,0),(1,14,175,0,0),(1,14,176,0,0),(1,14,177,0,0),(1,14,178,0,0),(1,14,179,0,0),(1,14,180,0,0),(1,14,181,0,0),(1,14,182,0,0),(1,14,183,0,0),(1,14,184,0,0),(1,14,185,0,0),(1,14,186,0,0),(1,14,187,0,0),(1,14,188,0,0),(1,14,189,0,0),(1,14,190,0,0),(1,14,191,0,0),(1,14,192,0,0),(1,14,193,0,0),(1,14,194,0,0),(1,14,195,0,0),(1,14,196,0,0),(1,14,197,0,0),(1,14,198,0,0),(1,14,199,0,0),(1,14,200,0,0),(1,14,201,0,0),(1,14,202,0,0),(1,14,203,0,0),(1,14,204,0,0),(1,8,205,0,0),(1,8,206,0,0),(1,8,207,0,0),(1,8,208,0,0),(1,8,209,0,0),(1,8,210,0,0),(1,8,211,0,0),(1,8,212,0,0),(1,8,213,0,0),(1,8,214,0,0),(1,8,215,0,0),(1,8,216,0,0),(1,8,217,0,0),(1,8,218,0,0),(1,8,219,0,0),(1,10,220,0,0),(1,10,221,0,0),(1,10,222,0,0),(1,10,223,0,0),(1,10,224,0,0),(1,10,225,0,0),(1,10,226,0,0),(1,10,227,0,0),(1,10,228,0,0),(1,10,229,0,0),(1,10,230,0,0),(1,10,231,0,0),(1,9,232,0,0),(1,9,233,0,0),(1,9,234,0,0),(1,9,235,0,0),(1,9,236,0,0),(1,9,237,0,0),(1,9,238,0,0),(1,9,239,0,0),(1,9,240,0,0),(1,9,241,0,0),(1,9,242,0,0),(1,9,243,0,0),(1,9,244,0,0),(1,9,245,0,0),(1,9,246,0,0),(1,9,247,0,0),(1,9,248,0,0),(1,9,249,0,0),(1,9,250,0,0),(1,9,251,0,0),(1,9,252,0,0),(1,9,253,0,0),(1,9,254,0,0),(1,9,255,0,0),(1,16,256,0,0),(1,16,257,0,0),(1,16,258,0,0),(1,16,259,0,0),(1,16,260,0,0),(1,16,261,0,0),(1,16,262,0,0),(1,16,263,0,0),(1,16,264,0,0),(1,16,265,0,0),(1,16,266,0,0),(1,16,267,0,0),(1,16,268,0,0),(1,16,269,0,0),(1,16,270,0,0),(1,16,271,0,0),(1,16,272,0,0),(1,16,273,0,0),(1,16,274,0,0),(1,16,275,0,0),(1,16,276,0,0),(1,16,277,0,0),(1,16,278,0,0),(1,15,279,0,0),(1,15,280,0,0),(1,15,281,0,0),(1,15,282,0,0),(1,15,283,0,0),(1,15,284,0,0),(1,15,285,0,0),(1,15,286,0,0),(1,15,287,0,0),(1,15,288,0,0),(1,18,289,0,0),(1,18,290,0,0),(1,18,291,0,0),(1,18,292,0,0),(1,18,293,0,0),(1,18,294,0,0),(1,18,295,0,0),(1,18,296,0,0),(1,18,297,0,0),(1,18,298,0,0),(1,18,299,0,0),(1,18,300,0,0),(1,18,301,0,0),(1,18,302,0,0),(1,18,303,0,0),(1,18,304,0,0),(1,18,305,0,0),(1,19,306,0,0),(1,19,307,0,0),(1,19,308,0,0),(1,19,309,0,0),(1,19,310,0,0),(1,19,311,0,0),(1,19,312,0,0),(1,19,313,0,0),(1,20,314,0,0),(1,20,315,0,0),(1,20,316,0,0),(1,20,317,0,0),(1,20,318,0,0),(1,20,319,0,0),(1,20,320,0,0),(1,20,321,0,0),(1,20,322,0,0),(1,20,323,0,0),(1,20,324,0,0),(1,20,325,0,0),(1,20,326,0,0),(1,20,327,0,0),(1,20,328,0,0),(1,20,329,0,0),(1,20,330,0,0),(1,20,331,0,0),(1,20,332,0,0),(1,20,333,0,0),(1,20,334,0,0),(1,20,335,0,0),(1,20,336,0,0),(1,20,337,0,0),(1,20,338,0,0),(1,20,339,0,0),(1,20,340,0,0),(1,20,341,0,0),(1,20,342,0,0),(1,20,343,0,0),(1,20,344,0,0),(1,20,345,0,0),(1,20,346,0,0),(1,20,347,0,0),(1,20,348,0,0),(1,20,349,0,0),(1,20,350,0,0),(1,21,351,0,0),(1,21,352,0,0),(1,21,353,0,0),(1,21,354,0,0),(1,21,355,0,0),(1,21,356,0,0),(1,21,357,0,0),(1,21,358,0,0),(1,21,359,0,0),(1,21,360,0,0),(1,21,361,0,0),(1,21,362,0,0),(1,21,363,0,0),(1,21,364,0,0),(1,21,365,0,0),(1,21,366,0,0),(1,21,367,0,0),(1,21,368,0,0),(1,21,369,0,0),(1,21,370,0,0),(1,21,371,0,0),(1,21,372,0,0),(1,21,373,0,0),(1,21,374,0,0),(1,21,375,0,0),(1,21,376,0,0),(1,21,377,0,0),(1,21,378,0,0),(1,21,379,0,0),(1,21,380,0,0),(1,21,381,0,0),(1,21,382,0,0),(1,21,383,0,0),(1,21,384,0,0),(1,21,385,0,0),(1,21,386,0,0),(1,21,387,0,0),(1,21,388,0,0),(1,22,389,0,0),(1,22,390,0,0),(1,22,391,0,0),(1,22,392,0,0),(1,22,393,0,0),(1,22,394,0,0),(1,22,395,0,0),(1,22,396,0,0),(1,22,397,0,0),(1,22,398,0,0),(1,22,399,0,0),(1,22,400,0,0),(1,22,401,0,0),(1,22,402,0,0),(1,22,403,0,0),(1,22,404,0,0),(1,22,405,0,0),(1,22,406,0,0),(1,22,407,0,0),(1,22,408,0,0),(1,22,409,0,0),(1,22,410,0,0),(1,22,411,0,0),(1,22,412,0,0),(1,22,413,0,0),(1,22,414,0,0),(1,22,415,0,0),(1,22,416,0,0),(1,22,417,0,0),(1,22,418,0,0),(1,22,419,0,0),(1,22,420,0,0),(1,22,421,0,0),(1,22,422,0,0),(1,22,423,0,0),(1,22,424,0,0),(1,22,425,0,0),(1,22,426,0,0),(1,22,427,0,0),(1,22,428,0,0),(1,22,429,0,0),(1,22,430,0,0),(1,22,431,0,0),(1,22,432,0,0),(1,22,433,0,0),(1,22,434,0,0),(1,22,435,0,0),(1,23,436,0,0),(1,23,437,0,0),(1,23,438,0,0),(1,23,439,0,0),(1,23,440,0,0),(1,23,441,0,0),(1,23,442,0,0),(1,23,443,0,0),(1,23,444,0,0),(1,23,445,0,0),(1,23,446,0,0),(1,23,447,0,0),(1,23,448,0,0),(1,23,449,0,0),(1,23,450,0,0),(1,23,451,0,0),(1,23,452,0,0),(1,23,453,0,0),(1,23,454,0,0),(1,23,455,0,0),(1,23,456,0,0),(1,23,457,0,0),(1,23,458,0,0),(1,23,459,0,0),(1,23,460,0,0),(1,23,461,0,0),(1,23,462,0,0),(1,23,463,0,0),(1,23,464,0,0),(1,23,465,0,0),(1,23,466,0,0),(1,23,467,0,0),(1,23,468,0,0),(1,23,469,0,0),(1,23,470,0,0),(1,23,471,0,0),(1,23,472,0,0),(1,23,473,0,0),(1,23,474,0,0),(1,10,520,0,0),(1,10,521,0,0),(1,10,522,0,0),(1,10,523,0,0),(1,10,524,0,0),(1,10,525,0,0),(1,31,526,0,0),(1,31,527,0,0),(1,31,528,0,0),(1,31,529,0,0),(1,31,530,0,0),(1,31,531,0,0),(1,31,532,0,0),(1,31,533,0,0),(1,31,534,0,0),(1,31,535,0,0),(1,31,536,0,0),(1,31,537,0,0),(1,31,538,0,0),(1,31,539,0,0),(1,31,540,0,0),(1,31,541,0,0),(1,31,542,0,0),(1,31,543,0,0),(1,31,544,0,0),(1,31,545,0,0),(1,31,546,0,0),(1,31,547,0,0),(1,32,548,0,0),(1,32,549,0,0),(1,32,550,0,0),(1,32,551,0,0),(1,32,552,0,0),(1,32,553,0,0),(1,32,554,0,0),(1,32,555,0,0),(1,32,556,0,0),(1,32,557,0,0),(1,32,558,0,0),(1,32,559,0,0),(1,32,560,0,0),(1,32,561,0,0),(1,32,562,0,0),(1,32,563,0,0),(1,32,564,0,0),(1,32,565,0,0),(1,32,566,0,0),(1,32,567,0,0),(1,32,568,0,0),(1,32,569,0,0),(1,37,570,0,0),(1,37,571,0,0),(1,37,572,0,0),(1,37,573,0,0),(1,37,574,0,0),(1,37,575,0,0),(1,37,576,0,0),(1,37,577,0,0),(1,37,578,0,0),(1,37,579,0,0),(1,37,580,0,0),(1,37,581,0,0),(1,37,582,0,0),(1,37,583,0,0),(1,37,584,0,0),(1,37,585,0,0),(1,37,586,0,0),(1,29,587,0,0),(1,38,588,0,0),(1,38,589,0,0),(1,38,590,0,0),(1,38,591,0,0),(1,38,592,0,0),(1,38,593,0,0),(1,38,594,0,0),(1,38,595,0,0),(1,42,596,0,0),(1,42,597,0,0),(1,42,598,0,0),(1,42,599,0,0),(1,42,600,0,0),(1,42,601,0,0),(1,42,602,0,0),(1,42,603,0,0),(1,42,604,0,0),(1,42,605,0,0),(1,42,606,0,0),(1,42,607,0,0),(1,42,608,0,0),(1,43,609,0,0),(1,43,610,0,0),(1,43,611,0,0),(1,43,612,0,0),(1,43,613,0,0),(1,43,614,0,0),(1,43,615,0,0),(1,43,616,0,0),(1,43,617,0,0),(1,43,618,0,0),(1,43,619,0,0),(1,43,620,0,0),(1,43,621,0,0),(1,43,622,0,0),(1,43,623,0,0),(1,43,624,0,0),(1,43,625,0,0),(1,43,626,0,0),(1,44,627,0,0),(1,44,628,0,0),(1,44,629,0,0),(1,44,630,0,0),(1,44,631,0,0),(1,44,632,0,0),(1,44,633,0,0),(1,44,634,0,0),(1,44,635,0,0),(1,44,636,0,0),(1,44,637,0,0),(1,44,638,0,0),(1,44,639,0,0),(1,44,640,0,0),(1,44,641,0,0),(1,44,642,0,0),(1,44,643,0,0),(1,44,644,0,0),(1,44,645,0,0),(1,44,646,0,0),(1,46,647,0,0),(1,46,648,0,0),(1,46,649,0,0),(1,46,650,0,0),(1,46,651,0,0),(1,46,652,0,0),(1,46,653,0,0),(1,46,654,0,0),(1,46,655,0,0),(1,46,656,0,0),(1,46,657,0,0),(1,46,658,0,0),(1,46,659,0,0),(1,46,660,0,0),(1,46,661,0,0),(1,46,662,0,0),(1,46,663,0,0),(1,46,664,0,0),(1,46,665,0,0),(1,46,666,0,0),(1,46,667,0,0),(1,47,668,0,0),(1,47,669,0,0),(1,47,670,0,0),(1,47,671,0,0),(1,47,672,0,0),(1,47,673,0,0),(1,2,674,0,0),(1,29,675,0,0),(1,23,676,0,0),(1,23,677,0,0),(1,23,678,0,0),(1,23,679,0,0),(1,23,680,0,0),(1,23,681,0,0),(1,23,682,0,0),(1,23,683,0,0),(1,23,684,0,0),(1,22,685,0,0),(1,22,686,0,0),(1,22,687,0,0),(1,22,688,0,0),(1,22,689,0,0),(1,22,690,0,0),(1,22,691,0,0),(1,22,692,0,0),(1,22,693,0,0),(1,21,694,0,0),(1,21,695,0,0),(1,21,696,0,0),(1,21,697,0,0),(1,21,698,0,0),(1,21,699,0,0),(1,21,700,0,0),(1,21,701,0,0),(1,21,702,0,0),(1,20,703,0,0),(1,20,704,0,0),(1,20,705,0,0),(1,20,706,0,0),(1,20,707,0,0),(1,20,708,0,0),(1,20,709,0,0),(1,20,710,0,0),(1,20,711,0,0),(1,29,712,0,0),(1,43,713,0,0),(1,38,714,0,0),(1,29,715,0,0),(1,29,716,0,0),(1,29,717,0,0),(1,23,718,0,0),(1,22,719,0,0),(1,21,720,0,0),(1,20,721,0,0),(1,29,722,0,0),(1,6,723,0,0),(1,4,724,0,0),(1,2,725,0,0),(1,29,726,0,0),(1,23,727,0,0),(1,23,728,0,0),(1,21,729,0,0),(1,21,730,0,0),(1,18,731,0,0),(1,7,732,0,0),(1,38,733,0,0),(1,38,734,0,0),(1,23,735,0,0),(1,20,736,0,0),(1,21,737,0,0),(1,22,738,0,0),(1,29,739,0,0),(1,2,740,0,0),(1,13,741,0,0),(1,29,742,0,0),(1,29,743,0,0),(1,29,744,0,0),(1,29,745,0,0),(1,14,772,0,0),(1,32,773,0,0),(1,23,774,0,0),(1,29,775,0,0),(1,23,776,0,0),(1,23,777,0,0),(1,23,778,0,0),(1,20,779,0,0),(1,20,780,0,0),(1,20,781,0,0),(1,21,782,0,0),(1,22,783,0,0),(1,22,784,0,0),(1,22,785,0,0),(1,38,786,0,0),(1,38,787,0,0),(1,38,788,0,0),(1,2,789,0,0),(1,4,790,0,0),(1,6,791,0,0),(1,7,792,0,0),(1,8,793,0,0),(1,9,794,0,0),(1,10,795,0,0),(1,13,796,0,0),(1,14,797,0,0),(1,15,798,0,0),(1,16,799,0,0),(1,18,800,0,0),(1,19,801,0,0),(1,20,802,0,0),(1,21,803,0,0),(1,22,804,0,0),(1,23,805,0,0),(1,26,806,0,0),(1,10,807,0,0),(1,2,808,0,0),(1,4,809,0,0),(1,6,810,0,0),(1,7,811,0,0),(1,8,812,0,0),(1,9,813,0,0),(1,10,814,0,0),(1,13,815,0,0),(1,14,816,0,0),(1,15,817,0,0),(1,16,818,0,0),(1,18,819,0,0),(1,19,820,0,0),(1,20,821,0,0),(1,21,822,0,0),(1,22,823,0,0),(1,23,824,0,0),(1,26,825,0,0),(1,2,826,0,0),(1,4,827,0,0),(1,6,828,0,0),(1,7,829,0,0),(1,8,830,0,0),(1,9,831,0,0),(1,10,832,0,0),(1,13,833,0,0),(1,14,834,0,0),(1,15,835,0,0),(1,16,836,0,0),(1,18,837,0,0),(1,19,838,0,0),(1,20,839,0,0),(1,21,840,0,0),(1,22,841,0,0),(1,23,842,0,0),(1,26,843,0,0),(1,20,844,0,0),(1,21,845,0,0),(1,22,846,0,0),(1,23,847,0,0),(1,44,848,0,0),(1,44,849,0,0),(1,29,850,0,0),(1,22,851,0,0),(1,29,852,0,0),(1,4,954,0,0),(1,52,955,0,0),(1,52,956,0,0),(1,52,957,0,0),(1,52,958,0,0),(1,52,959,0,0),(1,52,960,0,0),(1,52,961,0,0),(1,52,962,0,0),(1,52,963,0,0),(1,52,964,0,0),(1,52,965,0,0),(1,52,966,0,0),(1,52,967,0,0),(1,52,968,0,0),(1,52,969,0,0),(1,52,970,0,0),(1,52,971,0,0),(1,52,972,0,0),(1,52,973,0,0),(1,52,974,0,0),(1,53,975,0,0),(1,53,976,0,0),(1,53,977,0,0),(1,53,978,0,0),(1,53,979,0,0),(1,53,980,0,0),(1,53,981,0,0),(1,53,982,0,0),(1,53,983,0,0),(1,53,984,0,0),(1,53,985,0,0),(1,53,986,0,0),(1,53,987,0,0),(1,53,988,0,0),(1,53,989,0,0),(1,53,990,0,0),(1,54,991,0,0),(1,54,992,0,0),(1,54,993,0,0),(1,54,994,0,0),(1,54,995,0,0),(1,54,996,0,0),(1,54,997,0,0),(1,54,998,0,0),(1,54,999,0,0),(1,54,1000,0,0),(1,54,1001,0,0),(1,55,1002,0,0),(1,55,1003,0,0),(1,55,1004,0,0),(1,55,1005,0,0),(1,55,1006,0,0),(1,55,1007,0,0),(1,55,1008,0,0),(1,55,1009,0,0),(1,55,1010,0,0),(1,55,1011,0,0),(1,55,1012,0,0),(1,55,1013,0,0),(1,55,1014,0,0),(1,55,1015,0,0),(1,55,1016,0,0),(1,56,1017,0,0),(1,56,1018,0,0),(1,56,1019,0,0),(1,56,1020,0,0),(1,56,1021,0,0),(1,56,1022,0,0),(1,56,1023,0,0),(1,56,1024,0,0),(1,56,1025,0,0),(1,56,1026,0,0),(1,56,1027,0,0),(1,56,1028,0,0),(1,56,1029,0,0),(1,56,1030,0,0),(1,57,1031,0,0),(1,57,1032,0,0),(1,57,1033,0,0),(1,57,1034,0,0),(1,57,1035,0,0),(1,57,1036,0,0),(1,57,1037,0,0),(1,57,1038,0,0),(1,57,1039,0,0),(1,57,1040,0,0),(1,58,1041,0,0),(1,58,1042,0,0),(1,58,1043,0,0),(1,58,1044,0,0),(1,58,1045,0,0),(1,58,1046,0,0),(1,58,1047,0,0),(1,58,1048,0,0),(1,58,1049,0,0),(1,58,1050,0,0),(1,58,1051,0,0),(1,59,1052,0,0),(1,59,1053,0,0),(1,59,1054,0,0),(1,59,1055,0,0),(1,59,1056,0,0),(1,59,1057,0,0),(1,59,1058,0,0),(1,59,1059,0,0),(1,59,1060,0,0),(1,59,1061,0,0),(1,59,1062,0,0),(1,59,1063,0,0),(1,59,1064,0,0),(1,59,1065,0,0),(1,59,1066,0,0),(1,60,1074,0,0),(1,60,1075,0,0),(1,60,1076,0,0),(1,60,1077,0,0),(1,60,1078,0,0),(1,60,1079,0,0),(1,60,1080,0,0),(1,60,1081,0,0),(1,60,1082,0,0),(1,60,1083,0,0),(1,60,1084,0,0),(1,60,1085,0,0),(1,60,1086,0,0),(1,60,1087,0,0),(1,60,1088,0,0),(1,60,1089,0,0),(1,61,1090,0,0),(1,61,1091,0,0),(1,61,1092,0,0),(1,61,1093,0,0),(1,61,1094,0,0),(1,61,1095,0,0),(1,61,1096,0,0),(1,61,1097,0,0),(1,60,1098,0,0),(1,60,1099,0,0),(1,60,1100,0,0),(1,60,1101,0,0),(1,60,1102,0,0),(1,60,1103,0,0),(1,60,1104,0,0),(1,60,1105,0,0),(1,60,1106,0,0),(1,60,1107,0,0),(1,60,1108,0,0),(1,60,1109,0,0),(1,60,1110,0,0),(1,60,1111,0,0),(1,60,1112,0,0),(1,60,1113,0,0),(1,60,1114,0,0),(1,60,1115,0,0),(1,60,1116,0,0),(1,60,1117,0,0),(1,60,1118,0,0),(1,60,1119,0,0),(1,60,1120,0,0),(1,61,1121,0,0),(1,61,1122,0,0),(1,61,1123,0,0),(1,61,1124,0,0),(1,61,1125,0,0),(1,61,1126,0,0),(1,13,1127,0,0),(1,13,1128,0,0),(1,13,1129,0,0),(1,13,1130,0,0),(1,13,1131,0,0),(1,13,1132,0,0),(1,13,1133,0,0),(1,26,1134,0,0),(1,26,1135,0,0),(1,4,1136,0,0),(1,4,1137,0,0),(1,4,1138,0,0),(1,4,1139,0,0),(1,4,1140,0,0),(1,4,1141,0,0),(1,4,1142,0,0),(1,4,1143,0,0),(1,4,1144,0,0),(1,4,1145,0,0),(1,4,1146,0,0),(1,4,1147,0,0),(1,4,1148,0,0),(1,4,1149,0,0),(1,4,1150,0,0),(1,4,1151,0,0),(1,4,1152,0,0),(1,4,1153,0,0),(1,4,1154,0,0),(1,2,1155,0,0),(1,2,1156,0,0),(1,6,1157,0,0),(1,6,1158,0,0),(1,6,1159,0,0),(1,6,1160,0,0),(1,6,1161,0,0),(1,6,1162,0,0),(1,6,1163,0,0),(1,6,1164,0,0),(1,6,1165,0,0),(1,6,1166,0,0),(1,6,1167,0,0),(1,6,1168,0,0),(1,6,1169,0,0),(1,61,1170,0,0),(1,61,1171,0,0),(1,61,1172,0,0),(1,61,1173,0,0),(1,61,1174,0,0),(1,61,1175,0,0),(1,61,1176,0,0),(1,61,1177,0,0),(1,61,1178,0,0),(1,61,1179,0,0),(1,61,1180,0,0),(1,61,1181,0,0),(1,61,1182,0,0),(1,61,1183,0,0),(1,62,1184,0,0),(1,62,1185,0,0),(1,62,1186,0,0),(1,62,1187,0,0),(1,62,1188,0,0),(1,62,1189,0,0),(1,62,1190,0,0),(1,62,1191,0,0),(1,62,1192,0,0),(1,62,1193,0,0),(1,62,1194,0,0),(1,62,1195,0,0),(1,62,1196,0,0),(1,62,1197,0,0),(1,62,1198,0,0),(1,62,1199,0,0),(1,62,1200,0,0),(1,62,1201,0,0),(1,62,1202,0,0),(1,62,1203,0,0),(1,62,1204,0,0),(1,62,1205,0,0),(1,62,1206,0,0),(1,62,1207,0,0),(1,63,1208,0,0),(1,63,1209,0,0),(1,63,1210,0,0),(1,63,1211,0,0),(1,63,1212,0,0),(1,63,1213,0,0),(1,63,1214,0,0),(1,63,1215,0,0),(1,63,1216,0,0),(1,63,1217,0,0),(1,63,1218,0,0),(1,63,1219,0,0),(1,63,1220,0,0),(1,63,1221,0,0),(1,63,1222,0,0),(1,64,1223,0,0),(1,64,1224,0,0),(1,64,1225,0,0),(1,64,1226,0,0),(1,64,1227,0,0),(1,64,1228,0,0),(1,64,1229,0,0),(1,64,1230,0,0),(1,64,1231,0,0),(1,64,1232,0,0),(1,64,1233,0,0),(1,64,1234,0,0),(1,64,1235,0,0),(1,64,1236,0,0),(1,64,1237,0,0),(1,64,1238,0,0),(1,64,1239,0,0),(1,64,1240,0,0),(1,64,1241,0,0),(1,64,1242,0,0),(1,64,1243,0,0),(1,64,1244,0,0),(1,64,1245,0,0),(1,64,1246,0,0),(1,64,1247,0,0),(1,60,1248,0,0),(1,60,1249,0,0),(1,60,1250,0,0),(2,6,1,0,0),(2,6,2,0,0),(2,6,3,0,0),(2,6,4,0,0),(2,6,5,0,0),(2,6,6,0,0),(2,6,7,0,0),(2,6,8,0,0),(2,6,9,0,0),(2,6,10,0,0),(2,6,11,0,0),(2,6,12,0,0),(2,6,13,0,0),(2,6,14,0,0),(2,6,15,0,0),(2,6,16,0,0),(2,6,17,0,0),(2,6,18,0,0),(2,6,19,0,0),(2,6,20,0,0),(2,6,21,0,0),(2,6,22,0,0),(2,6,23,0,0),(2,6,24,0,0),(2,6,25,0,0),(2,6,26,0,0),(2,6,27,0,0),(2,6,28,0,0),(2,6,29,0,0),(2,6,30,0,0),(2,6,31,0,0),(2,6,32,0,0),(2,6,33,0,0),(2,6,34,0,0),(2,6,35,0,0),(2,6,36,0,0),(2,7,37,0,0),(2,7,38,0,0),(2,7,39,0,0),(2,7,40,0,0),(2,7,41,0,0),(2,7,42,0,0),(2,7,43,0,0),(2,7,44,0,0),(2,7,45,0,0),(2,7,46,0,0),(2,7,47,0,0),(2,7,48,0,0),(2,7,49,0,0),(2,7,50,0,0),(2,7,51,0,0),(2,7,52,0,0),(2,7,53,0,0),(2,7,54,0,0),(2,7,55,0,0),(2,7,56,0,0),(2,7,57,0,0),(2,7,58,0,0),(2,7,59,0,0),(2,7,60,0,0),(2,7,61,0,0),(2,7,62,0,0),(2,7,63,0,0),(2,7,64,0,0),(2,7,65,0,0),(2,4,66,0,0),(2,4,67,0,0),(2,4,68,0,0),(2,4,69,0,0),(2,4,70,0,0),(2,4,71,0,0),(2,4,72,0,0),(2,4,73,0,0),(2,4,74,0,0),(2,4,75,0,0),(2,4,76,0,0),(2,4,77,0,0),(2,4,78,0,0),(2,4,79,0,0),(2,4,80,0,0),(2,4,81,0,0),(2,4,82,0,0),(2,4,83,0,0),(2,4,84,0,0),(2,4,85,0,0),(2,4,86,0,0),(2,4,87,0,0),(2,4,88,0,0),(2,4,89,0,0),(2,4,90,0,0),(2,4,91,0,0),(2,4,92,0,0),(2,4,93,0,0),(2,4,94,0,0),(2,4,95,0,0),(2,4,96,0,0),(2,4,97,0,0),(2,4,98,0,0),(2,4,99,0,0),(2,4,100,0,0),(2,4,101,0,0),(2,4,102,0,0),(2,4,103,0,0),(2,4,104,0,0),(2,4,105,0,0),(2,4,106,0,0),(2,4,107,0,0),(2,4,108,0,0),(2,4,109,0,0),(2,2,110,0,0),(2,2,111,0,0),(2,2,112,0,0),(2,2,113,0,0),(2,2,114,0,0),(2,2,115,0,0),(2,2,116,0,0),(2,2,117,0,0),(2,2,118,0,0),(2,2,119,0,0),(2,2,120,0,0),(2,2,121,0,0),(2,2,122,0,0),(2,2,123,0,0),(2,2,124,0,0),(2,2,125,0,0),(2,26,126,0,0),(2,26,127,0,0),(2,26,128,0,0),(2,26,129,0,0),(2,26,130,0,0),(2,26,131,0,0),(2,26,132,0,0),(2,26,133,0,0),(2,26,134,0,0),(2,26,135,0,0),(2,26,136,0,0),(2,26,137,0,0),(2,26,138,0,0),(2,26,139,0,0),(2,26,140,0,0),(2,26,141,0,0),(2,26,142,0,0),(2,26,143,0,0),(2,26,144,0,0),(2,26,145,0,0),(2,26,146,0,0),(2,26,147,0,0),(2,26,148,0,0),(2,26,149,0,0),(2,26,150,0,0),(2,4,151,0,0),(2,6,152,0,0),(2,7,153,0,0),(2,26,154,0,0),(2,13,155,0,0),(2,13,156,0,0),(2,13,157,0,0),(2,13,158,0,0),(2,13,159,0,0),(2,13,160,0,0),(2,13,161,0,0),(2,13,162,0,0),(2,13,163,0,0),(2,13,164,0,0),(2,13,165,0,0),(2,13,166,0,0),(2,13,167,0,0),(2,13,168,0,0),(2,13,169,0,0),(2,13,170,0,0),(2,13,171,0,0),(2,13,172,0,0),(2,13,173,0,0),(2,14,174,0,0),(2,14,175,0,0),(2,14,176,0,0),(2,14,177,0,0),(2,14,178,0,0),(2,14,179,0,0),(2,14,180,0,0),(2,14,181,0,0),(2,14,182,0,0),(2,14,183,0,0),(2,14,184,0,0),(2,14,185,0,0),(2,14,186,0,0),(2,14,187,0,0),(2,14,188,0,0),(2,14,189,0,0),(2,14,190,0,0),(2,14,191,0,0),(2,14,192,0,0),(2,14,193,0,0),(2,14,194,0,0),(2,14,195,0,0),(2,14,196,0,0),(2,14,197,0,0),(2,14,198,0,0),(2,14,199,0,0),(2,14,200,0,0),(2,14,201,0,0),(2,14,202,0,0),(2,14,203,0,0),(2,14,204,0,0),(2,8,205,0,0),(2,8,206,0,0),(2,8,207,0,0),(2,8,208,0,0),(2,8,209,0,0),(2,8,210,0,0),(2,8,211,0,0),(2,8,212,0,0),(2,8,213,0,0),(2,8,214,0,0),(2,8,215,0,0),(2,8,216,0,0),(2,8,217,0,0),(2,8,218,0,0),(2,8,219,0,0),(2,10,220,0,0),(2,10,221,0,0),(2,10,222,0,0),(2,10,223,0,0),(2,10,224,0,0),(2,10,225,0,0),(2,10,226,0,0),(2,10,227,0,0),(2,10,228,0,0),(2,10,229,0,0),(2,10,230,0,0),(2,10,231,0,0),(2,9,232,0,0),(2,9,233,0,0),(2,9,234,0,0),(2,9,235,0,0),(2,9,236,0,0),(2,9,237,0,0),(2,9,238,0,0),(2,9,239,0,0),(2,9,240,0,0),(2,9,241,0,0),(2,9,242,0,0),(2,9,243,0,0),(2,9,244,0,0),(2,9,245,0,0),(2,9,246,0,0),(2,9,247,0,0),(2,9,248,0,0),(2,9,249,0,0),(2,9,250,0,0),(2,9,251,0,0),(2,9,252,0,0),(2,9,253,0,0),(2,9,254,0,0),(2,9,255,0,0),(2,16,256,0,0),(2,16,257,0,0),(2,16,258,0,0),(2,16,259,0,0),(2,16,260,0,0),(2,16,261,0,0),(2,16,262,0,0),(2,16,263,0,0),(2,16,264,0,0),(2,16,265,0,0),(2,16,266,0,0),(2,16,267,0,0),(2,16,268,0,0),(2,16,269,0,0),(2,16,270,0,0),(2,16,271,0,0),(2,16,272,0,0),(2,16,273,0,0),(2,16,274,0,0),(2,16,275,0,0),(2,16,276,0,0),(2,16,277,0,0),(2,16,278,0,0),(2,15,279,0,0),(2,15,280,0,0),(2,15,281,0,0),(2,15,282,0,0),(2,15,283,0,0),(2,15,284,0,0),(2,15,285,0,0),(2,15,286,0,0),(2,15,287,0,0),(2,15,288,0,0),(2,18,289,0,0),(2,18,290,0,0),(2,18,291,0,0),(2,18,292,0,0),(2,18,293,0,0),(2,18,294,0,0),(2,18,295,0,0),(2,18,296,0,0),(2,18,297,0,0),(2,18,298,0,0),(2,18,299,0,0),(2,18,300,0,0),(2,18,301,0,0),(2,18,302,0,0),(2,18,303,0,0),(2,18,304,0,0),(2,18,305,0,0),(2,19,306,0,0),(2,19,307,0,0),(2,19,308,0,0),(2,19,309,0,0),(2,19,310,0,0),(2,19,311,0,0),(2,19,312,0,0),(2,19,313,0,0),(2,20,314,0,0),(2,20,315,0,0),(2,20,316,0,0),(2,20,317,0,0),(2,20,318,0,0),(2,20,319,0,0),(2,20,320,0,0),(2,20,321,0,0),(2,20,322,0,0),(2,20,323,0,0),(2,20,324,0,0),(2,20,325,0,0),(2,20,326,0,0),(2,20,327,0,0),(2,20,328,0,0),(2,20,329,0,0),(2,20,330,0,0),(2,20,331,0,0),(2,20,332,0,0),(2,20,333,0,0),(2,20,334,0,0),(2,20,335,0,0),(2,20,336,0,0),(2,20,337,0,0),(2,20,338,0,0),(2,20,339,0,0),(2,20,340,0,0),(2,20,341,0,0),(2,20,342,0,0),(2,20,343,0,0),(2,20,344,0,0),(2,20,345,0,0),(2,20,346,0,0),(2,20,347,0,0),(2,20,348,0,0),(2,20,349,0,0),(2,20,350,0,0),(2,21,351,0,0),(2,21,352,0,0),(2,21,353,0,0),(2,21,354,0,0),(2,21,355,0,0),(2,21,356,0,0),(2,21,357,0,0),(2,21,358,0,0),(2,21,359,0,0),(2,21,360,0,0),(2,21,361,0,0),(2,21,362,0,0),(2,21,363,0,0),(2,21,364,0,0),(2,21,365,0,0),(2,21,366,0,0),(2,21,367,0,0),(2,21,368,0,0),(2,21,369,0,0),(2,21,370,0,0),(2,21,371,0,0),(2,21,372,0,0),(2,21,373,0,0),(2,21,374,0,0),(2,21,375,0,0),(2,21,376,0,0),(2,21,377,0,0),(2,21,378,0,0),(2,21,379,0,0),(2,21,380,0,0),(2,21,381,0,0),(2,21,382,0,0),(2,21,383,0,0),(2,21,384,0,0),(2,21,385,0,0),(2,21,386,0,0),(2,21,387,0,0),(2,21,388,0,0),(2,22,389,0,0),(2,22,390,0,0),(2,22,391,0,0),(2,22,392,0,0),(2,22,393,0,0),(2,22,394,0,0),(2,22,395,0,0),(2,22,396,0,0),(2,22,397,0,0),(2,22,398,0,0),(2,22,399,0,0),(2,22,400,0,0),(2,22,401,0,0),(2,22,402,0,0),(2,22,403,0,0),(2,22,404,0,0),(2,22,405,0,0),(2,22,406,0,0),(2,22,407,0,0),(2,22,408,0,0),(2,22,409,0,0),(2,22,410,0,0),(2,22,411,0,0),(2,22,412,0,0),(2,22,413,0,0),(2,22,414,0,0),(2,22,415,0,0),(2,22,416,0,0),(2,22,417,0,0),(2,22,418,0,0),(2,22,419,0,0),(2,22,420,0,0),(2,22,421,0,0),(2,22,422,0,0),(2,22,423,0,0),(2,22,424,0,0),(2,22,425,0,0),(2,22,426,0,0),(2,22,427,0,0),(2,22,428,0,0),(2,22,429,0,0),(2,22,430,0,0),(2,22,431,0,0),(2,22,432,0,0),(2,22,433,0,0),(2,22,434,0,0),(2,22,435,0,0),(2,23,436,0,0),(2,23,437,0,0),(2,23,438,0,0),(2,23,439,0,0),(2,23,440,0,0),(2,23,441,0,0),(2,23,442,0,0),(2,23,443,0,0),(2,23,444,0,0),(2,23,445,0,0),(2,23,446,0,0),(2,23,447,0,0),(2,23,448,0,0),(2,23,449,0,0),(2,23,450,0,0),(2,23,451,0,0),(2,23,452,0,0),(2,23,453,0,0),(2,23,454,0,0),(2,23,455,0,0),(2,23,456,0,0),(2,23,457,0,0),(2,23,458,0,0),(2,23,459,0,0),(2,23,460,0,0),(2,23,461,0,0),(2,23,462,0,0),(2,23,463,0,0),(2,23,464,0,0),(2,23,465,0,0),(2,23,466,0,0),(2,23,467,0,0),(2,23,468,0,0),(2,23,469,0,0),(2,23,470,0,0),(2,23,471,0,0),(2,23,472,0,0),(2,23,473,0,0),(2,23,474,0,0),(2,10,520,0,0),(2,10,521,0,0),(2,10,522,0,0),(2,10,523,0,0),(2,10,524,0,0),(2,10,525,0,0),(2,31,526,0,0),(2,31,527,0,0),(2,31,528,0,0),(2,31,529,0,0),(2,31,530,0,0),(2,31,531,0,0),(2,31,532,0,0),(2,31,533,0,0),(2,31,534,0,0),(2,31,535,0,0),(2,31,536,0,0),(2,31,537,0,0),(2,31,538,0,0),(2,31,539,0,0),(2,31,540,0,0),(2,31,541,0,0),(2,31,542,0,0),(2,31,543,0,0),(2,31,544,0,0),(2,31,545,0,0),(2,31,546,0,0),(2,31,547,0,0),(2,32,548,0,0),(2,32,549,0,0),(2,32,550,0,0),(2,32,551,0,0),(2,32,552,0,0),(2,32,553,0,0),(2,32,554,0,0),(2,32,555,0,0),(2,32,556,0,0),(2,32,557,0,0),(2,32,558,0,0),(2,32,559,0,0),(2,32,560,0,0),(2,32,561,0,0),(2,32,562,0,0),(2,32,563,0,0),(2,32,564,0,0),(2,32,565,0,0),(2,32,566,0,0),(2,32,567,0,0),(2,32,568,0,0),(2,32,569,0,0),(2,37,570,0,0),(2,37,571,0,0),(2,37,572,0,0),(2,37,573,0,0),(2,37,574,0,0),(2,37,575,0,0),(2,37,576,0,0),(2,37,577,0,0),(2,37,578,0,0),(2,37,579,0,0),(2,37,580,0,0),(2,37,581,0,0),(2,37,582,0,0),(2,37,583,0,0),(2,37,584,0,0),(2,37,585,0,0),(2,37,586,0,0),(2,29,587,0,0),(2,38,588,0,0),(2,38,589,0,0),(2,38,590,0,0),(2,38,591,0,0),(2,38,592,0,0),(2,38,593,0,0),(2,38,594,0,0),(2,38,595,0,0),(2,42,596,0,0),(2,42,597,0,0),(2,42,598,0,0),(2,42,599,0,0),(2,42,600,0,0),(2,42,601,0,0),(2,42,602,0,0),(2,42,603,0,0),(2,42,604,0,0),(2,42,605,0,0),(2,42,606,0,0),(2,42,607,0,0),(2,42,608,0,0),(2,43,609,0,0),(2,43,610,0,0),(2,43,611,0,0),(2,43,612,0,0),(2,43,613,0,0),(2,43,614,0,0),(2,43,615,0,0),(2,43,616,0,0),(2,43,617,0,0),(2,43,618,0,0),(2,43,619,0,0),(2,43,620,0,0),(2,43,621,0,0),(2,43,622,0,0),(2,43,623,0,0),(2,43,624,0,0),(2,43,625,0,0),(2,43,626,0,0),(2,44,627,0,0),(2,44,628,0,0),(2,44,629,0,0),(2,44,630,0,0),(2,44,631,0,0),(2,44,632,0,0),(2,44,633,0,0),(2,44,634,0,0),(2,44,635,0,0),(2,44,636,0,0),(2,44,637,0,0),(2,44,638,0,0),(2,44,639,0,0),(2,44,640,0,0),(2,44,641,0,0),(2,44,642,0,0),(2,44,643,0,0),(2,44,644,0,0),(2,44,645,0,0),(2,44,646,0,0),(2,46,647,0,0),(2,46,648,0,0),(2,46,649,0,0),(2,46,650,0,0),(2,46,651,0,0),(2,46,652,0,0),(2,46,653,0,0),(2,46,654,0,0),(2,46,655,0,0),(2,46,656,0,0),(2,46,657,0,0),(2,46,658,0,0),(2,46,659,0,0),(2,46,660,0,0),(2,46,661,0,0),(2,46,662,0,0),(2,46,663,0,0),(2,46,664,0,0),(2,46,665,0,0),(2,46,666,0,0),(2,46,667,0,0),(2,47,668,0,0),(2,47,669,0,0),(2,47,670,0,0),(2,47,671,0,0),(2,47,672,0,0),(2,47,673,0,0),(2,2,674,0,0),(2,29,675,0,0),(2,23,676,0,0),(2,23,677,0,0),(2,23,678,0,0),(2,23,679,0,0),(2,23,680,0,0),(2,23,681,0,0),(2,23,682,0,0),(2,23,683,0,0),(2,23,684,0,0),(2,22,685,0,0),(2,22,686,0,0),(2,22,687,0,0),(2,22,688,0,0),(2,22,689,0,0),(2,22,690,0,0),(2,22,691,0,0),(2,22,692,0,0),(2,22,693,0,0),(2,21,694,0,0),(2,21,695,0,0),(2,21,696,0,0),(2,21,697,0,0),(2,21,698,0,0),(2,21,699,0,0),(2,21,700,0,0),(2,21,701,0,0),(2,21,702,0,0),(2,20,703,0,0),(2,20,704,0,0),(2,20,705,0,0),(2,20,706,0,0),(2,20,707,0,0),(2,20,708,0,0),(2,20,709,0,0),(2,20,710,0,0),(2,20,711,0,0),(2,29,712,0,0),(2,43,713,0,0),(2,38,714,0,0),(2,29,715,0,0),(2,29,716,0,0),(2,29,717,0,0),(2,23,718,0,0),(2,22,719,0,0),(2,21,720,0,0),(2,20,721,0,0),(2,29,722,0,0),(2,6,723,0,0),(2,4,724,0,0),(2,2,725,0,0),(2,29,726,0,0),(2,23,727,0,0),(2,23,728,0,0),(2,21,729,0,0),(2,21,730,0,0),(2,18,731,0,0),(2,7,732,0,0),(2,38,733,0,0),(2,38,734,0,0),(2,23,735,0,0),(2,20,736,0,0),(2,21,737,0,0),(2,22,738,0,0),(2,29,739,0,0),(2,2,740,0,0),(2,13,741,0,0),(2,29,742,0,0),(2,29,743,0,0),(2,29,744,0,0),(2,29,745,0,0),(2,14,772,0,0),(2,32,773,0,0),(2,23,774,0,0),(2,29,775,0,0),(2,23,776,0,0),(2,23,777,0,0),(2,23,778,0,0),(2,20,779,0,0),(2,20,780,0,0),(2,20,781,0,0),(2,21,782,0,0),(2,22,783,0,0),(2,22,784,0,0),(2,22,785,0,0),(2,38,786,0,0),(2,38,787,0,0),(2,38,788,0,0),(2,2,789,0,0),(2,4,790,0,0),(2,6,791,0,0),(2,7,792,0,0),(2,8,793,0,0),(2,9,794,0,0),(2,10,795,0,0),(2,13,796,0,0),(2,14,797,0,0),(2,15,798,0,0),(2,16,799,0,0),(2,18,800,0,0),(2,19,801,0,0),(2,20,802,0,0),(2,21,803,0,0),(2,22,804,0,0),(2,23,805,0,0),(2,26,806,0,0),(2,10,807,0,0),(2,2,808,0,0),(2,4,809,0,0),(2,6,810,0,0),(2,7,811,0,0),(2,8,812,0,0),(2,9,813,0,0),(2,10,814,0,0),(2,13,815,0,0),(2,14,816,0,0),(2,15,817,0,0),(2,16,818,0,0),(2,18,819,0,0),(2,19,820,0,0),(2,20,821,0,0),(2,21,822,0,0),(2,22,823,0,0),(2,23,824,0,0),(2,26,825,0,0),(2,2,826,0,0),(2,4,827,0,0),(2,6,828,0,0),(2,7,829,0,0),(2,8,830,0,0),(2,9,831,0,0),(2,10,832,0,0),(2,13,833,0,0),(2,14,834,0,0),(2,15,835,0,0),(2,16,836,0,0),(2,18,837,0,0),(2,19,838,0,0),(2,20,839,0,0),(2,21,840,0,0),(2,22,841,0,0),(2,23,842,0,0),(2,26,843,0,0),(2,20,844,0,0),(2,21,845,0,0),(2,22,846,0,0),(2,23,847,0,0),(2,44,848,0,0),(2,44,849,0,0),(2,29,850,0,0),(2,22,851,0,0),(2,29,852,0,0),(2,4,954,0,0),(2,52,955,0,0),(2,52,956,0,0),(2,52,957,0,0),(2,52,958,0,0),(2,52,959,0,0),(2,52,960,0,0),(2,52,961,0,0),(2,52,962,0,0),(2,52,963,0,0),(2,52,964,0,0),(2,52,965,0,0),(2,52,966,0,0),(2,52,967,0,0),(2,52,968,0,0),(2,52,969,0,0),(2,52,970,0,0),(2,52,971,0,0),(2,52,972,0,0),(2,52,973,0,0),(2,52,974,0,0),(2,53,975,0,0),(2,53,976,0,0),(2,53,977,0,0),(2,53,978,0,0),(2,53,979,0,0),(2,53,980,0,0),(2,53,981,0,0),(2,53,982,0,0),(2,53,983,0,0),(2,53,984,0,0),(2,53,985,0,0),(2,53,986,0,0),(2,53,987,0,0),(2,53,988,0,0),(2,53,989,0,0),(2,53,990,0,0),(2,54,991,0,0),(2,54,992,0,0),(2,54,993,0,0),(2,54,994,0,0),(2,54,995,0,0),(2,54,996,0,0),(2,54,997,0,0),(2,54,998,0,0),(2,54,999,0,0),(2,54,1000,0,0),(2,54,1001,0,0),(2,55,1002,0,0),(2,55,1003,0,0),(2,55,1004,0,0),(2,55,1005,0,0),(2,55,1006,0,0),(2,55,1007,0,0),(2,55,1008,0,0),(2,55,1009,0,0),(2,55,1010,0,0),(2,55,1011,0,0),(2,55,1012,0,0),(2,55,1013,0,0),(2,55,1014,0,0),(2,55,1015,0,0),(2,55,1016,0,0),(2,56,1017,0,0),(2,56,1018,0,0),(2,56,1019,0,0),(2,56,1020,0,0),(2,56,1021,0,0),(2,56,1022,0,0),(2,56,1023,0,0),(2,56,1024,0,0),(2,56,1025,0,0),(2,56,1026,0,0),(2,56,1027,0,0),(2,56,1028,0,0),(2,56,1029,0,0),(2,56,1030,0,0),(2,57,1031,0,0),(2,57,1032,0,0),(2,57,1033,0,0),(2,57,1034,0,0),(2,57,1035,0,0),(2,57,1036,0,0),(2,57,1037,0,0),(2,57,1038,0,0),(2,57,1039,0,0),(2,57,1040,0,0),(2,58,1041,0,0),(2,58,1042,0,0),(2,58,1043,0,0),(2,58,1044,0,0),(2,58,1045,0,0),(2,58,1046,0,0),(2,58,1047,0,0),(2,58,1048,0,0),(2,58,1049,0,0),(2,58,1050,0,0),(2,58,1051,0,0),(2,59,1052,0,0),(2,59,1053,0,0),(2,59,1054,0,0),(2,59,1055,0,0),(2,59,1056,0,0),(2,59,1057,0,0),(2,59,1058,0,0),(2,59,1059,0,0),(2,59,1060,0,0),(2,59,1061,0,0),(2,59,1062,0,0),(2,59,1063,0,0),(2,59,1064,0,0),(2,59,1065,0,0),(2,59,1066,0,0),(2,60,1074,0,0),(2,60,1075,0,0),(2,60,1076,0,0),(2,60,1077,0,0),(2,60,1078,0,0),(2,60,1079,0,0),(2,60,1080,0,0),(2,60,1081,0,0),(2,60,1082,0,0),(2,60,1083,0,0),(2,60,1084,0,0),(2,60,1085,0,0),(2,60,1086,0,0),(2,60,1087,0,0),(2,60,1088,0,0),(2,60,1089,0,0),(2,61,1090,0,0),(2,61,1091,0,0),(2,61,1092,0,0),(2,61,1093,0,0),(2,61,1094,0,0),(2,61,1095,0,0),(2,61,1096,0,0),(2,61,1097,0,0),(2,60,1098,0,0),(2,60,1099,0,0),(2,60,1100,0,0),(2,60,1101,0,0),(2,60,1102,0,0),(2,60,1103,0,0),(2,60,1104,0,0),(2,60,1105,0,0),(2,60,1106,0,0),(2,60,1107,0,0),(2,60,1108,0,0),(2,60,1109,0,0),(2,60,1110,0,0),(2,60,1111,0,0),(2,60,1112,0,0),(2,60,1113,0,0),(2,60,1114,0,0),(2,60,1115,0,0),(2,60,1116,0,0),(2,60,1117,0,0),(2,60,1118,0,0),(2,60,1119,0,0),(2,60,1120,0,0),(2,61,1121,0,0),(2,61,1122,0,0),(2,61,1123,0,0),(2,61,1124,0,0),(2,61,1125,0,0),(2,61,1126,0,0),(2,13,1127,0,0),(2,13,1128,0,0),(2,13,1129,0,0),(2,13,1130,0,0),(2,13,1131,0,0),(2,13,1132,0,0),(2,13,1133,0,0),(2,26,1134,0,0),(2,26,1135,0,0),(2,4,1136,0,0),(2,4,1137,0,0),(2,4,1138,0,0),(2,4,1139,0,0),(2,4,1140,0,0),(2,4,1141,0,0),(2,4,1142,0,0),(2,4,1143,0,0),(2,4,1144,0,0),(2,4,1145,0,0),(2,4,1146,0,0),(2,4,1147,0,0),(2,4,1148,0,0),(2,4,1149,0,0),(2,4,1150,0,0),(2,4,1151,0,0),(2,4,1152,0,0),(2,4,1153,0,0),(2,4,1154,0,0),(2,2,1155,0,0),(2,2,1156,0,0),(2,6,1157,0,0),(2,6,1158,0,0),(2,6,1159,0,0),(2,6,1160,0,0),(2,6,1161,0,0),(2,6,1162,0,0),(2,6,1163,0,0),(2,6,1164,0,0),(2,6,1165,0,0),(2,6,1166,0,0),(2,6,1167,0,0),(2,6,1168,0,0),(2,6,1169,0,0),(2,61,1170,0,0),(2,61,1171,0,0),(2,61,1172,0,0),(2,61,1173,0,0),(2,61,1174,0,0),(2,61,1175,0,0),(2,61,1176,0,0),(2,61,1177,0,0),(2,61,1178,0,0),(2,61,1179,0,0),(2,61,1180,0,0),(2,61,1181,0,0),(2,61,1182,0,0),(2,61,1183,0,0),(2,62,1184,0,0),(2,62,1185,0,0),(2,62,1186,0,0),(2,62,1187,0,0),(2,62,1188,0,0),(2,62,1189,0,0),(2,62,1190,0,0),(2,62,1191,0,0),(2,62,1192,0,0),(2,62,1193,0,0),(2,62,1194,0,0),(2,62,1195,0,0),(2,62,1196,0,0),(2,62,1197,0,0),(2,62,1198,0,0),(2,62,1199,0,0),(2,62,1200,0,0),(2,62,1201,0,0),(2,62,1202,0,0),(2,62,1203,0,0),(2,62,1204,0,0),(2,62,1205,0,0),(2,62,1206,0,0),(2,62,1207,0,0),(2,63,1208,0,0),(2,63,1209,0,0),(2,63,1210,0,0),(2,63,1211,0,0),(2,63,1212,0,0),(2,63,1213,0,0),(2,63,1214,0,0),(2,63,1215,0,0),(2,63,1216,0,0),(2,63,1217,0,0),(2,63,1218,0,0),(2,63,1219,0,0),(2,63,1220,0,0),(2,63,1221,0,0),(2,63,1222,0,0),(2,64,1223,0,0),(2,64,1224,0,0),(2,64,1225,0,0),(2,64,1226,0,0),(2,64,1227,0,0),(2,64,1228,0,0),(2,64,1229,0,0),(2,64,1230,0,0),(2,64,1231,0,0),(2,64,1232,0,0),(2,64,1233,0,0),(2,64,1234,0,0),(2,64,1235,0,0),(2,64,1236,0,0),(2,64,1237,0,0),(2,64,1238,0,0),(2,64,1239,0,0),(2,64,1240,0,0),(2,64,1241,0,0),(2,64,1242,0,0),(2,64,1243,0,0),(2,64,1244,0,0),(2,64,1245,0,0),(2,64,1246,0,0),(2,64,1247,0,0),(2,60,1248,0,0),(2,60,1249,0,0),(2,60,1250,0,0),(3,6,1,0,0),(3,6,2,0,0),(3,6,3,0,0),(3,6,4,0,0),(3,6,5,0,0),(3,6,6,0,0),(3,6,7,0,0),(3,6,8,0,0),(3,6,9,0,0),(3,6,10,0,0),(3,6,11,0,0),(3,6,12,0,0),(3,6,13,0,0),(3,6,14,0,0),(3,6,15,0,0),(3,6,16,0,0),(3,6,17,0,0),(3,6,18,0,0),(3,6,19,0,0),(3,6,20,0,0),(3,6,21,0,0),(3,6,22,0,0),(3,6,23,0,0),(3,6,24,0,0),(3,6,25,0,0),(3,6,26,0,0),(3,6,27,0,0),(3,6,28,0,0),(3,6,29,0,0),(3,6,30,0,0),(3,6,31,0,0),(3,6,32,0,0),(3,6,33,0,0),(3,6,34,0,0),(3,6,35,0,0),(3,6,36,0,0),(3,7,37,0,0),(3,7,38,0,0),(3,7,39,0,0),(3,7,40,0,0),(3,7,41,0,0),(3,7,42,0,0),(3,7,43,0,0),(3,7,44,0,0),(3,7,45,0,0),(3,7,46,0,0),(3,7,47,0,0),(3,7,48,0,0),(3,7,49,0,0),(3,7,50,0,0),(3,7,51,0,0),(3,7,52,0,0),(3,7,53,0,0),(3,7,54,0,0),(3,7,55,0,0),(3,7,56,0,0),(3,7,57,0,0),(3,7,58,0,0),(3,7,59,0,0),(3,7,60,0,0),(3,7,61,0,0),(3,7,62,0,0),(3,7,63,0,0),(3,7,64,0,0),(3,7,65,0,0),(3,4,66,0,0),(3,4,67,0,0),(3,4,68,0,0),(3,4,69,0,0),(3,4,70,0,0),(3,4,71,0,0),(3,4,72,0,0),(3,4,73,0,0),(3,4,74,0,0),(3,4,75,0,0),(3,4,76,0,0),(3,4,77,0,0),(3,4,78,0,0),(3,4,79,0,0),(3,4,80,0,0),(3,4,81,0,0),(3,4,82,0,0),(3,4,83,0,0),(3,4,84,0,0),(3,4,85,0,0),(3,4,86,0,0),(3,4,87,0,0),(3,4,88,0,0),(3,4,89,0,0),(3,4,90,0,0),(3,4,91,0,0),(3,4,92,0,0),(3,4,93,0,0),(3,4,94,0,0),(3,4,95,0,0),(3,4,96,0,0),(3,4,97,0,0),(3,4,98,0,0),(3,4,99,0,0),(3,4,100,0,0),(3,4,101,0,0),(3,4,102,0,0),(3,4,103,0,0),(3,4,104,0,0),(3,4,105,0,0),(3,4,106,0,0),(3,4,107,0,0),(3,4,108,0,0),(3,4,109,0,0),(3,2,110,0,0),(3,2,111,0,0),(3,2,112,0,0),(3,2,113,0,0),(3,2,114,0,0),(3,2,115,0,0),(3,2,116,0,0),(3,2,117,0,0),(3,2,118,0,0),(3,2,119,0,0),(3,2,120,0,0),(3,2,121,0,0),(3,2,122,0,0),(3,2,123,0,0),(3,2,124,0,0),(3,2,125,0,0),(3,26,126,0,0),(3,26,127,0,0),(3,26,128,0,0),(3,26,129,0,0),(3,26,130,0,0),(3,26,131,0,0),(3,26,132,0,0),(3,26,133,0,0),(3,26,134,0,0),(3,26,135,0,0),(3,26,136,0,0),(3,26,137,0,0),(3,26,138,0,0),(3,26,139,0,0),(3,26,140,0,0),(3,26,141,0,0),(3,26,142,0,0),(3,26,143,0,0),(3,26,144,0,0),(3,26,145,0,0),(3,26,146,0,0),(3,26,147,0,0),(3,26,148,0,0),(3,26,149,0,0),(3,26,150,0,0),(3,4,151,0,0),(3,6,152,0,0),(3,7,153,0,0),(3,26,154,0,0),(3,13,155,0,0),(3,13,156,0,0),(3,13,157,0,0),(3,13,158,0,0),(3,13,159,0,0),(3,13,160,0,0),(3,13,161,0,0),(3,13,162,0,0),(3,13,163,0,0),(3,13,164,0,0),(3,13,165,0,0),(3,13,166,0,0),(3,13,167,0,0),(3,13,168,0,0),(3,13,169,0,0),(3,13,170,0,0),(3,13,171,0,0),(3,13,172,0,0),(3,13,173,0,0),(3,14,174,0,0),(3,14,175,0,0),(3,14,176,0,0),(3,14,177,0,0),(3,14,178,0,0),(3,14,179,0,0),(3,14,180,0,0),(3,14,181,0,0),(3,14,182,0,0),(3,14,183,0,0),(3,14,184,0,0),(3,14,185,0,0),(3,14,186,0,0),(3,14,187,0,0),(3,14,188,0,0),(3,14,189,0,0),(3,14,190,0,0),(3,14,191,0,0),(3,14,192,0,0),(3,14,193,0,0),(3,14,194,0,0),(3,14,195,0,0),(3,14,196,0,0),(3,14,197,0,0),(3,14,198,0,0),(3,14,199,0,0),(3,14,200,0,0),(3,14,201,0,0),(3,14,202,0,0),(3,14,203,0,0),(3,14,204,0,0),(3,8,205,0,0),(3,8,206,0,0),(3,8,207,0,0),(3,8,208,0,0),(3,8,209,0,0),(3,8,210,0,0),(3,8,211,0,0),(3,8,212,0,0),(3,8,213,0,0),(3,8,214,0,0),(3,8,215,0,0),(3,8,216,0,0),(3,8,217,0,0),(3,8,218,0,0),(3,8,219,0,0),(3,10,220,0,0),(3,10,221,0,0),(3,10,222,0,0),(3,10,223,0,0),(3,10,224,0,0),(3,10,225,0,0),(3,10,226,0,0),(3,10,227,0,0),(3,10,228,0,0),(3,10,229,0,0),(3,10,230,0,0),(3,10,231,0,0),(3,9,232,0,0),(3,9,233,0,0),(3,9,234,0,0),(3,9,235,0,0),(3,9,236,0,0),(3,9,237,0,0),(3,9,238,0,0),(3,9,239,0,0),(3,9,240,0,0),(3,9,241,0,0),(3,9,242,0,0),(3,9,243,0,0),(3,9,244,0,0),(3,9,245,0,0),(3,9,246,0,0),(3,9,247,0,0),(3,9,248,0,0),(3,9,249,0,0),(3,9,250,0,0),(3,9,251,0,0),(3,9,252,0,0),(3,9,253,0,0),(3,9,254,0,0),(3,9,255,0,0),(3,16,256,0,0),(3,16,257,0,0),(3,16,258,0,0),(3,16,259,0,0),(3,16,260,0,0),(3,16,261,0,0),(3,16,262,0,0),(3,16,263,0,0),(3,16,264,0,0),(3,16,265,0,0),(3,16,266,0,0),(3,16,267,0,0),(3,16,268,0,0),(3,16,269,0,0),(3,16,270,0,0),(3,16,271,0,0),(3,16,272,0,0),(3,16,273,0,0),(3,16,274,0,0),(3,16,275,0,0),(3,16,276,0,0),(3,16,277,0,0),(3,16,278,0,0),(3,15,279,0,0),(3,15,280,0,0),(3,15,281,0,0),(3,15,282,0,0),(3,15,283,0,0),(3,15,284,0,0),(3,15,285,0,0),(3,15,286,0,0),(3,15,287,0,0),(3,15,288,0,0),(3,18,289,0,0),(3,18,290,0,0),(3,18,291,0,0),(3,18,292,0,0),(3,18,293,0,0),(3,18,294,0,0),(3,18,295,0,0),(3,18,296,0,0),(3,18,297,0,0),(3,18,298,0,0),(3,18,299,0,0),(3,18,300,0,0),(3,18,301,0,0),(3,18,302,0,0),(3,18,303,0,0),(3,18,304,0,0),(3,18,305,0,0),(3,19,306,0,0),(3,19,307,0,0),(3,19,308,0,0),(3,19,309,0,0),(3,19,310,0,0),(3,19,311,0,0),(3,19,312,0,0),(3,19,313,0,0),(3,20,314,0,0),(3,20,315,0,0),(3,20,316,0,0),(3,20,317,0,0),(3,20,318,0,0),(3,20,319,0,0),(3,20,320,0,0),(3,20,321,0,0),(3,20,322,0,0),(3,20,323,0,0),(3,20,324,0,0),(3,20,325,0,0),(3,20,326,0,0),(3,20,327,0,0),(3,20,328,0,0),(3,20,329,0,0),(3,20,330,0,0),(3,20,331,0,0),(3,20,332,0,0),(3,20,333,0,0),(3,20,334,0,0),(3,20,335,0,0),(3,20,336,0,0),(3,20,337,0,0),(3,20,338,0,0),(3,20,339,0,0),(3,20,340,0,0),(3,20,341,0,0),(3,20,342,0,0),(3,20,343,0,0),(3,20,344,0,0),(3,20,345,0,0),(3,20,346,0,0),(3,20,347,0,0),(3,20,348,0,0),(3,20,349,0,0),(3,20,350,0,0),(3,21,351,0,0),(3,21,352,0,0),(3,21,353,0,0),(3,21,354,0,0),(3,21,355,0,0),(3,21,356,0,0),(3,21,357,0,0),(3,21,358,0,0),(3,21,359,0,0),(3,21,360,0,0),(3,21,361,0,0),(3,21,362,0,0),(3,21,363,0,0),(3,21,364,0,0),(3,21,365,0,0),(3,21,366,0,0),(3,21,367,0,0),(3,21,368,0,0),(3,21,369,0,0),(3,21,370,0,0),(3,21,371,0,0),(3,21,372,0,0),(3,21,373,0,0),(3,21,374,0,0),(3,21,375,0,0),(3,21,376,0,0),(3,21,377,0,0),(3,21,378,0,0),(3,21,379,0,0),(3,21,380,0,0),(3,21,381,0,0),(3,21,382,0,0),(3,21,383,0,0),(3,21,384,0,0),(3,21,385,0,0),(3,21,386,0,0),(3,21,387,0,0),(3,21,388,0,0),(3,22,389,0,0),(3,22,390,0,0),(3,22,391,0,0),(3,22,392,0,0),(3,22,393,0,0),(3,22,394,0,0),(3,22,395,0,0),(3,22,396,0,0),(3,22,397,0,0),(3,22,398,0,0),(3,22,399,0,0),(3,22,400,0,0),(3,22,401,0,0),(3,22,402,0,0),(3,22,403,0,0),(3,22,404,0,0),(3,22,405,0,0),(3,22,406,0,0),(3,22,407,0,0),(3,22,408,0,0),(3,22,409,0,0),(3,22,410,0,0),(3,22,411,0,0),(3,22,412,0,0),(3,22,413,0,0),(3,22,414,0,0),(3,22,415,0,0),(3,22,416,0,0),(3,22,417,0,0),(3,22,418,0,0),(3,22,419,0,0),(3,22,420,0,0),(3,22,421,0,0),(3,22,422,0,0),(3,22,423,0,0),(3,22,424,0,0),(3,22,425,0,0),(3,22,426,0,0),(3,22,427,0,0),(3,22,428,0,0),(3,22,429,0,0),(3,22,430,0,0),(3,22,431,0,0),(3,22,432,0,0),(3,22,433,0,0),(3,22,434,0,0),(3,22,435,0,0),(3,23,436,0,0),(3,23,437,0,0),(3,23,438,0,0),(3,23,439,0,0),(3,23,440,0,0),(3,23,441,0,0),(3,23,442,0,0),(3,23,443,0,0),(3,23,444,0,0),(3,23,445,0,0),(3,23,446,0,0),(3,23,447,0,0),(3,23,448,0,0),(3,23,449,0,0),(3,23,450,0,0),(3,23,451,0,0),(3,23,452,0,0),(3,23,453,0,0),(3,23,454,0,0),(3,23,455,0,0),(3,23,456,0,0),(3,23,457,0,0),(3,23,458,0,0),(3,23,459,0,0),(3,23,460,0,0),(3,23,461,0,0),(3,23,462,0,0),(3,23,463,0,0),(3,23,464,0,0),(3,23,465,0,0),(3,23,466,0,0),(3,23,467,0,0),(3,23,468,0,0),(3,23,469,0,0),(3,23,470,0,0),(3,23,471,0,0),(3,23,472,0,0),(3,23,473,0,0),(3,23,474,0,0),(3,10,520,0,0),(3,10,521,0,0),(3,10,522,0,0),(3,10,523,0,0),(3,10,524,0,0),(3,10,525,0,0),(3,31,526,0,0),(3,31,527,0,0),(3,31,528,0,0),(3,31,529,0,0),(3,31,530,0,0),(3,31,531,0,0),(3,31,532,0,0),(3,31,533,0,0),(3,31,534,0,0),(3,31,535,0,0),(3,31,536,0,0),(3,31,537,0,0),(3,31,538,0,0),(3,31,539,0,0),(3,31,540,0,0),(3,31,541,0,0),(3,31,542,0,0),(3,31,543,0,0),(3,31,544,0,0),(3,31,545,0,0),(3,31,546,0,0),(3,31,547,0,0),(3,32,548,0,0),(3,32,549,0,0),(3,32,550,0,0),(3,32,551,0,0),(3,32,552,0,0),(3,32,553,0,0),(3,32,554,0,0),(3,32,555,0,0),(3,32,556,0,0),(3,32,557,0,0),(3,32,558,0,0),(3,32,559,0,0),(3,32,560,0,0),(3,32,561,0,0),(3,32,562,0,0),(3,32,563,0,0),(3,32,564,0,0),(3,32,565,0,0),(3,32,566,0,0),(3,32,567,0,0),(3,32,568,0,0),(3,32,569,0,0),(3,37,570,0,0),(3,37,571,0,0),(3,37,572,0,0),(3,37,573,0,0),(3,37,574,0,0),(3,37,575,0,0),(3,37,576,0,0),(3,37,577,0,0),(3,37,578,0,0),(3,37,579,0,0),(3,37,580,0,0),(3,37,581,0,0),(3,37,582,0,0),(3,37,583,0,0),(3,37,584,0,0),(3,37,585,0,0),(3,37,586,0,0),(3,29,587,0,0),(3,38,588,0,0),(3,38,589,0,0),(3,38,590,0,0),(3,38,591,0,0),(3,38,592,0,0),(3,38,593,0,0),(3,38,594,0,0),(3,38,595,0,0),(3,42,596,0,0),(3,42,597,0,0),(3,42,598,0,0),(3,42,599,0,0),(3,42,600,0,0),(3,42,601,0,0),(3,42,602,0,0),(3,42,603,0,0),(3,42,604,0,0),(3,42,605,0,0),(3,42,606,0,0),(3,42,607,0,0),(3,42,608,0,0),(3,43,609,0,0),(3,43,610,0,0),(3,43,611,0,0),(3,43,612,0,0),(3,43,613,0,0),(3,43,614,0,0),(3,43,615,0,0),(3,43,616,0,0),(3,43,617,0,0),(3,43,618,0,0),(3,43,619,0,0),(3,43,620,0,0),(3,43,621,0,0),(3,43,622,0,0),(3,43,623,0,0),(3,43,624,0,0),(3,43,625,0,0),(3,43,626,0,0),(3,44,627,0,0),(3,44,628,0,0),(3,44,629,0,0),(3,44,630,0,0),(3,44,631,0,0),(3,44,632,0,0),(3,44,633,0,0),(3,44,634,0,0),(3,44,635,0,0),(3,44,636,0,0),(3,44,637,0,0),(3,44,638,0,0),(3,44,639,0,0),(3,44,640,0,0),(3,44,641,0,0),(3,44,642,0,0),(3,44,643,0,0),(3,44,644,0,0),(3,44,645,0,0),(3,44,646,0,0),(3,46,647,0,0),(3,46,648,0,0),(3,46,649,0,0),(3,46,650,0,0),(3,46,651,0,0),(3,46,652,0,0),(3,46,653,0,0),(3,46,654,0,0),(3,46,655,0,0),(3,46,656,0,0),(3,46,657,0,0),(3,46,658,0,0),(3,46,659,0,0),(3,46,660,0,0),(3,46,661,0,0),(3,46,662,0,0),(3,46,663,0,0),(3,46,664,0,0),(3,46,665,0,0),(3,46,666,0,0),(3,46,667,0,0),(3,47,668,0,0),(3,47,669,0,0),(3,47,670,0,0),(3,47,671,0,0),(3,47,672,0,0),(3,47,673,0,0),(3,2,674,0,0),(3,29,675,0,0),(3,23,676,0,0),(3,23,677,0,0),(3,23,678,0,0),(3,23,679,0,0),(3,23,680,0,0),(3,23,681,0,0),(3,23,682,0,0),(3,23,683,0,0),(3,23,684,0,0),(3,22,685,0,0),(3,22,686,0,0),(3,22,687,0,0),(3,22,688,0,0),(3,22,689,0,0),(3,22,690,0,0),(3,22,691,0,0),(3,22,692,0,0),(3,22,693,0,0),(3,21,694,0,0),(3,21,695,0,0),(3,21,696,0,0),(3,21,697,0,0),(3,21,698,0,0),(3,21,699,0,0),(3,21,700,0,0),(3,21,701,0,0),(3,21,702,0,0),(3,20,703,0,0),(3,20,704,0,0),(3,20,705,0,0),(3,20,706,0,0),(3,20,707,0,0),(3,20,708,0,0),(3,20,709,0,0),(3,20,710,0,0),(3,20,711,0,0),(3,29,712,0,0),(3,43,713,0,0),(3,38,714,0,0),(3,29,715,0,0),(3,29,716,0,0),(3,29,717,0,0),(3,23,718,0,0),(3,22,719,0,0),(3,21,720,0,0),(3,20,721,0,0),(3,29,722,0,0),(3,6,723,0,0),(3,4,724,0,0),(3,2,725,0,0),(3,29,726,0,0),(3,23,727,0,0),(3,23,728,0,0),(3,21,729,0,0),(3,21,730,0,0),(3,18,731,0,0),(3,7,732,0,0),(3,38,733,0,0),(3,38,734,0,0),(3,23,735,0,0),(3,20,736,0,0),(3,21,737,0,0),(3,22,738,0,0),(3,29,739,0,0),(3,2,740,0,0),(3,13,741,0,0),(3,29,742,0,0),(3,29,743,0,0),(3,29,744,0,0),(3,29,745,0,0),(3,14,772,0,0),(3,32,773,0,0),(3,23,774,0,0),(3,29,775,0,0),(3,23,776,0,0),(3,23,777,0,0),(3,23,778,0,0),(3,20,779,0,0),(3,20,780,0,0),(3,20,781,0,0),(3,21,782,0,0),(3,22,783,0,0),(3,22,784,0,0),(3,22,785,0,0),(3,38,786,0,0),(3,38,787,0,0),(3,38,788,0,0),(3,2,789,0,0),(3,4,790,0,0),(3,6,791,0,0),(3,7,792,0,0),(3,8,793,0,0),(3,9,794,0,0),(3,10,795,0,0),(3,13,796,0,0),(3,14,797,0,0),(3,15,798,0,0),(3,16,799,0,0),(3,18,800,0,0),(3,19,801,0,0),(3,20,802,0,0),(3,21,803,0,0),(3,22,804,0,0),(3,23,805,0,0),(3,26,806,0,0),(3,10,807,0,0),(3,2,808,0,0),(3,4,809,0,0),(3,6,810,0,0),(3,7,811,0,0),(3,8,812,0,0),(3,9,813,0,0),(3,10,814,0,0),(3,13,815,0,0),(3,14,816,0,0),(3,15,817,0,0),(3,16,818,0,0),(3,18,819,0,0),(3,19,820,0,0),(3,20,821,0,0),(3,21,822,0,0),(3,22,823,0,0),(3,23,824,0,0),(3,26,825,0,0),(3,2,826,0,0),(3,4,827,0,0),(3,6,828,0,0),(3,7,829,0,0),(3,8,830,0,0),(3,9,831,0,0),(3,10,832,0,0),(3,13,833,0,0),(3,14,834,0,0),(3,15,835,0,0),(3,16,836,0,0),(3,18,837,0,0),(3,19,838,0,0),(3,20,839,0,0),(3,21,840,0,0),(3,22,841,0,0),(3,23,842,0,0),(3,26,843,0,0),(3,20,844,0,0),(3,21,845,0,0),(3,22,846,0,0),(3,23,847,0,0),(3,44,848,0,0),(3,44,849,0,0),(3,29,850,0,0),(3,22,851,0,0),(3,29,852,0,0),(3,4,954,0,0),(3,52,955,0,0),(3,52,956,0,0),(3,52,957,0,0),(3,52,958,0,0),(3,52,959,0,0),(3,52,960,0,0),(3,52,961,0,0),(3,52,962,0,0),(3,52,963,0,0),(3,52,964,0,0),(3,52,965,0,0),(3,52,966,0,0),(3,52,967,0,0),(3,52,968,0,0),(3,52,969,0,0),(3,52,970,0,0),(3,52,971,0,0),(3,52,972,0,0),(3,52,973,0,0),(3,52,974,0,0),(3,53,975,0,0),(3,53,976,0,0),(3,53,977,0,0),(3,53,978,0,0),(3,53,979,0,0),(3,53,980,0,0),(3,53,981,0,0),(3,53,982,0,0),(3,53,983,0,0),(3,53,984,0,0),(3,53,985,0,0),(3,53,986,0,0),(3,53,987,0,0),(3,53,988,0,0),(3,53,989,0,0),(3,53,990,0,0),(3,54,991,0,0),(3,54,992,0,0),(3,54,993,0,0),(3,54,994,0,0),(3,54,995,0,0),(3,54,996,0,0),(3,54,997,0,0),(3,54,998,0,0),(3,54,999,0,0),(3,54,1000,0,0),(3,54,1001,0,0),(3,55,1002,0,0),(3,55,1003,0,0),(3,55,1004,0,0),(3,55,1005,0,0),(3,55,1006,0,0),(3,55,1007,0,0),(3,55,1008,0,0),(3,55,1009,0,0),(3,55,1010,0,0),(3,55,1011,0,0),(3,55,1012,0,0),(3,55,1013,0,0),(3,55,1014,0,0),(3,55,1015,0,0),(3,55,1016,0,0),(3,56,1017,0,0),(3,56,1018,0,0),(3,56,1019,0,0),(3,56,1020,0,0),(3,56,1021,0,0),(3,56,1022,0,0),(3,56,1023,0,0),(3,56,1024,0,0),(3,56,1025,0,0),(3,56,1026,0,0),(3,56,1027,0,0),(3,56,1028,0,0),(3,56,1029,0,0),(3,56,1030,0,0),(3,57,1031,0,0),(3,57,1032,0,0),(3,57,1033,0,0),(3,57,1034,0,0),(3,57,1035,0,0),(3,57,1036,0,0),(3,57,1037,0,0),(3,57,1038,0,0),(3,57,1039,0,0),(3,57,1040,0,0),(3,58,1041,0,0),(3,58,1042,0,0),(3,58,1043,0,0),(3,58,1044,0,0),(3,58,1045,0,0),(3,58,1046,0,0),(3,58,1047,0,0),(3,58,1048,0,0),(3,58,1049,0,0),(3,58,1050,0,0),(3,58,1051,0,0),(3,59,1052,0,0),(3,59,1053,0,0),(3,59,1054,0,0),(3,59,1055,0,0),(3,59,1056,0,0),(3,59,1057,0,0),(3,59,1058,0,0),(3,59,1059,0,0),(3,59,1060,0,0),(3,59,1061,0,0),(3,59,1062,0,0),(3,59,1063,0,0),(3,59,1064,0,0),(3,59,1065,0,0),(3,59,1066,0,0),(3,60,1074,0,0),(3,60,1075,0,0),(3,60,1076,0,0),(3,60,1077,0,0),(3,60,1078,0,0),(3,60,1079,0,0),(3,60,1080,0,0),(3,60,1081,0,0),(3,60,1082,0,0),(3,60,1083,0,0),(3,60,1084,0,0),(3,60,1085,0,0),(3,60,1086,0,0),(3,60,1087,0,0),(3,60,1088,0,0),(3,60,1089,0,0),(3,61,1090,0,0),(3,61,1091,0,0),(3,61,1092,0,0),(3,61,1093,0,0),(3,61,1094,0,0),(3,61,1095,0,0),(3,61,1096,0,0),(3,61,1097,0,0),(3,60,1098,0,0),(3,60,1099,0,0),(3,60,1100,0,0),(3,60,1101,0,0),(3,60,1102,0,0),(3,60,1103,0,0),(3,60,1104,0,0),(3,60,1105,0,0),(3,60,1106,0,0),(3,60,1107,0,0),(3,60,1108,0,0),(3,60,1109,0,0),(3,60,1110,0,0),(3,60,1111,0,0),(3,60,1112,0,0),(3,60,1113,0,0),(3,60,1114,0,0),(3,60,1115,0,0),(3,60,1116,0,0),(3,60,1117,0,0),(3,60,1118,0,0),(3,60,1119,0,0),(3,60,1120,0,0),(3,61,1121,0,0),(3,61,1122,0,0),(3,61,1123,0,0),(3,61,1124,0,0),(3,61,1125,0,0),(3,61,1126,0,0),(3,13,1127,0,0),(3,13,1128,0,0),(3,13,1129,0,0),(3,13,1130,0,0),(3,13,1131,0,0),(3,13,1132,0,0),(3,13,1133,0,0),(3,26,1134,0,0),(3,26,1135,0,0),(3,4,1136,0,0),(3,4,1137,0,0),(3,4,1138,0,0),(3,4,1139,0,0),(3,4,1140,0,0),(3,4,1141,0,0),(3,4,1142,0,0),(3,4,1143,0,0),(3,4,1144,0,0),(3,4,1145,0,0),(3,4,1146,0,0),(3,4,1147,0,0),(3,4,1148,0,0),(3,4,1149,0,0),(3,4,1150,0,0),(3,4,1151,0,0),(3,4,1152,0,0),(3,4,1153,0,0),(3,4,1154,0,0),(3,2,1155,0,0),(3,2,1156,0,0),(3,6,1157,0,0),(3,6,1158,0,0),(3,6,1159,0,0),(3,6,1160,0,0),(3,6,1161,0,0),(3,6,1162,0,0),(3,6,1163,0,0),(3,6,1164,0,0),(3,6,1165,0,0),(3,6,1166,0,0),(3,6,1167,0,0),(3,6,1168,0,0),(3,6,1169,0,0),(3,61,1170,0,0),(3,61,1171,0,0),(3,61,1172,0,0),(3,61,1173,0,0),(3,61,1174,0,0),(3,61,1175,0,0),(3,61,1176,0,0),(3,61,1177,0,0),(3,61,1178,0,0),(3,61,1179,0,0),(3,61,1180,0,0),(3,61,1181,0,0),(3,61,1182,0,0),(3,61,1183,0,0),(3,62,1184,0,0),(3,62,1185,0,0),(3,62,1186,0,0),(3,62,1187,0,0),(3,62,1188,0,0),(3,62,1189,0,0),(3,62,1190,0,0),(3,62,1191,0,0),(3,62,1192,0,0),(3,62,1193,0,0),(3,62,1194,0,0),(3,62,1195,0,0),(3,62,1196,0,0),(3,62,1197,0,0),(3,62,1198,0,0),(3,62,1199,0,0),(3,62,1200,0,0),(3,62,1201,0,0),(3,62,1202,0,0),(3,62,1203,0,0),(3,62,1204,0,0),(3,62,1205,0,0),(3,62,1206,0,0),(3,62,1207,0,0),(3,63,1208,0,0),(3,63,1209,0,0),(3,63,1210,0,0),(3,63,1211,0,0),(3,63,1212,0,0),(3,63,1213,0,0),(3,63,1214,0,0),(3,63,1215,0,0),(3,63,1216,0,0),(3,63,1217,0,0),(3,63,1218,0,0),(3,63,1219,0,0),(3,63,1220,0,0),(3,63,1221,0,0),(3,63,1222,0,0),(3,64,1223,0,0),(3,64,1224,0,0),(3,64,1225,0,0),(3,64,1226,0,0),(3,64,1227,0,0),(3,64,1228,0,0),(3,64,1229,0,0),(3,64,1230,0,0),(3,64,1231,0,0),(3,64,1232,0,0),(3,64,1233,0,0),(3,64,1234,0,0),(3,64,1235,0,0),(3,64,1236,0,0),(3,64,1237,0,0),(3,64,1238,0,0),(3,64,1239,0,0),(3,64,1240,0,0),(3,64,1241,0,0),(3,64,1242,0,0),(3,64,1243,0,0),(3,64,1244,0,0),(3,64,1245,0,0),(3,64,1246,0,0),(3,64,1247,0,0),(3,60,1248,0,0),(3,60,1249,0,0),(3,60,1250,0,0),(4,6,1,0,0),(4,6,2,0,0),(4,6,3,0,0),(4,6,4,0,0),(4,6,5,0,0),(4,6,6,0,0),(4,6,7,0,0),(4,6,8,0,0),(4,6,9,0,0),(4,6,10,0,0),(4,6,11,0,0),(4,6,12,0,0),(4,6,13,0,0),(4,6,14,0,0),(4,6,15,0,0),(4,6,16,0,0),(4,6,17,0,0),(4,6,18,0,0),(4,6,19,0,0),(4,6,20,0,0),(4,6,21,0,0),(4,6,22,0,0),(4,6,23,0,0),(4,6,24,0,0),(4,6,25,0,0),(4,6,26,0,0),(4,6,27,0,0),(4,6,28,0,0),(4,6,29,0,0),(4,6,30,0,0),(4,6,31,0,0),(4,6,32,0,0),(4,6,33,0,0),(4,6,34,0,0),(4,6,35,0,0),(4,6,36,0,0),(4,7,37,0,0),(4,7,38,0,0),(4,7,39,0,0),(4,7,40,0,0),(4,7,41,0,0),(4,7,42,0,0),(4,7,43,0,0),(4,7,44,0,0),(4,7,45,0,0),(4,7,46,0,0),(4,7,47,0,0),(4,7,48,0,0),(4,7,49,0,0),(4,7,50,0,0),(4,7,51,0,0),(4,7,52,0,0),(4,7,53,0,0),(4,7,54,0,0),(4,7,55,0,0),(4,7,56,0,0),(4,7,57,0,0),(4,7,58,0,0),(4,7,59,0,0),(4,7,60,0,0),(4,7,61,0,0),(4,7,62,0,0),(4,7,63,0,0),(4,7,64,0,0),(4,7,65,0,0),(4,4,66,0,0),(4,4,67,0,0),(4,4,68,0,0),(4,4,69,0,0),(4,4,70,0,0),(4,4,71,0,0),(4,4,72,0,0),(4,4,73,0,0),(4,4,74,0,0),(4,4,75,0,0),(4,4,76,0,0),(4,4,77,0,0),(4,4,78,0,0),(4,4,79,0,0),(4,4,80,0,0),(4,4,81,0,0),(4,4,82,0,0),(4,4,83,0,0),(4,4,84,0,0),(4,4,85,0,0),(4,4,86,0,0),(4,4,87,0,0),(4,4,88,0,0),(4,4,89,0,0),(4,4,90,0,0),(4,4,91,0,0),(4,4,92,0,0),(4,4,93,0,0),(4,4,94,0,0),(4,4,95,0,0),(4,4,96,0,0),(4,4,97,0,0),(4,4,98,0,0),(4,4,99,0,0),(4,4,100,0,0),(4,4,101,0,0),(4,4,102,0,0),(4,4,103,0,0),(4,4,104,0,0),(4,4,105,0,0),(4,4,106,0,0),(4,4,107,0,0),(4,4,108,0,0),(4,4,109,0,0),(4,2,110,0,0),(4,2,111,0,0),(4,2,112,0,0),(4,2,113,0,0),(4,2,114,0,0),(4,2,115,0,0),(4,2,116,0,0),(4,2,117,0,0),(4,2,118,0,0),(4,2,119,0,0),(4,2,120,0,0),(4,2,121,0,0),(4,2,122,0,0),(4,2,123,0,0),(4,2,124,0,0),(4,2,125,0,0),(4,26,126,0,0),(4,26,127,0,0),(4,26,128,0,0),(4,26,129,0,0),(4,26,130,0,0),(4,26,131,0,0),(4,26,132,0,0),(4,26,133,0,0),(4,26,134,0,0),(4,26,135,0,0),(4,26,136,0,0),(4,26,137,0,0),(4,26,138,0,0),(4,26,139,0,0),(4,26,140,0,0),(4,26,141,0,0),(4,26,142,0,0),(4,26,143,0,0),(4,26,144,0,0),(4,26,145,0,0),(4,26,146,0,0),(4,26,147,0,0),(4,26,148,0,0),(4,26,149,0,0),(4,26,150,0,0),(4,4,151,0,0),(4,6,152,0,0),(4,7,153,0,0),(4,26,154,0,0),(4,13,155,0,0),(4,13,156,0,0),(4,13,157,0,0),(4,13,158,0,0),(4,13,159,0,0),(4,13,160,0,0),(4,13,161,0,0),(4,13,162,0,0),(4,13,163,0,0),(4,13,164,0,0),(4,13,165,0,0),(4,13,166,0,0),(4,13,167,0,0),(4,13,168,0,0),(4,13,169,0,0),(4,13,170,0,0),(4,13,171,0,0),(4,13,172,0,0),(4,13,173,0,0),(4,14,174,0,0),(4,14,175,0,0),(4,14,176,0,0),(4,14,177,0,0),(4,14,178,0,0),(4,14,179,0,0),(4,14,180,0,0),(4,14,181,0,0),(4,14,182,0,0),(4,14,183,0,0),(4,14,184,0,0),(4,14,185,0,0),(4,14,186,0,0),(4,14,187,0,0),(4,14,188,0,0),(4,14,189,0,0),(4,14,190,0,0),(4,14,191,0,0),(4,14,192,0,0),(4,14,193,0,0),(4,14,194,0,0),(4,14,195,0,0),(4,14,196,0,0),(4,14,197,0,0),(4,14,198,0,0),(4,14,199,0,0),(4,14,200,0,0),(4,14,201,0,0),(4,14,202,0,0),(4,14,203,0,0),(4,14,204,0,0),(4,8,205,0,0),(4,8,206,0,0),(4,8,207,0,0),(4,8,208,0,0),(4,8,209,0,0),(4,8,210,0,0),(4,8,211,0,0),(4,8,212,0,0),(4,8,213,0,0),(4,8,214,0,0),(4,8,215,0,0),(4,8,216,0,0),(4,8,217,0,0),(4,8,218,0,0),(4,8,219,0,0),(4,10,220,0,0),(4,10,221,0,0),(4,10,222,0,0),(4,10,223,0,0),(4,10,224,0,0),(4,10,225,0,0),(4,10,226,0,0),(4,10,227,0,0),(4,10,228,0,0),(4,10,229,0,0),(4,10,230,0,0),(4,10,231,0,0),(4,9,232,0,0),(4,9,233,0,0),(4,9,234,0,0),(4,9,235,0,0),(4,9,236,0,0),(4,9,237,0,0),(4,9,238,0,0),(4,9,239,0,0),(4,9,240,0,0),(4,9,241,0,0),(4,9,242,0,0),(4,9,243,0,0),(4,9,244,0,0),(4,9,245,0,0),(4,9,246,0,0),(4,9,247,0,0),(4,9,248,0,0),(4,9,249,0,0),(4,9,250,0,0),(4,9,251,0,0),(4,9,252,0,0),(4,9,253,0,0),(4,9,254,0,0),(4,9,255,0,0),(4,16,256,0,0),(4,16,257,0,0),(4,16,258,0,0),(4,16,259,0,0),(4,16,260,0,0),(4,16,261,0,0),(4,16,262,0,0),(4,16,263,0,0),(4,16,264,0,0),(4,16,265,0,0),(4,16,266,0,0),(4,16,267,0,0),(4,16,268,0,0),(4,16,269,0,0),(4,16,270,0,0),(4,16,271,0,0),(4,16,272,0,0),(4,16,273,0,0),(4,16,274,0,0),(4,16,275,0,0),(4,16,276,0,0),(4,16,277,0,0),(4,16,278,0,0),(4,15,279,0,0),(4,15,280,0,0),(4,15,281,0,0),(4,15,282,0,0),(4,15,283,0,0),(4,15,284,0,0),(4,15,285,0,0),(4,15,286,0,0),(4,15,287,0,0),(4,15,288,0,0),(4,18,289,0,0),(4,18,290,0,0),(4,18,291,0,0),(4,18,292,0,0),(4,18,293,0,0),(4,18,294,0,0),(4,18,295,0,0),(4,18,296,0,0),(4,18,297,0,0),(4,18,298,0,0),(4,18,299,0,0),(4,18,300,0,0),(4,18,301,0,0),(4,18,302,0,0),(4,18,303,0,0),(4,18,304,0,0),(4,18,305,0,0),(4,19,306,0,0),(4,19,307,0,0),(4,19,308,0,0),(4,19,309,0,0),(4,19,310,0,0),(4,19,311,0,0),(4,19,312,0,0),(4,19,313,0,0),(4,20,314,0,0),(4,20,315,0,0),(4,20,316,0,0),(4,20,317,0,0),(4,20,318,0,0),(4,20,319,0,0),(4,20,320,0,0),(4,20,321,0,0),(4,20,322,0,0),(4,20,323,0,0),(4,20,324,0,0),(4,20,325,0,0),(4,20,326,0,0),(4,20,327,0,0),(4,20,328,0,0),(4,20,329,0,0),(4,20,330,0,0),(4,20,331,0,0),(4,20,332,0,0),(4,20,333,0,0),(4,20,334,0,0),(4,20,335,0,0),(4,20,336,0,0),(4,20,337,0,0),(4,20,338,0,0),(4,20,339,0,0),(4,20,340,0,0),(4,20,341,0,0),(4,20,342,0,0),(4,20,343,0,0),(4,20,344,0,0),(4,20,345,0,0),(4,20,346,0,0),(4,20,347,0,0),(4,20,348,0,0),(4,20,349,0,0),(4,20,350,0,0),(4,21,351,0,0),(4,21,352,0,0),(4,21,353,0,0),(4,21,354,0,0),(4,21,355,0,0),(4,21,356,0,0),(4,21,357,0,0),(4,21,358,0,0),(4,21,359,0,0),(4,21,360,0,0),(4,21,361,0,0),(4,21,362,0,0),(4,21,363,0,0),(4,21,364,0,0),(4,21,365,0,0),(4,21,366,0,0),(4,21,367,0,0),(4,21,368,0,0),(4,21,369,0,0),(4,21,370,0,0),(4,21,371,0,0),(4,21,372,0,0),(4,21,373,0,0),(4,21,374,0,0),(4,21,375,0,0),(4,21,376,0,0),(4,21,377,0,0),(4,21,378,0,0),(4,21,379,0,0),(4,21,380,0,0),(4,21,381,0,0),(4,21,382,0,0),(4,21,383,0,0),(4,21,384,0,0),(4,21,385,0,0),(4,21,386,0,0),(4,21,387,0,0),(4,21,388,0,0),(4,22,389,0,0),(4,22,390,0,0),(4,22,391,0,0),(4,22,392,0,0),(4,22,393,0,0),(4,22,394,0,0),(4,22,395,0,0),(4,22,396,0,0),(4,22,397,0,0),(4,22,398,0,0),(4,22,399,0,0),(4,22,400,0,0),(4,22,401,0,0),(4,22,402,0,0),(4,22,403,0,0),(4,22,404,0,0),(4,22,405,0,0),(4,22,406,0,0),(4,22,407,0,0),(4,22,408,0,0),(4,22,409,0,0),(4,22,410,0,0),(4,22,411,0,0),(4,22,412,0,0),(4,22,413,0,0),(4,22,414,0,0),(4,22,415,0,0),(4,22,416,0,0),(4,22,417,0,0),(4,22,418,0,0),(4,22,419,0,0),(4,22,420,0,0),(4,22,421,0,0),(4,22,422,0,0),(4,22,423,0,0),(4,22,424,0,0),(4,22,425,0,0),(4,22,426,0,0),(4,22,427,0,0),(4,22,428,0,0),(4,22,429,0,0),(4,22,430,0,0),(4,22,431,0,0),(4,22,432,0,0),(4,22,433,0,0),(4,22,434,0,0),(4,22,435,0,0),(4,23,436,0,0),(4,23,437,0,0),(4,23,438,0,0),(4,23,439,0,0),(4,23,440,0,0),(4,23,441,0,0),(4,23,442,0,0),(4,23,443,0,0),(4,23,444,0,0),(4,23,445,0,0),(4,23,446,0,0),(4,23,447,0,0),(4,23,448,0,0),(4,23,449,0,0),(4,23,450,0,0),(4,23,451,0,0),(4,23,452,0,0),(4,23,453,0,0),(4,23,454,0,0),(4,23,455,0,0),(4,23,456,0,0),(4,23,457,0,0),(4,23,458,0,0),(4,23,459,0,0),(4,23,460,0,0),(4,23,461,0,0),(4,23,462,0,0),(4,23,463,0,0),(4,23,464,0,0),(4,23,465,0,0),(4,23,466,0,0),(4,23,467,0,0),(4,23,468,0,0),(4,23,469,0,0),(4,23,470,0,0),(4,23,471,0,0),(4,23,472,0,0),(4,23,473,0,0),(4,23,474,0,0),(4,10,520,0,0),(4,10,521,0,0),(4,10,522,0,0),(4,10,523,0,0),(4,10,524,0,0),(4,10,525,0,0),(4,31,526,0,0),(4,31,527,0,0),(4,31,528,0,0),(4,31,529,0,0),(4,31,530,0,0),(4,31,531,0,0),(4,31,532,0,0),(4,31,533,0,0),(4,31,534,0,0),(4,31,535,0,0),(4,31,536,0,0),(4,31,537,0,0),(4,31,538,0,0),(4,31,539,0,0),(4,31,540,0,0),(4,31,541,0,0),(4,31,542,0,0),(4,31,543,0,0),(4,31,544,0,0),(4,31,545,0,0),(4,31,546,0,0),(4,31,547,0,0),(4,32,548,0,0),(4,32,549,0,0),(4,32,550,0,0),(4,32,551,0,0),(4,32,552,0,0),(4,32,553,0,0),(4,32,554,0,0),(4,32,555,0,0),(4,32,556,0,0),(4,32,557,0,0),(4,32,558,0,0),(4,32,559,0,0),(4,32,560,0,0),(4,32,561,0,0),(4,32,562,0,0),(4,32,563,0,0),(4,32,564,0,0),(4,32,565,0,0),(4,32,566,0,0),(4,32,567,0,0),(4,32,568,0,0),(4,32,569,0,0),(4,37,570,0,0),(4,37,571,0,0),(4,37,572,0,0),(4,37,573,0,0),(4,37,574,0,0),(4,37,575,0,0),(4,37,576,0,0),(4,37,577,0,0),(4,37,578,0,0),(4,37,579,0,0),(4,37,580,0,0),(4,37,581,0,0),(4,37,582,0,0),(4,37,583,0,0),(4,37,584,0,0),(4,37,585,0,0),(4,37,586,0,0),(4,29,587,0,0),(4,38,588,0,0),(4,38,589,0,0),(4,38,590,0,0),(4,38,591,0,0),(4,38,592,0,0),(4,38,593,0,0),(4,38,594,0,0),(4,38,595,0,0),(4,42,596,0,0),(4,42,597,0,0),(4,42,598,0,0),(4,42,599,0,0),(4,42,600,0,0),(4,42,601,0,0),(4,42,602,0,0),(4,42,603,0,0),(4,42,604,0,0),(4,42,605,0,0),(4,42,606,0,0),(4,42,607,0,0),(4,42,608,0,0),(4,43,609,0,0),(4,43,610,0,0),(4,43,611,0,0),(4,43,612,0,0),(4,43,613,0,0),(4,43,614,0,0),(4,43,615,0,0),(4,43,616,0,0),(4,43,617,0,0),(4,43,618,0,0),(4,43,619,0,0),(4,43,620,0,0),(4,43,621,0,0),(4,43,622,0,0),(4,43,623,0,0),(4,43,624,0,0),(4,43,625,0,0),(4,43,626,0,0),(4,44,627,0,0),(4,44,628,0,0),(4,44,629,0,0),(4,44,630,0,0),(4,44,631,0,0),(4,44,632,0,0),(4,44,633,0,0),(4,44,634,0,0),(4,44,635,0,0),(4,44,636,0,0),(4,44,637,0,0),(4,44,638,0,0),(4,44,639,0,0),(4,44,640,0,0),(4,44,641,0,0),(4,44,642,0,0),(4,44,643,0,0),(4,44,644,0,0),(4,44,645,0,0),(4,44,646,0,0),(4,46,647,0,0),(4,46,648,0,0),(4,46,649,0,0),(4,46,650,0,0),(4,46,651,0,0),(4,46,652,0,0),(4,46,653,0,0),(4,46,654,0,0),(4,46,655,0,0),(4,46,656,0,0),(4,46,657,0,0),(4,46,658,0,0),(4,46,659,0,0),(4,46,660,0,0),(4,46,661,0,0),(4,46,662,0,0),(4,46,663,0,0),(4,46,664,0,0),(4,46,665,0,0),(4,46,666,0,0),(4,46,667,0,0),(4,47,668,0,0),(4,47,669,0,0),(4,47,670,0,0),(4,47,671,0,0),(4,47,672,0,0),(4,47,673,0,0),(4,2,674,0,0),(4,29,675,0,0),(4,23,676,0,0),(4,23,677,0,0),(4,23,678,0,0),(4,23,679,0,0),(4,23,680,0,0),(4,23,681,0,0),(4,23,682,0,0),(4,23,683,0,0),(4,23,684,0,0),(4,22,685,0,0),(4,22,686,0,0),(4,22,687,0,0),(4,22,688,0,0),(4,22,689,0,0),(4,22,690,0,0),(4,22,691,0,0),(4,22,692,0,0),(4,22,693,0,0),(4,21,694,0,0),(4,21,695,0,0),(4,21,696,0,0),(4,21,697,0,0),(4,21,698,0,0),(4,21,699,0,0),(4,21,700,0,0),(4,21,701,0,0),(4,21,702,0,0),(4,20,703,0,0),(4,20,704,0,0),(4,20,705,0,0),(4,20,706,0,0),(4,20,707,0,0),(4,20,708,0,0),(4,20,709,0,0),(4,20,710,0,0),(4,20,711,0,0),(4,29,712,0,0),(4,43,713,0,0),(4,38,714,0,0),(4,29,715,0,0),(4,29,716,0,0),(4,29,717,0,0),(4,23,718,0,0),(4,22,719,0,0),(4,21,720,0,0),(4,20,721,0,0),(4,29,722,0,0),(4,6,723,0,0),(4,4,724,0,0),(4,2,725,0,0),(4,29,726,0,0),(4,23,727,0,0),(4,23,728,0,0),(4,21,729,0,0),(4,21,730,0,0),(4,18,731,0,0),(4,7,732,0,0),(4,38,733,0,0),(4,38,734,0,0),(4,23,735,0,0),(4,20,736,0,0),(4,21,737,0,0),(4,22,738,0,0),(4,29,739,0,0),(4,2,740,0,0),(4,13,741,0,0),(4,29,742,0,0),(4,29,743,0,0),(4,29,744,0,0),(4,29,745,0,0),(4,14,772,0,0),(4,32,773,0,0),(4,23,774,0,0),(4,29,775,0,0),(4,23,776,0,0),(4,23,777,0,0),(4,23,778,0,0),(4,20,779,0,0),(4,20,780,0,0),(4,20,781,0,0),(4,21,782,0,0),(4,22,783,0,0),(4,22,784,0,0),(4,22,785,0,0),(4,38,786,0,0),(4,38,787,0,0),(4,38,788,0,0),(4,2,789,0,0),(4,4,790,0,0),(4,6,791,0,0),(4,7,792,0,0),(4,8,793,0,0),(4,9,794,0,0),(4,10,795,0,0),(4,13,796,0,0),(4,14,797,0,0),(4,15,798,0,0),(4,16,799,0,0),(4,18,800,0,0),(4,19,801,0,0),(4,20,802,0,0),(4,21,803,0,0),(4,22,804,0,0),(4,23,805,0,0),(4,26,806,0,0),(4,10,807,0,0),(4,2,808,0,0),(4,4,809,0,0),(4,6,810,0,0),(4,7,811,0,0),(4,8,812,0,0),(4,9,813,0,0),(4,10,814,0,0),(4,13,815,0,0),(4,14,816,0,0),(4,15,817,0,0),(4,16,818,0,0),(4,18,819,0,0),(4,19,820,0,0),(4,20,821,0,0),(4,21,822,0,0),(4,22,823,0,0),(4,23,824,0,0),(4,26,825,0,0),(4,2,826,0,0),(4,4,827,0,0),(4,6,828,0,0),(4,7,829,0,0),(4,8,830,0,0),(4,9,831,0,0),(4,10,832,0,0),(4,13,833,0,0),(4,14,834,0,0),(4,15,835,0,0),(4,16,836,0,0),(4,18,837,0,0),(4,19,838,0,0),(4,20,839,0,0),(4,21,840,0,0),(4,22,841,0,0),(4,23,842,0,0),(4,26,843,0,0),(4,20,844,0,0),(4,21,845,0,0),(4,22,846,0,0),(4,23,847,0,0),(4,44,848,0,0),(4,44,849,0,0),(4,29,850,0,0),(4,22,851,0,0),(4,29,852,0,0),(4,4,954,0,0),(4,52,955,0,0),(4,52,956,0,0),(4,52,957,0,0),(4,52,958,0,0),(4,52,959,0,0),(4,52,960,0,0),(4,52,961,0,0),(4,52,962,0,0),(4,52,963,0,0),(4,52,964,0,0),(4,52,965,0,0),(4,52,966,0,0),(4,52,967,0,0),(4,52,968,0,0),(4,52,969,0,0),(4,52,970,0,0),(4,52,971,0,0),(4,52,972,0,0),(4,52,973,0,0),(4,52,974,0,0),(4,53,975,0,0),(4,53,976,0,0),(4,53,977,0,0),(4,53,978,0,0),(4,53,979,0,0),(4,53,980,0,0),(4,53,981,0,0),(4,53,982,0,0),(4,53,983,0,0),(4,53,984,0,0),(4,53,985,0,0),(4,53,986,0,0),(4,53,987,0,0),(4,53,988,0,0),(4,53,989,0,0),(4,53,990,0,0),(4,54,991,0,0),(4,54,992,0,0),(4,54,993,0,0),(4,54,994,0,0),(4,54,995,0,0),(4,54,996,0,0),(4,54,997,0,0),(4,54,998,0,0),(4,54,999,0,0),(4,54,1000,0,0),(4,54,1001,0,0),(4,55,1002,0,0),(4,55,1003,0,0),(4,55,1004,0,0),(4,55,1005,0,0),(4,55,1006,0,0),(4,55,1007,0,0),(4,55,1008,0,0),(4,55,1009,0,0),(4,55,1010,0,0),(4,55,1011,0,0),(4,55,1012,0,0),(4,55,1013,0,0),(4,55,1014,0,0),(4,55,1015,0,0),(4,55,1016,0,0),(4,56,1017,0,0),(4,56,1018,0,0),(4,56,1019,0,0),(4,56,1020,0,0),(4,56,1021,0,0),(4,56,1022,0,0),(4,56,1023,0,0),(4,56,1024,0,0),(4,56,1025,0,0),(4,56,1026,0,0),(4,56,1027,0,0),(4,56,1028,0,0),(4,56,1029,0,0),(4,56,1030,0,0),(4,57,1031,0,0),(4,57,1032,0,0),(4,57,1033,0,0),(4,57,1034,0,0),(4,57,1035,0,0),(4,57,1036,0,0),(4,57,1037,0,0),(4,57,1038,0,0),(4,57,1039,0,0),(4,57,1040,0,0),(4,58,1041,0,0),(4,58,1042,0,0),(4,58,1043,0,0),(4,58,1044,0,0),(4,58,1045,0,0),(4,58,1046,0,0),(4,58,1047,0,0),(4,58,1048,0,0),(4,58,1049,0,0),(4,58,1050,0,0),(4,58,1051,0,0),(4,59,1052,0,0),(4,59,1053,0,0),(4,59,1054,0,0),(4,59,1055,0,0),(4,59,1056,0,0),(4,59,1057,0,0),(4,59,1058,0,0),(4,59,1059,0,0),(4,59,1060,0,0),(4,59,1061,0,0),(4,59,1062,0,0),(4,59,1063,0,0),(4,59,1064,0,0),(4,59,1065,0,0),(4,59,1066,0,0),(4,60,1074,0,0),(4,60,1075,0,0),(4,60,1076,0,0),(4,60,1077,0,0),(4,60,1078,0,0),(4,60,1079,0,0),(4,60,1080,0,0),(4,60,1081,0,0),(4,60,1082,0,0),(4,60,1083,0,0),(4,60,1084,0,0),(4,60,1085,0,0),(4,60,1086,0,0),(4,60,1087,0,0),(4,60,1088,0,0),(4,60,1089,0,0),(4,61,1090,0,0),(4,61,1091,0,0),(4,61,1092,0,0),(4,61,1093,0,0),(4,61,1094,0,0),(4,61,1095,0,0),(4,61,1096,0,0),(4,61,1097,0,0),(4,60,1098,0,0),(4,60,1099,0,0),(4,60,1100,0,0),(4,60,1101,0,0),(4,60,1102,0,0),(4,60,1103,0,0),(4,60,1104,0,0),(4,60,1105,0,0),(4,60,1106,0,0),(4,60,1107,0,0),(4,60,1108,0,0),(4,60,1109,0,0),(4,60,1110,0,0),(4,60,1111,0,0),(4,60,1112,0,0),(4,60,1113,0,0),(4,60,1114,0,0),(4,60,1115,0,0),(4,60,1116,0,0),(4,60,1117,0,0),(4,60,1118,0,0),(4,60,1119,0,0),(4,60,1120,0,0),(4,61,1121,0,0),(4,61,1122,0,0),(4,61,1123,0,0),(4,61,1124,0,0),(4,61,1125,0,0),(4,61,1126,0,0),(4,13,1127,0,0),(4,13,1128,0,0),(4,13,1129,0,0),(4,13,1130,0,0),(4,13,1131,0,0),(4,13,1132,0,0),(4,13,1133,0,0),(4,26,1134,0,0),(4,26,1135,0,0),(4,4,1136,0,0),(4,4,1137,0,0),(4,4,1138,0,0),(4,4,1139,0,0),(4,4,1140,0,0),(4,4,1141,0,0),(4,4,1142,0,0),(4,4,1143,0,0),(4,4,1144,0,0),(4,4,1145,0,0),(4,4,1146,0,0),(4,4,1147,0,0),(4,4,1148,0,0),(4,4,1149,0,0),(4,4,1150,0,0),(4,4,1151,0,0),(4,4,1152,0,0),(4,4,1153,0,0),(4,4,1154,0,0),(4,2,1155,0,0),(4,2,1156,0,0),(4,6,1157,0,0),(4,6,1158,0,0),(4,6,1159,0,0),(4,6,1160,0,0),(4,6,1161,0,0),(4,6,1162,0,0),(4,6,1163,0,0),(4,6,1164,0,0),(4,6,1165,0,0),(4,6,1166,0,0),(4,6,1167,0,0),(4,6,1168,0,0),(4,6,1169,0,0),(4,61,1170,0,0),(4,61,1171,0,0),(4,61,1172,0,0),(4,61,1173,0,0),(4,61,1174,0,0),(4,61,1175,0,0),(4,61,1176,0,0),(4,61,1177,0,0),(4,61,1178,0,0),(4,61,1179,0,0),(4,61,1180,0,0),(4,61,1181,0,0),(4,61,1182,0,0),(4,61,1183,0,0),(4,62,1184,0,0),(4,62,1185,0,0),(4,62,1186,0,0),(4,62,1187,0,0),(4,62,1188,0,0),(4,62,1189,0,0),(4,62,1190,0,0),(4,62,1191,0,0),(4,62,1192,0,0),(4,62,1193,0,0),(4,62,1194,0,0),(4,62,1195,0,0),(4,62,1196,0,0),(4,62,1197,0,0),(4,62,1198,0,0),(4,62,1199,0,0),(4,62,1200,0,0),(4,62,1201,0,0),(4,62,1202,0,0),(4,62,1203,0,0),(4,62,1204,0,0),(4,62,1205,0,0),(4,62,1206,0,0),(4,62,1207,0,0),(4,63,1208,0,0),(4,63,1209,0,0),(4,63,1210,0,0),(4,63,1211,0,0),(4,63,1212,0,0),(4,63,1213,0,0),(4,63,1214,0,0),(4,63,1215,0,0),(4,63,1216,0,0),(4,63,1217,0,0),(4,63,1218,0,0),(4,63,1219,0,0),(4,63,1220,0,0),(4,63,1221,0,0),(4,63,1222,0,0),(4,64,1223,0,0),(4,64,1224,0,0),(4,64,1225,0,0),(4,64,1226,0,0),(4,64,1227,0,0),(4,64,1228,0,0),(4,64,1229,0,0),(4,64,1230,0,0),(4,64,1231,0,0),(4,64,1232,0,0),(4,64,1233,0,0),(4,64,1234,0,0),(4,64,1235,0,0),(4,64,1236,0,0),(4,64,1237,0,0),(4,64,1238,0,0),(4,64,1239,0,0),(4,64,1240,0,0),(4,64,1241,0,0),(4,64,1242,0,0),(4,64,1243,0,0),(4,64,1244,0,0),(4,64,1245,0,0),(4,64,1246,0,0),(4,64,1247,0,0),(4,60,1248,0,0),(4,60,1249,0,0),(4,60,1250,0,0);

--
-- Table structure for table `vtiger_profile2globalpermissions`
--

CREATE TABLE `vtiger_profile2globalpermissions` (
  `profileid` int(19) NOT NULL,
  `globalactionid` int(19) NOT NULL,
  `globalactionpermission` int(19) DEFAULT NULL,
  PRIMARY KEY (`profileid`,`globalactionid`),
  KEY `idx_profile2globalpermissions` (`profileid`,`globalactionid`),
  CONSTRAINT `fk_1_vtiger_profile2globalpermissions` FOREIGN KEY (`profileid`) REFERENCES `vtiger_profile` (`profileid`) ON DELETE CASCADE
) ENGINE=InnoDB DEFAULT CHARSET=utf8 COLLATE=utf8_general_ci;

--
-- Dumping data for table `vtiger_profile2globalpermissions`
--

INSERT INTO `vtiger_profile2globalpermissions` VALUES (1,1,0),(1,2,0),(2,1,1),(2,2,1),(3,1,1),(3,2,1),(4,1,1),(4,2,1);

--
-- Table structure for table `vtiger_profile2standardpermissions`
--

CREATE TABLE `vtiger_profile2standardpermissions` (
  `profileid` int(11) NOT NULL,
  `tabid` int(10) NOT NULL,
  `operation` int(10) NOT NULL,
  `permissions` int(1) DEFAULT NULL,
  PRIMARY KEY (`profileid`,`tabid`,`operation`),
  KEY `profile2standardpermissions_profileid_tabid_operation_idx` (`profileid`,`tabid`,`operation`)
) ENGINE=InnoDB DEFAULT CHARSET=utf8 COLLATE=utf8_general_ci;

--
-- Dumping data for table `vtiger_profile2standardpermissions`
--

INSERT INTO `vtiger_profile2standardpermissions` VALUES (1,2,0,0),(1,2,1,0),(1,2,2,0),(1,2,3,0),(1,2,4,0),(1,2,7,0),(1,4,0,0),(1,4,1,0),(1,4,2,0),(1,4,3,0),(1,4,4,0),(1,4,7,0),(1,6,0,0),(1,6,1,0),(1,6,2,0),(1,6,3,0),(1,6,4,0),(1,6,7,0),(1,7,0,0),(1,7,1,0),(1,7,2,0),(1,7,3,0),(1,7,4,0),(1,7,7,0),(1,8,0,0),(1,8,1,0),(1,8,2,0),(1,8,3,0),(1,8,4,0),(1,8,7,0),(1,9,0,0),(1,9,1,0),(1,9,2,0),(1,9,3,0),(1,9,4,0),(1,9,7,0),(1,10,0,0),(1,10,1,0),(1,10,2,0),(1,10,4,0),(1,13,0,0),(1,13,1,0),(1,13,2,0),(1,13,3,0),(1,13,4,0),(1,13,7,0),(1,14,0,0),(1,14,1,0),(1,14,2,0),(1,14,3,0),(1,14,4,0),(1,14,7,0),(1,15,0,0),(1,15,1,0),(1,15,2,0),(1,15,3,0),(1,15,4,0),(1,15,7,0),(1,16,0,0),(1,16,1,0),(1,16,2,0),(1,16,3,0),(1,16,4,0),(1,16,7,0),(1,18,0,0),(1,18,1,0),(1,18,2,0),(1,18,3,0),(1,18,4,0),(1,18,7,0),(1,19,0,0),(1,19,1,0),(1,19,2,0),(1,19,3,0),(1,19,4,0),(1,19,7,0),(1,20,0,0),(1,20,1,0),(1,20,2,0),(1,20,3,0),(1,20,4,0),(1,20,7,0),(1,21,0,0),(1,21,1,0),(1,21,2,0),(1,21,3,0),(1,21,4,0),(1,21,7,0),(1,22,0,0),(1,22,1,0),(1,22,2,0),(1,22,3,0),(1,22,4,0),(1,22,7,0),(1,23,0,0),(1,23,1,0),(1,23,2,0),(1,23,3,0),(1,23,4,0),(1,23,7,0),(1,25,0,1),(1,25,1,1),(1,25,2,1),(1,25,3,0),(1,25,4,0),(1,25,7,1),(1,26,0,0),(1,26,1,0),(1,26,2,0),(1,26,3,0),(1,26,4,0),(1,26,7,0),(1,31,0,0),(1,31,1,0),(1,31,2,0),(1,31,3,0),(1,31,4,0),(1,31,7,0),(1,32,0,0),(1,32,1,0),(1,32,2,0),(1,32,3,0),(1,32,4,0),(1,32,7,0),(1,37,0,0),(1,37,1,0),(1,37,2,0),(1,37,3,0),(1,37,4,0),(1,37,7,0),(1,38,0,0),(1,38,1,0),(1,38,2,0),(1,38,3,0),(1,38,4,0),(1,38,7,0),(1,42,0,0),(1,42,1,0),(1,42,2,0),(1,42,3,0),(1,42,4,0),(1,42,7,0),(1,43,0,0),(1,43,1,0),(1,43,2,0),(1,43,3,0),(1,43,4,0),(1,43,7,0),(1,44,0,0),(1,44,1,0),(1,44,2,0),(1,44,3,0),(1,44,4,0),(1,44,7,0),(1,46,0,0),(1,46,1,0),(1,46,2,0),(1,46,3,0),(1,46,4,0),(1,46,7,0),(1,47,0,0),(1,47,1,0),(1,47,2,0),(1,47,3,0),(1,47,4,0),(1,47,7,0),(1,52,0,0),(1,52,1,0),(1,52,2,0),(1,52,3,0),(1,52,4,0),(1,52,7,0),(1,53,0,0),(1,53,1,0),(1,53,2,0),(1,53,3,0),(1,53,4,0),(1,53,7,0),(1,54,0,0),(1,54,1,0),(1,54,2,0),(1,54,3,0),(1,54,4,0),(1,54,7,0),(1,55,0,0),(1,55,1,0),(1,55,2,0),(1,55,3,0),(1,55,4,0),(1,55,7,0),(1,56,0,0),(1,56,1,0),(1,56,2,0),(1,56,3,0),(1,56,4,0),(1,56,7,0),(1,57,0,0),(1,57,1,0),(1,57,2,0),(1,57,3,0),(1,57,4,0),(1,57,7,0),(1,58,0,0),(1,58,1,0),(1,58,2,0),(1,58,3,0),(1,58,4,0),(1,58,7,0),(1,59,0,0),(1,59,1,0),(1,59,2,0),(1,59,3,0),(1,59,4,0),(1,59,7,0),(1,60,0,0),(1,60,1,0),(1,60,2,0),(1,60,3,0),(1,60,4,0),(1,60,7,0),(1,61,0,0),(1,61,1,0),(1,61,2,0),(1,61,3,0),(1,61,4,0),(1,61,7,0),(1,62,0,0),(1,62,1,0),(1,62,2,0),(1,62,3,0),(1,62,4,0),(1,62,7,0),(1,63,0,0),(1,63,1,0),(1,63,2,0),(1,63,3,0),(1,63,4,0),(1,63,7,0),(1,64,0,0),(1,64,1,0),(1,64,2,0),(1,64,3,0),(1,64,4,0),(1,64,7,0),(2,2,0,0),(2,2,1,0),(2,2,2,0),(2,2,3,0),(2,2,4,0),(2,2,7,0),(2,4,0,0),(2,4,1,0),(2,4,2,0),(2,4,3,0),(2,4,4,0),(2,4,7,0),(2,6,0,0),(2,6,1,0),(2,6,2,0),(2,6,3,0),(2,6,4,0),(2,6,7,0),(2,7,0,0),(2,7,1,0),(2,7,2,0),(2,7,3,0),(2,7,4,0),(2,7,7,0),(2,8,0,0),(2,8,1,0),(2,8,2,0),(2,8,3,0),(2,8,4,0),(2,8,7,0),(2,9,0,0),(2,9,1,0),(2,9,2,0),(2,9,3,0),(2,9,4,0),(2,9,7,0),(2,10,0,0),(2,10,1,0),(2,10,2,0),(2,10,4,0),(2,13,0,1),(2,13,1,1),(2,13,2,1),(2,13,3,0),(2,13,4,0),(2,13,7,1),(2,14,0,0),(2,14,1,0),(2,14,2,0),(2,14,3,0),(2,14,4,0),(2,14,7,0),(2,15,0,0),(2,15,1,0),(2,15,2,0),(2,15,3,0),(2,15,4,0),(2,15,7,0),(2,16,0,0),(2,16,1,0),(2,16,2,0),(2,16,3,0),(2,16,4,0),(2,16,7,0),(2,18,0,0),(2,18,1,0),(2,18,2,0),(2,18,3,0),(2,18,4,0),(2,18,7,0),(2,19,0,0),(2,19,1,0),(2,19,2,0),(2,19,3,0),(2,19,4,0),(2,19,7,0),(2,20,0,0),(2,20,1,0),(2,20,2,0),(2,20,3,0),(2,20,4,0),(2,20,7,0),(2,21,0,0),(2,21,1,0),(2,21,2,0),(2,21,3,0),(2,21,4,0),(2,21,7,0),(2,22,0,0),(2,22,1,0),(2,22,2,0),(2,22,3,0),(2,22,4,0),(2,22,7,0),(2,23,0,0),(2,23,1,0),(2,23,2,0),(2,23,3,0),(2,23,4,0),(2,23,7,0),(2,25,0,1),(2,25,1,1),(2,25,2,1),(2,25,3,0),(2,25,4,0),(2,25,7,1),(2,26,0,0),(2,26,1,0),(2,26,2,0),(2,26,3,0),(2,26,4,0),(2,26,7,0),(2,31,0,0),(2,31,1,0),(2,31,2,0),(2,31,3,0),(2,31,4,0),(2,31,7,0),(2,32,0,0),(2,32,1,0),(2,32,2,0),(2,32,3,0),(2,32,4,0),(2,32,7,0),(2,37,0,0),(2,37,1,0),(2,37,2,0),(2,37,3,0),(2,37,4,0),(2,37,7,0),(2,38,0,0),(2,38,1,0),(2,38,2,0),(2,38,3,0),(2,38,4,0),(2,38,7,0),(2,42,0,0),(2,42,1,0),(2,42,2,0),(2,42,3,0),(2,42,4,0),(2,42,7,0),(2,43,0,0),(2,43,1,0),(2,43,2,0),(2,43,3,0),(2,43,4,0),(2,43,7,0),(2,44,0,0),(2,44,1,0),(2,44,2,0),(2,44,3,0),(2,44,4,0),(2,44,7,0),(2,46,0,0),(2,46,1,0),(2,46,2,0),(2,46,3,0),(2,46,4,0),(2,46,7,0),(2,47,0,0),(2,47,1,0),(2,47,2,0),(2,47,3,0),(2,47,4,0),(2,47,7,0),(2,52,0,0),(2,52,1,0),(2,52,2,0),(2,52,3,0),(2,52,4,0),(2,52,7,0),(2,53,0,0),(2,53,1,0),(2,53,2,0),(2,53,3,0),(2,53,4,0),(2,53,7,0),(2,54,0,0),(2,54,1,0),(2,54,2,0),(2,54,3,0),(2,54,4,0),(2,54,7,0),(2,55,0,0),(2,55,1,0),(2,55,2,0),(2,55,3,0),(2,55,4,0),(2,55,7,0),(2,56,0,0),(2,56,1,0),(2,56,2,0),(2,56,3,0),(2,56,4,0),(2,56,7,0),(2,57,0,0),(2,57,1,0),(2,57,2,0),(2,57,3,0),(2,57,4,0),(2,57,7,0),(2,58,0,0),(2,58,1,0),(2,58,2,0),(2,58,3,0),(2,58,4,0),(2,58,7,0),(2,59,0,0),(2,59,1,0),(2,59,2,0),(2,59,3,0),(2,59,4,0),(2,59,7,0),(2,60,0,0),(2,60,1,0),(2,60,2,0),(2,60,3,0),(2,60,4,0),(2,60,7,0),(2,61,0,0),(2,61,1,0),(2,61,2,0),(2,61,3,0),(2,61,4,0),(2,61,7,0),(2,62,0,0),(2,62,1,0),(2,62,2,0),(2,62,3,0),(2,62,4,0),(2,62,7,0),(2,63,0,0),(2,63,1,0),(2,63,2,0),(2,63,3,0),(2,63,4,0),(2,63,7,0),(2,64,0,0),(2,64,1,0),(2,64,2,0),(2,64,3,0),(2,64,4,0),(2,64,7,0),(3,2,0,1),(3,2,1,1),(3,2,2,1),(3,2,3,0),(3,2,4,0),(3,2,7,1),(3,4,0,0),(3,4,1,0),(3,4,2,0),(3,4,3,0),(3,4,4,0),(3,4,7,0),(3,6,0,0),(3,6,1,0),(3,6,2,0),(3,6,3,0),(3,6,4,0),(3,6,7,0),(3,7,0,0),(3,7,1,0),(3,7,2,0),(3,7,3,0),(3,7,4,0),(3,7,7,0),(3,8,0,0),(3,8,1,0),(3,8,2,0),(3,8,3,0),(3,8,4,0),(3,8,7,0),(3,9,0,0),(3,9,1,0),(3,9,2,0),(3,9,3,0),(3,9,4,0),(3,9,7,0),(3,10,0,0),(3,10,1,0),(3,10,2,0),(3,10,4,0),(3,13,0,0),(3,13,1,0),(3,13,2,0),(3,13,3,0),(3,13,4,0),(3,13,7,0),(3,14,0,0),(3,14,1,0),(3,14,2,0),(3,14,3,0),(3,14,4,0),(3,14,7,0),(3,15,0,0),(3,15,1,0),(3,15,2,0),(3,15,3,0),(3,15,4,0),(3,15,7,0),(3,16,0,0),(3,16,1,0),(3,16,2,0),(3,16,3,0),(3,16,4,0),(3,16,7,0),(3,18,0,0),(3,18,1,0),(3,18,2,0),(3,18,3,0),(3,18,4,0),(3,18,7,0),(3,19,0,0),(3,19,1,0),(3,19,2,0),(3,19,3,0),(3,19,4,0),(3,19,7,0),(3,20,0,0),(3,20,1,0),(3,20,2,0),(3,20,3,0),(3,20,4,0),(3,20,7,0),(3,21,0,0),(3,21,1,0),(3,21,2,0),(3,21,3,0),(3,21,4,0),(3,21,7,0),(3,22,0,0),(3,22,1,0),(3,22,2,0),(3,22,3,0),(3,22,4,0),(3,22,7,0),(3,23,0,0),(3,23,1,0),(3,23,2,0),(3,23,3,0),(3,23,4,0),(3,23,7,0),(3,25,0,1),(3,25,1,1),(3,25,2,1),(3,25,3,0),(3,25,4,0),(3,25,7,1),(3,26,0,0),(3,26,1,0),(3,26,2,0),(3,26,3,0),(3,26,4,0),(3,26,7,0),(3,31,0,0),(3,31,1,0),(3,31,2,0),(3,31,3,0),(3,31,4,0),(3,31,7,0),(3,32,0,0),(3,32,1,0),(3,32,2,0),(3,32,3,0),(3,32,4,0),(3,32,7,0),(3,37,0,0),(3,37,1,0),(3,37,2,0),(3,37,3,0),(3,37,4,0),(3,37,7,0),(3,38,0,0),(3,38,1,0),(3,38,2,0),(3,38,3,0),(3,38,4,0),(3,38,7,0),(3,42,0,0),(3,42,1,0),(3,42,2,0),(3,42,3,0),(3,42,4,0),(3,42,7,0),(3,43,0,0),(3,43,1,0),(3,43,2,0),(3,43,3,0),(3,43,4,0),(3,43,7,0),(3,44,0,0),(3,44,1,0),(3,44,2,0),(3,44,3,0),(3,44,4,0),(3,44,7,0),(3,46,0,0),(3,46,1,0),(3,46,2,0),(3,46,3,0),(3,46,4,0),(3,46,7,0),(3,47,0,0),(3,47,1,0),(3,47,2,0),(3,47,3,0),(3,47,4,0),(3,47,7,0),(3,52,0,0),(3,52,1,0),(3,52,2,0),(3,52,3,0),(3,52,4,0),(3,52,7,0),(3,53,0,0),(3,53,1,0),(3,53,2,0),(3,53,3,0),(3,53,4,0),(3,53,7,0),(3,54,0,0),(3,54,1,0),(3,54,2,0),(3,54,3,0),(3,54,4,0),(3,54,7,0),(3,55,0,0),(3,55,1,0),(3,55,2,0),(3,55,3,0),(3,55,4,0),(3,55,7,0),(3,56,0,0),(3,56,1,0),(3,56,2,0),(3,56,3,0),(3,56,4,0),(3,56,7,0),(3,57,0,0),(3,57,1,0),(3,57,2,0),(3,57,3,0),(3,57,4,0),(3,57,7,0),(3,58,0,0),(3,58,1,0),(3,58,2,0),(3,58,3,0),(3,58,4,0),(3,58,7,0),(3,59,0,0),(3,59,1,0),(3,59,2,0),(3,59,3,0),(3,59,4,0),(3,59,7,0),(3,60,0,0),(3,60,1,0),(3,60,2,0),(3,60,3,0),(3,60,4,0),(3,60,7,0),(3,61,0,0),(3,61,1,0),(3,61,2,0),(3,61,3,0),(3,61,4,0),(3,61,7,0),(3,62,0,0),(3,62,1,0),(3,62,2,0),(3,62,3,0),(3,62,4,0),(3,62,7,0),(3,63,0,0),(3,63,1,0),(3,63,2,0),(3,63,3,0),(3,63,4,0),(3,63,7,0),(3,64,0,0),(3,64,1,0),(3,64,2,0),(3,64,3,0),(3,64,4,0),(3,64,7,0),(4,2,0,1),(4,2,1,1),(4,2,2,1),(4,2,3,0),(4,2,4,0),(4,2,7,1),(4,4,0,1),(4,4,1,1),(4,4,2,1),(4,4,3,0),(4,4,4,0),(4,4,7,1),(4,6,0,1),(4,6,1,1),(4,6,2,1),(4,6,3,0),(4,6,4,0),(4,6,7,1),(4,7,0,1),(4,7,1,1),(4,7,2,1),(4,7,3,0),(4,7,4,0),(4,7,7,1),(4,8,0,1),(4,8,1,1),(4,8,2,1),(4,8,3,0),(4,8,4,0),(4,8,7,1),(4,9,0,1),(4,9,1,1),(4,9,2,1),(4,9,3,0),(4,9,4,0),(4,9,7,1),(4,10,0,0),(4,10,1,0),(4,10,2,0),(4,10,4,0),(4,13,0,1),(4,13,1,1),(4,13,2,1),(4,13,3,0),(4,13,4,0),(4,13,7,1),(4,14,0,1),(4,14,1,1),(4,14,2,1),(4,14,3,0),(4,14,4,0),(4,14,7,1),(4,15,0,1),(4,15,1,1),(4,15,2,1),(4,15,3,0),(4,15,4,0),(4,15,7,1),(4,16,0,1),(4,16,1,1),(4,16,2,1),(4,16,3,0),(4,16,4,0),(4,16,7,1),(4,18,0,1),(4,18,1,1),(4,18,2,1),(4,18,3,0),(4,18,4,0),(4,18,7,1),(4,19,0,1),(4,19,1,1),(4,19,2,1),(4,19,3,0),(4,19,4,0),(4,19,7,1),(4,20,0,1),(4,20,1,1),(4,20,2,1),(4,20,3,0),(4,20,4,0),(4,20,7,1),(4,21,0,1),(4,21,1,1),(4,21,2,1),(4,21,3,0),(4,21,4,0),(4,21,7,1),(4,22,0,1),(4,22,1,1),(4,22,2,1),(4,22,3,0),(4,22,4,0),(4,22,7,1),(4,23,0,1),(4,23,1,1),(4,23,2,1),(4,23,3,0),(4,23,4,0),(4,23,7,1),(4,25,0,1),(4,25,1,1),(4,25,2,1),(4,25,3,0),(4,25,4,0),(4,25,7,1),(4,26,0,1),(4,26,1,1),(4,26,2,1),(4,26,3,0),(4,26,4,0),(4,26,7,1),(4,31,0,0),(4,31,1,0),(4,31,2,0),(4,31,3,0),(4,31,4,0),(4,31,7,0),(4,32,0,0),(4,32,1,0),(4,32,2,0),(4,32,3,0),(4,32,4,0),(4,32,7,0),(4,37,0,0),(4,37,1,0),(4,37,2,0),(4,37,3,0),(4,37,4,0),(4,37,7,0),(4,38,0,0),(4,38,1,0),(4,38,2,0),(4,38,3,0),(4,38,4,0),(4,38,7,0),(4,42,0,0),(4,42,1,0),(4,42,2,0),(4,42,3,0),(4,42,4,0),(4,42,7,0),(4,43,0,0),(4,43,1,0),(4,43,2,0),(4,43,3,0),(4,43,4,0),(4,43,7,0),(4,44,0,0),(4,44,1,0),(4,44,2,0),(4,44,3,0),(4,44,4,0),(4,44,7,0),(4,46,0,0),(4,46,1,0),(4,46,2,0),(4,46,3,0),(4,46,4,0),(4,46,7,0),(4,47,0,0),(4,47,1,0),(4,47,2,0),(4,47,3,0),(4,47,4,0),(4,47,7,0),(4,52,0,0),(4,52,1,0),(4,52,2,0),(4,52,3,0),(4,52,4,0),(4,52,7,0),(4,53,0,0),(4,53,1,0),(4,53,2,0),(4,53,3,0),(4,53,4,0),(4,53,7,0),(4,54,0,0),(4,54,1,0),(4,54,2,0),(4,54,3,0),(4,54,4,0),(4,54,7,0),(4,55,0,0),(4,55,1,0),(4,55,2,0),(4,55,3,0),(4,55,4,0),(4,55,7,0),(4,56,0,0),(4,56,1,0),(4,56,2,0),(4,56,3,0),(4,56,4,0),(4,56,7,0),(4,57,0,0),(4,57,1,0),(4,57,2,0),(4,57,3,0),(4,57,4,0),(4,57,7,0),(4,58,0,0),(4,58,1,0),(4,58,2,0),(4,58,3,0),(4,58,4,0),(4,58,7,0),(4,59,0,0),(4,59,1,0),(4,59,2,0),(4,59,3,0),(4,59,4,0),(4,59,7,0),(4,60,0,0),(4,60,1,0),(4,60,2,0),(4,60,3,0),(4,60,4,0),(4,60,7,0),(4,61,0,0),(4,61,1,0),(4,61,2,0),(4,61,3,0),(4,61,4,0),(4,61,7,0),(4,62,0,0),(4,62,1,0),(4,62,2,0),(4,62,3,0),(4,62,4,0),(4,62,7,0),(4,63,0,0),(4,63,1,0),(4,63,2,0),(4,63,3,0),(4,63,4,0),(4,63,7,0),(4,64,0,0),(4,64,1,0),(4,64,2,0),(4,64,3,0),(4,64,4,0),(4,64,7,0);

--
-- Table structure for table `vtiger_profile2tab`
--

CREATE TABLE `vtiger_profile2tab` (
  `profileid` int(11) DEFAULT NULL,
  `tabid` int(10) DEFAULT NULL,
  `permissions` int(10) NOT NULL DEFAULT 0,
  KEY `profile2tab_profileid_tabid_idx` (`profileid`,`tabid`)
) ENGINE=InnoDB DEFAULT CHARSET=utf8 COLLATE=utf8_general_ci;

--
-- Dumping data for table `vtiger_profile2tab`
--

INSERT INTO `vtiger_profile2tab` VALUES (1,1,0),(1,2,0),(1,3,0),(1,4,0),(1,6,0),(1,7,0),(1,8,0),(1,9,0),(1,10,0),(1,13,0),(1,14,0),(1,15,0),(1,16,0),(1,18,0),(1,19,0),(1,20,0),(1,21,0),(1,22,0),(1,23,0),(1,24,0),(1,25,0),(1,26,0),(1,27,0),(2,1,0),(2,2,0),(2,3,0),(2,4,0),(2,6,0),(2,7,0),(2,8,0),(2,9,0),(2,10,0),(2,13,0),(2,14,0),(2,15,0),(2,16,0),(2,18,0),(2,19,0),(2,20,0),(2,21,0),(2,22,0),(2,23,0),(2,24,0),(2,25,0),(2,26,0),(2,27,0),(3,1,0),(3,2,0),(3,3,0),(3,4,0),(3,6,0),(3,7,0),(3,8,0),(3,9,0),(3,10,0),(3,13,0),(3,14,0),(3,15,0),(3,16,0),(3,18,0),(3,19,0),(3,20,0),(3,21,0),(3,22,0),(3,23,0),(3,24,0),(3,25,0),(3,26,0),(3,27,0),(4,1,0),(4,2,0),(4,3,0),(4,4,0),(4,6,0),(4,7,0),(4,8,0),(4,9,0),(4,10,0),(4,13,0),(4,14,0),(4,15,0),(4,16,0),(4,18,0),(4,19,0),(4,20,0),(4,21,0),(4,22,0),(4,23,0),(4,24,0),(4,25,0),(4,26,0),(4,27,0),(1,30,0),(2,30,0),(3,30,0),(4,30,0),(1,31,0),(2,31,0),(3,31,0),(4,31,0),(1,32,0),(2,32,0),(3,32,0),(4,32,0),(1,33,0),(2,33,0),(3,33,0),(4,33,0),(1,34,0),(2,34,0),(3,34,0),(4,34,0),(1,35,0),(2,35,0),(3,35,0),(4,35,0),(1,36,0),(2,36,0),(3,36,0),(4,36,0),(1,37,0),(2,37,0),(3,37,0),(4,37,0),(1,38,0),(2,38,0),(3,38,0),(4,38,0),(1,39,0),(2,39,0),(3,39,0),(4,39,0),(1,40,0),(2,40,0),(3,40,0),(4,40,0),(1,41,0),(2,41,0),(3,41,0),(4,41,0),(1,42,0),(2,42,0),(3,42,0),(4,42,0),(1,43,0),(2,43,0),(3,43,0),(4,43,0),(1,44,0),(2,44,0),(3,44,0),(4,44,0),(1,45,0),(2,45,0),(3,45,0),(4,45,0),(1,46,0),(2,46,0),(3,46,0),(4,46,0),(1,47,0),(2,47,0),(3,47,0),(4,47,0),(1,48,0),(2,48,0),(3,48,0),(4,48,0),(1,49,0),(2,49,0),(3,49,0),(4,49,0),(1,50,0),(2,50,0),(3,50,0),(4,50,0),(1,51,0),(2,51,0),(3,51,0),(4,51,0),(1,52,0),(2,52,0),(3,52,0),(4,52,0),(1,53,0),(2,53,0),(3,53,0),(4,53,0),(1,54,0),(2,54,0),(3,54,0),(4,54,0),(1,55,0),(2,55,0),(3,55,0),(4,55,0),(1,56,0),(2,56,0),(3,56,0),(4,56,0),(1,57,0),(2,57,0),(3,57,0),(4,57,0),(1,58,0),(2,58,0),(3,58,0),(4,58,0),(1,59,0),(2,59,0),(3,59,0),(4,59,0),(1,60,0),(2,60,0),(3,60,0),(4,60,0),(1,61,0),(2,61,0),(3,61,0),(4,61,0),(1,62,0),(2,62,0),(3,62,0),(4,62,0),(1,63,0),(2,63,0),(3,63,0),(4,63,0),(1,64,0),(2,64,0),(3,64,0),(4,64,0);

--
-- Table structure for table `vtiger_profile2utility`
--

CREATE TABLE `vtiger_profile2utility` (
  `profileid` int(11) NOT NULL,
  `tabid` int(11) NOT NULL,
  `activityid` int(11) NOT NULL,
  `permission` int(1) DEFAULT NULL,
  PRIMARY KEY (`profileid`,`tabid`,`activityid`),
  KEY `profile2utility_profileid_tabid_activityid_idx` (`profileid`,`tabid`,`activityid`)
) ENGINE=InnoDB DEFAULT CHARSET=utf8 COLLATE=utf8_general_ci;

--
-- Dumping data for table `vtiger_profile2utility`
--

INSERT INTO `vtiger_profile2utility` VALUES (1,2,5,0),(1,2,6,0),(1,2,10,0),(1,4,5,0),(1,4,6,0),(1,4,8,0),(1,4,10,0),(1,6,5,0),(1,6,6,0),(1,6,8,0),(1,6,10,0),(1,7,5,0),(1,7,6,0),(1,7,8,0),(1,7,9,0),(1,7,10,0),(1,8,6,0),(1,9,5,0),(1,9,6,0),(1,13,5,0),(1,13,6,0),(1,13,8,0),(1,13,10,0),(1,14,5,0),(1,14,6,0),(1,14,10,0),(1,18,5,0),(1,18,6,0),(1,18,10,0),(1,19,5,1),(1,19,6,1),(1,19,10,1),(1,20,5,0),(1,20,6,0),(1,21,5,0),(1,21,6,0),(1,22,5,0),(1,22,6,0),(1,23,5,0),(1,23,6,0),(1,25,6,0),(1,25,13,0),(1,31,5,0),(1,31,6,0),(1,31,10,0),(1,32,5,0),(1,32,6,0),(1,32,10,0),(1,37,11,0),(1,37,12,0),(1,42,5,1),(1,42,6,1),(1,42,10,1),(1,43,5,0),(1,43,6,0),(1,43,10,0),(1,44,5,0),(1,44,6,0),(1,44,10,0),(1,52,5,0),(1,52,6,0),(1,52,8,0),(1,52,10,0),(1,53,5,0),(1,53,6,0),(1,53,8,0),(1,54,5,0),(1,54,6,0),(1,54,8,0),(1,54,10,0),(1,55,5,0),(1,55,6,0),(1,55,8,0),(1,56,5,0),(1,56,6,0),(1,56,8,0),(1,56,10,0),(1,57,5,0),(1,57,6,0),(1,57,8,0),(1,58,5,0),(1,58,6,0),(1,58,8,0),(1,59,5,0),(1,59,6,0),(1,59,8,0),(1,60,5,0),(1,60,6,0),(1,60,8,0),(1,61,5,0),(1,61,6,0),(1,61,8,0),(1,62,5,0),(1,62,6,0),(1,62,8,0),(1,62,10,0),(1,63,5,0),(1,63,6,0),(1,63,8,0),(1,63,10,0),(1,64,5,0),(1,64,6,0),(1,64,8,0),(2,2,5,1),(2,2,6,1),(2,2,10,0),(2,4,5,1),(2,4,6,1),(2,4,8,0),(2,4,10,0),(2,6,5,1),(2,6,6,1),(2,6,8,0),(2,6,10,0),(2,7,5,1),(2,7,6,1),(2,7,8,0),(2,7,9,0),(2,7,10,0),(2,8,6,1),(2,9,5,0),(2,9,6,0),(2,13,5,1),(2,13,6,1),(2,13,8,0),(2,13,10,0),(2,14,5,1),(2,14,6,1),(2,14,10,0),(2,18,5,1),(2,18,6,1),(2,18,10,0),(2,19,5,1),(2,19,6,1),(2,19,10,1),(2,20,5,0),(2,20,6,0),(2,21,5,0),(2,21,6,0),(2,22,5,0),(2,22,6,0),(2,23,5,0),(2,23,6,0),(2,25,6,0),(2,25,13,0),(2,31,5,0),(2,31,6,0),(2,31,10,0),(2,32,5,0),(2,32,6,0),(2,32,10,0),(2,37,11,0),(2,37,12,0),(2,42,5,1),(2,42,6,1),(2,42,10,1),(2,43,5,0),(2,43,6,0),(2,43,10,0),(2,44,5,0),(2,44,6,0),(2,44,10,0),(2,52,5,0),(2,52,6,0),(2,52,8,0),(2,52,10,0),(2,53,5,0),(2,53,6,0),(2,53,8,0),(2,54,5,0),(2,54,6,0),(2,54,8,0),(2,54,10,0),(2,55,5,0),(2,55,6,0),(2,55,8,0),(2,56,5,0),(2,56,6,0),(2,56,8,0),(2,56,10,0),(2,57,5,0),(2,57,6,0),(2,57,8,0),(2,58,5,0),(2,58,6,0),(2,58,8,0),(2,59,5,0),(2,59,6,0),(2,59,8,0),(2,60,5,0),(2,60,6,0),(2,60,8,0),(2,61,5,0),(2,61,6,0),(2,61,8,0),(2,62,5,0),(2,62,6,0),(2,62,8,0),(2,62,10,0),(2,63,5,0),(2,63,6,0),(2,63,8,0),(2,63,10,0),(2,64,5,0),(2,64,6,0),(2,64,8,0),(3,2,5,1),(3,2,6,1),(3,2,10,0),(3,4,5,1),(3,4,6,1),(3,4,8,0),(3,4,10,0),(3,6,5,1),(3,6,6,1),(3,6,8,0),(3,6,10,0),(3,7,5,1),(3,7,6,1),(3,7,8,0),(3,7,9,0),(3,7,10,0),(3,8,6,1),(3,9,5,0),(3,9,6,0),(3,13,5,1),(3,13,6,1),(3,13,8,0),(3,13,10,0),(3,14,5,1),(3,14,6,1),(3,14,10,0),(3,18,5,1),(3,18,6,1),(3,18,10,0),(3,19,5,1),(3,19,6,1),(3,19,10,1),(3,20,5,0),(3,20,6,0),(3,21,5,0),(3,21,6,0),(3,22,5,0),(3,22,6,0),(3,23,5,0),(3,23,6,0),(3,25,6,0),(3,25,13,0),(3,31,5,0),(3,31,6,0),(3,31,10,0),(3,32,5,0),(3,32,6,0),(3,32,10,0),(3,37,11,0),(3,37,12,0),(3,42,5,1),(3,42,6,1),(3,42,10,1),(3,43,5,0),(3,43,6,0),(3,43,10,0),(3,44,5,0),(3,44,6,0),(3,44,10,0),(3,52,5,0),(3,52,6,0),(3,52,8,0),(3,52,10,0),(3,53,5,0),(3,53,6,0),(3,53,8,0),(3,54,5,0),(3,54,6,0),(3,54,8,0),(3,54,10,0),(3,55,5,0),(3,55,6,0),(3,55,8,0),(3,56,5,0),(3,56,6,0),(3,56,8,0),(3,56,10,0),(3,57,5,0),(3,57,6,0),(3,57,8,0),(3,58,5,0),(3,58,6,0),(3,58,8,0),(3,59,5,0),(3,59,6,0),(3,59,8,0),(3,60,5,0),(3,60,6,0),(3,60,8,0),(3,61,5,0),(3,61,6,0),(3,61,8,0),(3,62,5,0),(3,62,6,0),(3,62,8,0),(3,62,10,0),(3,63,5,0),(3,63,6,0),(3,63,8,0),(3,63,10,0),(3,64,5,0),(3,64,6,0),(3,64,8,0),(4,2,5,1),(4,2,6,1),(4,2,10,0),(4,4,5,1),(4,4,6,1),(4,4,8,1),(4,4,10,0),(4,6,5,1),(4,6,6,1),(4,6,8,1),(4,6,10,0),(4,7,5,1),(4,7,6,1),(4,7,8,1),(4,7,9,0),(4,7,10,0),(4,8,6,1),(4,9,5,0),(4,9,6,0),(4,13,5,1),(4,13,6,1),(4,13,8,1),(4,13,10,0),(4,14,5,1),(4,14,6,1),(4,14,10,0),(4,18,5,1),(4,18,6,1),(4,18,10,0),(4,19,5,1),(4,19,6,1),(4,19,10,1),(4,20,5,0),(4,20,6,0),(4,21,5,0),(4,21,6,0),(4,22,5,0),(4,22,6,0),(4,23,5,0),(4,23,6,0),(4,25,6,0),(4,25,13,0),(4,31,5,0),(4,31,6,0),(4,31,10,0),(4,32,5,0),(4,32,6,0),(4,32,10,0),(4,37,11,0),(4,37,12,0),(4,42,5,1),(4,42,6,1),(4,42,10,1),(4,43,5,0),(4,43,6,0),(4,43,10,0),(4,44,5,0),(4,44,6,0),(4,44,10,0),(4,52,5,0),(4,52,6,0),(4,52,8,0),(4,52,10,0),(4,53,5,0),(4,53,6,0),(4,53,8,0),(4,54,5,0),(4,54,6,0),(4,54,8,0),(4,54,10,0),(4,55,5,0),(4,55,6,0),(4,55,8,0),(4,56,5,0),(4,56,6,0),(4,56,8,0),(4,56,10,0),(4,57,5,0),(4,57,6,0),(4,57,8,0),(4,58,5,0),(4,58,6,0),(4,58,8,0),(4,59,5,0),(4,59,6,0),(4,59,8,0),(4,60,5,0),(4,60,6,0),(4,60,8,0),(4,61,5,0),(4,61,6,0),(4,61,8,0),(4,62,5,0),(4,62,6,0),(4,62,8,0),(4,62,10,0),(4,63,5,0),(4,63,6,0),(4,63,8,0),(4,63,10,0),(4,64,5,0),(4,64,6,0),(4,64,8,0);

--
-- Table structure for table `vtiger_profile_seq`
--

CREATE TABLE `vtiger_profile_seq` (
  `id` int(11) NOT NULL
) ENGINE=InnoDB DEFAULT CHARSET=utf8 COLLATE=utf8_general_ci;

--
-- Dumping data for table `vtiger_profile_seq`
--

INSERT INTO `vtiger_profile_seq` VALUES (4);

--
-- Table structure for table `vtiger_progress`
--

CREATE TABLE `vtiger_progress` (
  `progressid` int(11) NOT NULL AUTO_INCREMENT,
  `progress` varchar(200) NOT NULL,
  `presence` int(1) NOT NULL DEFAULT 1,
  `picklist_valueid` int(11) NOT NULL DEFAULT 0,
  `sortorderid` int(11) DEFAULT 0,
  `color` varchar(10) DEFAULT NULL,
  PRIMARY KEY (`progressid`)
) ENGINE=InnoDB AUTO_INCREMENT=12 DEFAULT CHARSET=utf8 COLLATE=utf8_general_ci;

--
-- Dumping data for table `vtiger_progress`
--

INSERT INTO `vtiger_progress` VALUES (2,'10%',1,276,2,NULL),(3,'20%',1,277,3,NULL),(4,'30%',1,278,4,NULL),(5,'40%',1,279,5,NULL),(6,'50%',1,280,6,NULL),(7,'60%',1,281,7,NULL),(8,'70%',1,282,8,NULL),(9,'80%',1,283,9,NULL),(10,'90%',1,284,10,NULL),(11,'100%',1,285,11,NULL);

--
-- Table structure for table `vtiger_progress_seq`
--

CREATE TABLE `vtiger_progress_seq` (
  `id` int(11) NOT NULL
) ENGINE=InnoDB DEFAULT CHARSET=utf8 COLLATE=utf8_general_ci;

--
-- Dumping data for table `vtiger_progress_seq`
--

INSERT INTO `vtiger_progress_seq` VALUES (11);

--
-- Table structure for table `vtiger_project`
--

CREATE TABLE `vtiger_project` (
  `projectid` int(19) NOT NULL,
  `projectname` varchar(255) DEFAULT NULL,
  `project_no` varchar(100) DEFAULT NULL,
  `startdate` date DEFAULT NULL,
  `targetenddate` date DEFAULT NULL,
  `actualenddate` date DEFAULT NULL,
  `targetbudget` varchar(255) DEFAULT NULL,
  `projecturl` varchar(255) DEFAULT NULL,
  `projectstatus` varchar(100) DEFAULT NULL,
  `projectpriority` varchar(100) DEFAULT NULL,
  `projecttype` varchar(100) DEFAULT NULL,
  `progress` varchar(100) DEFAULT NULL,
  `linktoaccountscontacts` varchar(100) DEFAULT NULL,
  `tags` varchar(1) DEFAULT NULL,
  `isconvertedfrompotential` int(1) NOT NULL DEFAULT 0,
  `potentialid` varchar(100) DEFAULT NULL,
  PRIMARY KEY (`projectid`),
  CONSTRAINT `fk_crmid_vtiger_project` FOREIGN KEY (`projectid`) REFERENCES `vtiger_crmentity` (`crmid`) ON DELETE CASCADE
) ENGINE=InnoDB DEFAULT CHARSET=utf8 COLLATE=utf8_general_ci;

--
-- Dumping data for table `vtiger_project`
--


--
-- Table structure for table `vtiger_projectcf`
--

CREATE TABLE `vtiger_projectcf` (
  `projectid` int(11) NOT NULL,
  PRIMARY KEY (`projectid`),
  CONSTRAINT `fk_projectid_vtiger_projectcf` FOREIGN KEY (`projectid`) REFERENCES `vtiger_project` (`projectid`) ON DELETE CASCADE
) ENGINE=InnoDB DEFAULT CHARSET=utf8 COLLATE=utf8_general_ci;

--
-- Dumping data for table `vtiger_projectcf`
--


--
-- Table structure for table `vtiger_projectmilestone`
--

CREATE TABLE `vtiger_projectmilestone` (
  `projectmilestoneid` int(11) NOT NULL,
  `projectmilestonename` varchar(255) DEFAULT NULL,
  `projectmilestone_no` varchar(100) DEFAULT NULL,
  `projectmilestonedate` varchar(255) DEFAULT NULL,
  `projectid` varchar(100) DEFAULT NULL,
  `projectmilestonetype` varchar(100) DEFAULT NULL,
  `tags` varchar(1) DEFAULT NULL,
  PRIMARY KEY (`projectmilestoneid`),
  CONSTRAINT `fk_crmid_vtiger_projectmilestone` FOREIGN KEY (`projectmilestoneid`) REFERENCES `vtiger_crmentity` (`crmid`) ON DELETE CASCADE
) ENGINE=InnoDB DEFAULT CHARSET=utf8 COLLATE=utf8_general_ci;

--
-- Dumping data for table `vtiger_projectmilestone`
--


--
-- Table structure for table `vtiger_projectmilestonecf`
--

CREATE TABLE `vtiger_projectmilestonecf` (
  `projectmilestoneid` int(11) NOT NULL DEFAULT 0,
  PRIMARY KEY (`projectmilestoneid`),
  CONSTRAINT `fk_projectmilestoneid_vtiger_projectmilestonecf` FOREIGN KEY (`projectmilestoneid`) REFERENCES `vtiger_projectmilestone` (`projectmilestoneid`) ON DELETE CASCADE
) ENGINE=InnoDB DEFAULT CHARSET=utf8 COLLATE=utf8_general_ci;

--
-- Dumping data for table `vtiger_projectmilestonecf`
--


--
-- Table structure for table `vtiger_projectmilestonetype`
--

CREATE TABLE `vtiger_projectmilestonetype` (
  `projectmilestonetypeid` int(11) NOT NULL AUTO_INCREMENT,
  `projectmilestonetype` varchar(200) NOT NULL,
  `presence` int(1) NOT NULL DEFAULT 1,
  `picklist_valueid` int(11) NOT NULL DEFAULT 0,
  `sortorderid` int(11) DEFAULT 0,
  `color` varchar(10) DEFAULT NULL,
  PRIMARY KEY (`projectmilestonetypeid`)
) ENGINE=InnoDB AUTO_INCREMENT=5 DEFAULT CHARSET=utf8 COLLATE=utf8_general_ci;

--
-- Dumping data for table `vtiger_projectmilestonetype`
--

INSERT INTO `vtiger_projectmilestonetype` VALUES (2,'administrative',1,236,2,NULL),(3,'operative',1,237,3,NULL),(4,'other',1,238,4,NULL);

--
-- Table structure for table `vtiger_projectmilestonetype_seq`
--

CREATE TABLE `vtiger_projectmilestonetype_seq` (
  `id` int(11) NOT NULL
) ENGINE=InnoDB DEFAULT CHARSET=utf8 COLLATE=utf8_general_ci;

--
-- Dumping data for table `vtiger_projectmilestonetype_seq`
--

INSERT INTO `vtiger_projectmilestonetype_seq` VALUES (4);

--
-- Table structure for table `vtiger_projectpriority`
--

CREATE TABLE `vtiger_projectpriority` (
  `projectpriorityid` int(11) NOT NULL AUTO_INCREMENT,
  `projectpriority` varchar(200) NOT NULL,
  `presence` int(1) NOT NULL DEFAULT 1,
  `picklist_valueid` int(11) NOT NULL DEFAULT 0,
  `sortorderid` int(11) DEFAULT 0,
  `color` varchar(10) DEFAULT NULL,
  PRIMARY KEY (`projectpriorityid`)
) ENGINE=InnoDB AUTO_INCREMENT=5 DEFAULT CHARSET=utf8 COLLATE=utf8_general_ci;

--
-- Dumping data for table `vtiger_projectpriority`
--

INSERT INTO `vtiger_projectpriority` VALUES (2,'low',1,272,2,NULL),(3,'normal',1,273,3,NULL),(4,'high',1,274,4,NULL);

--
-- Table structure for table `vtiger_projectpriority_seq`
--

CREATE TABLE `vtiger_projectpriority_seq` (
  `id` int(11) NOT NULL
) ENGINE=InnoDB DEFAULT CHARSET=utf8 COLLATE=utf8_general_ci;

--
-- Dumping data for table `vtiger_projectpriority_seq`
--

INSERT INTO `vtiger_projectpriority_seq` VALUES (4);

--
-- Table structure for table `vtiger_projectstatus`
--

CREATE TABLE `vtiger_projectstatus` (
  `projectstatusid` int(11) NOT NULL AUTO_INCREMENT,
  `projectstatus` varchar(200) NOT NULL,
  `presence` int(1) NOT NULL DEFAULT 1,
  `picklist_valueid` int(11) NOT NULL DEFAULT 0,
  `sortorderid` int(11) DEFAULT 0,
  `color` varchar(10) DEFAULT NULL,
  PRIMARY KEY (`projectstatusid`)
) ENGINE=InnoDB AUTO_INCREMENT=10 DEFAULT CHARSET=utf8 COLLATE=utf8_general_ci;

--
-- Dumping data for table `vtiger_projectstatus`
--

INSERT INTO `vtiger_projectstatus` VALUES (2,'prospecting',1,259,2,NULL),(3,'initiated',1,260,3,NULL),(4,'in progress',1,261,4,NULL),(5,'waiting for feedback',1,262,5,NULL),(6,'on hold',1,263,6,NULL),(7,'completed',1,264,7,NULL),(8,'delivered',1,265,8,NULL),(9,'archived',1,266,9,NULL);

--
-- Table structure for table `vtiger_projectstatus_seq`
--

CREATE TABLE `vtiger_projectstatus_seq` (
  `id` int(11) NOT NULL
) ENGINE=InnoDB DEFAULT CHARSET=utf8 COLLATE=utf8_general_ci;

--
-- Dumping data for table `vtiger_projectstatus_seq`
--

INSERT INTO `vtiger_projectstatus_seq` VALUES (9);

--
-- Table structure for table `vtiger_projecttask`
--

CREATE TABLE `vtiger_projecttask` (
  `projecttaskid` int(11) NOT NULL,
  `projecttaskname` varchar(255) DEFAULT NULL,
  `projecttask_no` varchar(100) DEFAULT NULL,
  `projecttasktype` varchar(100) DEFAULT NULL,
  `projecttaskpriority` varchar(100) DEFAULT NULL,
  `projecttaskprogress` varchar(100) DEFAULT NULL,
  `projecttaskhours` varchar(255) DEFAULT NULL,
  `startdate` date DEFAULT NULL,
  `enddate` date DEFAULT NULL,
  `projectid` varchar(100) DEFAULT NULL,
  `projecttasknumber` int(11) DEFAULT NULL,
  `tags` varchar(1) DEFAULT NULL,
  `projecttaskstatus` varchar(100) DEFAULT NULL,
  PRIMARY KEY (`projecttaskid`),
  CONSTRAINT `fk_crmid_vtiger_projecttask` FOREIGN KEY (`projecttaskid`) REFERENCES `vtiger_crmentity` (`crmid`) ON DELETE CASCADE
) ENGINE=InnoDB DEFAULT CHARSET=utf8 COLLATE=utf8_general_ci;

--
-- Dumping data for table `vtiger_projecttask`
--


--
-- Table structure for table `vtiger_projecttask_status_color`
--

CREATE TABLE `vtiger_projecttask_status_color` (
  `status` varchar(255) DEFAULT NULL,
  `defaultcolor` varchar(50) DEFAULT NULL,
  `color` varchar(50) DEFAULT NULL,
  UNIQUE KEY `status` (`status`)
) ENGINE=InnoDB DEFAULT CHARSET=utf8 COLLATE=utf8_general_ci;

--
-- Dumping data for table `vtiger_projecttask_status_color`
--

INSERT INTO `vtiger_projecttask_status_color` VALUES ('Open','#0099ff',NULL),('In Progress','#fdff00',NULL),('Completed','#3BBF67',NULL),('Deferred','#fbb11e',NULL),('Canceled','#660066',NULL);

--
-- Table structure for table `vtiger_projecttaskcf`
--

CREATE TABLE `vtiger_projecttaskcf` (
  `projecttaskid` int(11) NOT NULL DEFAULT 0,
  PRIMARY KEY (`projecttaskid`),
  CONSTRAINT `fk_projecttaskid_vtiger_projecttaskcf` FOREIGN KEY (`projecttaskid`) REFERENCES `vtiger_projecttask` (`projecttaskid`) ON DELETE CASCADE
) ENGINE=InnoDB DEFAULT CHARSET=utf8 COLLATE=utf8_general_ci;

--
-- Dumping data for table `vtiger_projecttaskcf`
--


--
-- Table structure for table `vtiger_projecttaskpriority`
--

CREATE TABLE `vtiger_projecttaskpriority` (
  `projecttaskpriorityid` int(11) NOT NULL AUTO_INCREMENT,
  `projecttaskpriority` varchar(200) NOT NULL,
  `presence` int(1) NOT NULL DEFAULT 1,
  `picklist_valueid` int(11) NOT NULL DEFAULT 0,
  `sortorderid` int(11) DEFAULT 0,
  `color` varchar(10) DEFAULT NULL,
  PRIMARY KEY (`projecttaskpriorityid`)
) ENGINE=InnoDB AUTO_INCREMENT=5 DEFAULT CHARSET=utf8 COLLATE=utf8_general_ci;

--
-- Dumping data for table `vtiger_projecttaskpriority`
--

INSERT INTO `vtiger_projecttaskpriority` VALUES (2,'low',1,244,2,NULL),(3,'normal',1,245,3,NULL),(4,'high',1,246,4,NULL);

--
-- Table structure for table `vtiger_projecttaskpriority_seq`
--

CREATE TABLE `vtiger_projecttaskpriority_seq` (
  `id` int(11) NOT NULL
) ENGINE=InnoDB DEFAULT CHARSET=utf8 COLLATE=utf8_general_ci;

--
-- Dumping data for table `vtiger_projecttaskpriority_seq`
--

INSERT INTO `vtiger_projecttaskpriority_seq` VALUES (4);

--
-- Table structure for table `vtiger_projecttaskprogress`
--

CREATE TABLE `vtiger_projecttaskprogress` (
  `projecttaskprogressid` int(11) NOT NULL AUTO_INCREMENT,
  `projecttaskprogress` varchar(200) NOT NULL,
  `presence` int(1) NOT NULL DEFAULT 1,
  `picklist_valueid` int(11) NOT NULL DEFAULT 0,
  `sortorderid` int(11) DEFAULT 0,
  `color` varchar(10) DEFAULT NULL,
  PRIMARY KEY (`projecttaskprogressid`)
) ENGINE=InnoDB AUTO_INCREMENT=12 DEFAULT CHARSET=utf8 COLLATE=utf8_general_ci;

--
-- Dumping data for table `vtiger_projecttaskprogress`
--

INSERT INTO `vtiger_projecttaskprogress` VALUES (2,'10%',1,248,2,NULL),(3,'20%',1,249,3,NULL),(4,'30%',1,250,4,NULL),(5,'40%',1,251,5,NULL),(6,'50%',1,252,6,NULL),(7,'60%',1,253,7,NULL),(8,'70%',1,254,8,NULL),(9,'80%',1,255,9,NULL),(10,'90%',1,256,10,NULL),(11,'100%',1,257,11,NULL);

--
-- Table structure for table `vtiger_projecttaskprogress_seq`
--

CREATE TABLE `vtiger_projecttaskprogress_seq` (
  `id` int(11) NOT NULL
) ENGINE=InnoDB DEFAULT CHARSET=utf8 COLLATE=utf8_general_ci;

--
-- Dumping data for table `vtiger_projecttaskprogress_seq`
--

INSERT INTO `vtiger_projecttaskprogress_seq` VALUES (11);

--
-- Table structure for table `vtiger_projecttaskstatus`
--

CREATE TABLE `vtiger_projecttaskstatus` (
  `projecttaskstatusid` int(11) NOT NULL AUTO_INCREMENT,
  `projecttaskstatus` varchar(200) NOT NULL,
  `presence` int(1) NOT NULL DEFAULT 1,
  `picklist_valueid` int(11) NOT NULL DEFAULT 0,
  `sortorderid` int(11) DEFAULT 0,
  `color` varchar(10) DEFAULT NULL,
  PRIMARY KEY (`projecttaskstatusid`)
) ENGINE=InnoDB AUTO_INCREMENT=7 DEFAULT CHARSET=utf8 COLLATE=utf8_general_ci;

--
-- Dumping data for table `vtiger_projecttaskstatus`
--

INSERT INTO `vtiger_projecttaskstatus` VALUES (2,'Open',0,290,2,NULL),(3,'In Progress',0,291,3,NULL),(4,'Completed',0,292,4,NULL),(5,'Deferred',0,293,5,NULL),(6,'Canceled ',0,294,6,NULL);

--
-- Table structure for table `vtiger_projecttaskstatus_seq`
--

CREATE TABLE `vtiger_projecttaskstatus_seq` (
  `id` int(11) NOT NULL
) ENGINE=InnoDB DEFAULT CHARSET=utf8 COLLATE=utf8_general_ci;

--
-- Dumping data for table `vtiger_projecttaskstatus_seq`
--

INSERT INTO `vtiger_projecttaskstatus_seq` VALUES (6);

--
-- Table structure for table `vtiger_projecttasktype`
--

CREATE TABLE `vtiger_projecttasktype` (
  `projecttasktypeid` int(11) NOT NULL AUTO_INCREMENT,
  `projecttasktype` varchar(200) NOT NULL,
  `presence` int(1) NOT NULL DEFAULT 1,
  `picklist_valueid` int(11) NOT NULL DEFAULT 0,
  `sortorderid` int(11) DEFAULT 0,
  `color` varchar(10) DEFAULT NULL,
  PRIMARY KEY (`projecttasktypeid`)
) ENGINE=InnoDB AUTO_INCREMENT=5 DEFAULT CHARSET=utf8 COLLATE=utf8_general_ci;

--
-- Dumping data for table `vtiger_projecttasktype`
--

INSERT INTO `vtiger_projecttasktype` VALUES (2,'administrative',1,240,2,NULL),(3,'operative',1,241,3,NULL),(4,'other',1,242,4,NULL);

--
-- Table structure for table `vtiger_projecttasktype_seq`
--

CREATE TABLE `vtiger_projecttasktype_seq` (
  `id` int(11) NOT NULL
) ENGINE=InnoDB DEFAULT CHARSET=utf8 COLLATE=utf8_general_ci;

--
-- Dumping data for table `vtiger_projecttasktype_seq`
--

INSERT INTO `vtiger_projecttasktype_seq` VALUES (4);

--
-- Table structure for table `vtiger_projecttype`
--

CREATE TABLE `vtiger_projecttype` (
  `projecttypeid` int(11) NOT NULL AUTO_INCREMENT,
  `projecttype` varchar(200) NOT NULL,
  `presence` int(1) NOT NULL DEFAULT 1,
  `picklist_valueid` int(11) NOT NULL DEFAULT 0,
  `sortorderid` int(11) DEFAULT 0,
  `color` varchar(10) DEFAULT NULL,
  PRIMARY KEY (`projecttypeid`)
) ENGINE=InnoDB AUTO_INCREMENT=5 DEFAULT CHARSET=utf8 COLLATE=utf8_general_ci;

--
-- Dumping data for table `vtiger_projecttype`
--

INSERT INTO `vtiger_projecttype` VALUES (2,'administrative',1,268,2,NULL),(3,'operative',1,269,3,NULL),(4,'other',1,270,4,NULL);

--
-- Table structure for table `vtiger_projecttype_seq`
--

CREATE TABLE `vtiger_projecttype_seq` (
  `id` int(11) NOT NULL
) ENGINE=InnoDB DEFAULT CHARSET=utf8 COLLATE=utf8_general_ci;

--
-- Dumping data for table `vtiger_projecttype_seq`
--

INSERT INTO `vtiger_projecttype_seq` VALUES (4);

--
-- Table structure for table `vtiger_purchaseorder`
--

CREATE TABLE `vtiger_purchaseorder` (
  `purchaseorderid` int(19) NOT NULL DEFAULT 0,
  `subject` varchar(100) DEFAULT NULL,
  `quoteid` int(19) DEFAULT NULL,
  `vendorid` int(19) DEFAULT NULL,
  `requisition_no` varchar(100) DEFAULT NULL,
  `purchaseorder_no` varchar(100) DEFAULT NULL,
  `tracking_no` varchar(100) DEFAULT NULL,
  `contactid` int(19) DEFAULT NULL,
  `duedate` date DEFAULT NULL,
  `carrier` varchar(200) DEFAULT NULL,
  `type` varchar(100) DEFAULT NULL,
  `adjustment` decimal(25,8) DEFAULT NULL,
  `salescommission` decimal(25,3) DEFAULT NULL,
  `exciseduty` decimal(25,3) DEFAULT NULL,
  `total` decimal(25,8) DEFAULT NULL,
  `subtotal` decimal(25,8) DEFAULT NULL,
  `taxtype` varchar(25) DEFAULT NULL,
  `discount_percent` decimal(25,3) DEFAULT NULL,
  `discount_amount` decimal(25,8) DEFAULT NULL,
  `s_h_amount` decimal(25,8) DEFAULT NULL,
  `terms_conditions` text DEFAULT NULL,
  `postatus` varchar(200) DEFAULT NULL,
  `currency_id` int(19) NOT NULL DEFAULT 1,
  `conversion_rate` decimal(10,3) NOT NULL DEFAULT 1.000,
  `compound_taxes_info` text DEFAULT NULL,
  `pre_tax_total` decimal(25,8) DEFAULT NULL,
  `paid` decimal(25,8) DEFAULT NULL,
  `balance` decimal(25,8) DEFAULT NULL,
  `s_h_percent` decimal(25,3) DEFAULT NULL,
  `tags` varchar(1) DEFAULT NULL,
  `region_id` int(19) DEFAULT NULL,
  PRIMARY KEY (`purchaseorderid`),
  KEY `purchaseorder_vendorid_idx` (`vendorid`),
  KEY `purchaseorder_quoteid_idx` (`quoteid`),
  KEY `purchaseorder_contactid_idx` (`contactid`),
  CONSTRAINT `fk_4_vtiger_purchaseorder` FOREIGN KEY (`vendorid`) REFERENCES `vtiger_vendor` (`vendorid`) ON DELETE CASCADE,
  CONSTRAINT `fk_crmid_vtiger_purchaseorder` FOREIGN KEY (`purchaseorderid`) REFERENCES `vtiger_crmentity` (`crmid`) ON DELETE CASCADE
) ENGINE=InnoDB DEFAULT CHARSET=utf8 COLLATE=utf8_general_ci;

--
-- Dumping data for table `vtiger_purchaseorder`
--


--
-- Table structure for table `vtiger_purchaseordercf`
--

CREATE TABLE `vtiger_purchaseordercf` (
  `purchaseorderid` int(19) NOT NULL DEFAULT 0,
  PRIMARY KEY (`purchaseorderid`),
  CONSTRAINT `fk_1_vtiger_purchaseordercf` FOREIGN KEY (`purchaseorderid`) REFERENCES `vtiger_purchaseorder` (`purchaseorderid`) ON DELETE CASCADE
) ENGINE=InnoDB DEFAULT CHARSET=utf8 COLLATE=utf8_general_ci;

--
-- Dumping data for table `vtiger_purchaseordercf`
--


--
-- Table structure for table `vtiger_pushnotificationstatus`
--

CREATE TABLE `vtiger_pushnotificationstatus` (
  `pushnotificationstatusid` int(11) NOT NULL AUTO_INCREMENT,
  `pushnotificationstatus` varchar(200) NOT NULL,
  `presence` int(1) NOT NULL DEFAULT 1,
  `picklist_valueid` int(11) NOT NULL DEFAULT 0,
  `sortorderid` int(11) DEFAULT 0,
  `color` varchar(10) DEFAULT NULL,
  PRIMARY KEY (`pushnotificationstatusid`)
) ENGINE=InnoDB AUTO_INCREMENT=4 DEFAULT CHARSET=utf8 COLLATE=utf8_general_ci;

--
-- Dumping data for table `vtiger_pushnotificationstatus`
--

INSERT INTO `vtiger_pushnotificationstatus` VALUES (1,'Draft',1,332,1,NULL),(2,'Send',1,333,2,NULL),(3,'Failed',1,334,3,NULL);

--
-- Table structure for table `vtiger_pushnotificationstatus_seq`
--

CREATE TABLE `vtiger_pushnotificationstatus_seq` (
  `id` int(11) NOT NULL
) ENGINE=InnoDB DEFAULT CHARSET=utf8 COLLATE=utf8_general_ci;

--
-- Dumping data for table `vtiger_pushnotificationstatus_seq`
--

INSERT INTO `vtiger_pushnotificationstatus_seq` VALUES (3);

--
-- Table structure for table `vtiger_quotes`
--

CREATE TABLE `vtiger_quotes` (
  `quoteid` int(19) NOT NULL DEFAULT 0,
  `subject` varchar(100) DEFAULT NULL,
  `potentialid` int(19) DEFAULT NULL,
  `quotestage` varchar(200) DEFAULT NULL,
  `validtill` date DEFAULT NULL,
  `contactid` int(19) DEFAULT NULL,
  `quote_no` varchar(100) DEFAULT NULL,
  `subtotal` decimal(25,8) DEFAULT NULL,
  `carrier` varchar(200) DEFAULT NULL,
  `shipping` varchar(100) DEFAULT NULL,
  `inventorymanager` int(19) DEFAULT NULL,
  `type` varchar(100) DEFAULT NULL,
  `adjustment` decimal(25,8) DEFAULT NULL,
  `total` decimal(25,8) DEFAULT NULL,
  `taxtype` varchar(25) DEFAULT NULL,
  `discount_percent` decimal(25,3) DEFAULT NULL,
  `discount_amount` decimal(25,8) DEFAULT NULL,
  `s_h_amount` decimal(25,8) DEFAULT NULL,
  `accountid` int(19) DEFAULT NULL,
  `terms_conditions` text DEFAULT NULL,
  `currency_id` int(19) NOT NULL DEFAULT 1,
  `conversion_rate` decimal(10,3) NOT NULL DEFAULT 1.000,
  `compound_taxes_info` text DEFAULT NULL,
  `pre_tax_total` decimal(25,8) DEFAULT NULL,
  `s_h_percent` decimal(25,3) DEFAULT NULL,
  `tags` varchar(1) DEFAULT NULL,
  `region_id` int(19) DEFAULT NULL,
  PRIMARY KEY (`quoteid`),
  KEY `quote_quotestage_idx` (`quotestage`),
  KEY `quotes_potentialid_idx` (`potentialid`),
  KEY `quotes_contactid_idx` (`contactid`),
  CONSTRAINT `fk_3_vtiger_quotes` FOREIGN KEY (`potentialid`) REFERENCES `vtiger_potential` (`potentialid`) ON DELETE CASCADE,
  CONSTRAINT `fk_crmid_vtiger_quotes` FOREIGN KEY (`quoteid`) REFERENCES `vtiger_crmentity` (`crmid`) ON DELETE CASCADE
) ENGINE=InnoDB DEFAULT CHARSET=utf8 COLLATE=utf8_general_ci;

--
-- Dumping data for table `vtiger_quotes`
--


--
-- Table structure for table `vtiger_quotesbillads`
--

CREATE TABLE `vtiger_quotesbillads` (
  `quotebilladdressid` int(19) NOT NULL DEFAULT 0,
  `bill_city` varchar(30) DEFAULT NULL,
  `bill_code` varchar(30) DEFAULT NULL,
  `bill_country` varchar(30) DEFAULT NULL,
  `bill_state` varchar(30) DEFAULT NULL,
  `bill_street` varchar(250) DEFAULT NULL,
  `bill_pobox` varchar(30) DEFAULT NULL,
  PRIMARY KEY (`quotebilladdressid`),
  CONSTRAINT `fk_1_vtiger_quotesbillads` FOREIGN KEY (`quotebilladdressid`) REFERENCES `vtiger_quotes` (`quoteid`) ON DELETE CASCADE
) ENGINE=InnoDB DEFAULT CHARSET=utf8 COLLATE=utf8_general_ci;

--
-- Dumping data for table `vtiger_quotesbillads`
--


--
-- Table structure for table `vtiger_quotescf`
--

CREATE TABLE `vtiger_quotescf` (
  `quoteid` int(19) NOT NULL DEFAULT 0,
  PRIMARY KEY (`quoteid`),
  CONSTRAINT `fk_1_vtiger_quotescf` FOREIGN KEY (`quoteid`) REFERENCES `vtiger_quotes` (`quoteid`) ON DELETE CASCADE
) ENGINE=InnoDB DEFAULT CHARSET=utf8 COLLATE=utf8_general_ci;

--
-- Dumping data for table `vtiger_quotescf`
--


--
-- Table structure for table `vtiger_quotesshipads`
--

CREATE TABLE `vtiger_quotesshipads` (
  `quoteshipaddressid` int(19) NOT NULL DEFAULT 0,
  `ship_city` varchar(30) DEFAULT NULL,
  `ship_code` varchar(30) DEFAULT NULL,
  `ship_country` varchar(30) DEFAULT NULL,
  `ship_state` varchar(30) DEFAULT NULL,
  `ship_street` varchar(250) DEFAULT NULL,
  `ship_pobox` varchar(30) DEFAULT NULL,
  PRIMARY KEY (`quoteshipaddressid`),
  CONSTRAINT `fk_1_vtiger_quotesshipads` FOREIGN KEY (`quoteshipaddressid`) REFERENCES `vtiger_quotes` (`quoteid`) ON DELETE CASCADE
) ENGINE=InnoDB DEFAULT CHARSET=utf8 COLLATE=utf8_general_ci;

--
-- Dumping data for table `vtiger_quotesshipads`
--


--
-- Table structure for table `vtiger_quotestage`
--

CREATE TABLE `vtiger_quotestage` (
  `quotestageid` int(19) NOT NULL AUTO_INCREMENT,
  `quotestage` varchar(200) NOT NULL,
  `presence` int(1) NOT NULL DEFAULT 1,
  `picklist_valueid` int(19) NOT NULL DEFAULT 0,
  `sortorderid` int(11) DEFAULT NULL,
  `color` varchar(10) DEFAULT NULL,
  PRIMARY KEY (`quotestageid`),
  UNIQUE KEY `quotestage_quotestage_idx` (`quotestage`)
) ENGINE=InnoDB AUTO_INCREMENT=6 DEFAULT CHARSET=utf8 COLLATE=utf8_general_ci;

--
-- Dumping data for table `vtiger_quotestage`
--

INSERT INTO `vtiger_quotestage` VALUES (1,'Created',0,139,0,NULL),(2,'Delivered',0,140,1,NULL),(3,'Reviewed',0,141,2,NULL),(4,'Accepted',0,142,3,NULL),(5,'Rejected',0,143,4,NULL);

--
-- Table structure for table `vtiger_quotestage_seq`
--

CREATE TABLE `vtiger_quotestage_seq` (
  `id` int(11) NOT NULL
) ENGINE=InnoDB DEFAULT CHARSET=utf8 COLLATE=utf8_general_ci;

--
-- Dumping data for table `vtiger_quotestage_seq`
--

INSERT INTO `vtiger_quotestage_seq` VALUES (5);

--
-- Table structure for table `vtiger_quotestagehistory`
--

CREATE TABLE `vtiger_quotestagehistory` (
  `historyid` int(19) NOT NULL AUTO_INCREMENT,
  `quoteid` int(19) NOT NULL,
  `accountname` varchar(100) DEFAULT NULL,
  `total` decimal(10,0) DEFAULT NULL,
  `quotestage` varchar(200) DEFAULT NULL,
  `lastmodified` datetime DEFAULT NULL,
  PRIMARY KEY (`historyid`),
  KEY `quotestagehistory_quoteid_idx` (`quoteid`),
  CONSTRAINT `fk_1_vtiger_quotestagehistory` FOREIGN KEY (`quoteid`) REFERENCES `vtiger_quotes` (`quoteid`) ON DELETE CASCADE
) ENGINE=InnoDB DEFAULT CHARSET=utf8 COLLATE=utf8_general_ci;

--
-- Dumping data for table `vtiger_quotestagehistory`
--


--
-- Table structure for table `vtiger_rating`
--

CREATE TABLE `vtiger_rating` (
  `rating_id` int(19) NOT NULL AUTO_INCREMENT,
  `rating` varchar(200) DEFAULT NULL,
  `presence` int(1) NOT NULL DEFAULT 1,
  `picklist_valueid` int(19) NOT NULL DEFAULT 0,
  `sortorderid` int(11) DEFAULT NULL,
  `color` varchar(10) DEFAULT NULL,
  PRIMARY KEY (`rating_id`)
) ENGINE=InnoDB AUTO_INCREMENT=7 DEFAULT CHARSET=utf8 COLLATE=utf8_general_ci;

--
-- Dumping data for table `vtiger_rating`
--

INSERT INTO `vtiger_rating` VALUES (2,'Platino',1,145,1,'#ffffff'),(3,'Oro',1,146,2,'#ffffff'),(4,'Plata',1,147,3,'#ffffff'),(5,'Bronce',1,148,4,'#ffffff'),(6,'No rentable',1,149,5,'#ffffff');

--
-- Table structure for table `vtiger_rating_seq`
--

CREATE TABLE `vtiger_rating_seq` (
  `id` int(11) NOT NULL
) ENGINE=InnoDB DEFAULT CHARSET=utf8 COLLATE=utf8_general_ci;

--
-- Dumping data for table `vtiger_rating_seq`
--

INSERT INTO `vtiger_rating_seq` VALUES (6);

--
-- Table structure for table `vtiger_recurring_frequency`
--

CREATE TABLE `vtiger_recurring_frequency` (
  `recurring_frequency_id` int(11) DEFAULT NULL,
  `recurring_frequency` varchar(200) DEFAULT NULL,
  `sortorderid` int(11) DEFAULT NULL,
  `presence` int(11) DEFAULT NULL,
  `color` varchar(10) DEFAULT NULL
) ENGINE=InnoDB DEFAULT CHARSET=utf8 COLLATE=utf8_general_ci;

--
-- Dumping data for table `vtiger_recurring_frequency`
--

INSERT INTO `vtiger_recurring_frequency` VALUES (2,'Daily',1,1,NULL),(3,'Weekly',2,1,NULL),(4,'Monthly',3,1,NULL),(5,'Quarterly',4,1,NULL),(6,'Yearly',5,1,NULL);

--
-- Table structure for table `vtiger_recurring_frequency_seq`
--

CREATE TABLE `vtiger_recurring_frequency_seq` (
  `id` int(11) NOT NULL
) ENGINE=InnoDB DEFAULT CHARSET=utf8 COLLATE=utf8_general_ci;

--
-- Dumping data for table `vtiger_recurring_frequency_seq`
--

INSERT INTO `vtiger_recurring_frequency_seq` VALUES (6);

--
-- Table structure for table `vtiger_recurringevents`
--

CREATE TABLE `vtiger_recurringevents` (
  `recurringid` int(19) NOT NULL AUTO_INCREMENT,
  `activityid` int(19) NOT NULL,
  `recurringdate` date DEFAULT NULL,
  `recurringtype` varchar(30) DEFAULT NULL,
  `recurringfreq` int(19) DEFAULT NULL,
  `recurringinfo` varchar(50) DEFAULT NULL,
  `recurringenddate` date DEFAULT NULL,
  PRIMARY KEY (`recurringid`),
  KEY `fk_1_vtiger_recurringevents` (`activityid`),
  CONSTRAINT `fk_1_vtiger_recurringevents` FOREIGN KEY (`activityid`) REFERENCES `vtiger_activity` (`activityid`) ON DELETE CASCADE
) ENGINE=InnoDB DEFAULT CHARSET=utf8 COLLATE=utf8_general_ci;

--
-- Dumping data for table `vtiger_recurringevents`
--


--
-- Table structure for table `vtiger_recurringtype`
--

CREATE TABLE `vtiger_recurringtype` (
  `recurringeventid` int(19) NOT NULL AUTO_INCREMENT,
  `recurringtype` varchar(200) NOT NULL,
  `sortorderid` int(19) NOT NULL DEFAULT 0,
  `presence` int(1) NOT NULL DEFAULT 1,
  `color` varchar(10) DEFAULT NULL,
  PRIMARY KEY (`recurringeventid`),
  UNIQUE KEY `recurringtype_status_idx` (`recurringtype`)
) ENGINE=InnoDB AUTO_INCREMENT=6 DEFAULT CHARSET=utf8 COLLATE=utf8_general_ci;

--
-- Dumping data for table `vtiger_recurringtype`
--

INSERT INTO `vtiger_recurringtype` VALUES (2,'Daily',1,1,NULL),(3,'Weekly',2,1,NULL),(4,'Monthly',3,1,NULL),(5,'Yearly',4,1,NULL);

--
-- Table structure for table `vtiger_recurringtype_seq`
--

CREATE TABLE `vtiger_recurringtype_seq` (
  `id` int(11) NOT NULL
) ENGINE=InnoDB DEFAULT CHARSET=utf8 COLLATE=utf8_general_ci;

--
-- Dumping data for table `vtiger_recurringtype_seq`
--

INSERT INTO `vtiger_recurringtype_seq` VALUES (5);

--
-- Table structure for table `vtiger_relatedlists`
--

CREATE TABLE `vtiger_relatedlists` (
  `relation_id` int(19) NOT NULL,
  `tabid` int(10) DEFAULT NULL,
  `related_tabid` int(10) DEFAULT NULL,
  `name` varchar(100) DEFAULT NULL,
  `sequence` int(10) DEFAULT NULL,
  `label` varchar(100) DEFAULT NULL,
  `presence` int(10) NOT NULL DEFAULT 0,
  `actions` varchar(50) NOT NULL DEFAULT '',
  `relationfieldid` int(19) DEFAULT NULL,
  `source` varchar(25) DEFAULT NULL,
  `relationtype` varchar(10) DEFAULT NULL,
  PRIMARY KEY (`relation_id`),
  KEY `relatedlists_relation_id_idx` (`relation_id`)
) ENGINE=InnoDB DEFAULT CHARSET=utf8 COLLATE=utf8_general_ci;

--
-- Dumping data for table `vtiger_relatedlists`
--

INSERT INTO `vtiger_relatedlists` VALUES (1,6,4,'get_contacts',2,'Contacts',0,'add',72,'','1:N'),(2,6,2,'get_opportunities',3,'Potentials',0,'add',113,'','1:N'),(3,6,20,'get_quotes',4,'Quotes',0,'add',330,'','1:N'),(4,6,22,'get_salesorder',5,'Sales Order',0,'add',409,'','1:N'),(5,6,23,'get_invoices',6,'Invoice',0,'add',452,'','1:N'),(6,6,9,'get_activities',7,'Activities',0,'add',238,'','1:N'),(7,6,10,'get_emails',8,'Emails',0,'add',NULL,'','N:N'),(8,6,9,'get_history',9,'Activity History',0,'add',238,'','1:N'),(9,6,8,'get_attachments',10,'Documents',0,'add,select',NULL,'','N:N'),(10,6,13,'get_tickets',11,'HelpDesk',0,'add',157,'','1:N'),(11,6,14,'get_products',12,'Products',0,'select',NULL,'','N:N'),(12,7,9,'get_activities',2,'Activities',0,'add',238,'','1:N'),(13,7,10,'get_emails',3,'Emails',0,'add',NULL,'','N:N'),(14,7,9,'get_history',4,'Activity History',0,'add',238,'','1:N'),(15,7,8,'get_attachments',5,'Documents',0,'add,select',NULL,'','N:N'),(16,7,14,'get_products',6,'Products',0,'select',NULL,'','N:N'),(17,7,26,'get_campaigns',7,'Campaigns',0,'select',NULL,'','N:N'),(18,4,2,'get_opportunities',2,'Potentials',0,'add',740,'','1:N'),(19,4,9,'get_activities',3,'Activities',0,'add',239,'','1:N'),(20,4,10,'get_emails',4,'Emails',0,'add',NULL,'','N:N'),(21,4,13,'get_tickets',5,'HelpDesk',0,'add',741,'','1:N'),(22,4,20,'get_quotes',6,'Quotes',0,'add',319,'','1:N'),(23,4,21,'get_purchase_orders',7,'Purchase Order',0,'add',356,'','1:N'),(24,4,22,'get_salesorder',8,'Sales Order',0,'add',395,'','1:N'),(25,4,14,'get_products',9,'Products',0,'select',NULL,'','N:N'),(26,4,9,'get_history',10,'Activity History',0,'add',239,'','1:N'),(27,4,8,'get_attachments',11,'Documents',0,'add,select',NULL,'','N:N'),(28,4,26,'get_campaigns',12,'Campaigns',0,'select',NULL,'','N:N'),(29,4,23,'get_invoices',13,'Invoice',0,'add',439,'','1:N'),(30,2,9,'get_activities',2,'Activities',0,'add',238,'','1:N'),(31,2,4,'get_contacts',3,'Contacts',0,'select',NULL,'','N:N'),(32,2,14,'get_products',4,'Products',0,'select',NULL,'','N:N'),(33,2,0,'get_stage_history',5,'Sales Stage History',0,'',NULL,'','N:N'),(34,2,8,'get_attachments',6,'Documents',0,'add,select',NULL,'','N:N'),(35,2,20,'get_Quotes',7,'Quotes',0,'add',316,'','1:N'),(36,2,22,'get_salesorder',8,'Sales Order',0,'add',391,'','1:N'),(37,2,9,'get_history',9,'Activity History',0,'',238,'','1:N'),(38,14,13,'get_tickets',1,'HelpDesk',0,'add',159,'','1:N'),(39,14,8,'get_attachments',3,'Documents',0,'add,select',NULL,'','N:N'),(40,14,20,'get_quotes',4,'Quotes',0,'add',703,'','1:N'),(41,14,21,'get_purchase_orders',5,'Purchase Order',0,'add',694,'','1:N'),(42,14,22,'get_salesorder',6,'Sales Order',0,'add',685,'','1:N'),(43,14,23,'get_invoices',7,'Invoice',0,'add',676,'','1:N'),(44,14,19,'get_product_pricebooks',8,'PriceBooks',0,'ADD,SELECT',NULL,'','N:N'),(45,14,7,'get_leads',9,'Leads',0,'select',NULL,'','N:N'),(46,14,6,'get_accounts',10,'Accounts',0,'select',NULL,'','N:N'),(47,14,4,'get_contacts',11,'Contacts',0,'select',NULL,'','N:N'),(48,14,2,'get_opportunities',12,'Potentials',0,'select',NULL,'','N:N'),(49,14,14,'get_products',13,'Product Bundles',0,'add,select',NULL,'','N:N'),(50,14,14,'get_parent_products',14,'Parent Product',0,'',NULL,'','N:N'),(51,10,4,'get_contacts',1,'Contacts',0,'select,bulkmail',NULL,'','N:N'),(52,10,0,'get_users',2,'Users',0,'',NULL,'','N:N'),(53,10,8,'get_attachments',3,'Documents',0,'add,select',NULL,'','N:N'),(54,13,9,'get_activities',2,'Activities',0,'add',238,'','1:N'),(55,13,8,'get_attachments',3,'Documents',0,'add,select',NULL,'','N:N'),(56,13,0,'get_ticket_history',4,'Ticket History',0,'',NULL,'','N:N'),(57,13,9,'get_history',5,'Activity History',0,'add',238,'','1:N'),(58,19,14,'get_pricebook_products',2,'Products',0,'select',NULL,'','N:N'),(59,18,14,'get_products',1,'Products',0,'add,select',185,'','1:N'),(60,18,21,'get_purchase_orders',2,'Purchase Order',0,'add',353,'','1:N'),(61,18,4,'get_contacts',3,'Contacts',0,'select',NULL,'','N:N'),(62,18,10,'get_emails',4,'Emails',0,'add',NULL,'','N:N'),(63,20,22,'get_salesorder',1,'Sales Order',0,'',393,'','1:N'),(64,20,9,'get_activities',2,'Activities',0,'add',NULL,'','N:N'),(65,20,8,'get_attachments',3,'Documents',0,'add,select',NULL,'','N:N'),(66,20,9,'get_history',4,'Activity History',0,'',NULL,'','N:N'),(67,20,0,'get_quotestagehistory',5,'Quote Stage History',0,'',NULL,'','N:N'),(68,21,9,'get_activities',1,'Activities',0,'add',NULL,'','N:N'),(69,21,8,'get_attachments',2,'Documents',0,'add,select',NULL,'','N:N'),(70,21,9,'get_history',3,'Activity History',0,'',NULL,'','N:N'),(71,21,0,'get_postatushistory',4,'PurchaseOrder Status History',0,'',NULL,'','N:N'),(72,22,9,'get_activities',1,'Activities',0,'add',NULL,'','N:N'),(73,22,8,'get_attachments',2,'Documents',0,'add,select',NULL,'','N:N'),(74,22,23,'get_invoices',3,'Invoice',0,'',437,'','1:N'),(75,22,9,'get_history',4,'Activity History',0,'',NULL,'','N:N'),(76,22,0,'get_sostatushistory',5,'SalesOrder Status History',0,'',NULL,'','N:N'),(77,23,9,'get_activities',1,'Activities',0,'add',NULL,'','N:N'),(78,23,8,'get_attachments',2,'Documents',0,'add,select',NULL,'','N:N'),(79,23,9,'get_history',3,'Activity History',0,'',NULL,'','N:N'),(80,23,0,'get_invoicestatushistory',4,'Invoice Status History',0,'',NULL,'','N:N'),(81,9,0,'get_users',1,'Users',0,'',NULL,'','N:N'),(82,9,4,'get_contacts',2,'Contacts',0,'',NULL,'','N:N'),(83,26,4,'get_contacts',1,'Contacts',0,'add,select',NULL,'','N:N'),(84,26,7,'get_leads',2,'Leads',0,'add,select',NULL,'','N:N'),(85,26,2,'get_opportunities',3,'Potentials',0,'add',121,'','1:N'),(86,26,9,'get_activities',4,'Activities',0,'add',238,'','1:N'),(87,6,26,'get_campaigns',14,'Campaigns',0,'select',NULL,'','N:N'),(88,26,6,'get_accounts',5,'Accounts',0,'add,select',NULL,'','N:N'),(89,15,8,'get_attachments',2,'Documents',0,'add,select',NULL,'','N:N'),(90,31,13,'get_related_list',1,'Service Requests',0,'ADD,SELECT',NULL,NULL,'N:N'),(91,31,8,'get_attachments',2,'Documents',0,'ADD,SELECT',NULL,NULL,'N:N'),(92,6,31,'get_merged_list',15,'Service Contracts',0,'ADD',531,NULL,'1:N'),(93,4,31,'get_dependents_list',14,'Service Contracts',0,'ADD',531,NULL,'1:N'),(94,13,31,'get_related_list',6,'Service Contracts',0,'ADD,SELECT',NULL,NULL,'N:N'),(95,32,13,'get_related_list',1,'HelpDesk',0,'ADD,SELECT',NULL,NULL,'N:N'),(96,32,20,'get_quotes',2,'Quotes',0,'ADD',703,NULL,'1:N'),(97,32,21,'get_purchase_orders',3,'Purchase Order',0,'ADD',694,NULL,'1:N'),(98,32,22,'get_salesorder',4,'Sales Order',0,'ADD',685,NULL,'1:N'),(99,32,23,'get_invoices',5,'Invoice',0,'ADD',676,NULL,'1:N'),(100,32,19,'get_service_pricebooks',6,'PriceBooks',0,'ADD',NULL,NULL,'N:N'),(101,32,7,'get_related_list',7,'Leads',0,'SELECT',NULL,NULL,'N:N'),(102,32,6,'get_related_list',8,'Accounts',0,'SELECT',NULL,NULL,'N:N'),(103,32,4,'get_related_list',9,'Contacts',0,'SELECT',NULL,NULL,'N:N'),(104,32,2,'get_related_list',10,'Potentials',0,'SELECT',NULL,NULL,'N:N'),(105,32,8,'get_attachments',11,'Documents',0,'ADD,SELECT',NULL,NULL,'N:N'),(106,13,32,'get_related_list',7,'Services',0,'SELECT',NULL,NULL,'N:N'),(107,7,32,'get_related_list',8,'Services',0,'SELECT',NULL,NULL,'N:N'),(108,6,32,'get_related_list',16,'Services',0,'SELECT',NULL,NULL,'N:N'),(109,4,32,'get_related_list',15,'Services',0,'SELECT',NULL,NULL,'N:N'),(110,2,32,'get_related_list',10,'Services',0,'SELECT',NULL,NULL,'N:N'),(111,19,32,'get_pricebook_services',3,'Services',0,'SELECT',NULL,NULL,'N:N'),(112,4,37,'get_dependents_list',16,'PBXManager',0,'',579,NULL,'1:N'),(113,7,37,'get_dependents_list',9,'PBXManager',0,'',579,NULL,'1:N'),(114,6,37,'get_dependents_list',17,'PBXManager',0,'',579,NULL,'1:N'),(115,7,38,'get_comments',10,'ModComments',0,'',592,NULL,'1:N'),(116,4,38,'get_comments',17,'ModComments',0,'',592,NULL,'1:N'),(117,6,38,'get_comments',18,'ModComments',0,'',592,NULL,'1:N'),(118,2,38,'get_comments',11,'ModComments',0,'',592,NULL,'1:N'),(126,6,44,'get_merged_list',19,'Projects',0,'add',633,NULL,'1:N'),(127,4,44,'get_dependents_list',18,'Projects',0,'add',633,NULL,'1:N'),(128,13,44,'get_related_list',8,'Projects',0,'SELECT',NULL,NULL,'N:N'),(130,46,13,'get_related_list',1,'HelpDesk',0,'ADD,SELECT',NULL,NULL,'N:N'),(131,46,8,'get_attachments',2,'Documents',0,'ADD,SELECT',NULL,NULL,'N:N'),(132,6,46,'get_merged_list',20,'Assets',0,'ADD',659,NULL,'1:N'),(133,14,46,'get_dependents_list',15,'Assets',0,'ADD',648,NULL,'1:N'),(134,23,46,'get_dependents_list',5,'Assets',0,'ADD',654,NULL,'1:N'),(135,47,6,'get_related_list',1,'Accounts',0,' ',NULL,NULL,'N:N'),(136,47,4,'get_related_list',2,'Contacts',0,' ',NULL,NULL,'N:N'),(137,47,7,'get_related_list',3,'Leads',0,' ',NULL,NULL,'N:N'),(138,43,8,'get_attachments',2,'Documents',0,'ADD,SELECT',NULL,NULL,'N:N'),(139,43,38,'get_comments',3,'ModComments',0,'',592,NULL,'1:N'),(140,44,43,'get_dependents_list',2,'Project Tasks',0,'ADD',612,NULL,'1:N'),(141,44,42,'get_dependents_list',3,'Project Milestones',0,'ADD',598,NULL,'1:N'),(142,44,8,'get_attachments',4,'Documents',0,'ADD,SELECT',NULL,NULL,'N:N'),(143,44,13,'get_related_list',5,'HelpDesk',0,'ADD,SELECT',NULL,NULL,'N:N'),(144,44,0,'get_gantt_chart',6,'Charts',0,'',NULL,NULL,'N:N'),(145,44,38,'get_comments',7,'ModComments',0,'',592,NULL,'1:N'),(146,13,38,'get_comments',9,'ModComments',0,'',592,NULL,'1:N'),(147,15,38,'get_comments',3,'ModComments',0,'',592,NULL,'1:N'),(148,4,46,'get_dependents_list',19,'Assets',0,'ADD',660,NULL,'1:N'),(149,4,18,'get_vendors',20,'Vendors',0,'SELECT',NULL,'','N:N'),(150,2,23,'get_dependents_list',12,'Invoice',0,'ADD',774,NULL,'1:N'),(151,8,4,'get_related_list',1,'Contacts',0,'1',NULL,NULL,'N:N'),(152,8,6,'get_related_list',2,'Accounts',0,'1',NULL,NULL,'N:N'),(153,8,2,'get_related_list',3,'Potentials',0,'1',NULL,NULL,'N:N'),(154,8,7,'get_related_list',4,'Leads',0,'1',NULL,NULL,'N:N'),(155,8,14,'get_related_list',5,'Products',0,'1',NULL,NULL,'N:N'),(156,8,32,'get_related_list',6,'Services',0,'1',NULL,NULL,'N:N'),(157,8,44,'get_related_list',7,'Project',0,'1',NULL,NULL,'N:N'),(158,8,46,'get_related_list',8,'Assets',0,'1',NULL,NULL,'N:N'),(159,8,31,'get_related_list',9,'ServiceContracts',0,'1',NULL,NULL,'N:N'),(160,8,20,'get_related_list',10,'Quotes',0,'1',NULL,NULL,'N:N'),(161,8,23,'get_related_list',11,'Invoice',0,'1',NULL,NULL,'N:N'),(162,8,22,'get_related_list',12,'SalesOrder',0,'1',NULL,NULL,'N:N'),(163,8,21,'get_related_list',13,'PurchaseOrder',0,'1',NULL,NULL,'N:N'),(164,8,13,'get_related_list',14,'HelpDesk',0,'1',NULL,NULL,'N:N'),(165,8,15,'get_related_list',15,'Faq',0,'1',NULL,NULL,'N:N'),(166,44,10,'get_emails',8,'Emails',0,'ADD',NULL,NULL,'N:N'),(167,43,10,'get_emails',4,'Emails',0,'ADD',NULL,NULL,'N:N'),(168,44,9,'get_related_list',9,'Activities',0,'ADD',NULL,NULL,'N:N'),(169,44,20,'get_related_list',10,'Quotes',0,'SELECT',NULL,NULL,'N:N'),(170,14,21,'get_purchase_orders',16,'PurchaseOrder',0,'ADD',NULL,NULL,'N:N'),(171,2,10,'get_emails',13,'Emails',0,'ADD',NULL,NULL,'N:N'),(172,13,10,'get_emails',10,'Emails',0,'ADD',NULL,NULL,'N:N'),(175,6,60,'get_related_list',1,'Cobranzas',0,'ADD',0,NULL,'1:N'),(176,60,61,'get_related_list',1,'Pagos Parciales',0,'ADD',0,NULL,'1:N'),(177,6,62,'get_dependents_list',21,'WhatsApp',0,'',NULL,NULL,'N:N'),(178,4,62,'get_dependents_list',21,'WhatsApp',0,'',NULL,NULL,'N:N'),(179,7,62,'get_dependents_list',11,'WhatsApp',0,'',NULL,NULL,'N:N'),(180,18,62,'get_dependents_list',5,'WhatsApp',0,'',NULL,NULL,'N:N'),(182,60,38,'get_comments',1,'ModComments',0,'',0,NULL,'1:N'),(185,60,9,'get_related_list',1,'Calendar',0,'ADD',0,NULL,'1:N'),(186,60,62,'get_related_list',1,'CTWhatsApp',0,'',0,NULL,'1:N');

--
-- Table structure for table `vtiger_relatedlists_rb`
--

CREATE TABLE `vtiger_relatedlists_rb` (
  `entityid` int(19) DEFAULT NULL,
  `action` varchar(50) DEFAULT NULL,
  `rel_table` varchar(200) DEFAULT NULL,
  `rel_column` varchar(200) DEFAULT NULL,
  `ref_column` varchar(200) DEFAULT NULL,
  `related_crm_ids` text DEFAULT NULL
) ENGINE=InnoDB DEFAULT CHARSET=utf8 COLLATE=utf8_general_ci;

--
-- Dumping data for table `vtiger_relatedlists_rb`
--

INSERT INTO `vtiger_relatedlists_rb` VALUES (454,'update','vtiger_pagos','lb_cobranzapagosparciales','pagosid','455'),(748,'update','vtiger_crmentity','deleted','crmid',''),(747,'update','vtiger_crmentity','deleted','crmid','');

--
-- Table structure for table `vtiger_relatedlists_seq`
--

CREATE TABLE `vtiger_relatedlists_seq` (
  `id` int(11) NOT NULL
) ENGINE=InnoDB DEFAULT CHARSET=utf8 COLLATE=utf8_general_ci;

--
-- Dumping data for table `vtiger_relatedlists_seq`
--

INSERT INTO `vtiger_relatedlists_seq` VALUES (186);

--
-- Table structure for table `vtiger_relcriteria`
--

CREATE TABLE `vtiger_relcriteria` (
  `queryid` int(19) NOT NULL,
  `columnindex` int(11) NOT NULL,
  `columnname` varchar(250) DEFAULT '',
  `comparator` varchar(20) DEFAULT NULL,
  `value` varchar(512) DEFAULT NULL,
  `groupid` int(11) DEFAULT 1,
  `column_condition` varchar(256) DEFAULT 'and',
  PRIMARY KEY (`queryid`,`columnindex`),
  KEY `relcriteria_queryid_idx` (`queryid`),
  CONSTRAINT `fk_1_vtiger_relcriteria` FOREIGN KEY (`queryid`) REFERENCES `vtiger_selectquery` (`queryid`) ON DELETE CASCADE
) ENGINE=InnoDB DEFAULT CHARSET=utf8 COLLATE=utf8_general_ci;

--
-- Dumping data for table `vtiger_relcriteria`
--

INSERT INTO `vtiger_relcriteria` VALUES (1,0,'vtiger_contactdetails:accountid:Contacts_Account_Name:account_id:V','n','',1,'and'),(2,0,'vtiger_contactdetails:accountid:Contacts_Account_Name:account_id:V','e','',1,'and'),(3,0,'vtiger_potential:potentialname:Potentials_Potential_Name:potentialname:V','n','',1,'and'),(7,0,'vtiger_potential:sales_stage:Potentials_Sales_Stage:sales_stage:V','e','Closed Won',1,'and'),(12,0,'vtiger_troubletickets:status:HelpDesk_Status:ticketstatus:V','n','Closed',1,'and'),(15,0,'vtiger_quotes:quotestage:Quotes_Quote_Stage:quotestage:V','n','Accepted',1,'and'),(15,1,'vtiger_quotes:quotestage:Quotes_Quote_Stage:quotestage:V','n','Rejected',1,'and'),(22,0,'vtiger_email_track:access_count:Emails_Access_Count:access_count:I','ny','',1,'and'),(23,0,'vtiger_email_track:access_count:Emails_Access_Count:access_count:I','ny','',1,'and'),(24,0,'vtiger_email_track:access_count:Emails_Access_Count:access_count:I','ny','',1,'and'),(25,0,'vtiger_email_track:access_count:Emails_Access_Count:access_count:I','ny','',1,'and'),(29,0,'vtiger_cobranzas:lb_diasvencidos:Cobranzas_Días_Vencidos:lb_diasvencidos:V','n','0',1,''),(29,1,'vtiger_cobranzas:lb_diasvencidos:Cobranzas_Días_Vencidos:lb_diasvencidos:V','e','81',2,'or'),(29,2,'vtiger_cobranzas:lb_diasvencidos:Cobranzas_Días_Vencidos:lb_diasvencidos:V','e','77',2,'or'),(29,3,'vtiger_cobranzas:lb_diasvencidos:Cobranzas_Días_Vencidos:lb_diasvencidos:V','e','113',2,'or'),(29,4,'vtiger_cobranzas:lb_diasvencidos:Cobranzas_Días_Vencidos:lb_diasvencidos:V','e','22',2,'or'),(29,5,'vtiger_cobranzas:lb_diasvencidos:Cobranzas_Días_Vencidos:lb_diasvencidos:V','e','111',2,'or'),(29,6,'vtiger_cobranzas:lb_diasvencidos:Cobranzas_Días_Vencidos:lb_diasvencidos:V','e','115',2,''),(30,0,'vtiger_cobranzas:lb_estado:Cobranzas_Estado:lb_estado:V','n','Cancelada con Nota de Credito,Anulada,Perdida,Pagado',1,''),(32,0,'vtiger_modcomments:commentcontent:ModComments_Comment:commentcontent:V','y','',1,'');

--
-- Table structure for table `vtiger_relcriteria_grouping`
--

CREATE TABLE `vtiger_relcriteria_grouping` (
  `groupid` int(11) NOT NULL,
  `queryid` int(19) NOT NULL,
  `group_condition` varchar(256) DEFAULT NULL,
  `condition_expression` text DEFAULT NULL,
  PRIMARY KEY (`groupid`,`queryid`)
) ENGINE=InnoDB DEFAULT CHARSET=utf8 COLLATE=utf8_general_ci;

--
-- Dumping data for table `vtiger_relcriteria_grouping`
--

INSERT INTO `vtiger_relcriteria_grouping` VALUES (1,1,'','0'),(1,2,'','0'),(1,3,'','0'),(1,7,'','0'),(1,12,'','0'),(1,15,'','0 and 1'),(1,22,'','0'),(1,23,'','0'),(1,24,'','0'),(1,25,'','0'),(1,29,'and',' 0 '),(1,30,'and',' 0 '),(1,32,'and',' 0 '),(2,29,NULL,' 1 or 2 or 3 or 4 or 5 or 6 ');

--
-- Table structure for table `vtiger_reminder_interval`
--

CREATE TABLE `vtiger_reminder_interval` (
  `reminder_intervalid` int(19) NOT NULL AUTO_INCREMENT,
  `reminder_interval` varchar(200) NOT NULL,
  `sortorderid` int(19) NOT NULL,
  `presence` int(1) NOT NULL,
  PRIMARY KEY (`reminder_intervalid`)
) ENGINE=InnoDB AUTO_INCREMENT=9 DEFAULT CHARSET=utf8 COLLATE=utf8_general_ci;

--
-- Dumping data for table `vtiger_reminder_interval`
--

INSERT INTO `vtiger_reminder_interval` VALUES (2,'1 Minute',1,1),(3,'5 Minutes',2,1),(4,'15 Minutes',3,1),(5,'30 Minutes',4,1),(6,'45 Minutes',5,1),(7,'1 Hour',6,1),(8,'1 Day',7,1);

--
-- Table structure for table `vtiger_reminder_interval_seq`
--

CREATE TABLE `vtiger_reminder_interval_seq` (
  `id` int(11) NOT NULL
) ENGINE=InnoDB DEFAULT CHARSET=utf8 COLLATE=utf8_general_ci;

--
-- Dumping data for table `vtiger_reminder_interval_seq`
--

INSERT INTO `vtiger_reminder_interval_seq` VALUES (8);

--
-- Table structure for table `vtiger_report`
--

CREATE TABLE `vtiger_report` (
  `reportid` int(19) NOT NULL,
  `folderid` int(19) NOT NULL,
  `reportname` varchar(100) DEFAULT '',
  `description` varchar(250) DEFAULT '',
  `reporttype` varchar(50) DEFAULT '',
  `queryid` int(19) NOT NULL DEFAULT 0,
  `state` varchar(50) DEFAULT 'SAVED',
  `customizable` int(1) DEFAULT 1,
  `category` int(11) DEFAULT 1,
  `owner` int(11) DEFAULT 1,
  `sharingtype` varchar(200) DEFAULT 'Private',
  PRIMARY KEY (`reportid`),
  KEY `report_queryid_idx` (`queryid`),
  KEY `report_folderid_idx` (`folderid`),
  CONSTRAINT `fk_2_vtiger_report` FOREIGN KEY (`queryid`) REFERENCES `vtiger_selectquery` (`queryid`) ON DELETE CASCADE
) ENGINE=InnoDB DEFAULT CHARSET=utf8 COLLATE=utf8_general_ci;

--
-- Dumping data for table `vtiger_report`
--

INSERT INTO `vtiger_report` VALUES (1,1,'Contacts by Accounts','Contacts related to Accounts','tabular',1,'CUSTOM',1,1,1,'Public'),(2,1,'Contacts without Accounts','Contacts not related to Accounts','tabular',2,'CUSTOM',1,1,1,'Public'),(3,1,'Contacts by Potentials','Contacts related to Potentials','tabular',3,'CUSTOM',1,1,1,'Public'),(4,2,'Lead by Source','Lead by Source','summary',4,'CUSTOM',1,1,1,'Public'),(5,2,'Lead Status Report','Lead Status Report','summary',5,'CUSTOM',1,1,1,'Public'),(6,3,'Potential Pipeline','Potential Pipeline','summary',6,'CUSTOM',1,1,1,'Public'),(7,3,'Closed Potentials','Potential that have Won','tabular',7,'CUSTOM',1,1,1,'Public'),(8,4,'Last Month Activities','Last Month Activities','tabular',8,'CUSTOM',1,1,1,'Public'),(9,4,'This Month Activities','This Month Activities','tabular',9,'CUSTOM',1,1,1,'Public'),(10,5,'Tickets by Products','Tickets related to Products','tabular',10,'CUSTOM',1,1,1,'Public'),(11,5,'Tickets by Priority','Tickets by Priority','summary',11,'CUSTOM',1,1,1,'Public'),(12,5,'Open Tickets','Tickets that are Open','tabular',12,'CUSTOM',1,1,1,'Public'),(13,6,'Product Details','Product Detailed Report','tabular',13,'CUSTOM',1,1,1,'Public'),(14,6,'Products by Contacts','Products related to Contacts','tabular',14,'CUSTOM',1,1,1,'Public'),(15,7,'Open Quotes','Quotes that are Open','tabular',15,'CUSTOM',1,1,1,'Public'),(16,7,'Quotes Detailed Report','Quotes Detailed Report','tabular',16,'CUSTOM',1,1,1,'Public'),(17,8,'PurchaseOrder by Contacts','PurchaseOrder related to Contacts','tabular',17,'CUSTOM',1,1,1,'Public'),(18,8,'PurchaseOrder Detailed Report','PurchaseOrder Detailed Report','tabular',18,'CUSTOM',1,1,1,'Public'),(19,9,'Invoice Detailed Report','Invoice Detailed Report','tabular',19,'CUSTOM',1,1,1,'Public'),(20,10,'SalesOrder Detailed Report','SalesOrder Detailed Report','tabular',20,'CUSTOM',1,1,1,'Public'),(21,11,'Campaign Expectations and Actuals','Campaign Expectations and Actuals','tabular',21,'CUSTOM',1,1,1,'Public'),(22,12,'Contacts Email Report','Emails sent to Contacts','tabular',22,'CUSTOM',1,1,1,'Public'),(23,12,'Accounts Email Report','Emails sent to Organizations','tabular',23,'CUSTOM',1,1,1,'Public'),(24,12,'Leads Email Report','Emails sent to Leads','tabular',24,'CUSTOM',1,1,1,'Public'),(25,12,'Vendors Email Report','Emails sent to Vendors','tabular',25,'CUSTOM',1,1,1,'Public'),(26,3,'Forecast','','chart',26,'CUSTOM',1,1,1,'Private'),(27,4,'contactos y cuentas','','tabular',27,'CUSTOM',1,1,1,'Private'),(28,4,'contactos y cuentas 2','','tabular',28,'CUSTOM',1,1,1,'Private'),(29,13,'Cobranzas - Cantidad de facturas segun dias vencidos','','chart',29,'CUSTOM',1,1,1,'Private'),(30,13,'Cobranzas - Monto en cobranza por estado','','chart',30,'CUSTOM',1,1,1,'Private'),(31,4,'prueba demo','','tabular',31,'CUSTOM',1,1,1,'Private'),(32,13,'Cobranzas - Gestion de cobranza','','tabular',32,'CUSTOM',1,1,1,'Private'),(33,13,'Cobranzas - actividad por agente','','chart',33,'CUSTOM',1,1,1,'Private');

--
-- Table structure for table `vtiger_report_sharegroups`
--

CREATE TABLE `vtiger_report_sharegroups` (
  `reportid` int(25) NOT NULL,
  `groupid` int(25) NOT NULL,
  KEY `vtiger_report_sharegroups_ibfk_1` (`reportid`),
  KEY `vtiger_groups_groupid_ibfk_1` (`groupid`),
  CONSTRAINT `vtiger_groups_groupid_ibfk_1` FOREIGN KEY (`groupid`) REFERENCES `vtiger_groups` (`groupid`) ON DELETE CASCADE,
  CONSTRAINT `vtiger_report_reportid_ibfk_2` FOREIGN KEY (`reportid`) REFERENCES `vtiger_report` (`reportid`) ON DELETE CASCADE
) ENGINE=InnoDB DEFAULT CHARSET=utf8 COLLATE=utf8_general_ci;

--
-- Dumping data for table `vtiger_report_sharegroups`
--


--
-- Table structure for table `vtiger_report_sharerole`
--

CREATE TABLE `vtiger_report_sharerole` (
  `reportid` int(25) NOT NULL,
  `roleid` varchar(255) NOT NULL,
  KEY `vtiger_report_sharerole_ibfk_1` (`reportid`),
  KEY `vtiger_role_roleid_ibfk_1` (`roleid`),
  CONSTRAINT `vtiger_report_reportid_ibfk_3` FOREIGN KEY (`reportid`) REFERENCES `vtiger_report` (`reportid`) ON DELETE CASCADE,
  CONSTRAINT `vtiger_role_roleid_ibfk_1` FOREIGN KEY (`roleid`) REFERENCES `vtiger_role` (`roleid`) ON DELETE CASCADE
) ENGINE=InnoDB DEFAULT CHARSET=utf8 COLLATE=utf8_general_ci;

--
-- Dumping data for table `vtiger_report_sharerole`
--


--
-- Table structure for table `vtiger_report_sharers`
--

CREATE TABLE `vtiger_report_sharers` (
  `reportid` int(25) NOT NULL,
  `rsid` varchar(255) NOT NULL,
  KEY `vtiger_report_sharers_ibfk_1` (`reportid`),
  KEY `vtiger_rolesd_rsid_ibfk_1` (`rsid`),
  CONSTRAINT `vtiger_report_reportid_ibfk_4` FOREIGN KEY (`reportid`) REFERENCES `vtiger_report` (`reportid`) ON DELETE CASCADE,
  CONSTRAINT `vtiger_rolesd_rsid_ibfk_1` FOREIGN KEY (`rsid`) REFERENCES `vtiger_role` (`roleid`) ON DELETE CASCADE
) ENGINE=InnoDB DEFAULT CHARSET=utf8 COLLATE=utf8_general_ci;

--
-- Dumping data for table `vtiger_report_sharers`
--


--
-- Table structure for table `vtiger_report_shareusers`
--

CREATE TABLE `vtiger_report_shareusers` (
  `reportid` int(25) NOT NULL,
  `userid` int(25) NOT NULL,
  KEY `vtiger_report_shareusers_ibfk_1` (`reportid`),
  KEY `vtiger_users_userid_ibfk_1` (`userid`),
  CONSTRAINT `vtiger_reports_reportid_ibfk_1` FOREIGN KEY (`reportid`) REFERENCES `vtiger_report` (`reportid`) ON DELETE CASCADE,
  CONSTRAINT `vtiger_users_userid_ibfk_1` FOREIGN KEY (`userid`) REFERENCES `vtiger_users` (`id`) ON DELETE CASCADE
) ENGINE=InnoDB DEFAULT CHARSET=utf8 COLLATE=utf8_general_ci;

--
-- Dumping data for table `vtiger_report_shareusers`
--


--
-- Table structure for table `vtiger_reportdatefilter`
--

CREATE TABLE `vtiger_reportdatefilter` (
  `datefilterid` int(19) NOT NULL,
  `datecolumnname` varchar(250) DEFAULT '',
  `datefilter` varchar(250) DEFAULT '',
  `startdate` date DEFAULT NULL,
  `enddate` date DEFAULT NULL,
  PRIMARY KEY (`datefilterid`),
  KEY `reportdatefilter_datefilterid_idx` (`datefilterid`),
  CONSTRAINT `fk_1_vtiger_reportdatefilter` FOREIGN KEY (`datefilterid`) REFERENCES `vtiger_report` (`reportid`) ON DELETE CASCADE
) ENGINE=InnoDB DEFAULT CHARSET=utf8 COLLATE=utf8_general_ci;

--
-- Dumping data for table `vtiger_reportdatefilter`
--

INSERT INTO `vtiger_reportdatefilter` VALUES (8,'vtiger_crmentity:modifiedtime:modifiedtime:Calendar_Modified_Time','lastmonth','2005-05-01','2005-05-31'),(9,'vtiger_crmentity:modifiedtime:modifiedtime:Calendar_Modified_Time','thismonth','2005-06-01','2005-06-30');

--
-- Table structure for table `vtiger_reportfilters`
--

CREATE TABLE `vtiger_reportfilters` (
  `filterid` int(19) NOT NULL,
  `name` varchar(200) NOT NULL
) ENGINE=InnoDB DEFAULT CHARSET=utf8 COLLATE=utf8_general_ci;

--
-- Dumping data for table `vtiger_reportfilters`
--

INSERT INTO `vtiger_reportfilters` VALUES (1,'Private'),(2,'Public'),(3,'Shared');

--
-- Table structure for table `vtiger_reportfolder`
--

CREATE TABLE `vtiger_reportfolder` (
  `folderid` int(19) NOT NULL AUTO_INCREMENT,
  `foldername` varchar(100) NOT NULL DEFAULT '',
  `description` varchar(250) DEFAULT '',
  `state` varchar(50) DEFAULT 'SAVED',
  PRIMARY KEY (`folderid`)
) ENGINE=InnoDB AUTO_INCREMENT=14 DEFAULT CHARSET=utf8 COLLATE=utf8_general_ci;

--
-- Dumping data for table `vtiger_reportfolder`
--

INSERT INTO `vtiger_reportfolder` VALUES (1,'Informes de Cuenta y Contactos','Informes de Cuenta y Contactos','SAVED'),(2,'Lead Reports','Lead Reports','SAVED'),(3,'Informes de Oportunidades','Informes de Oportunidades','SAVED'),(4,'Activity Reports','Activity Reports','SAVED'),(5,'Informes de Casos','Informes de Casos','SAVED'),(6,'Product Reports','Product Reports','SAVED'),(7,'Quote Reports','Quote Reports','SAVED'),(8,'Informes de Órdenes de Compra','Informes de Órdenes de Compra','SAVED'),(9,'Invoice Reports','Invoice Reports','SAVED'),(10,'Informes de Pedidos de Venta','Informes de Pedidos de Venta','SAVED'),(11,'Campaign Reports','Campaign Reports','SAVED'),(12,'Email Reports','Email Reports','SAVED'),(13,'Cobranzas','','CUSTOMIZED');

--
-- Table structure for table `vtiger_reportgroupbycolumn`
--

CREATE TABLE `vtiger_reportgroupbycolumn` (
  `reportid` int(19) DEFAULT NULL,
  `sortid` int(19) DEFAULT NULL,
  `sortcolname` varchar(250) DEFAULT NULL,
  `dategroupbycriteria` varchar(250) DEFAULT NULL,
  KEY `fk_1_vtiger_reportgroupbycolumn` (`reportid`),
  CONSTRAINT `fk_1_vtiger_reportgroupbycolumn` FOREIGN KEY (`reportid`) REFERENCES `vtiger_report` (`reportid`) ON DELETE CASCADE
) ENGINE=InnoDB DEFAULT CHARSET=utf8 COLLATE=utf8_general_ci;

--
-- Dumping data for table `vtiger_reportgroupbycolumn`
--


--
-- Table structure for table `vtiger_reportmodules`
--

CREATE TABLE `vtiger_reportmodules` (
  `reportmodulesid` int(19) NOT NULL,
  `primarymodule` varchar(100) DEFAULT NULL,
  `secondarymodules` varchar(250) DEFAULT '',
  PRIMARY KEY (`reportmodulesid`),
  CONSTRAINT `fk_1_vtiger_reportmodules` FOREIGN KEY (`reportmodulesid`) REFERENCES `vtiger_report` (`reportid`) ON DELETE CASCADE
) ENGINE=InnoDB DEFAULT CHARSET=utf8 COLLATE=utf8_general_ci;

--
-- Dumping data for table `vtiger_reportmodules`
--

INSERT INTO `vtiger_reportmodules` VALUES (1,'Contacts','Accounts'),(2,'Contacts','Accounts'),(3,'Contacts','Potentials'),(4,'Leads',''),(5,'Leads',''),(6,'Potentials',''),(7,'Potentials',''),(8,'Calendar',''),(9,'Calendar',''),(10,'HelpDesk','Products'),(11,'HelpDesk',''),(12,'HelpDesk',''),(13,'Products',''),(14,'Products','Contacts'),(15,'Quotes',''),(16,'Quotes',''),(17,'PurchaseOrder','Contacts'),(18,'PurchaseOrder',''),(19,'Invoice',''),(20,'SalesOrder',''),(21,'Campaigns',''),(22,'Contacts','Emails'),(23,'Accounts','Emails'),(24,'Leads','Emails'),(25,'Vendors','Emails'),(26,'Potentials',''),(27,'Contacts','Accounts'),(28,'Contacts','Accounts'),(29,'Cobranzas',''),(30,'Cobranzas',''),(31,'Assets',''),(32,'Accounts','ModComments'),(33,'Cobranzas','');

--
-- Table structure for table `vtiger_reportsharing`
--

CREATE TABLE `vtiger_reportsharing` (
  `reportid` int(19) NOT NULL,
  `shareid` int(19) NOT NULL,
  `setype` varchar(200) NOT NULL
) ENGINE=InnoDB DEFAULT CHARSET=utf8 COLLATE=utf8_general_ci;

--
-- Dumping data for table `vtiger_reportsharing`
--


--
-- Table structure for table `vtiger_reportsortcol`
--

CREATE TABLE `vtiger_reportsortcol` (
  `sortcolid` int(19) NOT NULL,
  `reportid` int(19) NOT NULL,
  `columnname` varchar(250) DEFAULT '',
  `sortorder` varchar(250) DEFAULT 'Asc',
  PRIMARY KEY (`sortcolid`,`reportid`),
  KEY `fk_1_vtiger_reportsortcol` (`reportid`),
  CONSTRAINT `fk_1_vtiger_reportsortcol` FOREIGN KEY (`reportid`) REFERENCES `vtiger_report` (`reportid`) ON DELETE CASCADE
) ENGINE=InnoDB DEFAULT CHARSET=utf8 COLLATE=utf8_general_ci;

--
-- Dumping data for table `vtiger_reportsortcol`
--

INSERT INTO `vtiger_reportsortcol` VALUES (0,27,'none',''),(0,28,'none',''),(0,31,'none',''),(0,32,'vtiger_usersAccounts:user_name:Accounts_Assigned_To:assigned_user_id:V','Ascending'),(1,4,'vtiger_leaddetails:leadsource:Leads_Lead_Source:leadsource:V','Ascending'),(1,5,'vtiger_leaddetails:leadstatus:Leads_Lead_Status:leadstatus:V','Ascending'),(1,6,'vtiger_potential:sales_stage:Potentials_Sales_Stage:sales_stage:V','Ascending'),(1,11,'vtiger_troubletickets:priority:HelpDesk_Priority:ticketpriorities:V','Ascending'),(1,27,'none',''),(1,28,'none',''),(1,31,'none',''),(1,32,'none',''),(2,27,'none',''),(2,28,'none',''),(2,31,'none',''),(2,32,'none','');

--
-- Table structure for table `vtiger_reportsummary`
--

CREATE TABLE `vtiger_reportsummary` (
  `reportsummaryid` int(19) NOT NULL,
  `summarytype` int(19) NOT NULL,
  `columnname` varchar(250) NOT NULL DEFAULT '',
  PRIMARY KEY (`reportsummaryid`,`summarytype`,`columnname`),
  KEY `reportsummary_reportsummaryid_idx` (`reportsummaryid`),
  CONSTRAINT `fk_1_vtiger_reportsummary` FOREIGN KEY (`reportsummaryid`) REFERENCES `vtiger_report` (`reportid`) ON DELETE CASCADE
) ENGINE=InnoDB DEFAULT CHARSET=utf8 COLLATE=utf8_general_ci;

--
-- Dumping data for table `vtiger_reportsummary`
--

INSERT INTO `vtiger_reportsummary` VALUES (32,0,'cb:vtiger_account:lb_frecuenciadevisitames:Frecuencia_de_Visitas_Mensual_SUM:2'),(32,1,'cb:vtiger_account:lb_frecuenciadecomprames:Frecuencia_de_Compras_Mensual_SUM:2');

--
-- Table structure for table `vtiger_reporttype`
--

CREATE TABLE `vtiger_reporttype` (
  `reportid` int(10) NOT NULL,
  `data` text DEFAULT NULL,
  PRIMARY KEY (`reportid`),
  CONSTRAINT `fk_1_vtiger_reporttype` FOREIGN KEY (`reportid`) REFERENCES `vtiger_report` (`reportid`) ON DELETE CASCADE
) ENGINE=InnoDB DEFAULT CHARSET=utf8 COLLATE=utf8_general_ci;

--
-- Dumping data for table `vtiger_reporttype`
--

INSERT INTO `vtiger_reporttype` VALUES (26,'{\"type\":\"horizontalbarChart\",\"groupbyfield\":\"vtiger_potential:sales_stage:Potentials_Sales_Stage:sales_stage:V\",\"datafields\":[\"vtiger_potential:amount:Potentials_Amount:amount:N:SUM\"]}'),(29,'{\"type\":\"horizontalbarChart\",\"groupbyfield\":\"vtiger_cobranzas:lb_diasvencidos:Cobranzas_D\\u00edas_Vencidos:lb_diasvencidos:V\",\"datafields\":[\"count(*)\"]}'),(30,'{\"type\":\"horizontalbarChart\",\"groupbyfield\":\"vtiger_cobranzas:lb_estado:Cobranzas_Estado:lb_estado:V\",\"datafields\":[\"vtiger_cobranzas:lb_montototal:Cobranzas_Monto_Total:lb_montototal:N:SUM\"]}'),(33,'{\"type\":\"horizontalbarChart\",\"groupbyfield\":\"vtiger_usersCobranzas:user_name:Cobranzas_Assigned_To:assigned_user_id:V\",\"datafields\":[\"count(*)\"]}');

--
-- Table structure for table `vtiger_role`
--

CREATE TABLE `vtiger_role` (
  `roleid` varchar(255) NOT NULL,
  `rolename` varchar(200) DEFAULT NULL,
  `parentrole` varchar(255) DEFAULT NULL,
  `depth` int(19) DEFAULT NULL,
  `allowassignedrecordsto` int(2) NOT NULL DEFAULT 1,
  PRIMARY KEY (`roleid`)
) ENGINE=InnoDB DEFAULT CHARSET=utf8 COLLATE=utf8_general_ci;

--
-- Dumping data for table `vtiger_role`
--

INSERT INTO `vtiger_role` VALUES ('H1','Organization','H1',0,1),('H2','CEO','H1::H2',1,1),('H3','Vice President','H1::H2::H3',2,1),('H4','Sales Manager','H1::H2::H3::H4',3,1),('H5','Sales Person','H1::H2::H3::H4::H5',4,1);

--
-- Table structure for table `vtiger_role2picklist`
--

CREATE TABLE `vtiger_role2picklist` (
  `roleid` varchar(255) NOT NULL,
  `picklistvalueid` int(11) NOT NULL,
  `picklistid` int(11) NOT NULL,
  `sortid` int(11) DEFAULT NULL,
  PRIMARY KEY (`roleid`,`picklistvalueid`,`picklistid`),
  KEY `role2picklist_roleid_picklistid_idx` (`roleid`,`picklistid`,`picklistvalueid`),
  KEY `fk_2_vtiger_role2picklist` (`picklistid`),
  CONSTRAINT `fk_1_vtiger_role2picklist` FOREIGN KEY (`roleid`) REFERENCES `vtiger_role` (`roleid`) ON DELETE CASCADE,
  CONSTRAINT `fk_2_vtiger_role2picklist` FOREIGN KEY (`picklistid`) REFERENCES `vtiger_picklist` (`picklistid`) ON DELETE CASCADE
) ENGINE=InnoDB DEFAULT CHARSET=utf8 COLLATE=utf8_general_ci;

--
-- Dumping data for table `vtiger_role2picklist`
--

INSERT INTO `vtiger_role2picklist` VALUES ('H1',1,1,0),('H1',2,1,1),('H1',3,1,2),('H1',4,1,3),('H1',5,1,4),('H1',6,1,5),('H1',7,1,6),('H1',8,1,7),('H1',9,1,8),('H1',10,1,9),('H1',11,1,10),('H1',12,2,0),('H1',13,2,1),('H1',14,3,0),('H1',15,3,1),('H1',16,3,2),('H1',17,3,3),('H1',18,3,4),('H1',19,3,5),('H1',20,4,0),('H1',21,4,1),('H1',22,4,2),('H1',23,4,3),('H1',24,4,4),('H1',25,4,5),('H1',26,4,6),('H1',27,4,7),('H1',28,4,8),('H1',29,4,9),('H1',30,4,10),('H1',31,4,11),('H1',32,4,12),('H1',33,5,0),('H1',34,5,1),('H1',35,5,2),('H1',36,5,3),('H1',37,5,4),('H1',38,6,0),('H1',39,6,1),('H1',40,6,2),('H1',41,7,0),('H1',42,7,1),('H1',43,7,2),('H1',44,7,3),('H1',45,7,4),('H1',46,8,0),('H1',47,9,0),('H1',48,9,1),('H1',49,9,2),('H1',50,9,3),('H1',51,10,0),('H1',52,10,1),('H1',53,10,2),('H1',54,10,3),('H1',55,10,4),('H1',56,10,5),('H1',57,10,6),('H1',58,10,7),('H1',59,10,8),('H1',60,11,0),('H1',61,11,1),('H1',62,11,2),('H1',63,11,3),('H1',64,11,4),('H1',65,11,5),('H1',66,11,6),('H1',67,11,7),('H1',68,11,8),('H1',69,11,9),('H1',70,11,10),('H1',71,11,11),('H1',72,11,12),('H1',73,11,13),('H1',74,11,14),('H1',75,11,15),('H1',76,11,16),('H1',77,11,17),('H1',78,11,18),('H1',79,11,19),('H1',80,11,20),('H1',81,11,21),('H1',82,11,22),('H1',83,11,23),('H1',84,11,24),('H1',85,11,25),('H1',86,11,26),('H1',87,11,27),('H1',88,11,28),('H1',89,11,29),('H1',90,11,30),('H1',91,11,31),('H1',92,12,0),('H1',93,12,1),('H1',94,12,2),('H1',95,12,3),('H1',96,12,4),('H1',97,12,5),('H1',98,13,0),('H1',111,14,0),('H1',112,14,1),('H1',113,14,2),('H1',114,14,3),('H1',115,14,4),('H1',116,14,5),('H1',117,14,6),('H1',118,14,7),('H1',119,14,8),('H1',120,14,9),('H1',121,14,10),('H1',122,14,11),('H1',123,15,0),('H1',124,15,1),('H1',125,15,2),('H1',126,15,3),('H1',127,16,0),('H1',128,16,1),('H1',129,16,2),('H1',130,17,0),('H1',131,17,1),('H1',132,17,2),('H1',133,17,3),('H1',134,17,4),('H1',135,18,0),('H1',136,18,1),('H1',137,18,2),('H1',138,18,3),('H1',139,19,0),('H1',140,19,1),('H1',141,19,2),('H1',142,19,3),('H1',143,19,4),('H1',144,20,0),('H1',145,20,1),('H1',146,20,2),('H1',147,20,3),('H1',148,20,4),('H1',149,20,5),('H1',158,21,8),('H1',159,21,9),('H1',160,22,0),('H1',161,22,1),('H1',162,22,2),('H1',163,22,3),('H1',164,22,4),('H1',165,22,5),('H1',166,23,0),('H1',167,23,1),('H1',168,23,2),('H1',169,23,3),('H1',170,24,0),('H1',171,24,1),('H1',172,24,2),('H1',173,25,0),('H1',174,25,1),('H1',175,25,2),('H1',176,25,3),('H1',177,25,4),('H1',178,25,5),('H1',179,26,0),('H1',180,26,1),('H1',181,26,2),('H1',182,27,0),('H1',183,27,1),('H1',184,27,2),('H1',185,27,3),('H1',186,28,0),('H1',187,28,1),('H1',188,28,2),('H1',189,28,3),('H1',190,29,0),('H1',191,29,1),('H1',192,29,2),('H1',193,29,3),('H1',194,30,0),('H1',195,30,1),('H1',196,30,2),('H1',197,30,3),('H1',198,30,4),('H1',199,30,5),('H1',200,30,6),('H1',201,30,7),('H1',202,30,8),('H1',203,30,9),('H1',204,30,10),('H1',205,30,11),('H1',206,30,12),('H1',207,30,13),('H1',208,30,14),('H1',209,30,15),('H1',210,31,1),('H1',211,31,2),('H1',212,31,3),('H1',213,31,4),('H1',214,32,1),('H1',215,32,2),('H1',216,32,3),('H1',217,32,4),('H1',218,32,5),('H1',219,32,6),('H1',220,33,1),('H1',221,33,2),('H1',222,33,3),('H1',223,34,1),('H1',224,34,2),('H1',225,34,3),('H1',226,35,1),('H1',227,35,2),('H1',228,35,3),('H1',229,36,1),('H1',230,36,2),('H1',231,36,3),('H1',232,36,4),('H1',233,36,5),('H1',234,36,6),('H1',235,37,1),('H1',236,37,2),('H1',237,37,3),('H1',238,37,4),('H1',239,38,1),('H1',240,38,2),('H1',241,38,3),('H1',242,38,4),('H1',243,39,1),('H1',244,39,2),('H1',245,39,3),('H1',246,39,4),('H1',247,40,1),('H1',248,40,2),('H1',249,40,3),('H1',250,40,4),('H1',251,40,5),('H1',252,40,6),('H1',253,40,7),('H1',254,40,8),('H1',255,40,9),('H1',256,40,10),('H1',257,40,11),('H1',258,41,1),('H1',259,41,2),('H1',260,41,3),('H1',261,41,4),('H1',262,41,5),('H1',263,41,6),('H1',264,41,7),('H1',265,41,8),('H1',266,41,9),('H1',267,42,1),('H1',268,42,2),('H1',269,42,3),('H1',270,42,4),('H1',271,43,1),('H1',272,43,2),('H1',273,43,3),('H1',274,43,4),('H1',275,44,1),('H1',276,44,2),('H1',277,44,3),('H1',278,44,4),('H1',279,44,5),('H1',280,44,6),('H1',281,44,7),('H1',282,44,8),('H1',283,44,9),('H1',284,44,10),('H1',285,44,11),('H1',286,45,1),('H1',287,45,2),('H1',288,12,1),('H1',289,46,1),('H1',290,46,2),('H1',291,46,3),('H1',292,46,4),('H1',293,46,5),('H1',294,46,6),('H1',295,2,1),('H1',296,47,1),('H1',297,47,2),('H1',298,47,3),('H1',299,48,1),('H1',300,48,2),('H1',303,49,1),('H1',304,49,2),('H1',305,1,1),('H1',306,1,1),('H1',310,21,1),('H1',311,21,1),('H1',312,21,1),('H1',313,21,1),('H1',318,50,1),('H1',319,50,2),('H1',320,51,1),('H1',321,51,2),('H1',322,51,3),('H1',323,51,4),('H1',324,52,1),('H1',325,52,2),('H1',326,53,1),('H1',327,53,2),('H1',328,54,1),('H1',329,54,2),('H1',330,55,1),('H1',331,55,2),('H1',332,56,1),('H1',333,56,2),('H1',334,56,3),('H1',347,11,1),('H1',348,11,1),('H1',349,11,1),('H1',350,14,1),('H1',351,11,1),('H1',352,14,1),('H1',353,11,1),('H1',354,14,1),('H1',484,4,1),('H1',485,3,1),('H1',486,4,1),('H1',487,3,1),('H1',488,4,1),('H1',489,7,1),('H1',490,4,1),('H1',491,4,1),('H1',492,7,1),('H1',493,7,1),('H1',494,7,1),('H1',495,4,1),('H1',496,4,1),('H1',497,15,1),('H1',498,30,1),('H1',499,30,1),('H1',500,55,1),('H1',501,55,2),('H1',502,55,3),('H1',503,55,4),('H1',504,55,5),('H1',505,55,6),('H1',506,57,1),('H1',507,57,2),('H1',508,58,1),('H1',509,58,2),('H1',510,59,1),('H1',511,59,2),('H2',1,1,0),('H2',2,1,1),('H2',3,1,2),('H2',4,1,3),('H2',5,1,4),('H2',6,1,5),('H2',7,1,6),('H2',8,1,7),('H2',9,1,8),('H2',10,1,9),('H2',11,1,10),('H2',12,2,0),('H2',13,2,1),('H2',14,3,0),('H2',15,3,1),('H2',16,3,2),('H2',17,3,3),('H2',18,3,4),('H2',19,3,5),('H2',20,4,0),('H2',21,4,1),('H2',22,4,2),('H2',23,4,3),('H2',24,4,4),('H2',25,4,5),('H2',26,4,6),('H2',27,4,7),('H2',28,4,8),('H2',29,4,9),('H2',30,4,10),('H2',31,4,11),('H2',32,4,12),('H2',33,5,0),('H2',34,5,1),('H2',35,5,2),('H2',36,5,3),('H2',37,5,4),('H2',38,6,0),('H2',39,6,1),('H2',40,6,2),('H2',41,7,0),('H2',42,7,1),('H2',43,7,2),('H2',44,7,3),('H2',45,7,4),('H2',46,8,0),('H2',47,9,0),('H2',48,9,1),('H2',49,9,2),('H2',50,9,3),('H2',51,10,0),('H2',52,10,1),('H2',53,10,2),('H2',54,10,3),('H2',55,10,4),('H2',56,10,5),('H2',57,10,6),('H2',58,10,7),('H2',59,10,8),('H2',60,11,0),('H2',61,11,1),('H2',62,11,2),('H2',63,11,3),('H2',64,11,4),('H2',65,11,5),('H2',66,11,6),('H2',67,11,7),('H2',68,11,8),('H2',69,11,9),('H2',70,11,10),('H2',71,11,11),('H2',72,11,12),('H2',73,11,13),('H2',74,11,14),('H2',75,11,15),('H2',76,11,16),('H2',77,11,17),('H2',78,11,18),('H2',79,11,19),('H2',80,11,20),('H2',81,11,21),('H2',82,11,22),('H2',83,11,23),('H2',84,11,24),('H2',85,11,25),('H2',86,11,26),('H2',87,11,27),('H2',88,11,28),('H2',89,11,29),('H2',90,11,30),('H2',91,11,31),('H2',92,12,0),('H2',93,12,1),('H2',94,12,2),('H2',95,12,3),('H2',96,12,4),('H2',97,12,5),('H2',98,13,0),('H2',111,14,0),('H2',112,14,1),('H2',113,14,2),('H2',114,14,3),('H2',115,14,4),('H2',116,14,5),('H2',117,14,6),('H2',118,14,7),('H2',119,14,8),('H2',120,14,9),('H2',121,14,10),('H2',122,14,11),('H2',123,15,0),('H2',124,15,1),('H2',125,15,2),('H2',126,15,3),('H2',127,16,0),('H2',128,16,1),('H2',129,16,2),('H2',130,17,0),('H2',131,17,1),('H2',132,17,2),('H2',133,17,3),('H2',134,17,4),('H2',135,18,0),('H2',136,18,1),('H2',137,18,2),('H2',138,18,3),('H2',139,19,0),('H2',140,19,1),('H2',141,19,2),('H2',142,19,3),('H2',143,19,4),('H2',144,20,0),('H2',145,20,1),('H2',146,20,2),('H2',147,20,3),('H2',148,20,4),('H2',149,20,5),('H2',158,21,8),('H2',159,21,9),('H2',160,22,0),('H2',161,22,1),('H2',162,22,2),('H2',163,22,3),('H2',164,22,4),('H2',165,22,5),('H2',166,23,0),('H2',167,23,1),('H2',168,23,2),('H2',169,23,3),('H2',170,24,0),('H2',171,24,1),('H2',172,24,2),('H2',173,25,0),('H2',174,25,1),('H2',175,25,2),('H2',176,25,3),('H2',177,25,4),('H2',178,25,5),('H2',179,26,0),('H2',180,26,1),('H2',181,26,2),('H2',182,27,0),('H2',183,27,1),('H2',184,27,2),('H2',185,27,3),('H2',186,28,0),('H2',187,28,1),('H2',188,28,2),('H2',189,28,3),('H2',190,29,0),('H2',191,29,1),('H2',192,29,2),('H2',193,29,3),('H2',194,30,0),('H2',195,30,1),('H2',196,30,2),('H2',197,30,3),('H2',198,30,4),('H2',199,30,5),('H2',200,30,6),('H2',201,30,7),('H2',202,30,8),('H2',203,30,9),('H2',204,30,10),('H2',205,30,11),('H2',206,30,12),('H2',207,30,13),('H2',208,30,14),('H2',209,30,15),('H2',210,31,1),('H2',211,31,2),('H2',212,31,3),('H2',213,31,4),('H2',214,32,1),('H2',215,32,2),('H2',216,32,3),('H2',217,32,4),('H2',218,32,5),('H2',219,32,6),('H2',220,33,1),('H2',221,33,2),('H2',222,33,3),('H2',223,34,1),('H2',224,34,2),('H2',225,34,3),('H2',226,35,1),('H2',227,35,2),('H2',228,35,3),('H2',229,36,1),('H2',230,36,2),('H2',231,36,3),('H2',232,36,4),('H2',233,36,5),('H2',234,36,6),('H2',235,37,1),('H2',236,37,2),('H2',237,37,3),('H2',238,37,4),('H2',239,38,1),('H2',240,38,2),('H2',241,38,3),('H2',242,38,4),('H2',243,39,1),('H2',244,39,2),('H2',245,39,3),('H2',246,39,4),('H2',247,40,1),('H2',248,40,2),('H2',249,40,3),('H2',250,40,4),('H2',251,40,5),('H2',252,40,6),('H2',253,40,7),('H2',254,40,8),('H2',255,40,9),('H2',256,40,10),('H2',257,40,11),('H2',258,41,1),('H2',259,41,2),('H2',260,41,3),('H2',261,41,4),('H2',262,41,5),('H2',263,41,6),('H2',264,41,7),('H2',265,41,8),('H2',266,41,9),('H2',267,42,1),('H2',268,42,2),('H2',269,42,3),('H2',270,42,4),('H2',271,43,1),('H2',272,43,2),('H2',273,43,3),('H2',274,43,4),('H2',275,44,1),('H2',276,44,2),('H2',277,44,3),('H2',278,44,4),('H2',279,44,5),('H2',280,44,6),('H2',281,44,7),('H2',282,44,8),('H2',283,44,9),('H2',284,44,10),('H2',285,44,11),('H2',286,45,1),('H2',287,45,2),('H2',288,12,1),('H2',289,46,1),('H2',290,46,2),('H2',291,46,3),('H2',292,46,4),('H2',293,46,5),('H2',294,46,6),('H2',295,2,1),('H2',296,47,1),('H2',297,47,2),('H2',298,47,3),('H2',299,48,1),('H2',300,48,2),('H2',303,49,1),('H2',304,49,2),('H2',305,1,1),('H2',306,1,1),('H2',310,21,1),('H2',311,21,1),('H2',312,21,1),('H2',313,21,1),('H2',318,50,1),('H2',319,50,2),('H2',320,51,1),('H2',321,51,2),('H2',322,51,3),('H2',323,51,4),('H2',324,52,1),('H2',325,52,2),('H2',326,53,1),('H2',327,53,2),('H2',328,54,1),('H2',329,54,2),('H2',330,55,1),('H2',331,55,2),('H2',332,56,1),('H2',333,56,2),('H2',334,56,3),('H2',335,13,13),('H2',336,13,14),('H2',337,13,15),('H2',338,13,16),('H2',339,13,17),('H2',340,13,18),('H2',341,13,19),('H2',342,13,20),('H2',343,13,21),('H2',344,13,22),('H2',345,13,23),('H2',346,13,24),('H2',347,11,1),('H2',348,11,1),('H2',349,11,1),('H2',350,14,1),('H2',351,11,1),('H2',352,14,1),('H2',353,11,1),('H2',354,14,1),('H2',355,16,3),('H2',356,16,4),('H2',358,29,4),('H2',359,29,5),('H2',360,29,6),('H2',361,26,3),('H2',362,26,4),('H2',363,26,5),('H2',364,26,6),('H2',365,26,7),('H2',366,26,8),('H2',367,26,9),('H2',368,26,10),('H2',484,4,1),('H2',485,3,1),('H2',486,4,1),('H2',487,3,1),('H2',488,4,1),('H2',489,7,1),('H2',490,4,1),('H2',491,4,1),('H2',492,7,1),('H2',493,7,1),('H2',494,7,1),('H2',495,4,1),('H2',496,4,1),('H2',497,15,1),('H2',498,30,1),('H2',499,30,1),('H2',500,55,1),('H2',501,55,2),('H2',502,55,3),('H2',503,55,4),('H2',504,55,5),('H2',505,55,6),('H2',506,57,1),('H2',507,57,2),('H2',508,58,1),('H2',509,58,2),('H2',510,59,1),('H2',511,59,2),('H3',1,1,0),('H3',2,1,1),('H3',3,1,2),('H3',4,1,3),('H3',5,1,4),('H3',6,1,5),('H3',7,1,6),('H3',8,1,7),('H3',9,1,8),('H3',10,1,9),('H3',11,1,10),('H3',12,2,0),('H3',13,2,1),('H3',14,3,0),('H3',15,3,1),('H3',16,3,2),('H3',17,3,3),('H3',18,3,4),('H3',19,3,5),('H3',20,4,0),('H3',21,4,1),('H3',22,4,2),('H3',23,4,3),('H3',24,4,4),('H3',25,4,5),('H3',26,4,6),('H3',27,4,7),('H3',28,4,8),('H3',29,4,9),('H3',30,4,10),('H3',31,4,11),('H3',32,4,12),('H3',33,5,0),('H3',34,5,1),('H3',35,5,2),('H3',36,5,3),('H3',37,5,4),('H3',38,6,0),('H3',39,6,1),('H3',40,6,2),('H3',41,7,0),('H3',42,7,1),('H3',43,7,2),('H3',44,7,3),('H3',45,7,4),('H3',46,8,0),('H3',47,9,0),('H3',48,9,1),('H3',49,9,2),('H3',50,9,3),('H3',51,10,0),('H3',52,10,1),('H3',53,10,2),('H3',54,10,3),('H3',55,10,4),('H3',56,10,5),('H3',57,10,6),('H3',58,10,7),('H3',59,10,8),('H3',60,11,0),('H3',61,11,1),('H3',62,11,2),('H3',63,11,3),('H3',64,11,4),('H3',65,11,5),('H3',66,11,6),('H3',67,11,7),('H3',68,11,8),('H3',69,11,9),('H3',70,11,10),('H3',71,11,11),('H3',72,11,12),('H3',73,11,13),('H3',74,11,14),('H3',75,11,15),('H3',76,11,16),('H3',77,11,17),('H3',78,11,18),('H3',79,11,19),('H3',80,11,20),('H3',81,11,21),('H3',82,11,22),('H3',83,11,23),('H3',84,11,24),('H3',85,11,25),('H3',86,11,26),('H3',87,11,27),('H3',88,11,28),('H3',89,11,29),('H3',90,11,30),('H3',91,11,31),('H3',92,12,0),('H3',93,12,1),('H3',94,12,2),('H3',95,12,3),('H3',96,12,4),('H3',97,12,5),('H3',98,13,0),('H3',111,14,0),('H3',112,14,1),('H3',113,14,2),('H3',114,14,3),('H3',115,14,4),('H3',116,14,5),('H3',117,14,6),('H3',118,14,7),('H3',119,14,8),('H3',120,14,9),('H3',121,14,10),('H3',122,14,11),('H3',123,15,0),('H3',124,15,1),('H3',125,15,2),('H3',126,15,3),('H3',127,16,0),('H3',128,16,1),('H3',129,16,2),('H3',130,17,0),('H3',131,17,1),('H3',132,17,2),('H3',133,17,3),('H3',134,17,4),('H3',135,18,0),('H3',136,18,1),('H3',137,18,2),('H3',138,18,3),('H3',139,19,0),('H3',140,19,1),('H3',141,19,2),('H3',142,19,3),('H3',143,19,4),('H3',144,20,0),('H3',145,20,1),('H3',146,20,2),('H3',147,20,3),('H3',148,20,4),('H3',149,20,5),('H3',158,21,8),('H3',159,21,9),('H3',160,22,0),('H3',161,22,1),('H3',162,22,2),('H3',163,22,3),('H3',164,22,4),('H3',165,22,5),('H3',166,23,0),('H3',167,23,1),('H3',168,23,2),('H3',169,23,3),('H3',170,24,0),('H3',171,24,1),('H3',172,24,2),('H3',173,25,0),('H3',174,25,1),('H3',175,25,2),('H3',176,25,3),('H3',177,25,4),('H3',178,25,5),('H3',179,26,0),('H3',180,26,1),('H3',181,26,2),('H3',182,27,0),('H3',183,27,1),('H3',184,27,2),('H3',185,27,3),('H3',186,28,0),('H3',187,28,1),('H3',188,28,2),('H3',189,28,3),('H3',190,29,0),('H3',191,29,1),('H3',192,29,2),('H3',193,29,3),('H3',194,30,0),('H3',195,30,1),('H3',196,30,2),('H3',197,30,3),('H3',198,30,4),('H3',199,30,5),('H3',200,30,6),('H3',201,30,7),('H3',202,30,8),('H3',203,30,9),('H3',204,30,10),('H3',205,30,11),('H3',206,30,12),('H3',207,30,13),('H3',208,30,14),('H3',209,30,15),('H3',210,31,1),('H3',211,31,2),('H3',212,31,3),('H3',213,31,4),('H3',214,32,1),('H3',215,32,2),('H3',216,32,3),('H3',217,32,4),('H3',218,32,5),('H3',219,32,6),('H3',220,33,1),('H3',221,33,2),('H3',222,33,3),('H3',223,34,1),('H3',224,34,2),('H3',225,34,3),('H3',226,35,1),('H3',227,35,2),('H3',228,35,3),('H3',229,36,1),('H3',230,36,2),('H3',231,36,3),('H3',232,36,4),('H3',233,36,5),('H3',234,36,6),('H3',235,37,1),('H3',236,37,2),('H3',237,37,3),('H3',238,37,4),('H3',239,38,1),('H3',240,38,2),('H3',241,38,3),('H3',242,38,4),('H3',243,39,1),('H3',244,39,2),('H3',245,39,3),('H3',246,39,4),('H3',247,40,1),('H3',248,40,2),('H3',249,40,3),('H3',250,40,4),('H3',251,40,5),('H3',252,40,6),('H3',253,40,7),('H3',254,40,8),('H3',255,40,9),('H3',256,40,10),('H3',257,40,11),('H3',258,41,1),('H3',259,41,2),('H3',260,41,3),('H3',261,41,4),('H3',262,41,5),('H3',263,41,6),('H3',264,41,7),('H3',265,41,8),('H3',266,41,9),('H3',267,42,1),('H3',268,42,2),('H3',269,42,3),('H3',270,42,4),('H3',271,43,1),('H3',272,43,2),('H3',273,43,3),('H3',274,43,4),('H3',275,44,1),('H3',276,44,2),('H3',277,44,3),('H3',278,44,4),('H3',279,44,5),('H3',280,44,6),('H3',281,44,7),('H3',282,44,8),('H3',283,44,9),('H3',284,44,10),('H3',285,44,11),('H3',286,45,1),('H3',287,45,2),('H3',288,12,1),('H3',289,46,1),('H3',290,46,2),('H3',291,46,3),('H3',292,46,4),('H3',293,46,5),('H3',294,46,6),('H3',295,2,1),('H3',296,47,1),('H3',297,47,2),('H3',298,47,3),('H3',299,48,1),('H3',300,48,2),('H3',303,49,1),('H3',304,49,2),('H3',305,1,1),('H3',306,1,1),('H3',310,21,1),('H3',311,21,1),('H3',312,21,1),('H3',313,21,1),('H3',318,50,1),('H3',319,50,2),('H3',320,51,1),('H3',321,51,2),('H3',322,51,3),('H3',323,51,4),('H3',324,52,1),('H3',325,52,2),('H3',326,53,1),('H3',327,53,2),('H3',328,54,1),('H3',329,54,2),('H3',330,55,1),('H3',331,55,2),('H3',332,56,1),('H3',333,56,2),('H3',334,56,3),('H3',335,13,13),('H3',336,13,14),('H3',337,13,15),('H3',338,13,16),('H3',339,13,17),('H3',340,13,18),('H3',341,13,19),('H3',342,13,20),('H3',343,13,21),('H3',344,13,22),('H3',345,13,23),('H3',346,13,24),('H3',347,11,1),('H3',348,11,1),('H3',349,11,1),('H3',350,14,1),('H3',351,11,1),('H3',352,14,1),('H3',353,11,1),('H3',354,14,1),('H3',355,16,3),('H3',356,16,4),('H3',358,29,4),('H3',359,29,5),('H3',360,29,6),('H3',361,26,3),('H3',362,26,4),('H3',363,26,5),('H3',364,26,6),('H3',365,26,7),('H3',366,26,8),('H3',367,26,9),('H3',368,26,10),('H3',484,4,1),('H3',485,3,1),('H3',486,4,1),('H3',487,3,1),('H3',488,4,1),('H3',489,7,1),('H3',490,4,1),('H3',491,4,1),('H3',492,7,1),('H3',493,7,1),('H3',494,7,1),('H3',495,4,1),('H3',496,4,1),('H3',497,15,1),('H3',498,30,1),('H3',499,30,1),('H3',500,55,1),('H3',501,55,2),('H3',502,55,3),('H3',503,55,4),('H3',504,55,5),('H3',505,55,6),('H3',506,57,1),('H3',507,57,2),('H3',508,58,1),('H3',509,58,2),('H3',510,59,1),('H3',511,59,2),('H4',1,1,0),('H4',2,1,1),('H4',3,1,2),('H4',4,1,3),('H4',5,1,4),('H4',6,1,5),('H4',7,1,6),('H4',8,1,7),('H4',9,1,8),('H4',10,1,9),('H4',11,1,10),('H4',12,2,0),('H4',13,2,1),('H4',14,3,0),('H4',15,3,1),('H4',16,3,2),('H4',17,3,3),('H4',18,3,4),('H4',19,3,5),('H4',20,4,0),('H4',21,4,1),('H4',22,4,2),('H4',23,4,3),('H4',24,4,4),('H4',25,4,5),('H4',26,4,6),('H4',27,4,7),('H4',28,4,8),('H4',29,4,9),('H4',30,4,10),('H4',31,4,11),('H4',32,4,12),('H4',33,5,0),('H4',34,5,1),('H4',35,5,2),('H4',36,5,3),('H4',37,5,4),('H4',38,6,0),('H4',39,6,1),('H4',40,6,2),('H4',41,7,0),('H4',42,7,1),('H4',43,7,2),('H4',44,7,3),('H4',45,7,4),('H4',46,8,0),('H4',47,9,0),('H4',48,9,1),('H4',49,9,2),('H4',50,9,3),('H4',51,10,0),('H4',52,10,1),('H4',53,10,2),('H4',54,10,3),('H4',55,10,4),('H4',56,10,5),('H4',57,10,6),('H4',58,10,7),('H4',59,10,8),('H4',60,11,0),('H4',61,11,1),('H4',62,11,2),('H4',63,11,3),('H4',64,11,4),('H4',65,11,5),('H4',66,11,6),('H4',67,11,7),('H4',68,11,8),('H4',69,11,9),('H4',70,11,10),('H4',71,11,11),('H4',72,11,12),('H4',73,11,13),('H4',74,11,14),('H4',75,11,15),('H4',76,11,16),('H4',77,11,17),('H4',78,11,18),('H4',79,11,19),('H4',80,11,20),('H4',81,11,21),('H4',82,11,22),('H4',83,11,23),('H4',84,11,24),('H4',85,11,25),('H4',86,11,26),('H4',87,11,27),('H4',88,11,28),('H4',89,11,29),('H4',90,11,30),('H4',91,11,31),('H4',92,12,0),('H4',93,12,1),('H4',94,12,2),('H4',95,12,3),('H4',96,12,4),('H4',97,12,5),('H4',98,13,0),('H4',111,14,0),('H4',112,14,1),('H4',113,14,2),('H4',114,14,3),('H4',115,14,4),('H4',116,14,5),('H4',117,14,6),('H4',118,14,7),('H4',119,14,8),('H4',120,14,9),('H4',121,14,10),('H4',122,14,11),('H4',123,15,0),('H4',124,15,1),('H4',125,15,2),('H4',126,15,3),('H4',127,16,0),('H4',128,16,1),('H4',129,16,2),('H4',130,17,0),('H4',131,17,1),('H4',132,17,2),('H4',133,17,3),('H4',134,17,4),('H4',135,18,0),('H4',136,18,1),('H4',137,18,2),('H4',138,18,3),('H4',139,19,0),('H4',140,19,1),('H4',141,19,2),('H4',142,19,3),('H4',143,19,4),('H4',144,20,0),('H4',145,20,1),('H4',146,20,2),('H4',147,20,3),('H4',148,20,4),('H4',149,20,5),('H4',158,21,8),('H4',159,21,9),('H4',160,22,0),('H4',161,22,1),('H4',162,22,2),('H4',163,22,3),('H4',164,22,4),('H4',165,22,5),('H4',166,23,0),('H4',167,23,1),('H4',168,23,2),('H4',169,23,3),('H4',170,24,0),('H4',171,24,1),('H4',172,24,2),('H4',173,25,0),('H4',174,25,1),('H4',175,25,2),('H4',176,25,3),('H4',177,25,4),('H4',178,25,5),('H4',179,26,0),('H4',180,26,1),('H4',181,26,2),('H4',182,27,0),('H4',183,27,1),('H4',184,27,2),('H4',185,27,3),('H4',186,28,0),('H4',187,28,1),('H4',188,28,2),('H4',189,28,3),('H4',190,29,0),('H4',191,29,1),('H4',192,29,2),('H4',193,29,3),('H4',194,30,0),('H4',195,30,1),('H4',196,30,2),('H4',197,30,3),('H4',198,30,4),('H4',199,30,5),('H4',200,30,6),('H4',201,30,7),('H4',202,30,8),('H4',203,30,9),('H4',204,30,10),('H4',205,30,11),('H4',206,30,12),('H4',207,30,13),('H4',208,30,14),('H4',209,30,15),('H4',210,31,1),('H4',211,31,2),('H4',212,31,3),('H4',213,31,4),('H4',214,32,1),('H4',215,32,2),('H4',216,32,3),('H4',217,32,4),('H4',218,32,5),('H4',219,32,6),('H4',220,33,1),('H4',221,33,2),('H4',222,33,3),('H4',223,34,1),('H4',224,34,2),('H4',225,34,3),('H4',226,35,1),('H4',227,35,2),('H4',228,35,3),('H4',229,36,1),('H4',230,36,2),('H4',231,36,3),('H4',232,36,4),('H4',233,36,5),('H4',234,36,6),('H4',235,37,1),('H4',236,37,2),('H4',237,37,3),('H4',238,37,4),('H4',239,38,1),('H4',240,38,2),('H4',241,38,3),('H4',242,38,4),('H4',243,39,1),('H4',244,39,2),('H4',245,39,3),('H4',246,39,4),('H4',247,40,1),('H4',248,40,2),('H4',249,40,3),('H4',250,40,4),('H4',251,40,5),('H4',252,40,6),('H4',253,40,7),('H4',254,40,8),('H4',255,40,9),('H4',256,40,10),('H4',257,40,11),('H4',258,41,1),('H4',259,41,2),('H4',260,41,3),('H4',261,41,4),('H4',262,41,5),('H4',263,41,6),('H4',264,41,7),('H4',265,41,8),('H4',266,41,9),('H4',267,42,1),('H4',268,42,2),('H4',269,42,3),('H4',270,42,4),('H4',271,43,1),('H4',272,43,2),('H4',273,43,3),('H4',274,43,4),('H4',275,44,1),('H4',276,44,2),('H4',277,44,3),('H4',278,44,4),('H4',279,44,5),('H4',280,44,6),('H4',281,44,7),('H4',282,44,8),('H4',283,44,9),('H4',284,44,10),('H4',285,44,11),('H4',286,45,1),('H4',287,45,2),('H4',288,12,1),('H4',289,46,1),('H4',290,46,2),('H4',291,46,3),('H4',292,46,4),('H4',293,46,5),('H4',294,46,6),('H4',295,2,1),('H4',296,47,1),('H4',297,47,2),('H4',298,47,3),('H4',299,48,1),('H4',300,48,2),('H4',303,49,1),('H4',304,49,2),('H4',305,1,1),('H4',306,1,1),('H4',310,21,1),('H4',311,21,1),('H4',312,21,1),('H4',313,21,1),('H4',318,50,1),('H4',319,50,2),('H4',320,51,1),('H4',321,51,2),('H4',322,51,3),('H4',323,51,4),('H4',324,52,1),('H4',325,52,2),('H4',326,53,1),('H4',327,53,2),('H4',328,54,1),('H4',329,54,2),('H4',330,55,1),('H4',331,55,2),('H4',332,56,1),('H4',333,56,2),('H4',334,56,3),('H4',335,13,13),('H4',336,13,14),('H4',337,13,15),('H4',338,13,16),('H4',339,13,17),('H4',340,13,18),('H4',341,13,19),('H4',342,13,20),('H4',343,13,21),('H4',344,13,22),('H4',345,13,23),('H4',346,13,24),('H4',347,11,1),('H4',348,11,1),('H4',349,11,1),('H4',350,14,1),('H4',351,11,1),('H4',352,14,1),('H4',353,11,1),('H4',354,14,1),('H4',355,16,3),('H4',356,16,4),('H4',358,29,4),('H4',359,29,5),('H4',360,29,6),('H4',361,26,3),('H4',362,26,4),('H4',363,26,5),('H4',364,26,6),('H4',365,26,7),('H4',366,26,8),('H4',367,26,9),('H4',368,26,10),('H4',484,4,1),('H4',485,3,1),('H4',486,4,1),('H4',487,3,1),('H4',488,4,1),('H4',489,7,1),('H4',490,4,1),('H4',491,4,1),('H4',492,7,1),('H4',493,7,1),('H4',494,7,1),('H4',495,4,1),('H4',496,4,1),('H4',497,15,1),('H4',498,30,1),('H4',499,30,1),('H4',500,55,1),('H4',501,55,2),('H4',502,55,3),('H4',503,55,4),('H4',504,55,5),('H4',505,55,6),('H4',506,57,1),('H4',507,57,2),('H4',508,58,1),('H4',509,58,2),('H4',510,59,1),('H4',511,59,2),('H5',1,1,0),('H5',2,1,1),('H5',3,1,2),('H5',4,1,3),('H5',5,1,4),('H5',6,1,5),('H5',7,1,6),('H5',8,1,7),('H5',9,1,8),('H5',10,1,9),('H5',11,1,10),('H5',12,2,0),('H5',13,2,1),('H5',14,3,0),('H5',15,3,1),('H5',16,3,2),('H5',17,3,3),('H5',18,3,4),('H5',19,3,5),('H5',20,4,0),('H5',21,4,1),('H5',22,4,2),('H5',23,4,3),('H5',24,4,4),('H5',25,4,5),('H5',26,4,6),('H5',27,4,7),('H5',28,4,8),('H5',29,4,9),('H5',30,4,10),('H5',31,4,11),('H5',32,4,12),('H5',33,5,0),('H5',34,5,1),('H5',35,5,2),('H5',36,5,3),('H5',37,5,4),('H5',38,6,0),('H5',39,6,1),('H5',40,6,2),('H5',41,7,0),('H5',42,7,1),('H5',43,7,2),('H5',44,7,3),('H5',45,7,4),('H5',46,8,0),('H5',47,9,0),('H5',48,9,1),('H5',49,9,2),('H5',50,9,3),('H5',51,10,0),('H5',52,10,1),('H5',53,10,2),('H5',54,10,3),('H5',55,10,4),('H5',56,10,5),('H5',57,10,6),('H5',58,10,7),('H5',59,10,8),('H5',60,11,0),('H5',61,11,1),('H5',62,11,2),('H5',63,11,3),('H5',64,11,4),('H5',65,11,5),('H5',66,11,6),('H5',67,11,7),('H5',68,11,8),('H5',69,11,9),('H5',70,11,10),('H5',71,11,11),('H5',72,11,12),('H5',73,11,13),('H5',74,11,14),('H5',75,11,15),('H5',76,11,16),('H5',77,11,17),('H5',78,11,18),('H5',79,11,19),('H5',80,11,20),('H5',81,11,21),('H5',82,11,22),('H5',83,11,23),('H5',84,11,24),('H5',85,11,25),('H5',86,11,26),('H5',87,11,27),('H5',88,11,28),('H5',89,11,29),('H5',90,11,30),('H5',91,11,31),('H5',92,12,0),('H5',93,12,1),('H5',94,12,2),('H5',95,12,3),('H5',96,12,4),('H5',97,12,5),('H5',98,13,0),('H5',111,14,0),('H5',112,14,1),('H5',113,14,2),('H5',114,14,3),('H5',115,14,4),('H5',116,14,5),('H5',117,14,6),('H5',118,14,7),('H5',119,14,8),('H5',120,14,9),('H5',121,14,10),('H5',122,14,11),('H5',123,15,0),('H5',124,15,1),('H5',125,15,2),('H5',126,15,3),('H5',127,16,0),('H5',128,16,1),('H5',129,16,2),('H5',130,17,0),('H5',131,17,1),('H5',132,17,2),('H5',133,17,3),('H5',134,17,4),('H5',135,18,0),('H5',136,18,1),('H5',137,18,2),('H5',138,18,3),('H5',139,19,0),('H5',140,19,1),('H5',141,19,2),('H5',142,19,3),('H5',143,19,4),('H5',144,20,0),('H5',145,20,1),('H5',146,20,2),('H5',147,20,3),('H5',148,20,4),('H5',149,20,5),('H5',158,21,8),('H5',159,21,9),('H5',160,22,0),('H5',161,22,1),('H5',162,22,2),('H5',163,22,3),('H5',164,22,4),('H5',165,22,5),('H5',166,23,0),('H5',167,23,1),('H5',168,23,2),('H5',169,23,3),('H5',170,24,0),('H5',171,24,1),('H5',172,24,2),('H5',173,25,0),('H5',174,25,1),('H5',175,25,2),('H5',176,25,3),('H5',177,25,4),('H5',178,25,5),('H5',179,26,0),('H5',180,26,1),('H5',181,26,2),('H5',182,27,0),('H5',183,27,1),('H5',184,27,2),('H5',185,27,3),('H5',186,28,0),('H5',187,28,1),('H5',188,28,2),('H5',189,28,3),('H5',190,29,0),('H5',191,29,1),('H5',192,29,2),('H5',193,29,3),('H5',194,30,0),('H5',195,30,1),('H5',196,30,2),('H5',197,30,3),('H5',198,30,4),('H5',199,30,5),('H5',200,30,6),('H5',201,30,7),('H5',202,30,8),('H5',203,30,9),('H5',204,30,10),('H5',205,30,11),('H5',206,30,12),('H5',207,30,13),('H5',208,30,14),('H5',209,30,15),('H5',210,31,1),('H5',211,31,2),('H5',212,31,3),('H5',213,31,4),('H5',214,32,1),('H5',215,32,2),('H5',216,32,3),('H5',217,32,4),('H5',218,32,5),('H5',219,32,6),('H5',220,33,1),('H5',221,33,2),('H5',222,33,3),('H5',223,34,1),('H5',224,34,2),('H5',225,34,3),('H5',226,35,1),('H5',227,35,2),('H5',228,35,3),('H5',229,36,1),('H5',230,36,2),('H5',231,36,3),('H5',232,36,4),('H5',233,36,5),('H5',234,36,6),('H5',235,37,1),('H5',236,37,2),('H5',237,37,3),('H5',238,37,4),('H5',239,38,1),('H5',240,38,2),('H5',241,38,3),('H5',242,38,4),('H5',243,39,1),('H5',244,39,2),('H5',245,39,3),('H5',246,39,4),('H5',247,40,1),('H5',248,40,2),('H5',249,40,3),('H5',250,40,4),('H5',251,40,5),('H5',252,40,6),('H5',253,40,7),('H5',254,40,8),('H5',255,40,9),('H5',256,40,10),('H5',257,40,11),('H5',258,41,1),('H5',259,41,2),('H5',260,41,3),('H5',261,41,4),('H5',262,41,5),('H5',263,41,6),('H5',264,41,7),('H5',265,41,8),('H5',266,41,9),('H5',267,42,1),('H5',268,42,2),('H5',269,42,3),('H5',270,42,4),('H5',271,43,1),('H5',272,43,2),('H5',273,43,3),('H5',274,43,4),('H5',275,44,1),('H5',276,44,2),('H5',277,44,3),('H5',278,44,4),('H5',279,44,5),('H5',280,44,6),('H5',281,44,7),('H5',282,44,8),('H5',283,44,9),('H5',284,44,10),('H5',285,44,11),('H5',286,45,1),('H5',287,45,2),('H5',288,12,1),('H5',289,46,1),('H5',290,46,2),('H5',291,46,3),('H5',292,46,4),('H5',293,46,5),('H5',294,46,6),('H5',295,2,1),('H5',296,47,1),('H5',297,47,2),('H5',298,47,3),('H5',299,48,1),('H5',300,48,2),('H5',303,49,1),('H5',304,49,2),('H5',305,1,1),('H5',306,1,1),('H5',310,21,1),('H5',311,21,1),('H5',312,21,1),('H5',313,21,1),('H5',318,50,1),('H5',319,50,2),('H5',320,51,1),('H5',321,51,2),('H5',322,51,3),('H5',323,51,4),('H5',324,52,1),('H5',325,52,2),('H5',326,53,1),('H5',327,53,2),('H5',328,54,1),('H5',329,54,2),('H5',330,55,1),('H5',331,55,2),('H5',332,56,1),('H5',333,56,2),('H5',334,56,3),('H5',335,13,13),('H5',336,13,14),('H5',337,13,15),('H5',338,13,16),('H5',339,13,17),('H5',340,13,18),('H5',341,13,19),('H5',342,13,20),('H5',343,13,21),('H5',344,13,22),('H5',345,13,23),('H5',346,13,24),('H5',347,11,1),('H5',348,11,1),('H5',349,11,1),('H5',350,14,1),('H5',351,11,1),('H5',352,14,1),('H5',353,11,1),('H5',354,14,1),('H5',355,16,3),('H5',356,16,4),('H5',358,29,4),('H5',359,29,5),('H5',360,29,6),('H5',361,26,3),('H5',362,26,4),('H5',363,26,5),('H5',364,26,6),('H5',365,26,7),('H5',366,26,8),('H5',367,26,9),('H5',368,26,10),('H5',484,4,1),('H5',485,3,1),('H5',486,4,1),('H5',487,3,1),('H5',488,4,1),('H5',489,7,1),('H5',490,4,1),('H5',491,4,1),('H5',492,7,1),('H5',493,7,1),('H5',494,7,1),('H5',495,4,1),('H5',496,4,1),('H5',497,15,1),('H5',498,30,1),('H5',499,30,1),('H5',500,55,1),('H5',501,55,2),('H5',502,55,3),('H5',503,55,4),('H5',504,55,5),('H5',505,55,6),('H5',506,57,1),('H5',507,57,2),('H5',508,58,1),('H5',509,58,2),('H5',510,59,1),('H5',511,59,2);

--
-- Table structure for table `vtiger_role2profile`
--

CREATE TABLE `vtiger_role2profile` (
  `roleid` varchar(255) NOT NULL,
  `profileid` int(11) NOT NULL,
  PRIMARY KEY (`roleid`,`profileid`),
  KEY `role2profile_roleid_profileid_idx` (`roleid`,`profileid`)
) ENGINE=InnoDB DEFAULT CHARSET=utf8 COLLATE=utf8_general_ci;

--
-- Dumping data for table `vtiger_role2profile`
--

INSERT INTO `vtiger_role2profile` VALUES ('H2',1),('H3',2),('H4',2),('H5',2);

--
-- Table structure for table `vtiger_role_seq`
--

CREATE TABLE `vtiger_role_seq` (
  `id` int(11) NOT NULL
) ENGINE=InnoDB DEFAULT CHARSET=utf8 COLLATE=utf8_general_ci;

--
-- Dumping data for table `vtiger_role_seq`
--

INSERT INTO `vtiger_role_seq` VALUES (5);

--
-- Table structure for table `vtiger_rollupcomments_settings`
--

CREATE TABLE `vtiger_rollupcomments_settings` (
  `rollupid` int(19) NOT NULL AUTO_INCREMENT,
  `userid` int(19) NOT NULL,
  `tabid` int(19) NOT NULL,
  `rollup_status` int(2) NOT NULL DEFAULT 0,
  PRIMARY KEY (`rollupid`)
) ENGINE=InnoDB DEFAULT CHARSET=utf8 COLLATE=utf8_general_ci;

--
-- Dumping data for table `vtiger_rollupcomments_settings`
--


--
-- Table structure for table `vtiger_rowheight`
--

CREATE TABLE `vtiger_rowheight` (
  `rowheightid` int(11) NOT NULL AUTO_INCREMENT,
  `rowheight` varchar(200) NOT NULL,
  `sortorderid` int(11) DEFAULT NULL,
  `presence` int(11) NOT NULL DEFAULT 1,
  PRIMARY KEY (`rowheightid`)
) ENGINE=InnoDB AUTO_INCREMENT=4 DEFAULT CHARSET=utf8 COLLATE=utf8_general_ci;

--
-- Dumping data for table `vtiger_rowheight`
--

INSERT INTO `vtiger_rowheight` VALUES (1,'wide',0,1),(2,'medium',1,1),(3,'narrow',2,1);

--
-- Table structure for table `vtiger_rowheight_seq`
--

CREATE TABLE `vtiger_rowheight_seq` (
  `id` int(11) NOT NULL
) ENGINE=InnoDB DEFAULT CHARSET=utf8 COLLATE=utf8_general_ci;

--
-- Dumping data for table `vtiger_rowheight_seq`
--

INSERT INTO `vtiger_rowheight_seq` VALUES (3);

--
-- Table structure for table `vtiger_rss`
--

CREATE TABLE `vtiger_rss` (
  `rssid` int(19) NOT NULL,
  `rssurl` varchar(200) NOT NULL DEFAULT '',
  `rsstitle` varchar(200) DEFAULT NULL,
  `rsstype` int(10) DEFAULT 0,
  `starred` int(1) DEFAULT 0,
  PRIMARY KEY (`rssid`)
) ENGINE=InnoDB DEFAULT CHARSET=utf8 COLLATE=utf8_general_ci;

--
-- Dumping data for table `vtiger_rss`
--


--
-- Table structure for table `vtiger_sales_stage`
--

CREATE TABLE `vtiger_sales_stage` (
  `sales_stage_id` int(19) NOT NULL AUTO_INCREMENT,
  `sales_stage` varchar(200) DEFAULT NULL,
  `presence` int(1) NOT NULL DEFAULT 1,
  `picklist_valueid` int(19) NOT NULL DEFAULT 0,
  `sortorderid` int(11) DEFAULT NULL,
  `color` varchar(10) DEFAULT NULL,
  PRIMARY KEY (`sales_stage_id`)
) ENGINE=InnoDB AUTO_INCREMENT=18 DEFAULT CHARSET=utf8 COLLATE=utf8_general_ci;

--
-- Dumping data for table `vtiger_sales_stage`
--

INSERT INTO `vtiger_sales_stage` VALUES (9,'Closed Won',0,158,6,NULL),(10,'Closed Lost',0,159,7,NULL),(13,'Analisis de Necesidad',1,310,2,NULL),(14,'Propuesta',1,311,3,NULL),(15,'Interes',1,312,1,NULL),(16,'Negociacion',1,313,4,NULL);

--
-- Table structure for table `vtiger_sales_stage_seq`
--

CREATE TABLE `vtiger_sales_stage_seq` (
  `id` int(11) NOT NULL
) ENGINE=InnoDB DEFAULT CHARSET=utf8 COLLATE=utf8_general_ci;

--
-- Dumping data for table `vtiger_sales_stage_seq`
--

INSERT INTO `vtiger_sales_stage_seq` VALUES (17);

--
-- Table structure for table `vtiger_salesmanactivityrel`
--

CREATE TABLE `vtiger_salesmanactivityrel` (
  `smid` int(19) NOT NULL DEFAULT 0,
  `activityid` int(19) NOT NULL DEFAULT 0,
  PRIMARY KEY (`smid`,`activityid`),
  KEY `salesmanactivityrel_activityid_idx` (`activityid`),
  KEY `salesmanactivityrel_smid_idx` (`smid`),
  CONSTRAINT `fk_2_vtiger_salesmanactivityrel` FOREIGN KEY (`smid`) REFERENCES `vtiger_users` (`id`) ON DELETE CASCADE
) ENGINE=InnoDB DEFAULT CHARSET=utf8 COLLATE=utf8_general_ci;

--
-- Dumping data for table `vtiger_salesmanactivityrel`
--

INSERT INTO `vtiger_salesmanactivityrel` VALUES (1,724),(1,725),(1,726),(1,727),(7,723);

--
-- Table structure for table `vtiger_salesmanattachmentsrel`
--

CREATE TABLE `vtiger_salesmanattachmentsrel` (
  `smid` int(19) NOT NULL DEFAULT 0,
  `attachmentsid` int(19) NOT NULL DEFAULT 0,
  PRIMARY KEY (`smid`,`attachmentsid`),
  KEY `salesmanattachmentsrel_smid_idx` (`smid`),
  KEY `salesmanattachmentsrel_attachmentsid_idx` (`attachmentsid`),
  CONSTRAINT `fk_2_vtiger_salesmanattachmentsrel` FOREIGN KEY (`attachmentsid`) REFERENCES `vtiger_attachments` (`attachmentsid`) ON DELETE CASCADE
) ENGINE=InnoDB DEFAULT CHARSET=utf8 COLLATE=utf8_general_ci;

--
-- Dumping data for table `vtiger_salesmanattachmentsrel`
--

INSERT INTO `vtiger_salesmanattachmentsrel` VALUES (1,451);

--
-- Table structure for table `vtiger_salesmanticketrel`
--

CREATE TABLE `vtiger_salesmanticketrel` (
  `smid` int(19) NOT NULL DEFAULT 0,
  `id` int(19) NOT NULL DEFAULT 0,
  PRIMARY KEY (`smid`,`id`),
  KEY `salesmanticketrel_smid_idx` (`smid`),
  KEY `salesmanticketrel_id_idx` (`id`),
  CONSTRAINT `fk_2_vtiger_salesmanticketrel` FOREIGN KEY (`smid`) REFERENCES `vtiger_users` (`id`) ON DELETE CASCADE
) ENGINE=InnoDB DEFAULT CHARSET=utf8 COLLATE=utf8_general_ci;

--
-- Dumping data for table `vtiger_salesmanticketrel`
--


--
-- Table structure for table `vtiger_salesorder`
--

CREATE TABLE `vtiger_salesorder` (
  `salesorderid` int(19) NOT NULL DEFAULT 0,
  `subject` varchar(100) DEFAULT NULL,
  `potentialid` int(19) DEFAULT NULL,
  `customerno` varchar(100) DEFAULT NULL,
  `salesorder_no` varchar(100) DEFAULT NULL,
  `quoteid` int(19) DEFAULT NULL,
  `vendorterms` varchar(100) DEFAULT NULL,
  `contactid` int(19) DEFAULT NULL,
  `vendorid` int(19) DEFAULT NULL,
  `duedate` date DEFAULT NULL,
  `carrier` varchar(200) DEFAULT NULL,
  `pending` varchar(200) DEFAULT NULL,
  `type` varchar(100) DEFAULT NULL,
  `adjustment` decimal(25,8) DEFAULT NULL,
  `salescommission` decimal(25,3) DEFAULT NULL,
  `exciseduty` decimal(25,3) DEFAULT NULL,
  `total` decimal(25,8) DEFAULT NULL,
  `subtotal` decimal(25,8) DEFAULT NULL,
  `taxtype` varchar(25) DEFAULT NULL,
  `discount_percent` decimal(25,3) DEFAULT NULL,
  `discount_amount` decimal(25,8) DEFAULT NULL,
  `s_h_amount` decimal(25,8) DEFAULT NULL,
  `accountid` int(19) DEFAULT NULL,
  `terms_conditions` text DEFAULT NULL,
  `purchaseorder` varchar(200) DEFAULT NULL,
  `sostatus` varchar(200) DEFAULT NULL,
  `currency_id` int(19) NOT NULL DEFAULT 1,
  `conversion_rate` decimal(10,3) NOT NULL DEFAULT 1.000,
  `enable_recurring` int(11) DEFAULT 0,
  `compound_taxes_info` text DEFAULT NULL,
  `pre_tax_total` decimal(25,8) DEFAULT NULL,
  `s_h_percent` decimal(25,3) DEFAULT NULL,
  `tags` varchar(1) DEFAULT NULL,
  `region_id` int(19) DEFAULT NULL,
  PRIMARY KEY (`salesorderid`),
  KEY `salesorder_vendorid_idx` (`vendorid`),
  KEY `salesorder_contactid_idx` (`contactid`),
  CONSTRAINT `fk_3_vtiger_salesorder` FOREIGN KEY (`vendorid`) REFERENCES `vtiger_vendor` (`vendorid`) ON DELETE CASCADE,
  CONSTRAINT `fk_crmid_vtiger_salesorder` FOREIGN KEY (`salesorderid`) REFERENCES `vtiger_crmentity` (`crmid`) ON DELETE CASCADE
) ENGINE=InnoDB DEFAULT CHARSET=utf8 COLLATE=utf8_general_ci;

--
-- Dumping data for table `vtiger_salesorder`
--


--
-- Table structure for table `vtiger_salesordercf`
--

CREATE TABLE `vtiger_salesordercf` (
  `salesorderid` int(19) NOT NULL DEFAULT 0,
  PRIMARY KEY (`salesorderid`),
  CONSTRAINT `fk_1_vtiger_salesordercf` FOREIGN KEY (`salesorderid`) REFERENCES `vtiger_salesorder` (`salesorderid`) ON DELETE CASCADE
) ENGINE=InnoDB DEFAULT CHARSET=utf8 COLLATE=utf8_general_ci;

--
-- Dumping data for table `vtiger_salesordercf`
--


--
-- Table structure for table `vtiger_salutationtype`
--

CREATE TABLE `vtiger_salutationtype` (
  `salutationid` int(19) NOT NULL AUTO_INCREMENT,
  `salutationtype` varchar(200) NOT NULL,
  `presence` int(1) NOT NULL DEFAULT 1,
  `picklist_valueid` int(19) NOT NULL DEFAULT 0,
  `sortorderid` int(11) DEFAULT NULL,
  `color` varchar(10) DEFAULT NULL,
  PRIMARY KEY (`salutationid`)
) ENGINE=InnoDB AUTO_INCREMENT=7 DEFAULT CHARSET=utf8 COLLATE=utf8_general_ci;

--
-- Dumping data for table `vtiger_salutationtype`
--

INSERT INTO `vtiger_salutationtype` VALUES (2,'Mr.',1,161,1,NULL),(3,'Ms.',1,162,2,NULL),(4,'Mrs.',1,163,3,NULL),(5,'Dr.',1,164,4,NULL),(6,'Prof.',1,165,5,NULL);

--
-- Table structure for table `vtiger_salutationtype_seq`
--

CREATE TABLE `vtiger_salutationtype_seq` (
  `id` int(11) NOT NULL
) ENGINE=InnoDB DEFAULT CHARSET=utf8 COLLATE=utf8_general_ci;

--
-- Dumping data for table `vtiger_salutationtype_seq`
--

INSERT INTO `vtiger_salutationtype_seq` VALUES (6);

--
-- Table structure for table `vtiger_scheduled_reports`
--

CREATE TABLE `vtiger_scheduled_reports` (
  `reportid` int(11) NOT NULL,
  `recipients` text DEFAULT NULL,
  `schedule` text DEFAULT NULL,
  `format` varchar(10) DEFAULT NULL,
  `next_trigger_time` timestamp NOT NULL DEFAULT current_timestamp() ON UPDATE current_timestamp(),
  PRIMARY KEY (`reportid`)
) ENGINE=InnoDB DEFAULT CHARSET=utf8 COLLATE=utf8_general_ci;

--
-- Dumping data for table `vtiger_scheduled_reports`
--


--
-- Table structure for table `vtiger_schedulereports`
--

CREATE TABLE `vtiger_schedulereports` (
  `reportid` int(10) DEFAULT NULL,
  `scheduleid` int(3) DEFAULT NULL,
  `recipients` text DEFAULT NULL,
  `schdate` varchar(20) DEFAULT NULL,
  `schtime` time DEFAULT NULL,
  `schdayoftheweek` varchar(100) DEFAULT NULL,
  `schdayofthemonth` varchar(100) DEFAULT NULL,
  `schannualdates` varchar(500) DEFAULT NULL,
  `specificemails` varchar(500) DEFAULT NULL,
  `next_trigger_time` timestamp NOT NULL DEFAULT current_timestamp(),
  `fileformat` varchar(10) DEFAULT 'CSV'
) ENGINE=InnoDB DEFAULT CHARSET=utf8 COLLATE=utf8_general_ci;

--
-- Dumping data for table `vtiger_schedulereports`
--


--
-- Table structure for table `vtiger_seactivityrel`
--

CREATE TABLE `vtiger_seactivityrel` (
  `crmid` int(19) NOT NULL,
  `activityid` int(19) NOT NULL,
  PRIMARY KEY (`crmid`,`activityid`),
  KEY `seactivityrel_activityid_idx` (`activityid`),
  KEY `seactivityrel_crmid_idx` (`crmid`),
  CONSTRAINT `fk_2_vtiger_seactivityrel` FOREIGN KEY (`crmid`) REFERENCES `vtiger_crmentity` (`crmid`) ON DELETE CASCADE
) ENGINE=InnoDB DEFAULT CHARSET=utf8 COLLATE=utf8_general_ci;

--
-- Dumping data for table `vtiger_seactivityrel`
--

INSERT INTO `vtiger_seactivityrel` VALUES (101,725),(170,751),(170,752),(170,756),(170,757),(734,753),(735,754),(735,755),(743,758),(745,759),(746,760);

--
-- Table structure for table `vtiger_seactivityrel_seq`
--

CREATE TABLE `vtiger_seactivityrel_seq` (
  `id` int(11) NOT NULL
) ENGINE=InnoDB DEFAULT CHARSET=utf8 COLLATE=utf8_general_ci;

--
-- Dumping data for table `vtiger_seactivityrel_seq`
--

INSERT INTO `vtiger_seactivityrel_seq` VALUES (1);

--
-- Table structure for table `vtiger_seattachmentsrel`
--

CREATE TABLE `vtiger_seattachmentsrel` (
  `crmid` int(19) NOT NULL DEFAULT 0,
  `attachmentsid` int(19) NOT NULL DEFAULT 0,
  PRIMARY KEY (`crmid`,`attachmentsid`),
  KEY `seattachmentsrel_attachmentsid_idx` (`attachmentsid`),
  KEY `seattachmentsrel_crmid_idx` (`crmid`),
  KEY `seattachmentsrel_attachmentsid_crmid_idx` (`attachmentsid`,`crmid`),
  CONSTRAINT `fk_2_vtiger_seattachmentsrel` FOREIGN KEY (`crmid`) REFERENCES `vtiger_crmentity` (`crmid`) ON DELETE CASCADE
) ENGINE=InnoDB DEFAULT CHARSET=utf8 COLLATE=utf8_general_ci;

--
-- Dumping data for table `vtiger_seattachmentsrel`
--

INSERT INTO `vtiger_seattachmentsrel` VALUES (673,674),(673,676),(673,678),(673,680),(673,682),(673,684),(673,686),(673,688),(675,674),(677,676),(679,678),(681,680),(683,682),(685,684),(687,686),(689,688);

--
-- Table structure for table `vtiger_selectcolumn`
--

CREATE TABLE `vtiger_selectcolumn` (
  `queryid` int(19) NOT NULL,
  `columnindex` int(11) NOT NULL DEFAULT 0,
  `columnname` varchar(250) DEFAULT '',
  PRIMARY KEY (`queryid`,`columnindex`),
  KEY `selectcolumn_queryid_idx` (`queryid`),
  CONSTRAINT `fk_1_vtiger_selectcolumn` FOREIGN KEY (`queryid`) REFERENCES `vtiger_selectquery` (`queryid`) ON DELETE CASCADE
) ENGINE=InnoDB DEFAULT CHARSET=utf8 COLLATE=utf8_general_ci;

--
-- Dumping data for table `vtiger_selectcolumn`
--

INSERT INTO `vtiger_selectcolumn` VALUES (1,0,'vtiger_contactdetails:firstname:Contacts_First_Name:firstname:V'),(1,1,'vtiger_contactdetails:lastname:Contacts_Last_Name:lastname:V'),(1,2,'vtiger_contactsubdetails:leadsource:Contacts_Lead_Source:leadsource:V'),(1,3,'vtiger_contactdetails:accountid:Contacts_Account_Name:account_id:V'),(1,4,'vtiger_account:industry:Accounts_industry:industry:V'),(1,5,'vtiger_contactdetails:email:Contacts_Email:email:E'),(2,0,'vtiger_contactdetails:firstname:Contacts_First_Name:firstname:V'),(2,1,'vtiger_contactdetails:lastname:Contacts_Last_Name:lastname:V'),(2,2,'vtiger_contactsubdetails:leadsource:Contacts_Lead_Source:leadsource:V'),(2,3,'vtiger_contactdetails:accountid:Contacts_Account_Name:account_id:V'),(2,4,'vtiger_account:industry:Accounts_industry:industry:V'),(2,5,'vtiger_contactdetails:email:Contacts_Email:email:E'),(3,0,'vtiger_contactdetails:firstname:Contacts_First_Name:firstname:V'),(3,1,'vtiger_contactdetails:lastname:Contacts_Last_Name:lastname:V'),(3,2,'vtiger_contactdetails:accountid:Contacts_Account_Name:account_id:V'),(3,3,'vtiger_contactdetails:email:Contacts_Email:email:E'),(3,4,'vtiger_potential:potentialname:Potentials_Potential_Name:potentialname:V'),(3,5,'vtiger_potential:sales_stage:Potentials_Sales_Stage:sales_stage:V'),(4,0,'vtiger_leaddetails:firstname:Leads_First_Name:firstname:V'),(4,1,'vtiger_leaddetails:lastname:Leads_Last_Name:lastname:V'),(4,2,'vtiger_leaddetails:company:Leads_Company:company:V'),(4,3,'vtiger_leaddetails:email:Leads_Email:email:E'),(4,4,'vtiger_leaddetails:leadsource:Leads_Lead_Source:leadsource:V'),(5,0,'vtiger_leaddetails:firstname:Leads_First_Name:firstname:V'),(5,1,'vtiger_leaddetails:lastname:Leads_Last_Name:lastname:V'),(5,2,'vtiger_leaddetails:company:Leads_Company:company:V'),(5,3,'vtiger_leaddetails:email:Leads_Email:email:E'),(5,4,'vtiger_leaddetails:leadsource:Leads_Lead_Source:leadsource:V'),(5,5,'vtiger_leaddetails:leadstatus:Leads_Lead_Status:leadstatus:V'),(6,0,'vtiger_potential:potentialname:Potentials_Potential_Name:potentialname:V'),(6,1,'vtiger_potential:amount:Potentials_Amount:amount:N'),(6,2,'vtiger_potential:potentialtype:Potentials_Type:opportunity_type:V'),(6,3,'vtiger_potential:leadsource:Potentials_Lead_Source:leadsource:V'),(6,4,'vtiger_potential:sales_stage:Potentials_Sales_Stage:sales_stage:V'),(7,0,'vtiger_potential:potentialname:Potentials_Potential_Name:potentialname:V'),(7,1,'vtiger_potential:amount:Potentials_Amount:amount:N'),(7,2,'vtiger_potential:potentialtype:Potentials_Type:opportunity_type:V'),(7,3,'vtiger_potential:leadsource:Potentials_Lead_Source:leadsource:V'),(7,4,'vtiger_potential:sales_stage:Potentials_Sales_Stage:sales_stage:V'),(8,0,'vtiger_activity:subject:Calendar_Subject:subject:V'),(8,1,'vtiger_contactdetailsCalendar:lastname:Calendar_Contact_Name:contact_id:I'),(8,2,'vtiger_activity:status:Calendar_Status:taskstatus:V'),(8,3,'vtiger_activity:priority:Calendar_Priority:taskpriority:V'),(8,4,'vtiger_usersCalendar:user_name:Calendar_Assigned_To:assigned_user_id:V'),(9,0,'vtiger_activity:subject:Calendar_Subject:subject:V'),(9,1,'vtiger_contactdetailsCalendar:lastname:Calendar_Contact_Name:contact_id:I'),(9,2,'vtiger_activity:status:Calendar_Status:taskstatus:V'),(9,3,'vtiger_activity:priority:Calendar_Priority:taskpriority:V'),(9,4,'vtiger_usersCalendar:user_name:Calendar_Assigned_To:assigned_user_id:V'),(10,0,'vtiger_troubletickets:title:HelpDesk_Title:ticket_title:V'),(10,1,'vtiger_troubletickets:status:HelpDesk_Status:ticketstatus:V'),(10,2,'vtiger_products:productname:Products_Product_Name:productname:V'),(10,3,'vtiger_products:discontinued:Products_Product_Active:discontinued:V'),(10,4,'vtiger_products:productcategory:Products_Product_Category:productcategory:V'),(10,5,'vtiger_products:manufacturer:Products_Manufacturer:manufacturer:V'),(11,0,'vtiger_troubletickets:title:HelpDesk_Title:ticket_title:V'),(11,1,'vtiger_troubletickets:priority:HelpDesk_Priority:ticketpriorities:V'),(11,2,'vtiger_troubletickets:severity:HelpDesk_Severity:ticketseverities:V'),(11,3,'vtiger_troubletickets:status:HelpDesk_Status:ticketstatus:V'),(11,4,'vtiger_troubletickets:category:HelpDesk_Category:ticketcategories:V'),(11,5,'vtiger_usersHelpDesk:user_name:HelpDesk_Assigned_To:assigned_user_id:V'),(12,0,'vtiger_troubletickets:title:HelpDesk_Title:ticket_title:V'),(12,1,'vtiger_troubletickets:priority:HelpDesk_Priority:ticketpriorities:V'),(12,2,'vtiger_troubletickets:severity:HelpDesk_Severity:ticketseverities:V'),(12,3,'vtiger_troubletickets:status:HelpDesk_Status:ticketstatus:V'),(12,4,'vtiger_troubletickets:category:HelpDesk_Category:ticketcategories:V'),(12,5,'vtiger_usersHelpDesk:user_name:HelpDesk_Assigned_To:assigned_user_id:V'),(13,0,'vtiger_products:productname:Products_Product_Name:productname:V'),(13,1,'vtiger_products:productcode:Products_Product_Code:productcode:V'),(13,2,'vtiger_products:discontinued:Products_Product_Active:discontinued:V'),(13,3,'vtiger_products:productcategory:Products_Product_Category:productcategory:V'),(13,4,'vtiger_products:website:Products_Website:website:V'),(13,5,'vtiger_vendorRelProducts:vendorname:Products_Vendor_Name:vendor_id:I'),(13,6,'vtiger_products:mfr_part_no:Products_Mfr_PartNo:mfr_part_no:V'),(14,0,'vtiger_products:productname:Products_Product_Name:productname:V'),(14,1,'vtiger_products:manufacturer:Products_Manufacturer:manufacturer:V'),(14,2,'vtiger_products:productcategory:Products_Product_Category:productcategory:V'),(14,3,'vtiger_contactdetails:firstname:Contacts_First_Name:firstname:V'),(14,4,'vtiger_contactdetails:lastname:Contacts_Last_Name:lastname:V'),(14,5,'vtiger_contactsubdetails:leadsource:Contacts_Lead_Source:leadsource:V'),(15,0,'vtiger_quotes:subject:Quotes_Subject:subject:V'),(15,1,'vtiger_potentialRelQuotes:potentialname:Quotes_Potential_Name:potential_id:I'),(15,2,'vtiger_quotes:quotestage:Quotes_Quote_Stage:quotestage:V'),(15,3,'vtiger_quotes:contactid:Quotes_Contact_Name:contact_id:V'),(15,4,'vtiger_usersRel1:user_name:Quotes_Inventory_Manager:assigned_user_id1:I'),(15,5,'vtiger_accountQuotes:accountname:Quotes_Account_Name:account_id:I'),(16,0,'vtiger_quotes:subject:Quotes_Subject:subject:V'),(16,1,'vtiger_potentialRelQuotes:potentialname:Quotes_Potential_Name:potential_id:I'),(16,2,'vtiger_quotes:quotestage:Quotes_Quote_Stage:quotestage:V'),(16,3,'vtiger_quotes:contactid:Quotes_Contact_Name:contact_id:V'),(16,4,'vtiger_usersRel1:user_name:Quotes_Inventory_Manager:assigned_user_id1:I'),(16,5,'vtiger_accountQuotes:accountname:Quotes_Account_Name:account_id:I'),(16,6,'vtiger_quotes:carrier:Quotes_Carrier:carrier:V'),(16,7,'vtiger_quotes:shipping:Quotes_Shipping:shipping:V'),(17,0,'vtiger_purchaseorder:subject:PurchaseOrder_Subject:subject:V'),(17,1,'vtiger_vendorRelPurchaseOrder:vendorname:PurchaseOrder_Vendor_Name:vendor_id:I'),(17,2,'vtiger_purchaseorder:tracking_no:PurchaseOrder_Tracking_Number:tracking_no:V'),(17,3,'vtiger_contactdetails:firstname:Contacts_First_Name:firstname:V'),(17,4,'vtiger_contactdetails:lastname:Contacts_Last_Name:lastname:V'),(17,5,'vtiger_contactsubdetails:leadsource:Contacts_Lead_Source:leadsource:V'),(17,6,'vtiger_contactdetails:email:Contacts_Email:email:E'),(18,0,'vtiger_purchaseorder:subject:PurchaseOrder_Subject:subject:V'),(18,1,'vtiger_vendorRelPurchaseOrder:vendorname:PurchaseOrder_Vendor_Name:vendor_id:I'),(18,2,'vtiger_purchaseorder:requisition_no:PurchaseOrder_Requisition_No:requisition_no:V'),(18,3,'vtiger_purchaseorder:tracking_no:PurchaseOrder_Tracking_Number:tracking_no:V'),(18,4,'vtiger_contactdetailsPurchaseOrder:lastname:PurchaseOrder_Contact_Name:contact_id:I'),(18,5,'vtiger_purchaseorder:carrier:PurchaseOrder_Carrier:carrier:V'),(18,6,'vtiger_purchaseorder:salescommission:PurchaseOrder_Sales_Commission:salescommission:N'),(18,7,'vtiger_purchaseorder:exciseduty:PurchaseOrder_Excise_Duty:exciseduty:N'),(18,8,'vtiger_usersPurchaseOrder:user_name:PurchaseOrder_Assigned_To:assigned_user_id:V'),(19,0,'vtiger_invoice:subject:Invoice_Subject:subject:V'),(19,1,'vtiger_invoice:salesorderid:Invoice_Sales_Order:salesorder_id:I'),(19,2,'vtiger_invoice:customerno:Invoice_Customer_No:customerno:V'),(19,3,'vtiger_invoice:exciseduty:Invoice_Excise_Duty:exciseduty:N'),(19,4,'vtiger_invoice:salescommission:Invoice_Sales_Commission:salescommission:N'),(19,5,'vtiger_accountInvoice:accountname:Invoice_Account_Name:account_id:I'),(20,0,'vtiger_salesorder:subject:SalesOrder_Subject:subject:V'),(20,1,'vtiger_quotesSalesOrder:subject:SalesOrder_Quote_Name:quote_id:I'),(20,2,'vtiger_contactdetailsSalesOrder:lastname:SalesOrder_Contact_Name:contact_id:I'),(20,3,'vtiger_salesorder:duedate:SalesOrder_Due_Date:duedate:D'),(20,4,'vtiger_salesorder:carrier:SalesOrder_Carrier:carrier:V'),(20,5,'vtiger_salesorder:sostatus:SalesOrder_Status:sostatus:V'),(20,6,'vtiger_accountSalesOrder:accountname:SalesOrder_Account_Name:account_id:I'),(20,7,'vtiger_salesorder:salescommission:SalesOrder_Sales_Commission:salescommission:N'),(20,8,'vtiger_salesorder:exciseduty:SalesOrder_Excise_Duty:exciseduty:N'),(20,9,'vtiger_usersSalesOrder:user_name:SalesOrder_Assigned_To:assigned_user_id:V'),(21,0,'vtiger_campaign:campaignname:Campaigns_Campaign_Name:campaignname:V'),(21,1,'vtiger_campaign:campaigntype:Campaigns_Campaign_Type:campaigntype:V'),(21,2,'vtiger_campaign:targetaudience:Campaigns_Target_Audience:targetaudience:V'),(21,3,'vtiger_campaign:budgetcost:Campaigns_Budget_Cost:budgetcost:I'),(21,4,'vtiger_campaign:actualcost:Campaigns_Actual_Cost:actualcost:I'),(21,5,'vtiger_campaign:expectedrevenue:Campaigns_Expected_Revenue:expectedrevenue:I'),(21,6,'vtiger_campaign:expectedsalescount:Campaigns_Expected_Sales_Count:expectedsalescount:N'),(21,7,'vtiger_campaign:actualsalescount:Campaigns_Actual_Sales_Count:actualsalescount:N'),(21,8,'vtiger_usersCampaigns:user_name:Campaigns_Assigned_To:assigned_user_id:V'),(22,0,'vtiger_contactdetails:lastname:Contacts_Last_Name:lastname:V'),(22,1,'vtiger_contactdetails:email:Contacts_Email:email:E'),(22,2,'vtiger_activity:subject:Emails_Subject:subject:V'),(22,3,'vtiger_email_track:access_count:Emails_Access_Count:access_count:I'),(23,0,'vtiger_account:accountname:Accounts_Account_Name:accountname:V'),(23,1,'vtiger_account:phone:Accounts_Phone:phone:V'),(23,2,'vtiger_account:email1:Accounts_Email:email1:E'),(23,3,'vtiger_activity:subject:Emails_Subject:subject:V'),(23,4,'vtiger_email_track:access_count:Emails_Access_Count:access_count:I'),(24,0,'vtiger_leaddetails:lastname:Leads_Last_Name:lastname:V'),(24,1,'vtiger_leaddetails:company:Leads_Company:company:V'),(24,2,'vtiger_leaddetails:email:Leads_Email:email:E'),(24,3,'vtiger_activity:subject:Emails_Subject:subject:V'),(24,4,'vtiger_email_track:access_count:Emails_Access_Count:access_count:I'),(25,0,'vtiger_vendor:vendorname:Vendors_Vendor_Name:vendorname:V'),(25,1,'vtiger_vendor:glacct:Vendors_GL_Account:glacct:V'),(25,2,'vtiger_vendor:email:Vendors_Email:email:E'),(25,3,'vtiger_activity:subject:Emails_Subject:subject:V'),(25,4,'vtiger_email_track:access_count:Emails_Access_Count:access_count:I'),(27,0,'vtiger_contactdetails:firstname:Contacts_First_Name:firstname:V'),(27,1,'vtiger_contactdetails:lastname:Contacts_Last_Name:lastname:V'),(27,2,'vtiger_contactdetails:accountid:Contacts_Account_Name:account_id:V'),(28,0,'vtiger_contactdetails:firstname:Contacts_First_Name:firstname:V'),(28,1,'vtiger_contactdetails:lastname:Contacts_Last_Name:lastname:V'),(28,2,'vtiger_contactdetails:accountid:Contacts_Account_Name:account_id:V'),(28,3,'vtiger_contactdetails:email:Contacts_Email:email:V'),(28,4,'vtiger_contactdetails:phone:Contacts_Office_Phone:phone:V'),(28,5,'vtiger_usersContacts:user_name:Contacts_Assigned_To:assigned_user_id:V'),(31,0,'vtiger_assets:serialnumber:Assets_Serial_Number:serialnumber:V'),(31,1,'vtiger_assets:dateinservice:Assets_Date_in_Service:dateinservice:D'),(31,2,'vtiger_assets:assetstatus:Assets_Status:assetstatus:V'),(31,3,'vtiger_assets:invoiceid:Assets_Invoice_Name:invoiceid:V'),(32,0,'vtiger_usersAccounts:user_name:Accounts_Assigned_To:assigned_user_id:V'),(32,1,'vtiger_account:accountname:Accounts_Account_Name:accountname:V'),(32,2,'vtiger_crmentityAccounts:modifiedby:Accounts_Last_Modified_By:modifiedby:V'),(32,3,'vtiger_crmentityAccounts:modifiedtime:Accounts_Modified_Time:modifiedtime:DT'),(32,4,'vtiger_crmentityModComments:createdtime:ModComments_Created_Time:createdtime:DT'),(32,5,'vtiger_crmentityModComments:source:ModComments_Source:source:V');

--
-- Table structure for table `vtiger_selectquery`
--

CREATE TABLE `vtiger_selectquery` (
  `queryid` int(19) NOT NULL,
  `startindex` int(19) DEFAULT 0,
  `numofobjects` int(19) DEFAULT 0,
  PRIMARY KEY (`queryid`),
  KEY `selectquery_queryid_idx` (`queryid`)
) ENGINE=InnoDB DEFAULT CHARSET=utf8 COLLATE=utf8_general_ci;

--
-- Dumping data for table `vtiger_selectquery`
--

INSERT INTO `vtiger_selectquery` VALUES (1,0,0),(2,0,0),(3,0,0),(4,0,0),(5,0,0),(6,0,0),(7,0,0),(8,0,0),(9,0,0),(10,0,0),(11,0,0),(12,0,0),(13,0,0),(14,0,0),(15,0,0),(16,0,0),(17,0,0),(18,0,0),(19,0,0),(20,0,0),(21,0,0),(22,0,0),(23,0,0),(24,0,0),(25,0,0),(26,0,0),(27,0,0),(28,0,0),(29,0,0),(30,0,0),(31,0,0),(32,0,0),(33,0,0);

--
-- Table structure for table `vtiger_selectquery_seq`
--

CREATE TABLE `vtiger_selectquery_seq` (
  `id` int(11) NOT NULL
) ENGINE=InnoDB DEFAULT CHARSET=utf8 COLLATE=utf8_general_ci;

--
-- Dumping data for table `vtiger_selectquery_seq`
--

INSERT INTO `vtiger_selectquery_seq` VALUES (33);

--
-- Table structure for table `vtiger_senotesrel`
--

CREATE TABLE `vtiger_senotesrel` (
  `crmid` int(19) NOT NULL DEFAULT 0,
  `notesid` int(19) NOT NULL DEFAULT 0,
  PRIMARY KEY (`crmid`,`notesid`),
  KEY `senotesrel_notesid_idx` (`notesid`),
  KEY `senotesrel_crmid_idx` (`crmid`),
  CONSTRAINT `fk1_crmid` FOREIGN KEY (`crmid`) REFERENCES `vtiger_crmentity` (`crmid`) ON DELETE CASCADE,
  CONSTRAINT `fk_2_vtiger_senotesrel` FOREIGN KEY (`notesid`) REFERENCES `vtiger_notes` (`notesid`) ON DELETE CASCADE
) ENGINE=InnoDB DEFAULT CHARSET=utf8 COLLATE=utf8_general_ci;

--
-- Dumping data for table `vtiger_senotesrel`
--

INSERT INTO `vtiger_senotesrel` VALUES (673,675),(673,677),(673,679),(673,681),(673,683),(673,685),(673,687),(673,689);

--
-- Table structure for table `vtiger_seproductsrel`
--

CREATE TABLE `vtiger_seproductsrel` (
  `crmid` int(19) NOT NULL DEFAULT 0,
  `productid` int(19) NOT NULL DEFAULT 0,
  `setype` varchar(30) NOT NULL,
  `quantity` int(19) DEFAULT 1,
  PRIMARY KEY (`crmid`,`productid`),
  KEY `seproductsrel_productid_idx` (`productid`),
  KEY `seproductrel_crmid_idx` (`crmid`),
  CONSTRAINT `fk_2_vtiger_seproductsrel` FOREIGN KEY (`productid`) REFERENCES `vtiger_products` (`productid`) ON DELETE CASCADE
) ENGINE=InnoDB DEFAULT CHARSET=utf8 COLLATE=utf8_general_ci;

--
-- Dumping data for table `vtiger_seproductsrel`
--


--
-- Table structure for table `vtiger_service`
--

CREATE TABLE `vtiger_service` (
  `serviceid` int(11) NOT NULL,
  `service_no` varchar(100) NOT NULL,
  `servicename` varchar(255) NOT NULL,
  `servicecategory` varchar(200) DEFAULT NULL,
  `qty_per_unit` decimal(11,2) DEFAULT 0.00,
  `unit_price` decimal(25,8) DEFAULT NULL,
  `sales_start_date` date DEFAULT NULL,
  `sales_end_date` date DEFAULT NULL,
  `start_date` date DEFAULT NULL,
  `expiry_date` date DEFAULT NULL,
  `discontinued` int(1) NOT NULL DEFAULT 0,
  `service_usageunit` varchar(200) DEFAULT NULL,
  `website` varchar(100) DEFAULT NULL,
  `taxclass` varchar(200) DEFAULT NULL,
  `currency_id` int(19) NOT NULL DEFAULT 1,
  `commissionrate` decimal(7,3) DEFAULT NULL,
  `tags` varchar(1) DEFAULT NULL,
  `purchase_cost` decimal(27,8) DEFAULT NULL,
  PRIMARY KEY (`serviceid`),
  CONSTRAINT `fk_1_vtiger_service` FOREIGN KEY (`serviceid`) REFERENCES `vtiger_crmentity` (`crmid`) ON DELETE CASCADE
) ENGINE=InnoDB DEFAULT CHARSET=utf8 COLLATE=utf8_general_ci;

--
-- Dumping data for table `vtiger_service`
--


--
-- Table structure for table `vtiger_service_usageunit`
--

CREATE TABLE `vtiger_service_usageunit` (
  `service_usageunitid` int(11) NOT NULL AUTO_INCREMENT,
  `service_usageunit` varchar(200) NOT NULL,
  `presence` int(1) NOT NULL DEFAULT 1,
  `picklist_valueid` int(11) NOT NULL DEFAULT 0,
  `sortorderid` int(11) DEFAULT 0,
  `color` varchar(10) DEFAULT NULL,
  PRIMARY KEY (`service_usageunitid`)
) ENGINE=InnoDB AUTO_INCREMENT=4 DEFAULT CHARSET=utf8 COLLATE=utf8_general_ci;

--
-- Dumping data for table `vtiger_service_usageunit`
--

INSERT INTO `vtiger_service_usageunit` VALUES (1,'Hours',1,226,1,NULL),(2,'Days',1,227,2,NULL),(3,'Incidents',1,228,3,NULL);

--
-- Table structure for table `vtiger_service_usageunit_seq`
--

CREATE TABLE `vtiger_service_usageunit_seq` (
  `id` int(11) NOT NULL
) ENGINE=InnoDB DEFAULT CHARSET=utf8 COLLATE=utf8_general_ci;

--
-- Dumping data for table `vtiger_service_usageunit_seq`
--

INSERT INTO `vtiger_service_usageunit_seq` VALUES (3);

--
-- Table structure for table `vtiger_servicecategory`
--

CREATE TABLE `vtiger_servicecategory` (
  `servicecategoryid` int(11) NOT NULL AUTO_INCREMENT,
  `servicecategory` varchar(200) NOT NULL,
  `presence` int(1) NOT NULL DEFAULT 1,
  `picklist_valueid` int(11) NOT NULL DEFAULT 0,
  `sortorderid` int(11) DEFAULT 0,
  `color` varchar(10) DEFAULT NULL,
  PRIMARY KEY (`servicecategoryid`)
) ENGINE=InnoDB AUTO_INCREMENT=7 DEFAULT CHARSET=utf8 COLLATE=utf8_general_ci;

--
-- Dumping data for table `vtiger_servicecategory`
--

INSERT INTO `vtiger_servicecategory` VALUES (2,'Support',1,230,2,NULL),(3,'Installation',1,231,3,NULL),(4,'Migration',1,232,4,NULL),(5,'Customization',1,233,5,NULL),(6,'Training',1,234,6,NULL);

--
-- Table structure for table `vtiger_servicecategory_seq`
--

CREATE TABLE `vtiger_servicecategory_seq` (
  `id` int(11) NOT NULL
) ENGINE=InnoDB DEFAULT CHARSET=utf8 COLLATE=utf8_general_ci;

--
-- Dumping data for table `vtiger_servicecategory_seq`
--

INSERT INTO `vtiger_servicecategory_seq` VALUES (6);

--
-- Table structure for table `vtiger_servicecf`
--

CREATE TABLE `vtiger_servicecf` (
  `serviceid` int(19) NOT NULL DEFAULT 0,
  PRIMARY KEY (`serviceid`),
  CONSTRAINT `fk_serviceid_vtiger_servicecf` FOREIGN KEY (`serviceid`) REFERENCES `vtiger_service` (`serviceid`) ON DELETE CASCADE
) ENGINE=InnoDB DEFAULT CHARSET=utf8 COLLATE=utf8_general_ci;

--
-- Dumping data for table `vtiger_servicecf`
--


--
-- Table structure for table `vtiger_servicecontracts`
--

CREATE TABLE `vtiger_servicecontracts` (
  `servicecontractsid` int(11) DEFAULT NULL,
  `start_date` date DEFAULT NULL,
  `end_date` date DEFAULT NULL,
  `sc_related_to` int(11) DEFAULT NULL,
  `tracking_unit` varchar(100) DEFAULT NULL,
  `total_units` decimal(5,2) DEFAULT NULL,
  `used_units` decimal(5,2) DEFAULT NULL,
  `subject` varchar(100) DEFAULT NULL,
  `due_date` date DEFAULT NULL,
  `planned_duration` varchar(256) DEFAULT NULL,
  `actual_duration` varchar(256) DEFAULT NULL,
  `contract_status` varchar(200) DEFAULT NULL,
  `priority` varchar(200) DEFAULT NULL,
  `contract_type` varchar(200) DEFAULT NULL,
  `progress` decimal(5,2) DEFAULT NULL,
  `contract_no` varchar(100) DEFAULT NULL,
  `tags` varchar(1) DEFAULT NULL,
  KEY `fk_crmid_vtiger_servicecontracts` (`servicecontractsid`),
  CONSTRAINT `fk_crmid_vtiger_servicecontracts` FOREIGN KEY (`servicecontractsid`) REFERENCES `vtiger_crmentity` (`crmid`) ON DELETE CASCADE
) ENGINE=InnoDB DEFAULT CHARSET=utf8 COLLATE=utf8_general_ci;

--
-- Dumping data for table `vtiger_servicecontracts`
--


--
-- Table structure for table `vtiger_servicecontractscf`
--

CREATE TABLE `vtiger_servicecontractscf` (
  `servicecontractsid` int(11) NOT NULL,
  PRIMARY KEY (`servicecontractsid`),
  CONSTRAINT `fk_servicecontractsid_vtiger_servicecontractscf` FOREIGN KEY (`servicecontractsid`) REFERENCES `vtiger_servicecontracts` (`servicecontractsid`) ON DELETE CASCADE
) ENGINE=InnoDB DEFAULT CHARSET=utf8 COLLATE=utf8_general_ci;

--
-- Dumping data for table `vtiger_servicecontractscf`
--


--
-- Table structure for table `vtiger_seticketsrel`
--

CREATE TABLE `vtiger_seticketsrel` (
  `crmid` int(19) NOT NULL DEFAULT 0,
  `ticketid` int(19) NOT NULL DEFAULT 0,
  PRIMARY KEY (`crmid`,`ticketid`),
  KEY `seticketsrel_crmid_idx` (`crmid`),
  KEY `seticketsrel_ticketid_idx` (`ticketid`),
  CONSTRAINT `fk_2_vtiger_seticketsrel` FOREIGN KEY (`ticketid`) REFERENCES `vtiger_troubletickets` (`ticketid`) ON DELETE CASCADE
) ENGINE=InnoDB DEFAULT CHARSET=utf8 COLLATE=utf8_general_ci;

--
-- Dumping data for table `vtiger_seticketsrel`
--


--
-- Table structure for table `vtiger_settings_blocks`
--

CREATE TABLE `vtiger_settings_blocks` (
  `blockid` int(19) NOT NULL,
  `label` varchar(250) DEFAULT NULL,
  `sequence` int(19) DEFAULT NULL,
  PRIMARY KEY (`blockid`)
) ENGINE=InnoDB DEFAULT CHARSET=utf8 COLLATE=utf8_general_ci;

--
-- Dumping data for table `vtiger_settings_blocks`
--

INSERT INTO `vtiger_settings_blocks` VALUES (1,'LBL_USER_MANAGEMENT',1),(4,'LBL_OTHER_SETTINGS',10),(5,'LBL_MODULE_MANAGER',2),(6,'LBL_INTEGRATION',8),(7,'LBL_AUTOMATION',3),(8,'LBL_CONFIGURATION',4),(9,'LBL_MARKETING_SALES',5),(10,'LBL_INVENTORY',6),(11,'LBL_MY_PREFERENCES',7),(12,'LBL_EXTENSIONS',9);

--
-- Table structure for table `vtiger_settings_blocks_seq`
--

CREATE TABLE `vtiger_settings_blocks_seq` (
  `id` int(11) NOT NULL
) ENGINE=InnoDB DEFAULT CHARSET=utf8 COLLATE=utf8_general_ci;

--
-- Dumping data for table `vtiger_settings_blocks_seq`
--

INSERT INTO `vtiger_settings_blocks_seq` VALUES (12);

--
-- Table structure for table `vtiger_settings_field`
--

CREATE TABLE `vtiger_settings_field` (
  `fieldid` int(19) NOT NULL,
  `blockid` int(19) DEFAULT NULL,
  `name` varchar(250) DEFAULT NULL,
  `iconpath` varchar(300) DEFAULT NULL,
  `description` text DEFAULT NULL,
  `linkto` text DEFAULT NULL,
  `sequence` int(19) DEFAULT NULL,
  `active` int(19) DEFAULT 0,
  `pinned` int(1) DEFAULT 0,
  PRIMARY KEY (`fieldid`),
  KEY `fk_1_vtiger_settings_field` (`blockid`),
  CONSTRAINT `fk_1_vtiger_settings_field` FOREIGN KEY (`blockid`) REFERENCES `vtiger_settings_blocks` (`blockid`) ON DELETE CASCADE
) ENGINE=InnoDB DEFAULT CHARSET=utf8 COLLATE=utf8_general_ci;

--
-- Dumping data for table `vtiger_settings_field`
--

INSERT INTO `vtiger_settings_field` VALUES (1,1,'LBL_USERS','ico-users.gif','LBL_USER_DESCRIPTION','index.php?module=Users&parent=Settings&view=List',1,0,1),(2,1,'LBL_ROLES','ico-roles.gif','LBL_ROLE_DESCRIPTION','index.php?module=Roles&parent=Settings&view=Index',2,0,0),(3,1,'LBL_PROFILES','ico-profile.gif','LBL_PROFILE_DESCRIPTION','index.php?module=Profiles&parent=Settings&view=List',3,0,0),(4,1,'USERGROUPLIST','ico-groups.gif','LBL_GROUP_DESCRIPTION','index.php?module=Groups&parent=Settings&view=List',5,0,0),(5,1,'LBL_SHARING_ACCESS','shareaccess.gif','LBL_SHARING_ACCESS_DESCRIPTION','index.php?module=SharingAccess&parent=Settings&view=Index',4,0,0),(7,1,'LBL_LOGIN_HISTORY_DETAILS','set-IcoLoginHistory.gif','LBL_LOGIN_HISTORY_DESCRIPTION','index.php?module=LoginHistory&parent=Settings&view=List',6,0,0),(8,5,'VTLIB_LBL_MODULE_MANAGER','vtlib_modmng.gif','VTLIB_LBL_MODULE_MANAGER_DESCRIPTION','index.php?module=ModuleManager&parent=Settings&view=List',1,0,1),(9,8,'LBL_PICKLIST_EDITOR','picklist.gif','LBL_PICKLIST_DESCRIPTION','index.php?parent=Settings&module=Picklist&view=Index',6,0,1),(10,8,'LBL_PICKLIST_DEPENDENCY','picklistdependency.gif','LBL_PICKLIST_DEPENDENCY_DESCRIPTION','index.php?parent=Settings&module=PickListDependency&view=List',7,0,0),(11,8,'LBL_MENU_EDITOR','menueditor.png','LBL_MENU_DESC','index.php?module=MenuEditor&parent=Settings&view=Index',8,0,0),(14,8,'LBL_COMPANY_DETAILS','company.gif','LBL_COMPANY_DESCRIPTION','index.php?parent=Settings&module=Vtiger&view=CompanyDetails',1,0,0),(15,8,'LBL_MAIL_SERVER_SETTINGS','ogmailserver.gif','LBL_MAIL_SERVER_DESCRIPTION','index.php?parent=Settings&module=Vtiger&view=OutgoingServerDetail',4,0,0),(16,8,'LBL_CURRENCY_SETTINGS','currency.gif','LBL_CURRENCY_DESCRIPTION','index.php?parent=Settings&module=Currency&view=List',3,0,0),(17,10,'LBL_TAX_SETTINGS','taxConfiguration.gif','LBL_TAX_DESCRIPTION','index.php?module=Vtiger&parent=Settings&view=TaxIndex',1,0,0),(18,4,'LBL_SYSTEM_INFO','system.gif','LBL_SYSTEM_DESCRIPTION','index.php?module=Settings&submodule=Server&view=ProxyConfig',6,1,0),(20,4,'LBL_DEFAULT_MODULE_VIEW','set-IcoTwoTabConfig.gif','LBL_DEFAULT_MODULE_VIEW_DESC','index.php?module=Settings&action=DefModuleView&parenttab=Settings',2,0,0),(21,10,'INVENTORYTERMSANDCONDITIONS','terms.gif','LBL_INV_TANDC_DESCRIPTION','index.php?parent=Settings&module=Vtiger&view=TermsAndConditionsEdit',2,0,0),(22,5,'LBL_CUSTOMIZE_MODENT_NUMBER','settingsInvNumber.gif','LBL_CUSTOMIZE_MODENT_NUMBER_DESCRIPTION','index.php?module=Vtiger&parent=Settings&view=CustomRecordNumbering',4,0,0),(23,4,'LBL_MAIL_SCANNER','mailScanner.gif','LBL_MAIL_SCANNER_DESCRIPTION','index.php?parent=Settings&module=MailConverter&view=List',5,0,0),(24,7,'LBL_LIST_WORKFLOWS','settingsWorkflow.png','LBL_LIST_WORKFLOWS_DESCRIPTION','index.php?module=Workflows&parent=Settings&view=List',3,0,1),(25,8,'Configuration Editor','migrate.gif','LBL_CONFIG_EDITOR_DESCRIPTION','index.php?module=Vtiger&parent=Settings&view=ConfigEditorDetail',5,0,0),(26,7,'Scheduler','Cron.png','Allows you to Configure Cron Task','index.php?module=CronTasks&parent=Settings&view=List',2,0,0),(28,4,'ModTracker','set-IcoLoginHistory.gif','LBL_MODTRACKER_DESCRIPTION','index.php?module=ModTracker&action=BasicSettings&parenttab=Settings&formodule=ModTracker',9,0,0),(29,6,'LBL_PBXMANAGER','','PBXManager module Configuration','index.php?module=PBXManager&parent=Settings&view=Index',2,0,0),(30,7,'Webforms','modules/Webforms/img/Webform.png','LBL_WEBFORMS_DESCRIPTION','index.php?module=Webforms&parent=Settings&view=List',1,0,0),(31,8,'LBL_CUSTOMER_PORTAL','portal_icon.png','PORTAL_EXTENSION_DESCRIPTION','index.php?module=CustomerPortal&parent=Settings&view=Index',2,0,0),(32,5,'LBL_EDIT_FIELDS','','LBL_LAYOUT_EDITOR_DESCRIPTION','index.php?module=LayoutEditor&parent=Settings&view=Index',2,0,0),(33,9,'LBL_LEAD_MAPPING','NULL','NULL','index.php?parent=Settings&module=Leads&view=MappingDetail',1,0,1),(34,9,'LBL_OPPORTUNITY_MAPPING','NULL','NULL','index.php?parent=Settings&module=Potentials&view=MappingDetail',2,0,1),(35,11,'My Preferences','NULL','NULL','index.php?module=Users&view=PreferenceDetail&parent=Settings&record=1',1,0,1),(36,11,'Calendar Settings','NULL','NULL','index.php?module=Users&parent=Settings&view=Calendar&record=1',2,0,1),(37,11,'LBL_MY_TAGS','NULL','NULL','index.php?module=Tags&parent=Settings&view=List&record=1',3,0,1),(38,12,'LBL_EXTENSION_STORE','NULL','NULL','index.php?module=ExtensionStore&parent=Settings&view=ExtensionStore',1,0,1),(39,12,'LBL_GOOGLE','NULL','NULL','index.php?module=Contacts&parent=Settings&view=Extension&extensionModule=Google&extensionView=Index&mode=settings',2,0,1),(40,4,'CTMobileSettings',NULL,'CTMobileSettings','index.php?module=CTMobileSettings&parent=Settings&view=Details',40,0,0),(41,4,'WhatsApp Configuration','','','index.php?module=CTWhatsApp&parent=Settings&view=WhatsAppUserList',41,0,0);

--
-- Table structure for table `vtiger_settings_field_seq`
--

CREATE TABLE `vtiger_settings_field_seq` (
  `id` int(11) NOT NULL
) ENGINE=InnoDB DEFAULT CHARSET=utf8 COLLATE=utf8_general_ci;

--
-- Dumping data for table `vtiger_settings_field_seq`
--

INSERT INTO `vtiger_settings_field_seq` VALUES (41);

--
-- Table structure for table `vtiger_sharedcalendar`
--

CREATE TABLE `vtiger_sharedcalendar` (
  `userid` int(19) NOT NULL,
  `sharedid` int(19) NOT NULL,
  PRIMARY KEY (`userid`,`sharedid`)
) ENGINE=InnoDB DEFAULT CHARSET=utf8 COLLATE=utf8_general_ci;

--
-- Dumping data for table `vtiger_sharedcalendar`
--


--
-- Table structure for table `vtiger_shareduserinfo`
--

CREATE TABLE `vtiger_shareduserinfo` (
  `userid` int(19) NOT NULL DEFAULT 0,
  `shareduserid` int(19) NOT NULL DEFAULT 0,
  `color` varchar(50) DEFAULT NULL,
  `visible` int(19) DEFAULT 1
) ENGINE=InnoDB DEFAULT CHARSET=utf8 COLLATE=utf8_general_ci;

--
-- Dumping data for table `vtiger_shareduserinfo`
--


--
-- Table structure for table `vtiger_shippingtaxinfo`
--

CREATE TABLE `vtiger_shippingtaxinfo` (
  `taxid` int(3) NOT NULL,
  `taxname` varchar(50) DEFAULT NULL,
  `taxlabel` varchar(50) DEFAULT NULL,
  `percentage` decimal(7,3) DEFAULT NULL,
  `deleted` int(1) DEFAULT NULL,
  `method` varchar(10) DEFAULT NULL,
  `type` varchar(10) DEFAULT NULL,
  `compoundon` varchar(400) DEFAULT NULL,
  `regions` text DEFAULT NULL,
  PRIMARY KEY (`taxid`),
  KEY `shippingtaxinfo_taxname_idx` (`taxname`)
) ENGINE=InnoDB DEFAULT CHARSET=utf8 COLLATE=utf8_general_ci;

--
-- Dumping data for table `vtiger_shippingtaxinfo`
--

INSERT INTO `vtiger_shippingtaxinfo` VALUES (1,'shtax1','VAT',4.500,0,'Simple','Fixed','[]','[]'),(2,'shtax2','Sales',10.000,0,'Simple','Fixed','[]','[]'),(3,'shtax3','Service',12.500,0,'Simple','Fixed','[]','[]');

--
-- Table structure for table `vtiger_shippingtaxinfo_seq`
--

CREATE TABLE `vtiger_shippingtaxinfo_seq` (
  `id` int(11) NOT NULL
) ENGINE=InnoDB DEFAULT CHARSET=utf8 COLLATE=utf8_general_ci;

--
-- Dumping data for table `vtiger_shippingtaxinfo_seq`
--

INSERT INTO `vtiger_shippingtaxinfo_seq` VALUES (3);

--
-- Table structure for table `vtiger_shorturls`
--

CREATE TABLE `vtiger_shorturls` (
  `id` int(11) NOT NULL AUTO_INCREMENT,
  `uid` varchar(50) DEFAULT NULL,
  `handler_path` varchar(400) DEFAULT NULL,
  `handler_class` varchar(100) DEFAULT NULL,
  `handler_function` varchar(100) DEFAULT NULL,
  `handler_data` varchar(255) DEFAULT NULL,
  `onetime` int(5) DEFAULT NULL,
  PRIMARY KEY (`id`),
  KEY `uid` (`uid`)
) ENGINE=InnoDB AUTO_INCREMENT=11 DEFAULT CHARSET=utf8 COLLATE=utf8_general_ci;

--
-- Dumping data for table `vtiger_shorturls`
--

INSERT INTO `vtiger_shorturls` VALUES (1,'66994c698a9226.56638148','modules/Emails/handlers/Tracker.php','Emails_Tracker_Handler','process','{\"record\":751,\"parentId\":\"170\",\"method\":\"open\"}',0),(2,'66994c6a223790.10097323','modules/Emails/handlers/Tracker.php','Emails_Tracker_Handler','process','{\"record\":752,\"parentId\":\"170\",\"method\":\"open\"}',0),(3,'66994c6a5e4657.93052783','modules/Emails/handlers/Tracker.php','Emails_Tracker_Handler','process','{\"record\":753,\"parentId\":\"734\",\"method\":\"open\"}',0),(4,'66994c6aa72ae9.49025312','modules/Emails/handlers/Tracker.php','Emails_Tracker_Handler','process','{\"record\":754,\"parentId\":\"735\",\"method\":\"open\"}',0),(5,'66994c6bc05696.59708636','modules/Emails/handlers/Tracker.php','Emails_Tracker_Handler','process','{\"record\":755,\"parentId\":\"735\",\"method\":\"open\"}',0),(6,'66994c6bf18619.95081283','modules/Emails/handlers/Tracker.php','Emails_Tracker_Handler','process','{\"record\":756,\"parentId\":\"170\",\"method\":\"open\"}',0),(7,'66994c6c31bb87.87411379','modules/Emails/handlers/Tracker.php','Emails_Tracker_Handler','process','{\"record\":757,\"parentId\":\"170\",\"method\":\"open\"}',0),(8,'66994c6c59cb34.88346858','modules/Emails/handlers/Tracker.php','Emails_Tracker_Handler','process','{\"record\":758,\"parentId\":\"743\",\"method\":\"open\"}',0),(9,'66994c6c70f524.23772652','modules/Emails/handlers/Tracker.php','Emails_Tracker_Handler','process','{\"record\":759,\"parentId\":\"745\",\"method\":\"open\"}',0),(10,'66994c6c9a7f55.11996118','modules/Emails/handlers/Tracker.php','Emails_Tracker_Handler','process','{\"record\":760,\"parentId\":\"746\",\"method\":\"open\"}',0);

--
-- Table structure for table `vtiger_smsnotifier`
--

CREATE TABLE `vtiger_smsnotifier` (
  `smsnotifierid` int(19) NOT NULL,
  `message` text DEFAULT NULL,
  `status` varchar(100) DEFAULT NULL,
  PRIMARY KEY (`smsnotifierid`),
  CONSTRAINT `fk_crmid_vtiger_smsnotifier` FOREIGN KEY (`smsnotifierid`) REFERENCES `vtiger_crmentity` (`crmid`) ON DELETE CASCADE
) ENGINE=InnoDB DEFAULT CHARSET=utf8 COLLATE=utf8_general_ci;

--
-- Dumping data for table `vtiger_smsnotifier`
--


--
-- Table structure for table `vtiger_smsnotifier_servers`
--

CREATE TABLE `vtiger_smsnotifier_servers` (
  `id` int(11) NOT NULL AUTO_INCREMENT,
  `password` varchar(255) DEFAULT NULL,
  `isactive` int(1) DEFAULT NULL,
  `providertype` varchar(50) DEFAULT NULL,
  `username` varchar(255) DEFAULT NULL,
  `parameters` text DEFAULT NULL,
  PRIMARY KEY (`id`)
) ENGINE=InnoDB DEFAULT CHARSET=utf8 COLLATE=utf8_general_ci;

--
-- Dumping data for table `vtiger_smsnotifier_servers`
--


--
-- Table structure for table `vtiger_smsnotifier_status`
--

CREATE TABLE `vtiger_smsnotifier_status` (
  `smsnotifierid` int(19) DEFAULT NULL,
  `tonumber` varchar(20) DEFAULT NULL,
  `status` varchar(10) DEFAULT NULL,
  `smsmessageid` varchar(50) DEFAULT NULL,
  `needlookup` int(1) DEFAULT 1,
  `statusid` int(11) NOT NULL AUTO_INCREMENT,
  `statusmessage` varchar(100) DEFAULT NULL,
  PRIMARY KEY (`statusid`)
) ENGINE=InnoDB DEFAULT CHARSET=utf8 COLLATE=utf8_general_ci;

--
-- Dumping data for table `vtiger_smsnotifier_status`
--


--
-- Table structure for table `vtiger_smsnotifiercf`
--

CREATE TABLE `vtiger_smsnotifiercf` (
  `smsnotifierid` int(19) NOT NULL,
  PRIMARY KEY (`smsnotifierid`),
  CONSTRAINT `fk_smsnotifierid_vtiger_smsnotifiercf` FOREIGN KEY (`smsnotifierid`) REFERENCES `vtiger_smsnotifier` (`smsnotifierid`) ON DELETE CASCADE
) ENGINE=InnoDB DEFAULT CHARSET=utf8 COLLATE=utf8_general_ci;

--
-- Dumping data for table `vtiger_smsnotifiercf`
--


--
-- Table structure for table `vtiger_soapservice`
--

CREATE TABLE `vtiger_soapservice` (
  `id` int(19) DEFAULT NULL,
  `type` varchar(25) DEFAULT NULL,
  `sessionid` varchar(100) DEFAULT NULL
) ENGINE=InnoDB DEFAULT CHARSET=utf8 COLLATE=utf8_general_ci;

--
-- Dumping data for table `vtiger_soapservice`
--


--
-- Table structure for table `vtiger_sobillads`
--

CREATE TABLE `vtiger_sobillads` (
  `sobilladdressid` int(19) NOT NULL DEFAULT 0,
  `bill_city` varchar(30) DEFAULT NULL,
  `bill_code` varchar(30) DEFAULT NULL,
  `bill_country` varchar(30) DEFAULT NULL,
  `bill_state` varchar(30) DEFAULT NULL,
  `bill_street` varchar(250) DEFAULT NULL,
  `bill_pobox` varchar(30) DEFAULT NULL,
  PRIMARY KEY (`sobilladdressid`),
  CONSTRAINT `fk_1_vtiger_sobillads` FOREIGN KEY (`sobilladdressid`) REFERENCES `vtiger_salesorder` (`salesorderid`) ON DELETE CASCADE
) ENGINE=InnoDB DEFAULT CHARSET=utf8 COLLATE=utf8_general_ci;

--
-- Dumping data for table `vtiger_sobillads`
--


--
-- Table structure for table `vtiger_soshipads`
--

CREATE TABLE `vtiger_soshipads` (
  `soshipaddressid` int(19) NOT NULL DEFAULT 0,
  `ship_city` varchar(30) DEFAULT NULL,
  `ship_code` varchar(30) DEFAULT NULL,
  `ship_country` varchar(30) DEFAULT NULL,
  `ship_state` varchar(30) DEFAULT NULL,
  `ship_street` varchar(250) DEFAULT NULL,
  `ship_pobox` varchar(30) DEFAULT NULL,
  PRIMARY KEY (`soshipaddressid`),
  CONSTRAINT `fk_1_vtiger_soshipads` FOREIGN KEY (`soshipaddressid`) REFERENCES `vtiger_salesorder` (`salesorderid`) ON DELETE CASCADE
) ENGINE=InnoDB DEFAULT CHARSET=utf8 COLLATE=utf8_general_ci;

--
-- Dumping data for table `vtiger_soshipads`
--


--
-- Table structure for table `vtiger_sostatus`
--

CREATE TABLE `vtiger_sostatus` (
  `sostatusid` int(19) NOT NULL AUTO_INCREMENT,
  `sostatus` varchar(200) NOT NULL,
  `presence` int(1) NOT NULL DEFAULT 1,
  `picklist_valueid` int(19) NOT NULL DEFAULT 0,
  `sortorderid` int(11) DEFAULT NULL,
  `color` varchar(10) DEFAULT NULL,
  PRIMARY KEY (`sostatusid`),
  UNIQUE KEY `sostatus_sostatus_idx` (`sostatus`)
) ENGINE=InnoDB AUTO_INCREMENT=5 DEFAULT CHARSET=utf8 COLLATE=utf8_general_ci;

--
-- Dumping data for table `vtiger_sostatus`
--

INSERT INTO `vtiger_sostatus` VALUES (1,'Created',0,166,0,NULL),(2,'Approved',0,167,1,NULL),(3,'Delivered',0,168,2,NULL),(4,'Cancelled',0,169,3,NULL);

--
-- Table structure for table `vtiger_sostatus_seq`
--

CREATE TABLE `vtiger_sostatus_seq` (
  `id` int(11) NOT NULL
) ENGINE=InnoDB DEFAULT CHARSET=utf8 COLLATE=utf8_general_ci;

--
-- Dumping data for table `vtiger_sostatus_seq`
--

INSERT INTO `vtiger_sostatus_seq` VALUES (4);

--
-- Table structure for table `vtiger_sostatushistory`
--

CREATE TABLE `vtiger_sostatushistory` (
  `historyid` int(19) NOT NULL AUTO_INCREMENT,
  `salesorderid` int(19) NOT NULL,
  `accountname` varchar(100) DEFAULT NULL,
  `total` decimal(10,0) DEFAULT NULL,
  `sostatus` varchar(200) DEFAULT NULL,
  `lastmodified` datetime DEFAULT NULL,
  PRIMARY KEY (`historyid`),
  KEY `sostatushistory_salesorderid_idx` (`salesorderid`),
  CONSTRAINT `fk_1_vtiger_sostatushistory` FOREIGN KEY (`salesorderid`) REFERENCES `vtiger_salesorder` (`salesorderid`) ON DELETE CASCADE
) ENGINE=InnoDB DEFAULT CHARSET=utf8 COLLATE=utf8_general_ci;

--
-- Dumping data for table `vtiger_sostatushistory`
--


--
-- Table structure for table `vtiger_sqltimelog`
--

CREATE TABLE `vtiger_sqltimelog` (
  `id` int(11) DEFAULT NULL,
  `type` varchar(10) DEFAULT NULL,
  `data` text DEFAULT NULL,
  `started` decimal(20,6) DEFAULT NULL,
  `ended` decimal(20,6) DEFAULT NULL,
  `loggedon` datetime DEFAULT NULL
) ENGINE=InnoDB DEFAULT CHARSET=utf8 COLLATE=utf8_general_ci;

--
-- Dumping data for table `vtiger_sqltimelog`
--


--
-- Table structure for table `vtiger_start_hour`
--

CREATE TABLE `vtiger_start_hour` (
  `start_hourid` int(11) NOT NULL AUTO_INCREMENT,
  `start_hour` varchar(200) NOT NULL,
  `sortorderid` int(11) DEFAULT NULL,
  `presence` int(11) NOT NULL DEFAULT 1,
  PRIMARY KEY (`start_hourid`)
) ENGINE=InnoDB AUTO_INCREMENT=25 DEFAULT CHARSET=utf8 COLLATE=utf8_general_ci;

--
-- Dumping data for table `vtiger_start_hour`
--

INSERT INTO `vtiger_start_hour` VALUES (1,'00:00',0,1),(2,'01:00',1,1),(3,'02:00',2,1),(4,'03:00',3,1),(5,'04:00',4,1),(6,'05:00',5,1),(7,'06:00',6,1),(8,'07:00',7,1),(9,'08:00',8,1),(10,'09:00',9,1),(11,'10:00',10,1),(12,'11:00',11,1),(13,'12:00',12,1),(14,'13:00',13,1),(15,'14:00',14,1),(16,'15:00',15,1),(17,'16:00',16,1),(18,'17:00',17,1),(19,'18:00',18,1),(20,'19:00',19,1),(21,'20:00',20,1),(22,'21:00',21,1),(23,'22:00',22,1),(24,'23:00',23,1);

--
-- Table structure for table `vtiger_start_hour_seq`
--

CREATE TABLE `vtiger_start_hour_seq` (
  `id` int(11) NOT NULL
) ENGINE=InnoDB DEFAULT CHARSET=utf8 COLLATE=utf8_general_ci;

--
-- Dumping data for table `vtiger_start_hour_seq`
--

INSERT INTO `vtiger_start_hour_seq` VALUES (24);

--
-- Table structure for table `vtiger_status`
--

CREATE TABLE `vtiger_status` (
  `statusid` int(19) NOT NULL AUTO_INCREMENT,
  `status` varchar(200) NOT NULL,
  `presence` int(1) NOT NULL DEFAULT 1,
  `picklist_valueid` int(19) NOT NULL DEFAULT 0,
  PRIMARY KEY (`statusid`)
) ENGINE=InnoDB AUTO_INCREMENT=3 DEFAULT CHARSET=utf8 COLLATE=utf8_general_ci;

--
-- Dumping data for table `vtiger_status`
--

INSERT INTO `vtiger_status` VALUES (1,'Active',0,1),(2,'Inactive',1,1);

--
-- Table structure for table `vtiger_status_seq`
--

CREATE TABLE `vtiger_status_seq` (
  `id` int(11) NOT NULL
) ENGINE=InnoDB DEFAULT CHARSET=utf8 COLLATE=utf8_general_ci;

--
-- Dumping data for table `vtiger_status_seq`
--

INSERT INTO `vtiger_status_seq` VALUES (2);

--
-- Table structure for table `vtiger_systems`
--

CREATE TABLE `vtiger_systems` (
  `id` int(19) NOT NULL,
  `server` varchar(100) DEFAULT NULL,
  `server_port` int(19) DEFAULT NULL,
  `server_username` varchar(100) DEFAULT NULL,
  `server_password` text DEFAULT NULL,
  `server_type` varchar(20) DEFAULT NULL,
  `smtp_auth` varchar(5) DEFAULT NULL,
  `server_path` varchar(256) DEFAULT NULL,
  `from_email_field` varchar(50) DEFAULT NULL,
  PRIMARY KEY (`id`)
) ENGINE=InnoDB DEFAULT CHARSET=utf8 COLLATE=utf8_general_ci;

--
-- Dumping data for table `vtiger_systems`
--


--
-- Table structure for table `vtiger_tab`
--

CREATE TABLE `vtiger_tab` (
  `tabid` int(19) NOT NULL DEFAULT 0,
  `name` varchar(25) NOT NULL,
  `presence` int(19) NOT NULL DEFAULT 1,
  `tabsequence` int(10) DEFAULT NULL,
  `tablabel` varchar(100) DEFAULT NULL,
  `modifiedby` int(19) DEFAULT NULL,
  `modifiedtime` int(19) DEFAULT NULL,
  `customized` int(19) DEFAULT NULL,
  `ownedby` int(19) DEFAULT NULL,
  `isentitytype` int(11) NOT NULL DEFAULT 1,
  `trial` int(1) NOT NULL DEFAULT 0,
  `version` varchar(10) DEFAULT NULL,
  `parent` varchar(30) DEFAULT NULL,
  `source` varchar(255) DEFAULT 'custom',
  `issyncable` tinyint(1) DEFAULT 0,
  `allowduplicates` tinyint(1) DEFAULT 1,
  `sync_action_for_duplicates` int(1) DEFAULT 1,
  PRIMARY KEY (`tabid`),
  UNIQUE KEY `tab_name_idx` (`name`),
  KEY `tab_modifiedby_idx` (`modifiedby`),
  KEY `tab_tabid_idx` (`tabid`)
) ENGINE=InnoDB DEFAULT CHARSET=utf8 COLLATE=utf8_general_ci;

--
-- Dumping data for table `vtiger_tab`
--

INSERT INTO `vtiger_tab` VALUES (1,'Dashboard',0,12,'Dashboards',NULL,NULL,0,1,0,0,NULL,'Analytics',NULL,1,1,1),(2,'Potentials',0,7,'Potentials',NULL,NULL,0,0,1,0,NULL,'Sales',NULL,1,1,1),(3,'Home',0,1,'Home',NULL,NULL,0,1,0,0,NULL,NULL,NULL,1,1,1),(4,'Contacts',0,6,'Contacts',NULL,NULL,0,0,1,0,NULL,'Sales',NULL,1,1,1),(6,'Accounts',0,5,'Accounts',NULL,NULL,0,0,1,0,NULL,'Sales',NULL,1,0,1),(7,'Leads',0,4,'Leads',NULL,NULL,0,0,1,0,NULL,'Sales',NULL,1,1,1),(8,'Documents',0,9,'Documents',NULL,NULL,0,0,1,0,NULL,'Tools',NULL,1,1,1),(9,'Calendar',0,3,'Calendar',NULL,NULL,0,0,1,0,NULL,'Tools',NULL,1,1,1),(10,'Emails',0,10,'Emails',NULL,NULL,0,0,1,0,NULL,'Tools',NULL,1,1,1),(13,'HelpDesk',0,11,'HelpDesk',NULL,NULL,0,0,1,0,NULL,'Support',NULL,1,1,1),(14,'Products',0,8,'Products',NULL,NULL,0,0,1,0,NULL,'Inventory',NULL,1,1,1),(15,'Faq',0,-1,'Faq',NULL,NULL,0,1,1,0,NULL,'Support',NULL,1,1,1),(16,'Events',2,-1,'Events',NULL,NULL,0,0,1,0,NULL,NULL,NULL,1,1,1),(18,'Vendors',0,-1,'Vendors',NULL,NULL,0,0,1,0,NULL,'Inventory',NULL,1,1,1),(19,'PriceBooks',0,-1,'PriceBooks',NULL,NULL,0,1,1,0,NULL,'Inventory',NULL,1,1,1),(20,'Quotes',0,-1,'Quotes',NULL,NULL,0,0,1,0,NULL,'Sales',NULL,1,1,1),(21,'PurchaseOrder',0,-1,'PurchaseOrder',NULL,NULL,0,0,1,0,NULL,'Inventory',NULL,1,1,1),(22,'SalesOrder',0,-1,'SalesOrder',NULL,NULL,0,0,1,0,NULL,'Sales',NULL,1,1,1),(23,'Invoice',0,-1,'Invoice',NULL,NULL,0,0,1,0,NULL,'Sales',NULL,1,1,1),(24,'Rss',0,-1,'Rss',NULL,NULL,0,1,0,0,NULL,'Tools',NULL,1,1,1),(25,'Reports',0,-1,'Reports',NULL,NULL,0,1,0,0,NULL,'Analytics',NULL,1,1,1),(26,'Campaigns',0,-1,'Campaigns',NULL,NULL,0,0,1,0,NULL,'Marketing',NULL,1,1,1),(27,'Portal',0,-1,'Portal',NULL,NULL,0,1,0,0,NULL,'Tools',NULL,1,1,1),(28,'Webmails',0,-1,'Webmails',NULL,NULL,0,1,1,0,NULL,NULL,NULL,1,1,1),(29,'Users',0,-1,'Users',NULL,NULL,0,1,0,0,NULL,NULL,NULL,1,1,1),(30,'Import',0,-1,'Import',NULL,NULL,1,0,0,0,'1.7','',NULL,1,1,1),(31,'ServiceContracts',0,-1,'Service Contracts',NULL,NULL,0,0,1,0,'2.4','Support',NULL,1,1,1),(32,'Services',0,-1,'Services',NULL,NULL,0,0,1,0,'2.7','Inventory',NULL,1,1,1),(33,'ModTracker',0,-1,'ModTracker',NULL,NULL,0,0,0,0,'1.2','',NULL,1,1,1),(34,'Mobile',0,-1,'Mobile',NULL,NULL,1,0,0,0,'2.0','',NULL,1,1,1),(35,'MailManager',0,-1,'MailManager',NULL,NULL,1,0,0,0,'1.9','Tools',NULL,1,1,1),(36,'WSAPP',0,-1,'WSAPP',NULL,NULL,1,0,0,0,'3.4.4','',NULL,1,1,1),(37,'PBXManager',0,-1,'PBXManager',NULL,NULL,1,0,1,0,'2.2','Tools',NULL,1,1,1),(38,'ModComments',0,-1,'Comments',NULL,NULL,0,0,1,0,'2.1','',NULL,1,1,1),(39,'RecycleBin',0,-1,'Recycle Bin',NULL,NULL,0,0,0,0,'1.5','Tools',NULL,1,1,1),(40,'Google',0,-1,'Google',NULL,NULL,0,0,0,0,'1.5','',NULL,1,1,1),(41,'Webforms',0,-1,'Webforms',NULL,NULL,0,0,0,0,'1.6','',NULL,1,1,1),(42,'ProjectMilestone',0,-1,'ProjectMilestone',NULL,NULL,0,0,1,0,'3.0','Support',NULL,1,1,1),(43,'ProjectTask',0,-1,'ProjectTask',NULL,NULL,0,0,1,0,'3.1','Support',NULL,1,1,1),(44,'Project',0,-1,'Project',NULL,NULL,0,0,1,0,'3.3','Support',NULL,1,1,1),(45,'EmailTemplates',0,-1,'Email Templates',NULL,NULL,1,0,0,0,'1.0','Tools',NULL,1,1,1),(46,'Assets',0,-1,'Assets',NULL,NULL,0,0,1,0,'2.0','Inventory',NULL,1,1,1),(47,'SMSNotifier',0,-1,'SMSNotifier',NULL,NULL,0,0,1,0,'2.1','Sales',NULL,1,1,1),(48,'CustomerPortal',1,-1,'CustomerPortal',NULL,NULL,0,0,0,0,'1.4','',NULL,1,1,1),(49,'ExtensionStore',0,-1,'Extension Store',NULL,NULL,1,0,0,0,'1.2',NULL,NULL,1,1,1),(50,'CTMobileSettings',0,-1,'CTMobileSettings',NULL,NULL,1,0,0,0,'1.3.16','','custom',0,1,1),(51,'CTMobile',0,-1,'CTMobile',NULL,NULL,1,0,0,0,'1.3.16','','custom',0,1,1),(52,'CTTimeTracker',0,-1,'CTTimeTracker',NULL,NULL,1,0,1,0,'1.3.16','','custom',0,1,1),(53,'CTTimeControl',0,-1,'CTTimeControl',NULL,NULL,1,0,1,0,'1.3.16','','custom',0,1,1),(54,'CTRoutePlanning',0,-1,'CTRoutePlanning',NULL,NULL,1,0,1,0,'1.3.16','','custom',0,1,1),(55,'CTRouteAttendance',0,-1,'CTRouteAttendance',NULL,NULL,1,0,1,0,'1.3.16','','custom',0,1,1),(56,'CTAttendance',0,-1,'CTAttendance',NULL,NULL,1,0,1,0,'1.3.16','','custom',0,1,1),(57,'CTUserFilterView',0,-1,'CTUserFilterView',NULL,NULL,1,0,1,0,'1.3.16','','custom',0,1,1),(58,'CTMessageTemplate',0,-1,'CTMessageTemplate',NULL,NULL,1,0,1,0,'1.3.16','Tools','custom',0,1,1),(59,'CTPushNotification',0,-1,'CTPushNotification',NULL,NULL,1,0,1,0,'1.3.16','','custom',0,1,1),(60,'Cobranzas',0,-1,'Cobranzas',NULL,NULL,1,0,1,0,'0','Marketing','custom',0,1,1),(61,'Pagos',0,-1,'Pagos Parciales',NULL,NULL,1,0,1,0,'0','Marketing','custom',0,1,1),(62,'CTWhatsApp',0,-1,'WhatsApp',NULL,NULL,1,0,1,0,'0','Sales','custom',0,1,1),(63,'CTWhatsAppTemplates',0,-1,'WhatsAppTemplates',NULL,NULL,1,0,1,0,'0','','custom',0,1,1),(64,'WhatsAppLog',0,-1,'WhatsAppLog',NULL,NULL,1,0,1,0,'0','Sales','custom',0,1,1);

--
-- Table structure for table `vtiger_tab_info`
--

CREATE TABLE `vtiger_tab_info` (
  `tabid` int(19) DEFAULT NULL,
  `prefname` varchar(256) DEFAULT NULL,
  `prefvalue` varchar(256) DEFAULT NULL,
  KEY `fk_1_vtiger_tab_info` (`tabid`),
  CONSTRAINT `fk_1_vtiger_tab_info` FOREIGN KEY (`tabid`) REFERENCES `vtiger_tab` (`tabid`) ON DELETE CASCADE ON UPDATE CASCADE
) ENGINE=InnoDB DEFAULT CHARSET=utf8 COLLATE=utf8_general_ci;

--
-- Dumping data for table `vtiger_tab_info`
--

INSERT INTO `vtiger_tab_info` VALUES (30,'vtiger_min_version','6.0.0rc'),(30,'vtiger_max_version','8.*'),(31,'vtiger_min_version','6.0.0rc'),(32,'vtiger_min_version','6.0.0rc'),(32,'vtiger_max_version','8.*'),(33,'vtiger_min_version','6.0.0rc'),(34,'vtiger_min_version','6.0.0rc'),(35,'vtiger_min_version','6.0.0RC'),(36,'vtiger_min_version','6.0.0rc'),(37,'vtiger_min_version','6.0.0'),(37,'vtiger_max_version','8.*'),(38,'vtiger_min_version','6.0.0rc'),(38,'vtiger_max_version','8.*'),(39,'vtiger_min_version','6.0.0rc'),(39,'vtiger_max_version','8.*'),(40,'vtiger_min_version','6.0.0rc'),(40,'vtiger_max_version','8.*'),(41,'vtiger_min_version','6.0.0rc'),(41,'vtiger_max_version','8.*'),(42,'vtiger_min_version','6.0.0rc'),(42,'vtiger_max_version','8.*'),(43,'vtiger_min_version','6.0.0rc'),(44,'vtiger_min_version','6.0.0rc'),(45,'vtiger_min_version','6.0.0rc'),(45,'vtiger_max_version','8.*'),(46,'vtiger_min_version','6.0.0rc'),(46,'vtiger_max_version','8.*'),(47,'vtiger_min_version','6.0.0'),(47,'vtiger_max_version','8.*'),(48,'vtiger_min_version','6.0.0rc'),(48,'vtiger_max_version','8.*'),(49,'vtiger_min_version','6.0.0'),(49,'vtiger_max_version','8.*'),(50,'vtiger_min_version','7.0.0'),(50,'vtiger_max_version','7.*'),(51,'vtiger_min_version','7.1.0'),(51,'vtiger_max_version','7.*'),(52,'vtiger_min_version','7.0.0'),(52,'vtiger_max_version','7.*'),(53,'vtiger_min_version','7.1.0'),(54,'vtiger_min_version','7.0.0'),(54,'vtiger_max_version','7.*'),(55,'vtiger_min_version','7.1.0'),(55,'vtiger_max_version','7.*'),(56,'vtiger_min_version','7.1.0'),(56,'vtiger_max_version','7.*'),(57,'vtiger_min_version','7.0.0'),(57,'vtiger_max_version','7.*'),(58,'vtiger_min_version','7.1.0'),(58,'vtiger_max_version','7.*'),(59,'vtiger_min_version','7.1.0'),(59,'vtiger_max_version','7.*'),(60,'vtiger_min_version','7.1.0'),(61,'vtiger_min_version','7.1.0'),(62,'vtiger_min_version','8.0.0'),(63,'vtiger_min_version','7.4.0'),(64,'vtiger_min_version','7.4.0');

--
-- Table structure for table `vtiger_taskpriority`
--

CREATE TABLE `vtiger_taskpriority` (
  `taskpriorityid` int(19) NOT NULL AUTO_INCREMENT,
  `taskpriority` varchar(200) DEFAULT NULL,
  `presence` int(1) NOT NULL DEFAULT 1,
  `picklist_valueid` int(19) NOT NULL DEFAULT 0,
  `sortorderid` int(11) DEFAULT NULL,
  `color` varchar(10) DEFAULT NULL,
  PRIMARY KEY (`taskpriorityid`)
) ENGINE=InnoDB AUTO_INCREMENT=4 DEFAULT CHARSET=utf8 COLLATE=utf8_general_ci;

--
-- Dumping data for table `vtiger_taskpriority`
--

INSERT INTO `vtiger_taskpriority` VALUES (1,'High',1,170,0,NULL),(2,'Medium',1,171,1,NULL),(3,'Low',1,172,2,NULL);

--
-- Table structure for table `vtiger_taskpriority_seq`
--

CREATE TABLE `vtiger_taskpriority_seq` (
  `id` int(11) NOT NULL
) ENGINE=InnoDB DEFAULT CHARSET=utf8 COLLATE=utf8_general_ci;

--
-- Dumping data for table `vtiger_taskpriority_seq`
--

INSERT INTO `vtiger_taskpriority_seq` VALUES (3);

--
-- Table structure for table `vtiger_taskstatus`
--

CREATE TABLE `vtiger_taskstatus` (
  `taskstatusid` int(19) NOT NULL AUTO_INCREMENT,
  `taskstatus` varchar(200) DEFAULT NULL,
  `presence` int(1) NOT NULL DEFAULT 1,
  `picklist_valueid` int(19) NOT NULL DEFAULT 0,
  `sortorderid` int(11) DEFAULT NULL,
  `color` varchar(10) DEFAULT NULL,
  PRIMARY KEY (`taskstatusid`)
) ENGINE=InnoDB AUTO_INCREMENT=7 DEFAULT CHARSET=utf8 COLLATE=utf8_general_ci;

--
-- Dumping data for table `vtiger_taskstatus`
--

INSERT INTO `vtiger_taskstatus` VALUES (1,'Not Started',0,173,0,NULL),(2,'In Progress',0,174,1,NULL),(3,'Completed',0,175,2,NULL),(4,'Pending Input',0,176,3,NULL),(5,'Deferred',0,177,4,NULL),(6,'Planned',0,178,5,NULL);

--
-- Table structure for table `vtiger_taskstatus_seq`
--

CREATE TABLE `vtiger_taskstatus_seq` (
  `id` int(11) NOT NULL
) ENGINE=InnoDB DEFAULT CHARSET=utf8 COLLATE=utf8_general_ci;

--
-- Dumping data for table `vtiger_taskstatus_seq`
--

INSERT INTO `vtiger_taskstatus_seq` VALUES (6);

--
-- Table structure for table `vtiger_taxclass`
--

CREATE TABLE `vtiger_taxclass` (
  `taxclassid` int(19) NOT NULL AUTO_INCREMENT,
  `taxclass` varchar(200) NOT NULL,
  `sortorderid` int(19) NOT NULL DEFAULT 0,
  `presence` int(1) NOT NULL DEFAULT 1,
  PRIMARY KEY (`taxclassid`),
  UNIQUE KEY `taxclass_carrier_idx` (`taxclass`)
) ENGINE=InnoDB AUTO_INCREMENT=3 DEFAULT CHARSET=utf8 COLLATE=utf8_general_ci;

--
-- Dumping data for table `vtiger_taxclass`
--

INSERT INTO `vtiger_taxclass` VALUES (1,'SalesTax',0,1),(2,'Vat',1,1);

--
-- Table structure for table `vtiger_taxclass_seq`
--

CREATE TABLE `vtiger_taxclass_seq` (
  `id` int(11) NOT NULL
) ENGINE=InnoDB DEFAULT CHARSET=utf8 COLLATE=utf8_general_ci;

--
-- Dumping data for table `vtiger_taxclass_seq`
--

INSERT INTO `vtiger_taxclass_seq` VALUES (2);

--
-- Table structure for table `vtiger_taxregions`
--

CREATE TABLE `vtiger_taxregions` (
  `regionid` int(10) NOT NULL AUTO_INCREMENT,
  `name` varchar(100) NOT NULL,
  PRIMARY KEY (`regionid`)
) ENGINE=InnoDB DEFAULT CHARSET=utf8 COLLATE=utf8_general_ci;

--
-- Dumping data for table `vtiger_taxregions`
--


--
-- Table structure for table `vtiger_test`
--

CREATE TABLE `vtiger_test` (
  `testid` int(11) NOT NULL,
  `testno` varchar(100) DEFAULT NULL,
  `test_tks_dummy` varchar(50) DEFAULT NULL,
  `tags` varchar(1) DEFAULT NULL,
  PRIMARY KEY (`testid`)
) ENGINE=InnoDB DEFAULT CHARSET=utf8 COLLATE=utf8_general_ci;

--
-- Dumping data for table `vtiger_test`
--


--
-- Table structure for table `vtiger_testcf`
--

CREATE TABLE `vtiger_testcf` (
  `testid` int(11) NOT NULL,
  PRIMARY KEY (`testid`)
) ENGINE=InnoDB DEFAULT CHARSET=utf8 COLLATE=utf8_general_ci;

--
-- Dumping data for table `vtiger_testcf`
--


--
-- Table structure for table `vtiger_ticketcategories`
--

CREATE TABLE `vtiger_ticketcategories` (
  `ticketcategories_id` int(19) NOT NULL AUTO_INCREMENT,
  `ticketcategories` varchar(200) DEFAULT NULL,
  `presence` int(1) NOT NULL DEFAULT 0,
  `picklist_valueid` int(19) NOT NULL DEFAULT 0,
  `sortorderid` int(11) DEFAULT NULL,
  `color` varchar(10) DEFAULT NULL,
  PRIMARY KEY (`ticketcategories_id`)
) ENGINE=InnoDB AUTO_INCREMENT=12 DEFAULT CHARSET=utf8 COLLATE=utf8_general_ci;

--
-- Dumping data for table `vtiger_ticketcategories`
--

INSERT INTO `vtiger_ticketcategories` VALUES (1,'Servicio Solo',1,179,0,'#ffffff'),(2,'Servicio Adicional Sin Partes',1,180,1,'#ffffff'),(3,'Servicio Adicional Con Partes en Stock',1,181,2,'#ffffff'),(4,'Servicio Adicional Con Partes Sin Stock',1,361,3,'#ffffff'),(5,'Mantenimiento Correctivo',1,362,4,'#ffffff'),(6,'Mantenimiento Preventivo',1,363,5,'#ffffff'),(7,'Queja',1,364,6,'#ffffff'),(8,'Reclamo',1,365,7,'#ffffff'),(9,'Consulta',1,366,8,'#ffffff'),(10,'Sugerencia',1,367,9,'#ffffff'),(11,'IBOS',1,368,10,'#ffffff');

--
-- Table structure for table `vtiger_ticketcategories_seq`
--

CREATE TABLE `vtiger_ticketcategories_seq` (
  `id` int(11) NOT NULL
) ENGINE=InnoDB DEFAULT CHARSET=utf8 COLLATE=utf8_general_ci;

--
-- Dumping data for table `vtiger_ticketcategories_seq`
--

INSERT INTO `vtiger_ticketcategories_seq` VALUES (11);

--
-- Table structure for table `vtiger_ticketcf`
--

CREATE TABLE `vtiger_ticketcf` (
  `ticketid` int(19) NOT NULL DEFAULT 0,
  `from_portal` varchar(3) DEFAULT NULL,
  PRIMARY KEY (`ticketid`),
  CONSTRAINT `fk_1_vtiger_ticketcf` FOREIGN KEY (`ticketid`) REFERENCES `vtiger_troubletickets` (`ticketid`) ON DELETE CASCADE
) ENGINE=InnoDB DEFAULT CHARSET=utf8 COLLATE=utf8_general_ci;

--
-- Dumping data for table `vtiger_ticketcf`
--


--
-- Table structure for table `vtiger_ticketcomments`
--

CREATE TABLE `vtiger_ticketcomments` (
  `commentid` int(19) NOT NULL AUTO_INCREMENT,
  `ticketid` int(19) DEFAULT NULL,
  `comments` text DEFAULT NULL,
  `ownerid` int(19) NOT NULL DEFAULT 0,
  `ownertype` varchar(10) DEFAULT NULL,
  `createdtime` datetime NOT NULL,
  PRIMARY KEY (`commentid`),
  KEY `ticketcomments_ticketid_idx` (`ticketid`),
  CONSTRAINT `fk_1_vtiger_ticketcomments` FOREIGN KEY (`ticketid`) REFERENCES `vtiger_troubletickets` (`ticketid`) ON DELETE CASCADE
) ENGINE=InnoDB DEFAULT CHARSET=utf8 COLLATE=utf8_general_ci;

--
-- Dumping data for table `vtiger_ticketcomments`
--


--
-- Table structure for table `vtiger_ticketpriorities`
--

CREATE TABLE `vtiger_ticketpriorities` (
  `ticketpriorities_id` int(19) NOT NULL AUTO_INCREMENT,
  `ticketpriorities` varchar(200) DEFAULT NULL,
  `presence` int(1) NOT NULL DEFAULT 0,
  `picklist_valueid` int(19) NOT NULL DEFAULT 0,
  `sortorderid` int(11) DEFAULT NULL,
  `color` varchar(10) DEFAULT NULL,
  PRIMARY KEY (`ticketpriorities_id`)
) ENGINE=InnoDB AUTO_INCREMENT=5 DEFAULT CHARSET=utf8 COLLATE=utf8_general_ci;

--
-- Dumping data for table `vtiger_ticketpriorities`
--

INSERT INTO `vtiger_ticketpriorities` VALUES (1,'Bajo',1,182,0,'#96ffd9'),(2,'Normal',1,183,1,'#00ffa2'),(3,'Alta',1,184,2,'#ffc7c7'),(4,'Urgente',1,185,3,'#ff7373');

--
-- Table structure for table `vtiger_ticketpriorities_seq`
--

CREATE TABLE `vtiger_ticketpriorities_seq` (
  `id` int(11) NOT NULL
) ENGINE=InnoDB DEFAULT CHARSET=utf8 COLLATE=utf8_general_ci;

--
-- Dumping data for table `vtiger_ticketpriorities_seq`
--

INSERT INTO `vtiger_ticketpriorities_seq` VALUES (4);

--
-- Table structure for table `vtiger_ticketseverities`
--

CREATE TABLE `vtiger_ticketseverities` (
  `ticketseverities_id` int(19) NOT NULL AUTO_INCREMENT,
  `ticketseverities` varchar(200) DEFAULT NULL,
  `presence` int(1) NOT NULL DEFAULT 0,
  `picklist_valueid` int(19) NOT NULL DEFAULT 0,
  `sortorderid` int(11) DEFAULT NULL,
  `color` varchar(10) DEFAULT NULL,
  PRIMARY KEY (`ticketseverities_id`)
) ENGINE=InnoDB AUTO_INCREMENT=5 DEFAULT CHARSET=utf8 COLLATE=utf8_general_ci;

--
-- Dumping data for table `vtiger_ticketseverities`
--

INSERT INTO `vtiger_ticketseverities` VALUES (1,'Minor',1,186,0,NULL),(2,'Major',1,187,1,NULL),(3,'Feature',1,188,2,NULL),(4,'Critical',1,189,3,NULL);

--
-- Table structure for table `vtiger_ticketseverities_seq`
--

CREATE TABLE `vtiger_ticketseverities_seq` (
  `id` int(11) NOT NULL
) ENGINE=InnoDB DEFAULT CHARSET=utf8 COLLATE=utf8_general_ci;

--
-- Dumping data for table `vtiger_ticketseverities_seq`
--

INSERT INTO `vtiger_ticketseverities_seq` VALUES (4);

--
-- Table structure for table `vtiger_ticketstatus`
--

CREATE TABLE `vtiger_ticketstatus` (
  `ticketstatus_id` int(19) NOT NULL AUTO_INCREMENT,
  `ticketstatus` varchar(200) DEFAULT NULL,
  `presence` int(1) NOT NULL DEFAULT 0,
  `picklist_valueid` int(19) NOT NULL DEFAULT 0,
  `sortorderid` int(11) DEFAULT NULL,
  `color` varchar(10) DEFAULT NULL,
  PRIMARY KEY (`ticketstatus_id`)
) ENGINE=InnoDB AUTO_INCREMENT=8 DEFAULT CHARSET=utf8 COLLATE=utf8_general_ci;

--
-- Dumping data for table `vtiger_ticketstatus`
--

INSERT INTO `vtiger_ticketstatus` VALUES (1,'Open',0,190,1,NULL),(2,'In Progress',0,191,3,NULL),(3,'Wait For Response',0,192,6,NULL),(4,'Closed',0,193,7,NULL),(5,'Preparación',1,358,2,'#ffffff'),(6,'Finalizado',1,359,4,'#ffffff'),(7,'En bandeja',1,360,5,'#ffffff');

--
-- Table structure for table `vtiger_ticketstatus_seq`
--

CREATE TABLE `vtiger_ticketstatus_seq` (
  `id` int(11) NOT NULL
) ENGINE=InnoDB DEFAULT CHARSET=utf8 COLLATE=utf8_general_ci;

--
-- Dumping data for table `vtiger_ticketstatus_seq`
--

INSERT INTO `vtiger_ticketstatus_seq` VALUES (7);

--
-- Table structure for table `vtiger_time_zone`
--

CREATE TABLE `vtiger_time_zone` (
  `time_zoneid` int(19) NOT NULL AUTO_INCREMENT,
  `time_zone` varchar(200) NOT NULL,
  `sortorderid` int(19) NOT NULL DEFAULT 0,
  `presence` int(1) NOT NULL DEFAULT 1,
  PRIMARY KEY (`time_zoneid`)
) ENGINE=InnoDB AUTO_INCREMENT=98 DEFAULT CHARSET=utf8 COLLATE=utf8_general_ci;

--
-- Dumping data for table `vtiger_time_zone`
--

INSERT INTO `vtiger_time_zone` VALUES (1,'Pacific/Midway',1,1),(2,'Pacific/Samoa',0,1),(3,'Pacific/Honolulu',2,1),(4,'America/Anchorage',3,1),(5,'America/Los_Angeles',5,1),(6,'America/Tijuana',4,1),(7,'America/Denver',6,1),(8,'America/Chihuahua',8,1),(9,'America/Mazatlan',7,1),(10,'America/Phoenix',9,1),(11,'America/Regina',10,1),(12,'America/Tegucigalpa',14,1),(13,'America/Chicago',13,1),(14,'America/Mexico_City',12,1),(15,'America/Monterrey',11,1),(16,'America/New_York',18,1),(17,'America/Bogota',19,1),(18,'America/Lima',16,1),(19,'America/Rio_Branco',15,1),(20,'America/Indiana/Indianapolis',17,1),(21,'America/Caracas',20,1),(22,'America/Halifax',25,1),(23,'America/Manaus',22,1),(24,'America/Santiago',21,1),(25,'America/La_Paz',23,1),(26,'America/Cuiaba',24,1),(27,'America/Asuncion',26,1),(28,'America/St_Johns',27,1),(29,'America/Argentina/Buenos_Aires',30,1),(30,'America/Sao_Paulo',31,1),(31,'America/Godthab',29,1),(32,'America/Montevideo',28,1),(33,'Atlantic/South_Georgia',32,1),(34,'Atlantic/Azores',34,1),(35,'Atlantic/Cape_Verde',33,1),(36,'Europe/London',37,1),(37,'UTC',36,1),(38,'Africa/Monrovia',38,1),(39,'Africa/Casablanca',35,1),(40,'Europe/Belgrade',40,1),(41,'Europe/Sarajevo',42,1),(42,'Europe/Brussels',41,1),(43,'Africa/Algiers',43,1),(44,'Europe/Amsterdam',39,1),(45,'Europe/Minsk',52,1),(46,'Africa/Cairo',47,1),(47,'Europe/Helsinki',49,1),(48,'Europe/Athens',45,1),(49,'Europe/Istanbul',50,1),(50,'Asia/Jerusalem',51,1),(51,'Asia/Amman',44,1),(52,'Asia/Beirut',46,1),(53,'Africa/Windhoek',53,1),(54,'Africa/Harare',48,1),(55,'Asia/Kuwait',55,1),(56,'Asia/Baghdad',54,1),(57,'Africa/Nairobi',57,1),(58,'Asia/Tehran',58,1),(59,'Asia/Tbilisi',61,1),(60,'Europe/Moscow',56,1),(61,'Asia/Muscat',59,1),(62,'Asia/Baku',60,1),(63,'Asia/Yerevan',62,1),(64,'Asia/Karachi',63,1),(65,'Asia/Tashkent',64,1),(66,'Asia/Kolkata',65,1),(67,'Asia/Colombo',66,1),(68,'Asia/Katmandu',67,1),(69,'Asia/Dhaka',69,1),(70,'Asia/Almaty',68,1),(71,'Asia/Yekaterinburg',70,1),(72,'Asia/Rangoon',71,1),(73,'Asia/Novosibirsk',73,1),(74,'Asia/Bangkok',72,1),(75,'Asia/Brunei',74,1),(76,'Asia/Krasnoyarsk',75,1),(77,'Asia/Ulaanbaatar',79,1),(78,'Asia/Kuala_Lumpur',76,1),(79,'Asia/Taipei',78,1),(80,'Australia/Perth',77,1),(81,'Asia/Irkutsk',80,1),(82,'Asia/Seoul',81,1),(83,'Asia/Tokyo',82,1),(84,'Australia/Darwin',84,1),(85,'Australia/Adelaide',83,1),(86,'Australia/Canberra',86,1),(87,'Australia/Brisbane',85,1),(88,'Australia/Hobart',88,1),(89,'Asia/Vladivostok',89,1),(90,'Pacific/Guam',87,1),(91,'Asia/Yakutsk',90,1),(92,'Pacific/Fiji',93,1),(93,'Asia/Kamchatka',94,1),(94,'Pacific/Auckland',92,1),(95,'Asia/Magadan',95,1),(96,'Pacific/Tongatapu',96,1),(97,'Etc/GMT-11',91,1);

--
-- Table structure for table `vtiger_time_zone_seq`
--

CREATE TABLE `vtiger_time_zone_seq` (
  `id` int(11) NOT NULL
) ENGINE=InnoDB DEFAULT CHARSET=utf8 COLLATE=utf8_general_ci;

--
-- Dumping data for table `vtiger_time_zone_seq`
--

INSERT INTO `vtiger_time_zone_seq` VALUES (96);

--
-- Table structure for table `vtiger_tmp_read_group_rel_sharing_per`
--

CREATE TABLE `vtiger_tmp_read_group_rel_sharing_per` (
  `userid` int(11) NOT NULL,
  `tabid` int(11) NOT NULL,
  `relatedtabid` int(11) NOT NULL,
  `sharedgroupid` int(11) NOT NULL,
  PRIMARY KEY (`userid`,`tabid`,`relatedtabid`,`sharedgroupid`),
  KEY `tmp_read_group_rel_sharing_per_userid_sharedgroupid_tabid` (`userid`,`sharedgroupid`,`tabid`),
  CONSTRAINT `fk_4_vtiger_tmp_read_group_rel_sharing_per` FOREIGN KEY (`userid`) REFERENCES `vtiger_users` (`id`) ON DELETE CASCADE
) ENGINE=InnoDB DEFAULT CHARSET=utf8 COLLATE=utf8_general_ci;

--
-- Dumping data for table `vtiger_tmp_read_group_rel_sharing_per`
--


--
-- Table structure for table `vtiger_tmp_read_group_sharing_per`
--

CREATE TABLE `vtiger_tmp_read_group_sharing_per` (
  `userid` int(11) NOT NULL,
  `tabid` int(11) NOT NULL,
  `sharedgroupid` int(11) NOT NULL,
  PRIMARY KEY (`userid`,`tabid`,`sharedgroupid`),
  KEY `tmp_read_group_sharing_per_userid_sharedgroupid_idx` (`userid`,`sharedgroupid`),
  CONSTRAINT `fk_3_vtiger_tmp_read_group_sharing_per` FOREIGN KEY (`userid`) REFERENCES `vtiger_users` (`id`) ON DELETE CASCADE
) ENGINE=InnoDB DEFAULT CHARSET=utf8 COLLATE=utf8_general_ci;

--
-- Dumping data for table `vtiger_tmp_read_group_sharing_per`
--


--
-- Table structure for table `vtiger_tmp_read_user_rel_sharing_per`
--

CREATE TABLE `vtiger_tmp_read_user_rel_sharing_per` (
  `userid` int(11) NOT NULL,
  `tabid` int(11) NOT NULL,
  `relatedtabid` int(11) NOT NULL,
  `shareduserid` int(11) NOT NULL,
  PRIMARY KEY (`userid`,`tabid`,`relatedtabid`,`shareduserid`),
  KEY `tmp_read_user_rel_sharing_per_userid_shared_reltabid_idx` (`userid`,`shareduserid`,`relatedtabid`),
  CONSTRAINT `fk_4_vtiger_tmp_read_user_rel_sharing_per` FOREIGN KEY (`userid`) REFERENCES `vtiger_users` (`id`) ON DELETE CASCADE
) ENGINE=InnoDB DEFAULT CHARSET=utf8 COLLATE=utf8_general_ci;

--
-- Dumping data for table `vtiger_tmp_read_user_rel_sharing_per`
--


--
-- Table structure for table `vtiger_tmp_read_user_sharing_per`
--

CREATE TABLE `vtiger_tmp_read_user_sharing_per` (
  `userid` int(11) NOT NULL,
  `tabid` int(11) NOT NULL,
  `shareduserid` int(11) NOT NULL,
  PRIMARY KEY (`userid`,`tabid`,`shareduserid`),
  KEY `tmp_read_user_sharing_per_userid_shareduserid_idx` (`userid`,`shareduserid`),
  CONSTRAINT `fk_3_vtiger_tmp_read_user_sharing_per` FOREIGN KEY (`userid`) REFERENCES `vtiger_users` (`id`) ON DELETE CASCADE
) ENGINE=InnoDB DEFAULT CHARSET=utf8 COLLATE=utf8_general_ci;

--
-- Dumping data for table `vtiger_tmp_read_user_sharing_per`
--


--
-- Table structure for table `vtiger_tmp_write_group_rel_sharing_per`
--

CREATE TABLE `vtiger_tmp_write_group_rel_sharing_per` (
  `userid` int(11) NOT NULL,
  `tabid` int(11) NOT NULL,
  `relatedtabid` int(11) NOT NULL,
  `sharedgroupid` int(11) NOT NULL,
  PRIMARY KEY (`userid`,`tabid`,`relatedtabid`,`sharedgroupid`),
  KEY `tmp_write_group_rel_sharing_per_userid_sharedgroupid_tabid_idx` (`userid`,`sharedgroupid`,`tabid`),
  CONSTRAINT `fk_4_vtiger_tmp_write_group_rel_sharing_per` FOREIGN KEY (`userid`) REFERENCES `vtiger_users` (`id`) ON DELETE CASCADE
) ENGINE=InnoDB DEFAULT CHARSET=utf8 COLLATE=utf8_general_ci;

--
-- Dumping data for table `vtiger_tmp_write_group_rel_sharing_per`
--


--
-- Table structure for table `vtiger_tmp_write_group_sharing_per`
--

CREATE TABLE `vtiger_tmp_write_group_sharing_per` (
  `userid` int(11) NOT NULL,
  `tabid` int(11) NOT NULL,
  `sharedgroupid` int(11) NOT NULL,
  PRIMARY KEY (`userid`,`tabid`,`sharedgroupid`),
  KEY `tmp_write_group_sharing_per_UK1` (`userid`,`sharedgroupid`),
  CONSTRAINT `fk_3_vtiger_tmp_write_group_sharing_per` FOREIGN KEY (`userid`) REFERENCES `vtiger_users` (`id`) ON DELETE CASCADE
) ENGINE=InnoDB DEFAULT CHARSET=utf8 COLLATE=utf8_general_ci;

--
-- Dumping data for table `vtiger_tmp_write_group_sharing_per`
--


--
-- Table structure for table `vtiger_tmp_write_user_rel_sharing_per`
--

CREATE TABLE `vtiger_tmp_write_user_rel_sharing_per` (
  `userid` int(11) NOT NULL,
  `tabid` int(11) NOT NULL,
  `relatedtabid` int(11) NOT NULL,
  `shareduserid` int(11) NOT NULL,
  PRIMARY KEY (`userid`,`tabid`,`relatedtabid`,`shareduserid`),
  KEY `tmp_write_user_rel_sharing_per_userid_sharduserid_tabid_idx` (`userid`,`shareduserid`,`tabid`),
  CONSTRAINT `fk_4_vtiger_tmp_write_user_rel_sharing_per` FOREIGN KEY (`userid`) REFERENCES `vtiger_users` (`id`) ON DELETE CASCADE
) ENGINE=InnoDB DEFAULT CHARSET=utf8 COLLATE=utf8_general_ci;

--
-- Dumping data for table `vtiger_tmp_write_user_rel_sharing_per`
--


--
-- Table structure for table `vtiger_tmp_write_user_sharing_per`
--

CREATE TABLE `vtiger_tmp_write_user_sharing_per` (
  `userid` int(11) NOT NULL,
  `tabid` int(11) NOT NULL,
  `shareduserid` int(11) NOT NULL,
  PRIMARY KEY (`userid`,`tabid`,`shareduserid`),
  KEY `tmp_write_user_sharing_per_userid_shareduserid_idx` (`userid`,`shareduserid`),
  CONSTRAINT `fk_3_vtiger_tmp_write_user_sharing_per` FOREIGN KEY (`userid`) REFERENCES `vtiger_users` (`id`) ON DELETE CASCADE
) ENGINE=InnoDB DEFAULT CHARSET=utf8 COLLATE=utf8_general_ci;

--
-- Dumping data for table `vtiger_tmp_write_user_sharing_per`
--


--
-- Table structure for table `vtiger_tracker`
--

CREATE TABLE `vtiger_tracker` (
  `id` int(11) NOT NULL AUTO_INCREMENT,
  `user_id` varchar(36) DEFAULT NULL,
  `module_name` varchar(25) DEFAULT NULL,
  `item_id` varchar(36) DEFAULT NULL,
  `item_summary` varchar(255) DEFAULT NULL,
  PRIMARY KEY (`id`)
) ENGINE=InnoDB DEFAULT CHARSET=utf8 COLLATE=utf8_general_ci;

--
-- Dumping data for table `vtiger_tracker`
--


--
-- Table structure for table `vtiger_tracking_status`
--

CREATE TABLE `vtiger_tracking_status` (
  `tracking_statusid` int(11) NOT NULL AUTO_INCREMENT,
  `tracking_status` varchar(200) NOT NULL,
  `presence` int(1) NOT NULL DEFAULT 1,
  `picklist_valueid` int(11) NOT NULL DEFAULT 0,
  `sortorderid` int(11) DEFAULT 0,
  `color` varchar(10) DEFAULT NULL,
  PRIMARY KEY (`tracking_statusid`)
) ENGINE=InnoDB AUTO_INCREMENT=3 DEFAULT CHARSET=utf8 COLLATE=utf8_general_ci;

--
-- Dumping data for table `vtiger_tracking_status`
--

INSERT INTO `vtiger_tracking_status` VALUES (1,'Start',1,318,1,NULL),(2,'End',1,319,2,NULL);

--
-- Table structure for table `vtiger_tracking_status_seq`
--

CREATE TABLE `vtiger_tracking_status_seq` (
  `id` int(11) NOT NULL
) ENGINE=InnoDB DEFAULT CHARSET=utf8 COLLATE=utf8_general_ci;

--
-- Dumping data for table `vtiger_tracking_status_seq`
--

INSERT INTO `vtiger_tracking_status_seq` VALUES (2);

--
-- Table structure for table `vtiger_tracking_unit`
--

CREATE TABLE `vtiger_tracking_unit` (
  `tracking_unitid` int(11) NOT NULL AUTO_INCREMENT,
  `tracking_unit` varchar(200) NOT NULL,
  `presence` int(1) NOT NULL DEFAULT 1,
  `picklist_valueid` int(11) NOT NULL DEFAULT 0,
  `sortorderid` int(11) DEFAULT 0,
  `color` varchar(10) DEFAULT NULL,
  PRIMARY KEY (`tracking_unitid`)
) ENGINE=InnoDB AUTO_INCREMENT=5 DEFAULT CHARSET=utf8 COLLATE=utf8_general_ci;

--
-- Dumping data for table `vtiger_tracking_unit`
--

INSERT INTO `vtiger_tracking_unit` VALUES (2,'Hours',1,211,2,NULL),(3,'Days',1,212,3,NULL),(4,'Incidents',1,213,4,NULL);

--
-- Table structure for table `vtiger_tracking_unit_seq`
--

CREATE TABLE `vtiger_tracking_unit_seq` (
  `id` int(11) NOT NULL
) ENGINE=InnoDB DEFAULT CHARSET=utf8 COLLATE=utf8_general_ci;

--
-- Dumping data for table `vtiger_tracking_unit_seq`
--

INSERT INTO `vtiger_tracking_unit_seq` VALUES (4);

--
-- Table structure for table `vtiger_troubletickets`
--

CREATE TABLE `vtiger_troubletickets` (
  `ticketid` int(19) NOT NULL,
  `ticket_no` varchar(100) NOT NULL,
  `groupname` varchar(100) DEFAULT NULL,
  `parent_id` varchar(100) DEFAULT NULL,
  `product_id` varchar(100) DEFAULT NULL,
  `priority` varchar(200) DEFAULT NULL,
  `severity` varchar(200) DEFAULT NULL,
  `status` varchar(200) DEFAULT NULL,
  `category` varchar(200) DEFAULT NULL,
  `title` varchar(255) NOT NULL,
  `solution` text DEFAULT NULL,
  `update_log` text DEFAULT NULL,
  `version_id` int(11) DEFAULT NULL,
  `hours` decimal(25,8) DEFAULT NULL,
  `days` decimal(25,8) DEFAULT NULL,
  `contact_id` int(19) DEFAULT NULL,
  `tags` varchar(1) DEFAULT NULL,
  `lb_clasificaciondecontacto` text DEFAULT NULL,
  `lb_responsablecaso` text DEFAULT NULL,
  `lb_proxima_accion` text DEFAULT NULL,
  `lb_elcasofueresuelto` text DEFAULT NULL,
  `lb_tiempodeatencion` text DEFAULT NULL,
  `lb_atentidoamablemente` text DEFAULT NULL,
  `lb_calificaciongeneral` text DEFAULT NULL,
  PRIMARY KEY (`ticketid`),
  KEY `troubletickets_ticketid_idx` (`ticketid`),
  KEY `troubletickets_status_idx` (`status`),
  CONSTRAINT `fk_1_vtiger_troubletickets` FOREIGN KEY (`ticketid`) REFERENCES `vtiger_crmentity` (`crmid`) ON DELETE CASCADE
) ENGINE=InnoDB DEFAULT CHARSET=utf8 COLLATE=utf8_general_ci;

--
-- Dumping data for table `vtiger_troubletickets`
--


--
-- Table structure for table `vtiger_usageunit`
--

CREATE TABLE `vtiger_usageunit` (
  `usageunitid` int(19) NOT NULL AUTO_INCREMENT,
  `usageunit` varchar(200) NOT NULL,
  `presence` int(1) NOT NULL DEFAULT 1,
  `picklist_valueid` int(19) NOT NULL DEFAULT 0,
  `sortorderid` int(11) DEFAULT NULL,
  `color` varchar(10) DEFAULT NULL,
  PRIMARY KEY (`usageunitid`),
  UNIQUE KEY `usageunit_usageunit_idx` (`usageunit`)
) ENGINE=InnoDB AUTO_INCREMENT=19 DEFAULT CHARSET=utf8 COLLATE=utf8_general_ci;

--
-- Dumping data for table `vtiger_usageunit`
--

INSERT INTO `vtiger_usageunit` VALUES (1,'Box',1,194,0,NULL),(2,'Carton',1,195,1,NULL),(3,'Dozen',1,196,2,NULL),(4,'Each',1,197,3,NULL),(5,'Hours',1,198,4,NULL),(6,'Impressions',1,199,5,NULL),(7,'Lb',1,200,6,NULL),(8,'M',1,201,7,NULL),(9,'Pack',1,202,8,NULL),(10,'Pages',1,203,9,NULL),(11,'Pieces',1,204,10,NULL),(12,'Quantity',1,205,11,NULL),(13,'Reams',1,206,12,NULL),(14,'Sheet',1,207,13,NULL),(15,'Spiral Binder',1,208,14,NULL),(16,'Sq Ft',1,209,15,NULL),(17,'Piezas',1,498,1,NULL),(18,'Cantidad',1,499,1,NULL);

--
-- Table structure for table `vtiger_usageunit_seq`
--

CREATE TABLE `vtiger_usageunit_seq` (
  `id` int(11) NOT NULL
) ENGINE=InnoDB DEFAULT CHARSET=utf8 COLLATE=utf8_general_ci;

--
-- Dumping data for table `vtiger_usageunit_seq`
--

INSERT INTO `vtiger_usageunit_seq` VALUES (18);

--
-- Table structure for table `vtiger_user2mergefields`
--

CREATE TABLE `vtiger_user2mergefields` (
  `userid` int(11) DEFAULT NULL,
  `tabid` int(19) DEFAULT NULL,
  `fieldid` int(19) DEFAULT NULL,
  `visible` int(2) DEFAULT NULL,
  KEY `userid_tabid_idx` (`userid`,`tabid`)
) ENGINE=InnoDB DEFAULT CHARSET=utf8 COLLATE=utf8_general_ci;

--
-- Dumping data for table `vtiger_user2mergefields`
--


--
-- Table structure for table `vtiger_user2role`
--

CREATE TABLE `vtiger_user2role` (
  `userid` int(11) NOT NULL,
  `roleid` varchar(255) NOT NULL,
  PRIMARY KEY (`userid`),
  KEY `user2role_roleid_idx` (`roleid`),
  CONSTRAINT `fk_2_vtiger_user2role` FOREIGN KEY (`userid`) REFERENCES `vtiger_users` (`id`) ON DELETE CASCADE
) ENGINE=InnoDB DEFAULT CHARSET=utf8 COLLATE=utf8_general_ci;

--
-- Dumping data for table `vtiger_user2role`
--

INSERT INTO `vtiger_user2role` VALUES (1,'H2'),(5,'H2'),(6,'H2'),(7,'H2'),(8,'H2');

--
-- Table structure for table `vtiger_user_module_preferences`
--

CREATE TABLE `vtiger_user_module_preferences` (
  `userid` int(19) NOT NULL,
  `tabid` int(19) NOT NULL,
  `default_cvid` int(19) NOT NULL,
  PRIMARY KEY (`userid`,`tabid`),
  KEY `fk_2_vtiger_user_module_preferences` (`tabid`),
  CONSTRAINT `fk_2_vtiger_user_module_preferences` FOREIGN KEY (`tabid`) REFERENCES `vtiger_tab` (`tabid`) ON DELETE CASCADE ON UPDATE CASCADE
) ENGINE=InnoDB DEFAULT CHARSET=utf8 COLLATE=utf8_general_ci;

--
-- Dumping data for table `vtiger_user_module_preferences`
--

INSERT INTO `vtiger_user_module_preferences` VALUES (1,60,64);

--
-- Table structure for table `vtiger_users2group`
--

CREATE TABLE `vtiger_users2group` (
  `groupid` int(19) NOT NULL,
  `userid` int(19) NOT NULL,
  PRIMARY KEY (`groupid`,`userid`),
  KEY `users2group_groupname_uerid_idx` (`groupid`,`userid`),
  KEY `fk_2_vtiger_users2group` (`userid`),
  CONSTRAINT `fk_2_vtiger_users2group` FOREIGN KEY (`userid`) REFERENCES `vtiger_users` (`id`) ON DELETE CASCADE
) ENGINE=InnoDB DEFAULT CHARSET=utf8 COLLATE=utf8_general_ci;

--
-- Dumping data for table `vtiger_users2group`
--

INSERT INTO `vtiger_users2group` VALUES (3,1);

--
-- Table structure for table `vtiger_users_last_import`
--

CREATE TABLE `vtiger_users_last_import` (
  `id` int(36) NOT NULL AUTO_INCREMENT,
  `assigned_user_id` varchar(36) DEFAULT NULL,
  `bean_type` varchar(36) DEFAULT NULL,
  `bean_id` varchar(36) DEFAULT NULL,
  `deleted` int(1) NOT NULL DEFAULT 0,
  PRIMARY KEY (`id`),
  KEY `idx_user_id` (`assigned_user_id`)
) ENGINE=InnoDB DEFAULT CHARSET=utf8 COLLATE=utf8_general_ci;

--
-- Dumping data for table `vtiger_users_last_import`
--


--
-- Table structure for table `vtiger_users_seq`
--

CREATE TABLE `vtiger_users_seq` (
  `id` int(11) NOT NULL
) ENGINE=InnoDB DEFAULT CHARSET=utf8 COLLATE=utf8_general_ci;

--
-- Dumping data for table `vtiger_users_seq`
--

INSERT INTO `vtiger_users_seq` VALUES (8);

--
-- Table structure for table `vtiger_vendor`
--

CREATE TABLE `vtiger_vendor` (
  `vendorid` int(19) NOT NULL DEFAULT 0,
  `vendor_no` varchar(100) NOT NULL,
  `vendorname` varchar(100) DEFAULT NULL,
  `phone` varchar(100) DEFAULT NULL,
  `email` varchar(100) DEFAULT NULL,
  `website` varchar(100) DEFAULT NULL,
  `glacct` varchar(200) DEFAULT NULL,
  `category` varchar(50) DEFAULT NULL,
  `street` text DEFAULT NULL,
  `city` varchar(30) DEFAULT NULL,
  `state` varchar(30) DEFAULT NULL,
  `pobox` varchar(30) DEFAULT NULL,
  `postalcode` varchar(100) DEFAULT NULL,
  `country` varchar(100) DEFAULT NULL,
  `description` text DEFAULT NULL,
  `tags` varchar(1) DEFAULT NULL,
  PRIMARY KEY (`vendorid`),
  CONSTRAINT `fk_1_vtiger_vendor` FOREIGN KEY (`vendorid`) REFERENCES `vtiger_crmentity` (`crmid`) ON DELETE CASCADE
) ENGINE=InnoDB DEFAULT CHARSET=utf8 COLLATE=utf8_general_ci;

--
-- Dumping data for table `vtiger_vendor`
--

INSERT INTO `vtiger_vendor` VALUES (645,'VEN1','Pantallas Tipo A','','','','','','','','','','','',NULL,''),(647,'VEN2','TECNA S.A.','','','','','','','','','','','',NULL,''),(649,'VEN3','MICRONET ANDINA S.A.C','','','','','','','','','','','',NULL,''),(651,'VEN4','GRUPO VENTURA PERU S.A.C.','','','','','','','','','','','',NULL,'');

--
-- Table structure for table `vtiger_vendorcf`
--

CREATE TABLE `vtiger_vendorcf` (
  `vendorid` int(19) NOT NULL DEFAULT 0,
  PRIMARY KEY (`vendorid`),
  CONSTRAINT `fk_1_vtiger_vendorcf` FOREIGN KEY (`vendorid`) REFERENCES `vtiger_vendor` (`vendorid`) ON DELETE CASCADE
) ENGINE=InnoDB DEFAULT CHARSET=utf8 COLLATE=utf8_general_ci;

--
-- Dumping data for table `vtiger_vendorcf`
--

INSERT INTO `vtiger_vendorcf` VALUES (645),(647),(649),(651);

--
-- Table structure for table `vtiger_vendorcontactrel`
--

CREATE TABLE `vtiger_vendorcontactrel` (
  `vendorid` int(19) NOT NULL DEFAULT 0,
  `contactid` int(19) NOT NULL DEFAULT 0,
  PRIMARY KEY (`vendorid`,`contactid`),
  KEY `vendorcontactrel_vendorid_idx` (`vendorid`),
  KEY `vendorcontactrel_contact_idx` (`contactid`),
  CONSTRAINT `fk_2_vtiger_vendorcontactrel` FOREIGN KEY (`vendorid`) REFERENCES `vtiger_vendor` (`vendorid`) ON DELETE CASCADE
) ENGINE=InnoDB DEFAULT CHARSET=utf8 COLLATE=utf8_general_ci;

--
-- Dumping data for table `vtiger_vendorcontactrel`
--


--
-- Table structure for table `vtiger_version`
--

CREATE TABLE `vtiger_version` (
  `id` int(11) NOT NULL AUTO_INCREMENT,
  `old_version` varchar(30) DEFAULT NULL,
  `current_version` varchar(30) DEFAULT NULL,
  PRIMARY KEY (`id`)
) ENGINE=InnoDB AUTO_INCREMENT=2 DEFAULT CHARSET=utf8 COLLATE=utf8_general_ci;

--
-- Dumping data for table `vtiger_version`
--

INSERT INTO `vtiger_version` VALUES (1,'8.2.0','8.2.0');

--
-- Table structure for table `vtiger_version_seq`
--

CREATE TABLE `vtiger_version_seq` (
  `id` int(11) NOT NULL
) ENGINE=InnoDB DEFAULT CHARSET=utf8 COLLATE=utf8_general_ci;

--
-- Dumping data for table `vtiger_version_seq`
--

INSERT INTO `vtiger_version_seq` VALUES (1);

--
-- Table structure for table `vtiger_visibility`
--

CREATE TABLE `vtiger_visibility` (
  `visibilityid` int(19) NOT NULL AUTO_INCREMENT,
  `visibility` varchar(200) NOT NULL,
  `sortorderid` int(19) NOT NULL DEFAULT 0,
  `presence` int(1) NOT NULL DEFAULT 1,
  `color` varchar(10) DEFAULT NULL,
  PRIMARY KEY (`visibilityid`),
  UNIQUE KEY `visibility_visibility_idx` (`visibility`)
) ENGINE=InnoDB AUTO_INCREMENT=3 DEFAULT CHARSET=utf8 COLLATE=utf8_general_ci;

--
-- Dumping data for table `vtiger_visibility`
--

INSERT INTO `vtiger_visibility` VALUES (1,'Private',0,1,NULL),(2,'Public',1,1,NULL);

--
-- Table structure for table `vtiger_visibility_seq`
--

CREATE TABLE `vtiger_visibility_seq` (
  `id` int(11) NOT NULL
) ENGINE=InnoDB DEFAULT CHARSET=utf8 COLLATE=utf8_general_ci;

--
-- Dumping data for table `vtiger_visibility_seq`
--

INSERT INTO `vtiger_visibility_seq` VALUES (2);

--
-- Table structure for table `vtiger_webform_file_fields`
--

CREATE TABLE `vtiger_webform_file_fields` (
  `id` int(19) NOT NULL AUTO_INCREMENT,
  `webformid` int(19) NOT NULL,
  `fieldname` varchar(100) NOT NULL,
  `fieldlabel` varchar(100) NOT NULL,
  `required` int(1) NOT NULL DEFAULT 0,
  PRIMARY KEY (`id`),
  KEY `fk_vtiger_webforms` (`webformid`),
  CONSTRAINT `fk_vtiger_webforms` FOREIGN KEY (`webformid`) REFERENCES `vtiger_webforms` (`id`) ON DELETE CASCADE
) ENGINE=InnoDB DEFAULT CHARSET=utf8 COLLATE=utf8_general_ci;

--
-- Dumping data for table `vtiger_webform_file_fields`
--


--
-- Table structure for table `vtiger_webforms`
--

CREATE TABLE `vtiger_webforms` (
  `id` int(19) NOT NULL AUTO_INCREMENT,
  `name` varchar(100) NOT NULL,
  `publicid` varchar(100) NOT NULL,
  `enabled` int(1) NOT NULL DEFAULT 1,
  `targetmodule` varchar(50) NOT NULL,
  `description` text DEFAULT NULL,
  `ownerid` int(19) NOT NULL,
  `returnurl` varchar(250) DEFAULT NULL,
  `captcha` int(1) NOT NULL DEFAULT 0,
  `roundrobin` int(1) NOT NULL DEFAULT 0,
  `roundrobin_userid` varchar(256) DEFAULT NULL,
  `roundrobin_logic` int(11) NOT NULL DEFAULT 0,
  PRIMARY KEY (`id`),
  UNIQUE KEY `webformname` (`name`),
  UNIQUE KEY `publicid` (`id`),
  KEY `webforms_webforms_id_idx` (`id`)
) ENGINE=InnoDB DEFAULT CHARSET=utf8 COLLATE=utf8_general_ci;

--
-- Dumping data for table `vtiger_webforms`
--


--
-- Table structure for table `vtiger_webforms_field`
--

CREATE TABLE `vtiger_webforms_field` (
  `id` int(19) NOT NULL AUTO_INCREMENT,
  `webformid` int(19) NOT NULL,
  `fieldname` varchar(50) NOT NULL,
  `neutralizedfield` varchar(50) NOT NULL,
  `defaultvalue` text DEFAULT NULL,
  `required` int(10) NOT NULL DEFAULT 0,
  `sequence` int(10) DEFAULT NULL,
  `hidden` int(10) DEFAULT NULL,
  PRIMARY KEY (`id`),
  KEY `webforms_webforms_field_idx` (`id`),
  KEY `fk_1_vtiger_webforms_field` (`webformid`),
  KEY `fk_2_vtiger_webforms_field` (`fieldname`),
  CONSTRAINT `fk_1_vtiger_webforms_field` FOREIGN KEY (`webformid`) REFERENCES `vtiger_webforms` (`id`) ON DELETE CASCADE,
  CONSTRAINT `fk_3_vtiger_webforms_field` FOREIGN KEY (`fieldname`) REFERENCES `vtiger_field` (`fieldname`) ON DELETE CASCADE
) ENGINE=InnoDB DEFAULT CHARSET=utf8 COLLATE=utf8_general_ci;

--
-- Dumping data for table `vtiger_webforms_field`
--


--
-- Table structure for table `vtiger_whatsapp_botbutton`
--

CREATE TABLE `vtiger_whatsapp_botbutton` (
  `hearder_text` varchar(255) DEFAULT NULL,
  `hearder_description` text DEFAULT NULL,
  `header_color` varchar(55) DEFAULT NULL,
  `header_image` varchar(100) DEFAULT NULL,
  `button_text` varchar(55) DEFAULT NULL,
  `button_color` varchar(55) DEFAULT NULL,
  `bg_image` varchar(100) DEFAULT NULL,
  `scanned_number` varchar(100) DEFAULT NULL
) ENGINE=InnoDB DEFAULT CHARSET=latin1 COLLATE=latin1_swedish_ci;

--
-- Dumping data for table `vtiger_whatsapp_botbutton`
--


--
-- Table structure for table `vtiger_whatsapp_unreadread`
--

CREATE TABLE `vtiger_whatsapp_unreadread` (
  `whatsapp_unreadreadid` int(11) NOT NULL AUTO_INCREMENT,
  `whatsapp_unreadread` varchar(200) NOT NULL,
  `presence` int(1) NOT NULL DEFAULT 1,
  `picklist_valueid` int(11) NOT NULL DEFAULT 0,
  `sortorderid` int(11) DEFAULT 0,
  `color` varchar(10) DEFAULT NULL,
  PRIMARY KEY (`whatsapp_unreadreadid`)
) ENGINE=InnoDB AUTO_INCREMENT=3 DEFAULT CHARSET=utf8 COLLATE=utf8_general_ci;

--
-- Dumping data for table `vtiger_whatsapp_unreadread`
--

INSERT INTO `vtiger_whatsapp_unreadread` VALUES (1,'Read',1,506,1,NULL),(2,'Unread',1,507,2,NULL);

--
-- Table structure for table `vtiger_whatsapp_unreadread_seq`
--

CREATE TABLE `vtiger_whatsapp_unreadread_seq` (
  `id` int(11) NOT NULL
) ENGINE=InnoDB DEFAULT CHARSET=utf8 COLLATE=utf8_general_ci;

--
-- Dumping data for table `vtiger_whatsapp_unreadread_seq`
--

INSERT INTO `vtiger_whatsapp_unreadread_seq` VALUES (2);

--
-- Table structure for table `vtiger_whatsappbot_responcevalue`
--

CREATE TABLE `vtiger_whatsappbot_responcevalue` (
  `mobilewhatsappnumber` varchar(255) CHARACTER SET utf8 COLLATE utf8_general_ci DEFAULT NULL,
  `variablevalue` varchar(255) CHARACTER SET utf8 COLLATE utf8_general_ci DEFAULT NULL,
  `variablename` varchar(255) CHARACTER SET utf8 COLLATE utf8_general_ci DEFAULT NULL,
  `bot_id` varchar(255) CHARACTER SET utf8 COLLATE utf8_general_ci DEFAULT NULL
) ENGINE=InnoDB DEFAULT CHARSET=latin1 COLLATE=latin1_swedish_ci;

--
-- Dumping data for table `vtiger_whatsappbot_responcevalue`
--


--
-- Table structure for table `vtiger_whatsapplog`
--

CREATE TABLE `vtiger_whatsapplog` (
  `whatsapplogid` int(11) NOT NULL,
  `whatsapplog_no` varchar(100) DEFAULT NULL,
  `whatsapplog_sendername` varchar(100) DEFAULT NULL,
  `whatsapplog_chatid` varchar(100) DEFAULT NULL,
  `messagelog_type` varchar(100) DEFAULT NULL,
  `messagelog_body` varchar(100) DEFAULT NULL,
  `whatsapplog_quotemessage` varchar(100) DEFAULT NULL,
  `whatsapplog_contactid` varchar(100) DEFAULT NULL,
  `whatsapplog_unreadread` varchar(255) DEFAULT NULL,
  `whatsapplog_withoccode` varchar(255) DEFAULT NULL,
  `whatsapplog_withccode` varchar(255) DEFAULT NULL,
  `whatsapplog_datetime` datetime DEFAULT NULL,
  `whatsapplog_msgid` varchar(255) DEFAULT NULL,
  `whatsapplog_your_number` varchar(255) DEFAULT NULL,
  `whatsapplog_important` varchar(255) DEFAULT NULL,
  `whatsapplog_response` varchar(100) DEFAULT NULL,
  `whatsapplog_request` varchar(100) DEFAULT NULL,
  `whatsapplog_botid` varchar(255) DEFAULT NULL,
  `whatsapplog_displayname` varchar(255) DEFAULT NULL,
  `whatsapp_numberactive` varchar(3) DEFAULT NULL,
  `tags` varchar(1) DEFAULT NULL,
  PRIMARY KEY (`whatsapplogid`)
) ENGINE=InnoDB DEFAULT CHARSET=utf8 COLLATE=utf8_general_ci;

--
-- Dumping data for table `vtiger_whatsapplog`
--

INSERT INTO `vtiger_whatsapplog` VALUES (728,'','Crm Administrator','','Send','q mas','','170','Read','','51916168746','2024-07-12 16:51:57','BAE5C3088873A0BF','51924985856','1','{\"key\":{\"remoteJid\":\"51916168746@s.whatsapp.net\",\"fromMe\":true,\"id\":\"BAE5C3088873A0BF\"},\"message\":{\"','https://multidevice44.crmtiger.com/isRegisteredUser {\"number\":\"51916168746\"}','','Adriana Barrantes','1',''),(731,'','Fer','','Recieved','Ni siquiera aceptan','Unanse para poder apoyar a los gatitos que son maltratados????',NULL,'Unread','','Groups','2024-07-12 16:52:23','51930305336-1615140497@g.us','51924985856',NULL,'','',NULL,'Groups','0',''),(736,'','Crm Administrator','','Send','espero tu respuesta','','170','Read','','34644263345','2024-07-18 10:44:02','BAE51E1206C115A1','17609062897','1','{\"key\":{\"remoteJid\":\"34644263345@s.whatsapp.net\",\"fromMe\":true,\"id\":\"BAE51E1206C115A1\"},\"message\":{\"','https://multidevice44.crmtiger.com/isRegisteredUser {\"number\":\"34644263345\"}','','Adriana Barrantes','1',''),(749,'','Crm Administrator','','Send','hola','','519','Read','','51924985856','2024-07-18 17:16:25','BAE514A32621DC49','17609062897',NULL,'{\"key\":{\"remoteJid\":\"51924985856@s.whatsapp.net\",\"fromMe\":true,\"id\":\"BAE514A32621DC49\"},\"message\":{\"','https://multidevice44.crmtiger.com/isRegisteredUser {\"number\":\"51924985856\"}','','CO0000066','1','');

--
-- Table structure for table `vtiger_whatsapplog_unreadread`
--

CREATE TABLE `vtiger_whatsapplog_unreadread` (
  `whatsapplog_unreadreadid` int(11) NOT NULL AUTO_INCREMENT,
  `whatsapplog_unreadread` varchar(200) NOT NULL,
  `presence` int(1) NOT NULL DEFAULT 1,
  `picklist_valueid` int(11) NOT NULL DEFAULT 0,
  `sortorderid` int(11) DEFAULT 0,
  `color` varchar(10) DEFAULT NULL,
  PRIMARY KEY (`whatsapplog_unreadreadid`)
) ENGINE=InnoDB AUTO_INCREMENT=3 DEFAULT CHARSET=utf8 COLLATE=utf8_general_ci;

--
-- Dumping data for table `vtiger_whatsapplog_unreadread`
--

INSERT INTO `vtiger_whatsapplog_unreadread` VALUES (1,'Read',1,510,1,NULL),(2,'Unread',1,511,2,NULL);

--
-- Table structure for table `vtiger_whatsapplog_unreadread_seq`
--

CREATE TABLE `vtiger_whatsapplog_unreadread_seq` (
  `id` int(11) NOT NULL
) ENGINE=InnoDB DEFAULT CHARSET=utf8 COLLATE=utf8_general_ci;

--
-- Dumping data for table `vtiger_whatsapplog_unreadread_seq`
--

INSERT INTO `vtiger_whatsapplog_unreadread_seq` VALUES (2);

--
-- Table structure for table `vtiger_whatsapplogcf`
--

CREATE TABLE `vtiger_whatsapplogcf` (
  `whatsapplogid` int(11) NOT NULL,
  PRIMARY KEY (`whatsapplogid`)
) ENGINE=InnoDB DEFAULT CHARSET=utf8 COLLATE=utf8_general_ci;

--
-- Dumping data for table `vtiger_whatsapplogcf`
--

INSERT INTO `vtiger_whatsapplogcf` VALUES (728),(731),(736),(749);

--
-- Table structure for table `vtiger_wordtemplates`
--

CREATE TABLE `vtiger_wordtemplates` (
  `templateid` int(19) NOT NULL,
  `filename` varchar(100) NOT NULL,
  `module` varchar(30) NOT NULL,
  `date_entered` timestamp NOT NULL DEFAULT current_timestamp() ON UPDATE current_timestamp(),
  `parent_type` varchar(50) NOT NULL,
  `data` longblob NOT NULL,
  `description` text DEFAULT NULL,
  `filesize` varchar(50) NOT NULL,
  `filetype` varchar(20) NOT NULL,
  `deleted` int(1) NOT NULL DEFAULT 0,
  PRIMARY KEY (`templateid`)
) ENGINE=InnoDB DEFAULT CHARSET=utf8 COLLATE=utf8_general_ci;

--
-- Dumping data for table `vtiger_wordtemplates`
--


--
-- Table structure for table `vtiger_ws_entity`
--

CREATE TABLE `vtiger_ws_entity` (
  `id` int(11) NOT NULL AUTO_INCREMENT,
  `name` varchar(25) NOT NULL,
  `handler_path` varchar(255) NOT NULL,
  `handler_class` varchar(64) NOT NULL,
  `ismodule` int(3) NOT NULL,
  PRIMARY KEY (`id`)
) ENGINE=InnoDB AUTO_INCREMENT=51 DEFAULT CHARSET=utf8 COLLATE=utf8_general_ci;

--
-- Dumping data for table `vtiger_ws_entity`
--

INSERT INTO `vtiger_ws_entity` VALUES (1,'Campaigns','include/Webservices/VtigerModuleOperation.php','VtigerModuleOperation',1),(2,'Vendors','include/Webservices/VtigerModuleOperation.php','VtigerModuleOperation',1),(3,'Faq','include/Webservices/VtigerModuleOperation.php','VtigerModuleOperation',1),(4,'Quotes','include/Webservices/LineItem/VtigerInventoryOperation.php','VtigerInventoryOperation',1),(5,'PurchaseOrder','include/Webservices/LineItem/VtigerInventoryOperation.php','VtigerInventoryOperation',1),(6,'SalesOrder','include/Webservices/LineItem/VtigerInventoryOperation.php','VtigerInventoryOperation',1),(7,'Invoice','include/Webservices/LineItem/VtigerInventoryOperation.php','VtigerInventoryOperation',1),(8,'PriceBooks','include/Webservices/VtigerModuleOperation.php','VtigerModuleOperation',1),(9,'Calendar','include/Webservices/VtigerModuleOperation.php','VtigerModuleOperation',1),(10,'Leads','include/Webservices/VtigerModuleOperation.php','VtigerModuleOperation',1),(11,'Accounts','include/Webservices/VtigerModuleOperation.php','VtigerModuleOperation',1),(12,'Contacts','include/Webservices/VtigerModuleOperation.php','VtigerModuleOperation',1),(13,'Potentials','include/Webservices/VtigerModuleOperation.php','VtigerModuleOperation',1),(14,'Products','include/Webservices/VtigerProductOperation.php','VtigerProductOperation',1),(15,'Documents','include/Webservices/VtigerModuleOperation.php','VtigerModuleOperation',1),(16,'Emails','include/Webservices/VtigerModuleOperation.php','VtigerModuleOperation',1),(17,'HelpDesk','include/Webservices/VtigerModuleOperation.php','VtigerModuleOperation',1),(18,'Events','include/Webservices/VtigerModuleOperation.php','VtigerModuleOperation',1),(19,'Users','include/Webservices/VtigerModuleOperation.php','VtigerModuleOperation',1),(20,'Groups','include/Webservices/VtigerActorOperation.php','VtigerActorOperation',0),(21,'Currency','include/Webservices/VtigerActorOperation.php','VtigerActorOperation',0),(22,'DocumentFolders','include/Webservices/VtigerActorOperation.php','VtigerActorOperation',0),(23,'CompanyDetails','include/Webservices/VtigerCompanyDetails.php','VtigerCompanyDetails',0),(24,'ServiceContracts','include/Webservices/VtigerModuleOperation.php','VtigerModuleOperation',1),(25,'Services','include/Webservices/VtigerProductOperation.php','VtigerProductOperation',1),(26,'PBXManager','include/Webservices/VtigerModuleOperation.php','VtigerModuleOperation',1),(27,'ModComments','include/Webservices/VtigerModuleOperation.php','VtigerModuleOperation',1),(28,'ProjectMilestone','include/Webservices/VtigerModuleOperation.php','VtigerModuleOperation',1),(29,'ProjectTask','include/Webservices/VtigerModuleOperation.php','VtigerModuleOperation',1),(30,'Project','include/Webservices/VtigerModuleOperation.php','VtigerModuleOperation',1),(31,'Assets','include/Webservices/VtigerModuleOperation.php','VtigerModuleOperation',1),(32,'SMSNotifier','include/Webservices/VtigerModuleOperation.php','VtigerModuleOperation',1),(33,'LineItem','include/Webservices/LineItem/VtigerLineItemOperation.php','VtigerLineItemOperation',0),(34,'Tax','include/Webservices/LineItem/VtigerTaxOperation.php','VtigerTaxOperation',0),(35,'ProductTaxes','include/Webservices/LineItem/VtigerProductTaxesOperation.php','VtigerProductTaxesOperation',0),(36,'CTTimeTracker','include/Webservices/VtigerModuleOperation.php','VtigerModuleOperation',1),(37,'CTTimeControl','include/Webservices/VtigerModuleOperation.php','VtigerModuleOperation',1),(38,'CTRoutePlanning','include/Webservices/VtigerModuleOperation.php','VtigerModuleOperation',1),(39,'CTRouteAttendance','include/Webservices/VtigerModuleOperation.php','VtigerModuleOperation',1),(40,'CTAttendance','include/Webservices/VtigerModuleOperation.php','VtigerModuleOperation',1),(41,'CTUserFilterView','include/Webservices/VtigerModuleOperation.php','VtigerModuleOperation',1),(42,'CTMessageTemplate','include/Webservices/VtigerModuleOperation.php','VtigerModuleOperation',1),(43,'CTPushNotification','include/Webservices/VtigerModuleOperation.php','VtigerModuleOperation',1),(45,'Cobranzas','include/Webservices/VtigerModuleOperation.php','VtigerModuleOperation',1),(47,'Pagos','include/Webservices/VtigerModuleOperation.php','VtigerModuleOperation',1),(48,'CTWhatsApp','include/Webservices/VtigerModuleOperation.php','VtigerModuleOperation',1),(49,'CTWhatsAppTemplates','include/Webservices/VtigerModuleOperation.php','VtigerModuleOperation',1),(50,'WhatsAppLog','include/Webservices/VtigerModuleOperation.php','VtigerModuleOperation',1);

--
-- Table structure for table `vtiger_ws_entity_fieldtype`
--

CREATE TABLE `vtiger_ws_entity_fieldtype` (
  `fieldtypeid` int(19) NOT NULL AUTO_INCREMENT,
  `table_name` varchar(50) NOT NULL,
  `field_name` varchar(50) NOT NULL,
  `fieldtype` varchar(200) NOT NULL,
  PRIMARY KEY (`fieldtypeid`),
  UNIQUE KEY `vtiger_idx_1_tablename_fieldname` (`table_name`,`field_name`)
) ENGINE=InnoDB AUTO_INCREMENT=11 DEFAULT CHARSET=utf8 COLLATE=utf8_general_ci;

--
-- Dumping data for table `vtiger_ws_entity_fieldtype`
--

INSERT INTO `vtiger_ws_entity_fieldtype` VALUES (1,'vtiger_attachmentsfolder','createdby','reference'),(2,'vtiger_organizationdetails','logoname','file'),(3,'vtiger_organizationdetails','phone','phone'),(4,'vtiger_organizationdetails','fax','phone'),(5,'vtiger_organizationdetails','website','url'),(6,'vtiger_inventoryproductrel','productid','reference'),(7,'vtiger_inventoryproductrel','id','reference'),(8,'vtiger_inventoryproductrel','incrementondel','autogenerated'),(9,'vtiger_producttaxrel','productid','reference'),(10,'vtiger_producttaxrel','taxid','reference');

--
-- Table structure for table `vtiger_ws_entity_fieldtype_seq`
--

CREATE TABLE `vtiger_ws_entity_fieldtype_seq` (
  `id` int(11) NOT NULL
) ENGINE=InnoDB DEFAULT CHARSET=utf8 COLLATE=utf8_general_ci;

--
-- Dumping data for table `vtiger_ws_entity_fieldtype_seq`
--

INSERT INTO `vtiger_ws_entity_fieldtype_seq` VALUES (10);

--
-- Table structure for table `vtiger_ws_entity_name`
--

CREATE TABLE `vtiger_ws_entity_name` (
  `entity_id` int(11) NOT NULL,
  `name_fields` varchar(50) NOT NULL,
  `index_field` varchar(50) NOT NULL,
  `table_name` varchar(50) NOT NULL,
  PRIMARY KEY (`entity_id`)
) ENGINE=InnoDB DEFAULT CHARSET=utf8 COLLATE=utf8_general_ci;

--
-- Dumping data for table `vtiger_ws_entity_name`
--

INSERT INTO `vtiger_ws_entity_name` VALUES (20,'groupname','groupid','vtiger_groups'),(21,'currency_name','id','vtiger_currency_info'),(22,'foldername','folderid','vtiger_attachmentsfolder'),(23,'organizationname','groupid','vtiger_organizationdetails'),(34,'taxlabel','taxid','vtiger_inventorytaxinfo');

--
-- Table structure for table `vtiger_ws_entity_referencetype`
--

CREATE TABLE `vtiger_ws_entity_referencetype` (
  `fieldtypeid` int(19) NOT NULL,
  `type` varchar(25) NOT NULL,
  PRIMARY KEY (`fieldtypeid`,`type`),
  CONSTRAINT `vtiger_fk_1_actors_referencetype` FOREIGN KEY (`fieldtypeid`) REFERENCES `vtiger_ws_entity_fieldtype` (`fieldtypeid`) ON DELETE CASCADE
) ENGINE=InnoDB DEFAULT CHARSET=utf8 COLLATE=utf8_general_ci;

--
-- Dumping data for table `vtiger_ws_entity_referencetype`
--

INSERT INTO `vtiger_ws_entity_referencetype` VALUES (5,'Users'),(6,'Products'),(7,'Invoice'),(7,'PurchaseOrder'),(7,'Quotes'),(7,'SalesOrder'),(9,'Products'),(10,'Tax');

--
-- Table structure for table `vtiger_ws_entity_seq`
--

CREATE TABLE `vtiger_ws_entity_seq` (
  `id` int(11) NOT NULL
) ENGINE=InnoDB DEFAULT CHARSET=utf8 COLLATE=utf8_general_ci;

--
-- Dumping data for table `vtiger_ws_entity_seq`
--

INSERT INTO `vtiger_ws_entity_seq` VALUES (50);

--
-- Table structure for table `vtiger_ws_entity_tables`
--

CREATE TABLE `vtiger_ws_entity_tables` (
  `webservice_entity_id` int(11) NOT NULL,
  `table_name` varchar(50) NOT NULL,
  PRIMARY KEY (`webservice_entity_id`,`table_name`),
  CONSTRAINT `fk_1_vtiger_ws_actor_tables` FOREIGN KEY (`webservice_entity_id`) REFERENCES `vtiger_ws_entity` (`id`) ON DELETE CASCADE
) ENGINE=InnoDB DEFAULT CHARSET=utf8 COLLATE=utf8_general_ci;

--
-- Dumping data for table `vtiger_ws_entity_tables`
--

INSERT INTO `vtiger_ws_entity_tables` VALUES (20,'vtiger_groups'),(21,'vtiger_currency_info'),(22,'vtiger_attachmentsfolder'),(23,'vtiger_organizationdetails'),(33,'vtiger_inventoryproductrel'),(34,'vtiger_inventorytaxinfo'),(35,'vtiger_producttaxrel');

--
-- Table structure for table `vtiger_ws_fieldinfo`
--

CREATE TABLE `vtiger_ws_fieldinfo` (
  `id` varchar(64) NOT NULL,
  `property_name` varchar(32) DEFAULT NULL,
  `property_value` varchar(64) DEFAULT NULL,
  PRIMARY KEY (`id`)
) ENGINE=InnoDB DEFAULT CHARSET=utf8 COLLATE=utf8_general_ci;

--
-- Dumping data for table `vtiger_ws_fieldinfo`
--

INSERT INTO `vtiger_ws_fieldinfo` VALUES ('vtiger_organizationdetails.organization_id','upload.path','1');

--
-- Table structure for table `vtiger_ws_fieldtype`
--

CREATE TABLE `vtiger_ws_fieldtype` (
  `fieldtypeid` int(19) NOT NULL AUTO_INCREMENT,
  `uitype` varchar(30) NOT NULL,
  `fieldtype` varchar(200) NOT NULL,
  PRIMARY KEY (`fieldtypeid`),
  UNIQUE KEY `uitype_idx` (`uitype`)
) ENGINE=InnoDB AUTO_INCREMENT=42 DEFAULT CHARSET=utf8 COLLATE=utf8_general_ci;

--
-- Dumping data for table `vtiger_ws_fieldtype`
--

INSERT INTO `vtiger_ws_fieldtype` VALUES (1,'15','picklist'),(2,'16','picklist'),(3,'19','text'),(4,'20','text'),(5,'21','text'),(6,'24','text'),(7,'3','autogenerated'),(8,'11','phone'),(9,'33','multipicklist'),(10,'17','url'),(11,'85','skype'),(12,'56','boolean'),(13,'156','boolean'),(14,'53','owner'),(15,'61','file'),(16,'28','file'),(17,'13','email'),(18,'71','currency'),(19,'72','currency'),(20,'50','reference'),(21,'51','reference'),(22,'57','reference'),(23,'58','reference'),(24,'73','reference'),(25,'75','reference'),(26,'76','reference'),(27,'78','reference'),(28,'80','reference'),(29,'81','reference'),(30,'101','reference'),(31,'52','reference'),(32,'357','reference'),(33,'59','reference'),(34,'66','reference'),(35,'77','reference'),(36,'68','reference'),(37,'117','reference'),(38,'26','reference'),(39,'10','reference'),(40,'98','reference'),(41,'69','image');

--
-- Table structure for table `vtiger_ws_operation`
--

CREATE TABLE `vtiger_ws_operation` (
  `operationid` int(11) NOT NULL AUTO_INCREMENT,
  `name` varchar(128) NOT NULL,
  `handler_path` varchar(255) NOT NULL,
  `handler_method` varchar(64) NOT NULL,
  `type` varchar(8) NOT NULL,
  `prelogin` int(3) NOT NULL,
  PRIMARY KEY (`operationid`)
) ENGINE=InnoDB AUTO_INCREMENT=50 DEFAULT CHARSET=utf8 COLLATE=utf8_general_ci;

--
-- Dumping data for table `vtiger_ws_operation`
--

INSERT INTO `vtiger_ws_operation` VALUES (1,'login','include/Webservices/Login.php','vtws_login','POST',1),(2,'retrieve','include/Webservices/Retrieve.php','vtws_retrieve','GET',0),(3,'create','include/Webservices/Create.php','vtws_create','POST',0),(4,'update','include/Webservices/Update.php','vtws_update','POST',0),(5,'delete','include/Webservices/Delete.php','vtws_delete','POST',0),(6,'sync','include/Webservices/GetUpdates.php','vtws_sync','GET',0),(7,'query','include/Webservices/Query.php','vtws_query','GET',0),(8,'logout','include/Webservices/Logout.php','vtws_logout','POST',0),(9,'listtypes','include/Webservices/ModuleTypes.php','vtws_listtypes','GET',0),(10,'getchallenge','include/Webservices/AuthToken.php','vtws_getchallenge','GET',1),(11,'describe','include/Webservices/DescribeObject.php','vtws_describe','GET',0),(12,'extendsession','include/Webservices/ExtendSession.php','vtws_extendSession','POST',1),(13,'convertlead','include/Webservices/ConvertLead.php','vtws_convertlead','POST',0),(14,'revise','include/Webservices/Revise.php','vtws_revise','POST',0),(15,'changePassword','include/Webservices/ChangePassword.php','vtws_changePassword','POST',0),(16,'deleteUser','include/Webservices/DeleteUser.php','vtws_deleteUser','POST',0),(17,'mobile.fetchallalerts','modules/Mobile/api/wsapi.php','mobile_ws_fetchAllAlerts','POST',0),(18,'mobile.alertdetailswithmessage','modules/Mobile/api/wsapi.php','mobile_ws_alertDetailsWithMessage','POST',0),(19,'mobile.fetchmodulefilters','modules/Mobile/api/wsapi.php','mobile_ws_fetchModuleFilters','POST',0),(20,'mobile.fetchrecord','modules/Mobile/api/wsapi.php','mobile_ws_fetchRecord','POST',0),(21,'mobile.fetchrecordwithgrouping','modules/Mobile/api/wsapi.php','mobile_ws_fetchRecordWithGrouping','POST',0),(22,'mobile.filterdetailswithcount','modules/Mobile/api/wsapi.php','mobile_ws_filterDetailsWithCount','POST',0),(23,'mobile.listmodulerecords','modules/Mobile/api/wsapi.php','mobile_ws_listModuleRecords','POST',0),(24,'mobile.saverecord','modules/Mobile/api/wsapi.php','mobile_ws_saveRecord','POST',0),(25,'mobile.syncModuleRecords','modules/Mobile/api/wsapi.php','mobile_ws_syncModuleRecords','POST',0),(26,'mobile.query','modules/Mobile/api/wsapi.php','mobile_ws_query','POST',0),(27,'mobile.querywithgrouping','modules/Mobile/api/wsapi.php','mobile_ws_queryWithGrouping','POST',0),(28,'wsapp_register','modules/WSAPP/api/ws/Register.php','wsapp_register','POST',0),(29,'wsapp_deregister','modules/WSAPP/api/ws/DeRegister.php','wsapp_deregister','POST',0),(30,'wsapp_get','modules/WSAPP/api/ws/Get.php','wsapp_get','POST',0),(31,'wsapp_put','modules/WSAPP/api/ws/Put.php','wsapp_put','POST',0),(32,'wsapp_map','modules/WSAPP/api/ws/Map.php','wsapp_map','POST',0),(33,'retrieve_inventory','include/Webservices/LineItem/RetrieveInventory.php','vtws_retrieve_inventory','GET',0),(34,'relatedtypes','include/Webservices/RelatedTypes.php','vtws_relatedtypes','GET',0),(35,'retrieve_related','include/Webservices/RetrieveRelated.php','vtws_retrieve_related','GET',0),(36,'query_related','include/Webservices/QueryRelated.php','vtws_query_related','GET',0),(37,'add_related','include/Webservices/AddRelated.php','vtws_add_related','POST',0),(38,'files_retrieve','include/Webservices/FileRetrieve.php','vtws_file_retrieve','GET',0),(39,'ctmobile.fetchallalerts','modules/CTMobile/api/wsapi.php','ctmobile_ws_fetchAllAlerts','POST',0),(40,'ctmobile.alertdetailswithmessage','modules/CTMobile/api/wsapi.php','ctmobile_ws_alertDetailsWithMessage','POST',0),(41,'ctmobile.fetchmodulefilters','modules/CTMobile/api/wsapi.php','ctmobile_ws_fetchModuleFilters','POST',0),(42,'ctmobile.fetchrecord','modules/CTMobile/api/wsapi.php','ctmobile_ws_fetchRecord','POST',0),(43,'ctmobile.fetchrecordwithgrouping','modules/CTMobile/api/wsapi.php','ctmobile_ws_fetchRecordWithGrouping','POST',0),(44,'ctmobile.filterdetailswithcount','modules/CTMobile/api/wsapi.php','ctmobile_ws_filterDetailsWithCount','POST',0),(45,'ctmobile.listmodulerecords','modules/CTMobile/api/wsapi.php','ctmobile_ws_listModuleRecords','POST',0),(46,'ctmobile.saverecord','modules/CTMobile/api/wsapi.php','ctmobile_ws_saveRecord','POST',0),(47,'ctmobile.syncModuleRecords','modules/CTMobile/api/wsapi.php','ctmobile_ws_syncModuleRecords','POST',0),(48,'ctmobile.query','modules/CTMobile/api/wsapi.php','ctmobile_ws_query','POST',0),(49,'ctmobile.querywithgrouping','modules/CTMobile/api/wsapi.php','ctmobile_ws_queryWithGrouping','POST',0);

--
-- Table structure for table `vtiger_ws_operation_parameters`
--

CREATE TABLE `vtiger_ws_operation_parameters` (
  `operationid` int(11) NOT NULL AUTO_INCREMENT,
  `name` varchar(128) NOT NULL,
  `type` varchar(64) NOT NULL,
  `sequence` int(11) NOT NULL,
  PRIMARY KEY (`operationid`,`name`)
) ENGINE=InnoDB AUTO_INCREMENT=50 DEFAULT CHARSET=utf8 COLLATE=utf8_general_ci;

--
-- Dumping data for table `vtiger_ws_operation_parameters`
--

INSERT INTO `vtiger_ws_operation_parameters` VALUES (1,'accessKey','String',2),(1,'username','String',1),(2,'id','String',1),(3,'element','encoded',2),(3,'elementType','String',1),(4,'element','encoded',1),(5,'id','String',1),(6,'elementType','String',2),(6,'modifiedTime','DateTime',1),(7,'query','String',1),(8,'sessionName','String',1),(9,'fieldTypeList','encoded',1),(10,'username','String',1),(11,'elementType','String',1),(13,'element','encoded',1),(14,'element','Encoded',1),(15,'confirmPassword','String',4),(15,'id','String',1),(15,'newPassword','String',3),(15,'oldPassword','String',2),(16,'id','String',1),(16,'newOwnerId','String',2),(18,'alertid','string',1),(19,'module','string',1),(20,'record','string',1),(21,'record','string',1),(22,'filterid','string',1),(23,'elements','encoded',1),(24,'module','string',1),(24,'record','string',2),(24,'values','encoded',3),(25,'module','string',1),(25,'page','string',3),(25,'syncToken','string',2),(26,'module','string',1),(26,'page','string',3),(26,'query','string',2),(27,'module','string',1),(27,'page','string',3),(27,'query','string',2),(28,'synctype','string',2),(28,'type','string',1),(29,'key','string',2),(29,'type','string',1),(30,'key','string',1),(30,'module','string',2),(30,'token','string',3),(31,'element','encoded',2),(31,'key','string',1),(32,'element','encoded',2),(32,'key','string',1),(33,'id','String',1),(34,'elementType','string',1),(35,'id','string',1),(35,'relatedLabel','string',3),(35,'relatedType','string',2),(36,'id','string',2),(36,'query','string',1),(36,'relatedLabel','string',3),(37,'relatedRecordId','string',2),(37,'relationIdLabel','string',3),(37,'sourceRecordId','string',1),(38,'id','string',1),(40,'alertid','string',1),(41,'module','string',1),(42,'record','string',1),(43,'record','string',1),(44,'filterid','string',1),(45,'elements','encoded',1),(46,'module','string',1),(46,'record','string',2),(46,'values','encoded',3),(47,'module','string',1),(47,'page','string',3),(47,'syncToken','string',2),(48,'module','string',1),(48,'page','string',3),(48,'query','string',2),(49,'module','string',1),(49,'page','string',3),(49,'query','string',2);

--
-- Table structure for table `vtiger_ws_operation_seq`
--

CREATE TABLE `vtiger_ws_operation_seq` (
  `id` int(11) NOT NULL
) ENGINE=InnoDB DEFAULT CHARSET=utf8 COLLATE=utf8_general_ci;

--
-- Dumping data for table `vtiger_ws_operation_seq`
--

INSERT INTO `vtiger_ws_operation_seq` VALUES (49);

--
-- Table structure for table `vtiger_ws_referencetype`
--

CREATE TABLE `vtiger_ws_referencetype` (
  `fieldtypeid` int(19) NOT NULL,
  `type` varchar(25) NOT NULL,
  PRIMARY KEY (`fieldtypeid`,`type`),
  CONSTRAINT `fk_1_vtiger_referencetype` FOREIGN KEY (`fieldtypeid`) REFERENCES `vtiger_ws_fieldtype` (`fieldtypeid`) ON DELETE CASCADE
) ENGINE=InnoDB DEFAULT CHARSET=utf8 COLLATE=utf8_general_ci;

--
-- Dumping data for table `vtiger_ws_referencetype`
--

INSERT INTO `vtiger_ws_referencetype` VALUES (20,'Accounts'),(21,'Accounts'),(22,'Contacts'),(23,'Campaigns'),(24,'Accounts'),(25,'Vendors'),(26,'Potentials'),(27,'Quotes'),(28,'SalesOrder'),(29,'Vendors'),(30,'Users'),(31,'Users'),(32,'Accounts'),(32,'Contacts'),(32,'Leads'),(32,'Users'),(32,'Vendors'),(33,'Products'),(34,'Accounts'),(34,'Campaigns'),(34,'HelpDesk'),(34,'Invoice'),(34,'Leads'),(34,'Potentials'),(34,'PurchaseOrder'),(34,'Quotes'),(34,'SalesOrder'),(35,'Users'),(36,'Accounts'),(36,'Contacts'),(37,'Currency'),(38,'DocumentFolders');

--
-- Table structure for table `vtiger_ws_userauthtoken`
--

CREATE TABLE `vtiger_ws_userauthtoken` (
  `userid` int(19) NOT NULL,
  `token` varchar(36) NOT NULL,
  `expiretime` int(19) NOT NULL,
  PRIMARY KEY (`userid`,`expiretime`),
  UNIQUE KEY `userid_idx` (`userid`)
) ENGINE=InnoDB DEFAULT CHARSET=utf8 COLLATE=utf8_general_ci;

--
-- Dumping data for table `vtiger_ws_userauthtoken`
--


--
-- Table structure for table `vtiger_wsapp_handlerdetails`
--

CREATE TABLE `vtiger_wsapp_handlerdetails` (
  `type` varchar(200) NOT NULL,
  `handlerclass` varchar(100) DEFAULT NULL,
  `handlerpath` varchar(300) DEFAULT NULL
) ENGINE=InnoDB DEFAULT CHARSET=utf8 COLLATE=utf8_general_ci;

--
-- Dumping data for table `vtiger_wsapp_handlerdetails`
--

INSERT INTO `vtiger_wsapp_handlerdetails` VALUES ('Outlook','OutlookHandler','modules/WSAPP/Handlers/OutlookHandler.php'),('vtigerCRM','vtigerCRMHandler','modules/WSAPP/Handlers/vtigerCRMHandler.php'),('vtigerSyncLib','WSAPP_VtigerSyncEventHandler','modules/WSAPP/synclib/handlers/VtigerSyncEventHandler.php'),('Google_vtigerHandler','Google_Vtiger_Handler','modules/Google/handlers/Vtiger.php'),('Google_vtigerSyncHandler','Google_VtigerSync_Handler','modules/Google/handlers/VtigerSync.php');

--
-- Table structure for table `vtiger_wsapp_logs_basic`
--

CREATE TABLE `vtiger_wsapp_logs_basic` (
  `id` int(25) NOT NULL AUTO_INCREMENT,
  `extensiontabid` int(19) DEFAULT NULL,
  `module` varchar(50) NOT NULL,
  `sync_datetime` datetime NOT NULL,
  `app_create_count` int(11) DEFAULT NULL,
  `app_update_count` int(11) DEFAULT NULL,
  `app_delete_count` int(11) DEFAULT NULL,
  `app_skip_count` int(11) DEFAULT NULL,
  `vt_create_count` int(11) DEFAULT NULL,
  `vt_update_count` int(11) DEFAULT NULL,
  `vt_delete_count` int(11) DEFAULT NULL,
  `vt_skip_count` int(11) DEFAULT NULL,
  `userid` int(11) DEFAULT NULL,
  PRIMARY KEY (`id`)
) ENGINE=InnoDB DEFAULT CHARSET=utf8 COLLATE=utf8_general_ci;

--
-- Dumping data for table `vtiger_wsapp_logs_basic`
--


--
-- Table structure for table `vtiger_wsapp_logs_details`
--

CREATE TABLE `vtiger_wsapp_logs_details` (
  `id` int(25) NOT NULL,
  `app_create_ids` mediumtext DEFAULT NULL,
  `app_update_ids` mediumtext DEFAULT NULL,
  `app_delete_ids` mediumtext DEFAULT NULL,
  `app_skip_info` mediumtext DEFAULT NULL,
  `vt_create_ids` mediumtext DEFAULT NULL,
  `vt_update_ids` mediumtext DEFAULT NULL,
  `vt_delete_ids` mediumtext DEFAULT NULL,
  `vt_skip_info` mediumtext DEFAULT NULL,
  KEY `vtiger_wsapp_logs_basic_ibfk_1` (`id`),
  CONSTRAINT `vtiger_wsapp_logs_basic_ibfk_1` FOREIGN KEY (`id`) REFERENCES `vtiger_wsapp_logs_basic` (`id`) ON DELETE CASCADE
) ENGINE=InnoDB DEFAULT CHARSET=utf8 COLLATE=utf8_general_ci;

--
-- Dumping data for table `vtiger_wsapp_logs_details`
--


--
-- Table structure for table `vtiger_wsapp_queuerecords`
--

CREATE TABLE `vtiger_wsapp_queuerecords` (
  `syncserverid` int(19) DEFAULT NULL,
  `details` varchar(300) DEFAULT NULL,
  `flag` varchar(100) DEFAULT NULL,
  `appid` int(19) DEFAULT NULL
) ENGINE=InnoDB DEFAULT CHARSET=utf8 COLLATE=utf8_general_ci;

--
-- Dumping data for table `vtiger_wsapp_queuerecords`
--


--
-- Table structure for table `vtiger_wsapp_recordmapping`
--

CREATE TABLE `vtiger_wsapp_recordmapping` (
  `id` int(19) NOT NULL AUTO_INCREMENT,
  `serverid` varchar(10) DEFAULT NULL,
  `clientid` varchar(255) DEFAULT NULL,
  `clientmodifiedtime` datetime DEFAULT NULL,
  `appid` int(11) DEFAULT NULL,
  `servermodifiedtime` datetime DEFAULT NULL,
  `serverappid` int(11) DEFAULT NULL,
  PRIMARY KEY (`id`)
) ENGINE=InnoDB DEFAULT CHARSET=utf8 COLLATE=utf8_general_ci;

--
-- Dumping data for table `vtiger_wsapp_recordmapping`
--


--
-- Table structure for table `vtiger_wsapp_sync_state`
--

CREATE TABLE `vtiger_wsapp_sync_state` (
  `id` int(19) NOT NULL AUTO_INCREMENT,
  `name` varchar(200) DEFAULT NULL,
  `stateencodedvalues` varchar(300) NOT NULL,
  `userid` int(19) DEFAULT NULL,
  PRIMARY KEY (`id`)
) ENGINE=InnoDB DEFAULT CHARSET=utf8 COLLATE=utf8_general_ci;

--
-- Dumping data for table `vtiger_wsapp_sync_state`
--


--
-- Table structure for table `whatsappbot_pre_que`
--

CREATE TABLE `whatsappbot_pre_que` (
  `preque` int(11) DEFAULT NULL,
  `prebotid` int(11) DEFAULT NULL,
  `prequemobilenumber` varchar(55) CHARACTER SET utf8 COLLATE utf8_general_ci DEFAULT NULL,
  `manualtransfer` int(3) DEFAULT NULL,
  `manualdatetime` datetime DEFAULT NULL,
  `idealdatetime` datetime DEFAULT NULL
) ENGINE=InnoDB DEFAULT CHARSET=latin1 COLLATE=latin1_swedish_ci;

--
-- Dumping data for table `whatsappbot_pre_que`
--



