-- Table structure for table `vtiger_contactdetails`
--

CREATE TABLE `vtiger_contactdetails` (
  `contactid` int(19) NOT NULL DEFAULT 0,
  `contact_no` varchar(100) NOT NULL,
  `accountid` int(19) DEFAULT NULL,
  `salutation` varchar(200) DEFAULT NULL,
  `firstname` varchar(40) DEFAULT NULL,
  `lastname` varchar(80) NOT NULL,
  `email` varchar(100) DEFAULT NULL,
  `phone` varchar(50) DEFAULT NULL,
  `mobile` varchar(50) DEFAULT NULL,
  `title` varchar(50) DEFAULT NULL,
  `department` varchar(30) DEFAULT NULL,
  `fax` varchar(50) DEFAULT NULL,
  `reportsto` varchar(30) DEFAULT NULL,
  `training` varchar(50) DEFAULT NULL,
  `usertype` varchar(50) DEFAULT NULL,
  `contacttype` varchar(50) DEFAULT NULL,
  `otheremail` varchar(100) DEFAULT NULL,
  `secondaryemail` varchar(100) DEFAULT NULL,
  `donotcall` varchar(3) DEFAULT NULL,
  `emailoptout` varchar(3) DEFAULT '0',
  `imagename` varchar(150) DEFAULT NULL,
  `reference` varchar(3) DEFAULT NULL,
  `notify_owner` varchar(3) DEFAULT '0',
  `isconvertedfromlead` varchar(3) DEFAULT '0',
  `tags` varchar(1) DEFAULT NULL,
  `lb_whatsappcontact` text DEFAULT NULL,
  `lb_dnicontact` text DEFAULT NULL,
  `lb_skypecontact` text DEFAULT NULL,
  `lb_departmentcontact` text DEFAULT NULL,
  `lb_ticketpromediocontact` decimal(25,8) DEFAULT NULL,
  `lb_compraacumuladacontact` decimal(25,8) DEFAULT NULL,
  `lb_ultimacompracontact` date DEFAULT NULL,
  `lb_frecuenciadecompracontact` int(50) DEFAULT NULL,
  `lb_sexocontact` text DEFAULT NULL,
  `lb_origendeprospectocontact` text DEFAULT NULL,
  `lb_kenjinkai` text DEFAULT NULL,
  `lb_estadocivil` text DEFAULT NULL,
  `lb_edadcontact` int(50) DEFAULT NULL,
  `lb_kenjikaidelamadre` text DEFAULT NULL,
  `lb_perfilcontact` text DEFAULT NULL,
  `lb_aceptodatoper` text DEFAULT NULL,
  `lb_mediodeaceptacion` text DEFAULT NULL,
  `lb_fechadeaceptacion` date DEFAULT NULL,
  PRIMARY KEY (`contactid`),
  KEY `contactdetails_accountid_idx` (`accountid`),
  KEY `email_idx` (`email`),
  CONSTRAINT `fk_1_vtiger_contactdetails` FOREIGN KEY (`contactid`) REFERENCES `vtiger_crmentity` (`crmid`) ON DELETE CASCADE
) ENGINE=InnoDB DEFAULT CHARSET=utf8 COLLATE=utf8_general_ci;

--
-- Dumping data for table `vtiger_contactdetails`
--

INSERT INTO `vtiger_contactdetails` VALUES (107,'CON1',2,'','Juan','Perez','gventas@zapler.com','999999001','','','','','0',NULL,NULL,NULL,NULL,'','0','0','','0','0','0','',NULL,NULL,NULL,NULL,NULL,NULL,NULL,NULL,NULL,NULL,NULL,NULL,NULL,NULL,NULL,NULL,NULL,NULL),(108,'CON2',3,'','Oscar','Sanchez','osanchez@refineriala.com.pe','999999002','','','','','0',NULL,NULL,NULL,NULL,'','0','0','','0','0','0','',NULL,NULL,NULL,NULL,NULL,NULL,NULL,NULL,NULL,NULL,NULL,NULL,NULL,NULL,NULL,NULL,NULL,NULL),(109,'CON3',4,'','Javier','Rodriguez','jrodriguez@southernper.com.pe','999999003','','','','','0',NULL,NULL,NULL,NULL,'','0','0','','0','0','0','',NULL,NULL,NULL,NULL,NULL,NULL,NULL,NULL,NULL,NULL,NULL,NULL,NULL,NULL,NULL,NULL,NULL,NULL),(110,'CON4',5,'','Hugo','Perez','hperez@minerayanac.com.pe','999999004','','','','','0',NULL,NULL,NULL,NULL,'','0','0','','0','0','0','',NULL,NULL,NULL,NULL,NULL,NULL,NULL,NULL,NULL,NULL,NULL,NULL,NULL,NULL,NULL,NULL,NULL,NULL),(111,'CON5',6,'','Francisco','Diaz','fdiaz@cia.minera.com.pe','999999005','','','','','0',NULL,NULL,NULL,NULL,'','0','0','','0','0','0','',NULL,NULL,NULL,NULL,NULL,NULL,NULL,NULL,NULL,NULL,NULL,NULL,NULL,NULL,NULL,NULL,NULL,NULL),(112,'CON6',7,'','Daniel','Polo','dpolo@sociedadmin.com.pe','999999006','','','','','0',NULL,NULL,NULL,NULL,'','0','0','','0','0','0','',NULL,NULL,NULL,NULL,NULL,NULL,NULL,NULL,NULL,NULL,NULL,NULL,NULL,NULL,NULL,NULL,NULL,NULL),(113,'CON7',8,'','Manuel','Manzanares','mmanzanares@bancodecre.com.pe','999999007','','','','','0',NULL,NULL,NULL,NULL,'','0','0','','0','0','0','',NULL,NULL,NULL,NULL,NULL,NULL,NULL,NULL,NULL,NULL,NULL,NULL,NULL,NULL,NULL,NULL,NULL,NULL),(114,'CON8',9,'','Jose','Rodriguez','jrodriguez@segurosocia.com.pe','999999008','','','','','0',NULL,NULL,NULL,NULL,'','0','0','','0','0','0','',NULL,NULL,NULL,NULL,NULL,NULL,NULL,NULL,NULL,NULL,NULL,NULL,NULL,NULL,NULL,NULL,NULL,NULL),(115,'CON9',10,'','Jorge','Rojas','jrojas@telefonicad.com.pe','999999009','','','','','0',NULL,NULL,NULL,NULL,'','0','0','','0','0','0','',NULL,NULL,NULL,NULL,NULL,NULL,NULL,NULL,NULL,NULL,NULL,NULL,NULL,NULL,NULL,NULL,NULL,NULL),(116,'CON10',11,'','Sandro','Mendez','smendez@minerabarri.com.pe','999999010','','','','','0',NULL,NULL,NULL,NULL,'','0','0','','0','0','0','',NULL,NULL,NULL,NULL,NULL,NULL,NULL,NULL,NULL,NULL,NULL,NULL,NULL,NULL,NULL,NULL,NULL,NULL),(117,'CON11',12,'','Eduardo','Pacheco','epacheco@consorciomi.com.pe','999999011','','','','','0',NULL,NULL,NULL,NULL,'','0','0','','0','0','0','',NULL,NULL,NULL,NULL,NULL,NULL,NULL,NULL,NULL,NULL,NULL,NULL,NULL,NULL,NULL,NULL,NULL,NULL),(118,'CON12',13,'','Christian','De la Cruz','cdelacruz@bancocentra.com.pe','999999012','','','','','0',NULL,NULL,NULL,NULL,'','0','0','','0','0','0','',NULL,NULL,NULL,NULL,NULL,NULL,NULL,NULL,NULL,NULL,NULL,NULL,NULL,NULL,NULL,NULL,NULL,NULL),(119,'CON13',14,'','Maria','Hernandez','mhernandez@bancocontin.com.pe','999999013','','','','','0',NULL,NULL,NULL,NULL,'','0','0','','0','0','0','',NULL,NULL,NULL,NULL,NULL,NULL,NULL,NULL,NULL,NULL,NULL,NULL,NULL,NULL,NULL,NULL,NULL,NULL),(120,'CON14',15,'','Alejandro','Corrales','acorrales@telefonicam.com.pe','999999014','','','','','0',NULL,NULL,NULL,NULL,'','0','0','','0','0','0','',NULL,NULL,NULL,NULL,NULL,NULL,NULL,NULL,NULL,NULL,NULL,NULL,NULL,NULL,NULL,NULL,NULL,NULL),(121,'CON15',16,'','Brenda','Diaz','bdiaz@perupetros..com.pe','999999015','','','','','0',NULL,NULL,NULL,NULL,'','0','0','','0','0','0','',NULL,NULL,NULL,NULL,NULL,NULL,NULL,NULL,NULL,NULL,NULL,NULL,NULL,NULL,NULL,NULL,NULL,NULL),(122,'CON16',17,'','Carolina','Marcenaro','cmarcenaro@alicorps.a..com.pe','999999016','','','','','0',NULL,NULL,NULL,NULL,'','0','0','','0','0','0','',NULL,NULL,NULL,NULL,NULL,NULL,NULL,NULL,NULL,NULL,NULL,NULL,NULL,NULL,NULL,NULL,NULL,NULL),(123,'CON17',18,'','Dante','Solis','dsolis@uniondecer.com.pe','999999017','','','','','0',NULL,NULL,NULL,NULL,'','0','0','','0','0','0','',NULL,NULL,NULL,NULL,NULL,NULL,NULL,NULL,NULL,NULL,NULL,NULL,NULL,NULL,NULL,NULL,NULL,NULL),(124,'CON18',19,'','Federico','Foppiano','ffoppiano@repsolcomer.com.pe','999999018','','','','','0',NULL,NULL,NULL,NULL,'','0','0','','0','0','0','',NULL,NULL,NULL,NULL,NULL,NULL,NULL,NULL,NULL,NULL,NULL,NULL,NULL,NULL,NULL,NULL,NULL,NULL),(125,'CON19',20,'','Guillermo','Rojas','grojas@peruanadec.com.pe','999999019','','','','','0',NULL,NULL,NULL,NULL,'','0','0','','0','0','0','',NULL,NULL,NULL,NULL,NULL,NULL,NULL,NULL,NULL,NULL,NULL,NULL,NULL,NULL,NULL,NULL,NULL,NULL),(126,'CON20',21,'','Hernan','Campos','hcampos@primaxs.a..com.pe','999999020','','','','','0',NULL,NULL,NULL,NULL,'','0','0','','0','0','0','',NULL,NULL,NULL,NULL,NULL,NULL,NULL,NULL,NULL,NULL,NULL,NULL,NULL,NULL,NULL,NULL,NULL,NULL),(127,'CON21',22,'','Juan','Allemant','jallemant@bancointern.com.pe','999999021','','','','','0',NULL,NULL,NULL,NULL,'','0','0','','0','0','0','',NULL,NULL,NULL,NULL,NULL,NULL,NULL,NULL,NULL,NULL,NULL,NULL,NULL,NULL,NULL,NULL,NULL,NULL),(128,'CON22',23,'','Karla','Villanes','kvillanes@scotiabankp.com.pe','999999022','','','','','0',NULL,NULL,NULL,NULL,'','0','0','','0','0','0','',NULL,NULL,NULL,NULL,NULL,NULL,NULL,NULL,NULL,NULL,NULL,NULL,NULL,NULL,NULL,NULL,NULL,NULL),(129,'CON23',24,'','Liliana','Galvez','lgalvez@americamovi.com.pe','999999023','','','','','0',NULL,NULL,NULL,NULL,'','0','0','','0','0','0','',NULL,NULL,NULL,NULL,NULL,NULL,NULL,NULL,NULL,NULL,NULL,NULL,NULL,NULL,NULL,NULL,NULL,NULL),(130,'CON24',25,'','Miluska','Quezada','mquezada@hipermercado.com.pe','999999024','','','','','0',NULL,NULL,NULL,NULL,'','0','0','','0','0','0','',NULL,NULL,NULL,NULL,NULL,NULL,NULL,NULL,NULL,NULL,NULL,NULL,NULL,NULL,NULL,NULL,NULL,NULL),(131,'CON25',26,'','Nancy','Pardo','npardo@procesadora.com.pe','999999025','','','','','0',NULL,NULL,NULL,NULL,'','0','0','','0','0','0','',NULL,NULL,NULL,NULL,NULL,NULL,NULL,NULL,NULL,NULL,NULL,NULL,NULL,NULL,NULL,NULL,NULL,NULL),(132,'CON26',27,'','Omar','Villanueva','ovillanueva@supermercado.com.pe','999999026','','','','','0',NULL,NULL,NULL,NULL,'','0','0','','0','0','0','',NULL,NULL,NULL,NULL,NULL,NULL,NULL,NULL,NULL,NULL,NULL,NULL,NULL,NULL,NULL,NULL,NULL,NULL),(133,'CON27',28,'','Patricia','Naranjo','pnaranjo@glorias.a..com.pe','999999027','','','','','0',NULL,NULL,NULL,NULL,'','0','0','','0','0','0','',NULL,NULL,NULL,NULL,NULL,NULL,NULL,NULL,NULL,NULL,NULL,NULL,NULL,NULL,NULL,NULL,NULL,NULL),(134,'CON28',29,'','Joaquin','Cruz','jcruz@rimacintern.com.pe','999999028','','','','','0',NULL,NULL,NULL,NULL,'','0','0','','0','0','0','',NULL,NULL,NULL,NULL,NULL,NULL,NULL,NULL,NULL,NULL,NULL,NULL,NULL,NULL,NULL,NULL,NULL,NULL),(135,'CON29',30,'','Renzo','Escobedo','rescobedo@pluspetrolp.com.pe','999999029','','','','','0',NULL,NULL,NULL,NULL,'','0','0','','0','0','0','',NULL,NULL,NULL,NULL,NULL,NULL,NULL,NULL,NULL,NULL,NULL,NULL,NULL,NULL,NULL,NULL,NULL,NULL),(136,'CON30',31,'','Samuel','Valderrama','oscarsc@hotmail.com','999999030','','','','','0',NULL,NULL,NULL,NULL,'','0','0','','0','0','0','',NULL,NULL,NULL,NULL,NULL,NULL,NULL,NULL,NULL,NULL,NULL,NULL,NULL,NULL,NULL,NULL,NULL,NULL),(137,'CON31',32,'','Victor','Gutierrez','vgutierrez@a.ys.s.a..com.pe','999999031','','','','','0',NULL,NULL,NULL,NULL,'','0','0','','0','0','0','',NULL,NULL,NULL,NULL,NULL,NULL,NULL,NULL,NULL,NULL,NULL,NULL,NULL,NULL,NULL,NULL,NULL,NULL),(138,'CON32',33,'','Wilbert','Zapata','wzapata@corporacion.com.pe','999999032','','','','','0',NULL,NULL,NULL,NULL,'','0','0','','0','0','0','',NULL,NULL,NULL,NULL,NULL,NULL,NULL,NULL,NULL,NULL,NULL,NULL,NULL,NULL,NULL,NULL,NULL,NULL),(139,'CON33',34,'','Xavier','Barrantes','xbarrantes@luzdelsur.com.pe','999999033','','','','','0',NULL,NULL,NULL,NULL,'','0','0','','0','0','0','',NULL,NULL,NULL,NULL,NULL,NULL,NULL,NULL,NULL,NULL,NULL,NULL,NULL,NULL,NULL,NULL,NULL,NULL),(140,'CON34',35,'','Ivan','Barron','ibarron@empresaded.com.pe','999999034','','','','','0',NULL,NULL,NULL,NULL,'','0','0','','0','0','0','',NULL,NULL,NULL,NULL,NULL,NULL,NULL,NULL,NULL,NULL,NULL,NULL,NULL,NULL,NULL,NULL,NULL,NULL),(141,'CON35',36,'','Ana','Fernandez','afernandez@saviaperus.com.pe','999999035','','','','','0',NULL,NULL,NULL,NULL,'','0','0','','0','0','0','',NULL,NULL,NULL,NULL,NULL,NULL,NULL,NULL,NULL,NULL,NULL,NULL,NULL,NULL,NULL,NULL,NULL,NULL),(142,'CON36',37,'','Carlos','Arellano','carellano@sagafalabel.com.pe','999999036','','','','','0',NULL,NULL,NULL,NULL,'','0','0','','0','0','0','',NULL,NULL,NULL,NULL,NULL,NULL,NULL,NULL,NULL,NULL,NULL,NULL,NULL,NULL,NULL,NULL,NULL,NULL),(143,'CON37',38,'','Diego','Hurtado','dhurtado@universalme.com.pe','999999037','','','','','0',NULL,NULL,NULL,NULL,'','0','0','','0','0','0','',NULL,NULL,NULL,NULL,NULL,NULL,NULL,NULL,NULL,NULL,NULL,NULL,NULL,NULL,NULL,NULL,NULL,NULL),(144,'CON38',39,'','Frank','Paez','fpaez@volcancia..com.pe','999999038','','','','','0',NULL,NULL,NULL,NULL,'','0','0','','0','0','0','',NULL,NULL,NULL,NULL,NULL,NULL,NULL,NULL,NULL,NULL,NULL,NULL,NULL,NULL,NULL,NULL,NULL,NULL),(145,'CON39',40,'','German','Zevallos','gzevallos@bancodela.com.pe','999999039','','','','','0',NULL,NULL,NULL,NULL,'','0','0','','0','0','0','',NULL,NULL,NULL,NULL,NULL,NULL,NULL,NULL,NULL,NULL,NULL,NULL,NULL,NULL,NULL,NULL,NULL,NULL),(146,'CON40',41,'','Horacio','Benavente','hbenavente@minsurs.a..com.pe','999999040','','','','','0',NULL,NULL,NULL,NULL,'','0','0','','0','0','0','',NULL,NULL,NULL,NULL,NULL,NULL,NULL,NULL,NULL,NULL,NULL,NULL,NULL,NULL,NULL,NULL,NULL,NULL),(147,'CON41',42,'','Oscar','Santa Cruz','osantacruz@g.ym.s.a..com.pe','999999041','','','','','0',NULL,NULL,NULL,NULL,'','0','0','','0','0','0','',NULL,NULL,NULL,NULL,NULL,NULL,NULL,NULL,NULL,NULL,NULL,NULL,NULL,NULL,NULL,NULL,NULL,NULL),(148,'CON42',43,'','David','Lituma','dlituma@corporacion.com.pe','999999042','','','','','0',NULL,NULL,NULL,NULL,'','0','0','','0','0','0','',NULL,NULL,NULL,NULL,NULL,NULL,NULL,NULL,NULL,NULL,NULL,NULL,NULL,NULL,NULL,NULL,NULL,NULL),(149,'CON43',44,'','Augusto','Cevasco','acevasco@superintende.com.pe','999999043','','','','','0',NULL,NULL,NULL,NULL,'','0','0','','0','0','0','',NULL,NULL,NULL,NULL,NULL,NULL,NULL,NULL,NULL,NULL,NULL,NULL,NULL,NULL,NULL,NULL,NULL,NULL),(150,'CON44',45,'','Alberto','Lima','alima@sanfernando.com.pe','999999044','','','','','0',NULL,NULL,NULL,NULL,'','0','0','','0','0','0','',NULL,NULL,NULL,NULL,NULL,NULL,NULL,NULL,NULL,NULL,NULL,NULL,NULL,NULL,NULL,NULL,NULL,NULL),(151,'CON45',46,'','Adrian','Ramos','aramos@tecnologica.com.pe','999999045','','','','','0',NULL,NULL,NULL,NULL,'','0','0','','0','0','0','',NULL,NULL,NULL,NULL,NULL,NULL,NULL,NULL,NULL,NULL,NULL,NULL,NULL,NULL,NULL,NULL,NULL,NULL),(152,'CON46',47,'','Adriana','Velasquez','avelasquez@cia.demina.com.pe','999999046','','','','','0',NULL,NULL,NULL,NULL,'','0','0','','0','0','0','',NULL,NULL,NULL,NULL,NULL,NULL,NULL,NULL,NULL,NULL,NULL,NULL,NULL,NULL,NULL,NULL,NULL,NULL),(153,'CON47',48,'','Marco','Cuenca','mcuenca@tiendaspor.com.pe','999999047','','','','','0',NULL,NULL,NULL,NULL,'','0','0','','0','0','0','',NULL,NULL,NULL,NULL,NULL,NULL,NULL,NULL,NULL,NULL,NULL,NULL,NULL,NULL,NULL,NULL,NULL,NULL),(154,'CON48',49,'','Percy','Ramirez','pramirez@empresaside.com.pe','999999048','','','','','0',NULL,NULL,NULL,NULL,'','0','0','','0','0','0','',NULL,NULL,NULL,NULL,NULL,NULL,NULL,NULL,NULL,NULL,NULL,NULL,NULL,NULL,NULL,NULL,NULL,NULL),(155,'CON49',50,'','Antonio','Abad','aabad@hipermercado.com.pe','999999049','','','','','0',NULL,NULL,NULL,NULL,'','0','0','','0','0','0','',NULL,NULL,NULL,NULL,NULL,NULL,NULL,NULL,NULL,NULL,NULL,NULL,NULL,NULL,NULL,NULL,NULL,NULL),(156,'CON50',51,'','Gianina','Inurritegui','ginurritegui@empresaelec.com.pe','999999050','','','','','0',NULL,NULL,NULL,NULL,'','0','0','','0','0','0','',NULL,NULL,NULL,NULL,NULL,NULL,NULL,NULL,NULL,NULL,NULL,NULL,NULL,NULL,NULL,NULL,NULL,NULL),(157,'CON51',52,'','Cesar','Machado','cmachado@e.wongs.a..com.pe','999999051','','','','','0',NULL,NULL,NULL,NULL,'','0','0','','0','0','0','',NULL,NULL,NULL,NULL,NULL,NULL,NULL,NULL,NULL,NULL,NULL,NULL,NULL,NULL,NULL,NULL,NULL,NULL),(158,'CON52',53,'','Silvia','Canales','scanales@huntoilcom.com.pe','999999052','','','','','0',NULL,NULL,NULL,NULL,'','0','0','','0','0','0','',NULL,NULL,NULL,NULL,NULL,NULL,NULL,NULL,NULL,NULL,NULL,NULL,NULL,NULL,NULL,NULL,NULL,NULL),(159,'CON53',54,'','Paola','Leon','pleon@peruanadep.com.pe','999999053','','','','','0',NULL,NULL,NULL,NULL,'','0','0','','0','0','0','',NULL,NULL,NULL,NULL,NULL,NULL,NULL,NULL,NULL,NULL,NULL,NULL,NULL,NULL,NULL,NULL,NULL,NULL),(160,'CON54',55,'','Silvana','Jayo','sjayo@quimicasuiz.com.pe','999999054','','','','','0',NULL,NULL,NULL,NULL,'','0','0','','0','0','0','',NULL,NULL,NULL,NULL,NULL,NULL,NULL,NULL,NULL,NULL,NULL,NULL,NULL,NULL,NULL,NULL,NULL,NULL),(161,'CON55',56,'','Luis','Miyagi','lmiyagi@enersurs.a..com.pe','999999055','','','','','0',NULL,NULL,NULL,NULL,'','0','0','','0','0','0','',NULL,NULL,NULL,NULL,NULL,NULL,NULL,NULL,NULL,NULL,NULL,NULL,NULL,NULL,NULL,NULL,NULL,NULL),(162,'CON56',57,'','Hans','Medina','hmedina@oricachemic.com.pe','999999056','','','','','0',NULL,NULL,NULL,NULL,'','0','0','','0','0','0','',NULL,NULL,NULL,NULL,NULL,NULL,NULL,NULL,NULL,NULL,NULL,NULL,NULL,NULL,NULL,NULL,NULL,NULL),(163,'CON57',58,'','Gregorio','de la Torre','gdelatorre@serviciode.com.pe','999999057','','','','','0',NULL,NULL,NULL,NULL,'','0','0','','0','0','0','',NULL,NULL,NULL,NULL,NULL,NULL,NULL,NULL,NULL,NULL,NULL,NULL,NULL,NULL,NULL,NULL,NULL,NULL),(164,'CON58',59,'','Silvia','Perez','sperez@toyotadelp.com.pe','999999058','','','','','0',NULL,NULL,NULL,NULL,'','0','0','','0','0','0','',NULL,NULL,NULL,NULL,NULL,NULL,NULL,NULL,NULL,NULL,NULL,NULL,NULL,NULL,NULL,NULL,NULL,NULL),(165,'CON59',60,'','Paola','Sanchez','psanchez@doerunperu.com.pe','999999059','','','','','0',NULL,NULL,NULL,NULL,'','0','0','','0','0','0','',NULL,NULL,NULL,NULL,NULL,NULL,NULL,NULL,NULL,NULL,NULL,NULL,NULL,NULL,NULL,NULL,NULL,NULL),(166,'CON60',61,'','Silvana','Rodriguez','srodriguez@nestleperu.com.pe','999999060','','','','','0',NULL,NULL,NULL,NULL,'','0','0','','0','0','0','',NULL,NULL,NULL,NULL,NULL,NULL,NULL,NULL,NULL,NULL,NULL,NULL,NULL,NULL,NULL,NULL,NULL,NULL),(167,'CON61',62,'','Luis','Perez','lperez@elpacifico.com.pe','999999061','','','','','0',NULL,NULL,NULL,NULL,'','0','0','','0','0','0','',NULL,NULL,NULL,NULL,NULL,NULL,NULL,NULL,NULL,NULL,NULL,NULL,NULL,NULL,NULL,NULL,NULL,NULL),(168,'CON62',63,'','Hans','Diaz','hdiaz@conirsas.a..com.pe','999999062','','','','','0',NULL,NULL,NULL,NULL,'','0','0','','0','0','0','',NULL,NULL,NULL,NULL,NULL,NULL,NULL,NULL,NULL,NULL,NULL,NULL,NULL,NULL,NULL,NULL,NULL,NULL),(169,'CON63',64,'','Gregorio','Polo','gpolo@pluspetroln.com.pe','999999063','','','','','0',NULL,NULL,NULL,NULL,'','0','0','','0','0','0','',NULL,NULL,NULL,NULL,NULL,NULL,NULL,NULL,NULL,NULL,NULL,NULL,NULL,NULL,NULL,NULL,NULL,NULL),(170,'CON64',65,'','Adriana','Barrantes','abarrantes@deprodecas.com.pe','34644263345','34644263345','','','','0',NULL,NULL,NULL,NULL,'','0','0','','0','0','0','','34644263345',NULL,NULL,NULL,0.00000000,0.00000000,NULL,NULL,NULL,NULL,NULL,NULL,NULL,NULL,NULL,NULL,NULL,NULL),(171,'CON65',66,'','Marco','Barron','mbarron@edegels.a.a.com.pe','999999065','','','','','0',NULL,NULL,NULL,NULL,'','0','0','','0','0','0','',NULL,NULL,NULL,NULL,NULL,NULL,NULL,NULL,NULL,NULL,NULL,NULL,NULL,NULL,NULL,NULL,NULL,NULL),(172,'CON66',67,'','Percy','Fernandez','pfernandez@lanperus.a.com.pe','999999066','','','','','0',NULL,NULL,NULL,NULL,'','0','0','','0','0','0','',NULL,NULL,NULL,NULL,NULL,NULL,NULL,NULL,NULL,NULL,NULL,NULL,NULL,NULL,NULL,NULL,NULL,NULL),(173,'CON67',68,'','Antonio','Arellano','aarellano@goldfields.com.pe','999999067','','','','','0',NULL,NULL,NULL,NULL,'','0','0','','0','0','0','',NULL,NULL,NULL,NULL,NULL,NULL,NULL,NULL,NULL,NULL,NULL,NULL,NULL,NULL,NULL,NULL,NULL,NULL),(174,'CON68',69,'','Gianina','Hurtado','ghurtado@koriperus..com.pe','999999068','','','','','0',NULL,NULL,NULL,NULL,'','0','0','','0','0','0','',NULL,NULL,NULL,NULL,NULL,NULL,NULL,NULL,NULL,NULL,NULL,NULL,NULL,NULL,NULL,NULL,NULL,NULL),(175,'CON69',70,'','Cesar','Paez','cpaez@procter&ga.com.pe','999999069','','','','','0',NULL,NULL,NULL,NULL,'','0','0','','0','0','0','',NULL,NULL,NULL,NULL,NULL,NULL,NULL,NULL,NULL,NULL,NULL,NULL,NULL,NULL,NULL,NULL,NULL,NULL),(176,'CON70',71,'','Horacio','De la Cruz','hdelacruz@eckerdperu.com.pe','999999070','','','','','0',NULL,NULL,NULL,NULL,'','0','0','','0','0','0','',NULL,NULL,NULL,NULL,NULL,NULL,NULL,NULL,NULL,NULL,NULL,NULL,NULL,NULL,NULL,NULL,NULL,NULL),(177,'CON71',72,'','Oscar','Hernandez','ohernandez@techints.a..com.pe','999999071','','','','','0',NULL,NULL,NULL,NULL,'','0','0','','0','0','0','',NULL,NULL,NULL,NULL,NULL,NULL,NULL,NULL,NULL,NULL,NULL,NULL,NULL,NULL,NULL,NULL,NULL,NULL),(178,'CON72',73,'','David','Corrales','dcorrales@petrobrasen.com.pe','999999072','','','','','0',NULL,NULL,NULL,NULL,'','0','0','','0','0','0','',NULL,NULL,NULL,NULL,NULL,NULL,NULL,NULL,NULL,NULL,NULL,NULL,NULL,NULL,NULL,NULL,NULL,NULL),(179,'CON73',74,'','Augusto','Diaz','adiaz@cia.minera.com.pe','999999073','','','','','0',NULL,NULL,NULL,NULL,'','0','0','','0','0','0','',NULL,NULL,NULL,NULL,NULL,NULL,NULL,NULL,NULL,NULL,NULL,NULL,NULL,NULL,NULL,NULL,NULL,NULL),(180,'CON74',75,'','Alberto','Marcenaro','amarcenaro@cementoslim.com.pe','999999074','','','','','0',NULL,NULL,NULL,NULL,'','0','0','','0','0','0','',NULL,NULL,NULL,NULL,NULL,NULL,NULL,NULL,NULL,NULL,NULL,NULL,NULL,NULL,NULL,NULL,NULL,NULL),(181,'CON75',76,'','Adrian','Solis','asolis@shouganghie.com.pe','999999075','','','','','0',NULL,NULL,NULL,NULL,'','0','0','','0','0','0','',NULL,NULL,NULL,NULL,NULL,NULL,NULL,NULL,NULL,NULL,NULL,NULL,NULL,NULL,NULL,NULL,NULL,NULL),(182,'CON76',77,'','Ivan','Aservi','iaservi@cbiperuana.com.pe','999999076','','','','','0',NULL,NULL,NULL,NULL,'','0','0','','0','0','0','',NULL,NULL,NULL,NULL,NULL,NULL,NULL,NULL,NULL,NULL,NULL,NULL,NULL,NULL,NULL,NULL,NULL,NULL),(183,'CON77',78,'','Ana','Regalado','aregalado@mibancobanc.com.pe','999999077','','','','','0',NULL,NULL,NULL,NULL,'','0','0','','0','0','0','',NULL,NULL,NULL,NULL,NULL,NULL,NULL,NULL,NULL,NULL,NULL,NULL,NULL,NULL,NULL,NULL,NULL,NULL),(184,'CON78',79,'','Carlos','Salazar','csalazar@repsolypfc.com.pe','999999078','','','','','0',NULL,NULL,NULL,NULL,'','0','0','','0','0','0','',NULL,NULL,NULL,NULL,NULL,NULL,NULL,NULL,NULL,NULL,NULL,NULL,NULL,NULL,NULL,NULL,NULL,NULL),(185,'CON79',80,'','Diego','Zuniga','dzuniga@transportado.com.pe','999999079','','','','','0',NULL,NULL,NULL,NULL,'','0','0','','0','0','0','',NULL,NULL,NULL,NULL,NULL,NULL,NULL,NULL,NULL,NULL,NULL,NULL,NULL,NULL,NULL,NULL,NULL,NULL),(186,'CON80',81,'','Frank','Pachas','fpachas@fondonacion.com.pe','999999080','','','','','0',NULL,NULL,NULL,NULL,'','0','0','','0','0','0','',NULL,NULL,NULL,NULL,NULL,NULL,NULL,NULL,NULL,NULL,NULL,NULL,NULL,NULL,NULL,NULL,NULL,NULL),(187,'CON81',82,'','German','Montes','gmontes@nexteldelp.com.pe','999999081','','','','','0',NULL,NULL,NULL,NULL,'','0','0','','0','0','0','',NULL,NULL,NULL,NULL,NULL,NULL,NULL,NULL,NULL,NULL,NULL,NULL,NULL,NULL,NULL,NULL,NULL,NULL),(188,'CON82',83,'','Joaquin','Segura','jsegura@cia.minera.com.pe','999999082','','','','','0',NULL,NULL,NULL,NULL,'','0','0','','0','0','0','',NULL,NULL,NULL,NULL,NULL,NULL,NULL,NULL,NULL,NULL,NULL,NULL,NULL,NULL,NULL,NULL,NULL,NULL),(189,'CON83',84,'','Renzo','Reyna','rreyna@manuperuho.com.pe','999999083','','','','','0',NULL,NULL,NULL,NULL,'','0','0','','0','0','0','',NULL,NULL,NULL,NULL,NULL,NULL,NULL,NULL,NULL,NULL,NULL,NULL,NULL,NULL,NULL,NULL,NULL,NULL),(190,'CON84',85,'','Samuel','Ruiz','sruiz@l.g.electr.com.pe','999999084','','','','','0',NULL,NULL,NULL,NULL,'','0','0','','0','0','0','',NULL,NULL,NULL,NULL,NULL,NULL,NULL,NULL,NULL,NULL,NULL,NULL,NULL,NULL,NULL,NULL,NULL,NULL),(191,'CON85',86,'','Victor','Castilla','vcastilla@corporacion.com.pe','999999085','','','','','0',NULL,NULL,NULL,NULL,'','0','0','','0','0','0','',NULL,NULL,NULL,NULL,NULL,NULL,NULL,NULL,NULL,NULL,NULL,NULL,NULL,NULL,NULL,NULL,NULL,NULL),(192,'CON86',87,'','Wilbert','Pizarro','wpizarro@crediscotia.com.pe','999999086','','','','','0',NULL,NULL,NULL,NULL,'','0','0','','0','0','0','',NULL,NULL,NULL,NULL,NULL,NULL,NULL,NULL,NULL,NULL,NULL,NULL,NULL,NULL,NULL,NULL,NULL,NULL),(193,'CON87',88,'','Xavier','Corcuera','xcorcuera@cetcos.a..com.pe','999999087','','','','','0',NULL,NULL,NULL,NULL,'','0','0','','0','0','0','',NULL,NULL,NULL,NULL,NULL,NULL,NULL,NULL,NULL,NULL,NULL,NULL,NULL,NULL,NULL,NULL,NULL,NULL),(194,'CON88',89,'','Karla','Zambrano','kzambrano@sociedadmin.com.pe','999999088','','','','','0',NULL,NULL,NULL,NULL,'','0','0','','0','0','0','',NULL,NULL,NULL,NULL,NULL,NULL,NULL,NULL,NULL,NULL,NULL,NULL,NULL,NULL,NULL,NULL,NULL,NULL),(195,'CON89',90,'','Liliana','Carrera','lcarrera@inversiones.com.pe','999999089','','','','','0',NULL,NULL,NULL,NULL,'','0','0','','0','0','0','',NULL,NULL,NULL,NULL,NULL,NULL,NULL,NULL,NULL,NULL,NULL,NULL,NULL,NULL,NULL,NULL,NULL,NULL),(196,'CON90',91,'','Miluska','Villar','mvillar@australgrou.com.pe','999999090','','','','','0',NULL,NULL,NULL,NULL,'','0','0','','0','0','0','',NULL,NULL,NULL,NULL,NULL,NULL,NULL,NULL,NULL,NULL,NULL,NULL,NULL,NULL,NULL,NULL,NULL,NULL),(197,'CON91',92,'','Nancy','Sevillano','nsevillano@xstratatint.com.pe','999999091','','','','','0',NULL,NULL,NULL,NULL,'','0','0','','0','0','0','',NULL,NULL,NULL,NULL,NULL,NULL,NULL,NULL,NULL,NULL,NULL,NULL,NULL,NULL,NULL,NULL,NULL,NULL),(198,'CON92',93,'','Omar','Paredes','oparedes@maestrohome.com.pe','999999092','','','','','0',NULL,NULL,NULL,NULL,'','0','0','','0','0','0','',NULL,NULL,NULL,NULL,NULL,NULL,NULL,NULL,NULL,NULL,NULL,NULL,NULL,NULL,NULL,NULL,NULL,NULL),(199,'CON93',94,'','Patricia','Montes','pmontes@pluspetrolc.com.pe','999999093','','','','','0',NULL,NULL,NULL,NULL,'','0','0','','0','0','0','',NULL,NULL,NULL,NULL,NULL,NULL,NULL,NULL,NULL,NULL,NULL,NULL,NULL,NULL,NULL,NULL,NULL,NULL),(200,'CON94',95,'','Carolina','Segura','csegura@sodimacperu.com.pe','999999094','','','','','0',NULL,NULL,NULL,NULL,'','0','0','','0','0','0','',NULL,NULL,NULL,NULL,NULL,NULL,NULL,NULL,NULL,NULL,NULL,NULL,NULL,NULL,NULL,NULL,NULL,NULL),(201,'CON95',96,'','Dante','Reyna','dreyna@uniques.a..com.pe','999999095','','','','','0',NULL,NULL,NULL,NULL,'','0','0','','0','0','0','',NULL,NULL,NULL,NULL,NULL,NULL,NULL,NULL,NULL,NULL,NULL,NULL,NULL,NULL,NULL,NULL,NULL,NULL),(202,'CON96',97,'','Federico','Ruiz','fruiz@kimberlycla.com.pe','999999096','','','','','0',NULL,NULL,NULL,NULL,'','0','0','','0','0','0','',NULL,NULL,NULL,NULL,NULL,NULL,NULL,NULL,NULL,NULL,NULL,NULL,NULL,NULL,NULL,NULL,NULL,NULL),(203,'CON97',98,'','Guillermo','Castilla','gcastilla@pesqueradia.com.pe','999999097','','','','','0',NULL,NULL,NULL,NULL,'','0','0','','0','0','0','',NULL,NULL,NULL,NULL,NULL,NULL,NULL,NULL,NULL,NULL,NULL,NULL,NULL,NULL,NULL,NULL,NULL,NULL),(204,'CON98',99,'','Hernan','Pizarro','hpizarro@credibolsas.com.pe','999999098','','','','','0',NULL,NULL,NULL,NULL,'','0','0','','0','0','0','',NULL,NULL,NULL,NULL,NULL,NULL,NULL,NULL,NULL,NULL,NULL,NULL,NULL,NULL,NULL,NULL,NULL,NULL),(205,'CON99',100,'','Juan','Raez','jraez@elpacifico.com.pe','999999099','','','','','0',NULL,NULL,NULL,NULL,'','0','0','','0','0','0','',NULL,NULL,NULL,NULL,NULL,NULL,NULL,NULL,NULL,NULL,NULL,NULL,NULL,NULL,NULL,NULL,NULL,NULL),(206,'CON100',101,'','Oscar','Altamirano','oaltamirano@cementospac.com.pe','999999100','','','','','0',NULL,NULL,NULL,NULL,'','0','0','','0','0','0','',NULL,NULL,NULL,NULL,NULL,NULL,NULL,NULL,NULL,NULL,NULL,NULL,NULL,NULL,NULL,NULL,NULL,NULL),(207,'CON101',102,'','Juan','Perez','jperez@petroleosde.com.pe','999999001','','','','','0',NULL,NULL,NULL,NULL,'','0','0','','0','0','0','',NULL,NULL,NULL,NULL,NULL,NULL,NULL,NULL,NULL,NULL,NULL,NULL,NULL,NULL,NULL,NULL,NULL,NULL),(208,'CON102',103,'','Manuel','Cigaran','oscar@creantis.com','999999002','','','','','0',NULL,NULL,NULL,NULL,'','0','0','','0','0','0','',NULL,NULL,NULL,NULL,NULL,NULL,NULL,NULL,NULL,NULL,NULL,NULL,NULL,NULL,NULL,NULL,NULL,NULL),(209,'CON103',104,'','Oscar','Santa Cruz','osantacruz@creantis.net','999999003','','','','','0',NULL,NULL,NULL,NULL,'','0','0','','0','0','0','',NULL,NULL,NULL,NULL,NULL,NULL,NULL,NULL,NULL,NULL,NULL,NULL,NULL,NULL,NULL,NULL,NULL,NULL),(210,'CON104',105,'','Juan','Perez','jperez@pacasmayo.com','999999004','','','','','0',NULL,NULL,NULL,NULL,'','0','0','','0','0','0','',NULL,NULL,NULL,NULL,NULL,NULL,NULL,NULL,NULL,NULL,NULL,NULL,NULL,NULL,NULL,NULL,NULL,NULL),(211,'CON105',106,'','Carlos','Velasquez','carlos@losvelasquez.net','999999005','','','','','0',NULL,NULL,NULL,NULL,'','0','0','','0','0','0','',NULL,NULL,NULL,NULL,NULL,NULL,NULL,NULL,NULL,NULL,NULL,NULL,NULL,NULL,NULL,NULL,NULL,NULL),(212,'CON106',0,'','Jose Santiago','Zavaleta Cortijo','jose.zavaleta@kcc.com','999999006','','','','','0',NULL,NULL,NULL,NULL,'','0','0','','0','0','0','',NULL,NULL,NULL,NULL,NULL,NULL,NULL,NULL,NULL,NULL,NULL,NULL,NULL,NULL,NULL,NULL,NULL,NULL),(747,'CON115',0,'','','TEST','','','9284685','',NULL,'','0',NULL,NULL,NULL,NULL,'','0','0','','0','0','0','','','','','',0.00000000,0.00000000,NULL,0,'','','','',0,'','','','',NULL),(748,'CON116',0,'','Creantis','TEST  41','','','1414','',NULL,'','0',NULL,NULL,NULL,NULL,'','0','0','','0','0','0','','','','','',0.00000000,0.00000000,NULL,0,'','','','',0,'','','','',NULL);

--
-- Table structure for table `vtiger_contactscf`
--

CREATE TABLE `vtiger_contactscf` (
  `contactid` int(19) NOT NULL DEFAULT 0,
  `cf_953` varchar(255) DEFAULT '',
  PRIMARY KEY (`contactid`),
  CONSTRAINT `fk_1_vtiger_contactscf` FOREIGN KEY (`contactid`) REFERENCES `vtiger_contactdetails` (`contactid`) ON DELETE CASCADE
) ENGINE=InnoDB DEFAULT CHARSET=utf8 COLLATE=utf8_general_ci;

--
-- Dumping data for table `vtiger_contactscf`
--

INSERT INTO `vtiger_contactscf` VALUES (107,'Black'),(108,'Platinum'),(109,'Gold'),(110,'Silver'),(111,'Black'),(112,'Platinum'),(113,'Gold'),(114,'Silver'),(115,'Black'),(116,'Platinum'),(117,'Gold'),(118,'Silver'),(119,'Black'),(120,'Platinum'),(121,'Gold'),(122,'Silver'),(123,'Black'),(124,'Platinum'),(125,'Gold'),(126,'Silver'),(127,'Black'),(128,'Platinum'),(129,'Gold'),(130,'Silver'),(131,'Black'),(132,'Platinum'),(133,'Gold'),(134,'Silver'),(135,'Black'),(136,'Platinum'),(137,'Gold'),(138,'Silver'),(139,'Black'),(140,'Platinum'),(141,'Gold'),(142,'Silver'),(143,'Black'),(144,'Platinum'),(145,'Gold'),(146,'Silver'),(147,'Black'),(148,'Platinum'),(149,'Gold'),(150,'Silver'),(151,'Black'),(152,'Platinum'),(153,'Gold'),(154,'Silver'),(155,'Black'),(156,'Platinum'),(157,'Gold'),(158,'Silver'),(159,'Black'),(160,'Platinum'),(161,'Gold'),(162,'Silver'),(163,'Black'),(164,'Platinum'),(165,'Gold'),(166,'Silver'),(167,'Black'),(168,'Platinum'),(169,'Gold'),(170,'Silver'),(171,'Black'),(172,'Platinum'),(173,'Gold'),(174,'Silver'),(175,'Black'),(176,'Platinum'),(177,'Gold'),(178,'Silver'),(179,'Black'),(180,'Platinum'),(181,'Gold'),(182,'Silver'),(183,'Black'),(184,'Platinum'),(185,'Gold'),(186,'Silver'),(187,'Black'),(188,'Platinum'),(189,'Gold'),(190,'Black'),(191,'Black'),(192,'Platinum'),(193,'Gold'),(194,'Silver'),(195,'Black'),(196,'Platinum'),(197,'Gold'),(198,'Silver'),(199,'Black'),(200,'Platinum'),(201,'Gold'),(202,'Silver'),(203,'Black'),(204,'Platinum'),(205,'Gold'),(206,'Silver'),(207,'Black'),(208,'Silver'),(209,'Silver'),(210,'Silver'),(211,'Silver'),(212,'Silver'),(747,''),(748,'');

--
-- Table structure for table `vtiger_contactsubdetails`
--

CREATE TABLE `vtiger_contactsubdetails` (
  `contactsubscriptionid` int(19) NOT NULL DEFAULT 0,
  `homephone` varchar(50) DEFAULT NULL,
  `otherphone` varchar(50) DEFAULT NULL,
  `assistant` varchar(30) DEFAULT NULL,
  `assistantphone` varchar(50) DEFAULT NULL,
  `birthday` date DEFAULT NULL,
  `laststayintouchrequest` int(30) DEFAULT 0,
  `laststayintouchsavedate` int(19) DEFAULT 0,
  `leadsource` varchar(200) DEFAULT NULL,
  PRIMARY KEY (`contactsubscriptionid`),
  CONSTRAINT `fk_1_vtiger_contactsubdetails` FOREIGN KEY (`contactsubscriptionid`) REFERENCES `vtiger_contactdetails` (`contactid`) ON DELETE CASCADE
) ENGINE=InnoDB DEFAULT CHARSET=utf8 COLLATE=utf8_general_ci;

--
-- Dumping data for table `vtiger_contactsubdetails`
--

INSERT INTO `vtiger_contactsubdetails` VALUES (107,'','(1)6145000','','','2020-09-04',0,0,''),(108,'','(1)2156225','','','2020-09-04',0,0,''),(109,'','(1)5120440,,321','','','2020-09-04',0,0,''),(110,'','(1)2152600','','','2020-09-04',0,0,''),(111,'','(1)2173000','','','2020-09-04',0,0,''),(112,'','(54)283363','','','2020-09-04',0,0,''),(113,'','(1)3132000','','','2020-09-04',0,0,''),(114,'','(1)2656000','','','2020-09-04',0,0,''),(115,'','(1)2101342','','','2020-09-04',0,0,''),(116,'','(1)6124100','','','2020-09-04',0,0,''),(117,'','(1)2159900','','','2020-09-04',0,0,''),(118,'','(1)6132000','','','2020-09-04',0,0,''),(119,'','(1)2111000','','','2020-09-04',0,0,''),(120,'','(1)2157400','','','2020-09-04',0,0,''),(121,'','(1)6171800','','','2020-09-04',0,0,''),(122,'','(1)3150800','','','2020-09-04',0,0,''),(123,'','(1)3113000','','','2020-09-04',0,0,''),(124,'','(1)2156225','','','2020-09-04',0,0,''),(125,'','(1)4114600','','','2020-09-04',0,0,''),(126,'','(1)2033100','','','2020-09-04',0,0,''),(127,'','(1)2192000','','','2020-09-04',0,0,''),(128,'','(1)2116000','','','2020-09-04',0,0,''),(129,'','(1)6131000','','','2020-09-04',0,0,''),(130,'','(1)6260000','','','2020-09-04',0,0,''),(131,'','(1)3261414','','','2020-09-04',0,0,''),(132,'','(1)6188000','','','2020-09-04',0,0,''),(133,'','(1)4707170','','','2020-09-04',0,0,''),(134,'','(1)4113000','','','2020-09-04',0,0,''),(135,'','(1)4117100','','','2020-09-04',0,0,''),(136,'','(1)6264000','','','2020-09-04',0,0,''),(137,'','(1)2178060','','','2020-09-04',0,0,''),(138,'','(1)5171800','','','2020-09-04',0,0,''),(139,'','(1)2719090','','','2020-09-04',0,0,''),(140,'','(1)5612001','','','2020-09-04',0,0,''),(141,'','(1)5137500','','','2020-09-04',0,0,''),(142,'','(1)6161000','','','2020-09-04',0,0,''),(143,'','(1)2260031','','','2020-09-04',0,0,''),(144,'','(1)2194000','','','2020-09-04',0,0,''),(145,'','(1)5192000','','','2020-09-04',0,0,''),(146,'','(1)2158330','','','2020-09-04',0,0,''),(147,'','(1)2130444','','','2020-09-04',0,0,''),(148,'','(1)4812070','','','2020-09-04',0,0,''),(149,'','(1)3153306','','','2020-09-04',0,0,''),(150,'','(1)2417555','','','2020-09-04',0,0,''),(151,'','(1)6111400','','','2020-09-04',0,0,''),(152,'','(1)4192500','','','2020-09-04',0,0,''),(153,'','(1)6115700','','','2020-09-04',0,0,''),(154,'','(1)6186868','','','2020-09-04',0,0,''),(155,'','(1)5139400','','','2020-09-04',0,0,''),(156,'','(1)7154600','','','2020-09-04',0,0,''),(157,'','(1)6260000','','','2020-09-04',0,0,''),(158,'','(1)7074000','','','2020-09-04',0,0,''),(159,'','(1)4114600','','','2020-09-04',0,0,''),(160,'','(1)2114000','','','2020-09-04',0,0,''),(161,'','(1)6167979','','','2020-09-04',0,0,''),(162,'','(1)6113500','','','2020-09-04',0,0,''),(163,'','(1)3173000','','','2020-09-04',0,0,''),(164,'','(1)2159090','','','2020-09-04',0,0,''),(165,'','(1)2151200','','','2020-09-04',0,0,''),(166,'','(1)4364040','','','2020-09-04',0,0,''),(167,'','(1)5184000','','','2020-09-04',0,0,''),(168,'','(1)2172800','','','2020-09-04',0,0,''),(169,'','(1)4117100','','','2020-09-04',0,0,''),(170,'','','','','2020-09-04',0,0,''),(171,'','(1)2156300','','','2020-09-04',0,0,''),(172,'','(1)2138300','','','2020-09-04',0,0,''),(173,'','(1)7060400','','','2020-09-04',0,0,''),(174,'','(1)2212596','','','2020-09-04',0,0,''),(175,'','(1)2153300','','','2020-09-04',0,0,''),(176,'','(1)3159000','','','2020-09-04',0,0,''),(177,'','(1)2135555','','','2020-09-04',0,0,''),(178,'','(1)7062000','','','2020-09-04',0,0,''),(179,'','(1)3172000','','','2020-09-04',0,0,''),(180,'','(1)2170200','','','2020-09-04',0,0,''),(181,'','(1)7145200','','','2020-09-04',0,0,''),(182,'','(1)7059100','','','2020-09-04',0,0,''),(183,'','(1)5138000','','','2020-09-04',0,0,''),(184,'','(1)2157300','','','2020-09-04',0,0,''),(185,'','(1)6177777','','','2020-09-04',0,0,''),(186,'','(1)4404222','','','2020-09-04',0,0,''),(187,'','(1)6111111','','','2020-09-04',0,0,''),(188,'','(1)7105500','','','2020-09-04',0,0,''),(189,'','(1)6128383','','','2020-09-04',0,0,''),(190,'','(1)4150000','','','2020-09-04',0,0,''),(191,'','(1)2134000','','','2020-09-04',0,0,''),(192,'','(1)2119900','','','2020-09-04',0,0,''),(193,'','(1)2113300','','','2020-09-04',0,0,''),(194,'','(1)6113900','','','2020-09-04',0,0,''),(195,'','(1)6113901','','','2020-09-04',0,0,''),(196,'','(1)7107000','','','2020-09-04',0,0,''),(197,'','(1)3722233','','','2020-09-04',0,0,''),(198,'','(1)6111900','','','2020-09-04',0,0,''),(199,'','(1)4117100','','','2020-09-04',0,0,''),(200,'','(1)6110400','','','2020-09-04',0,0,''),(201,'','(1)5134000','','','2020-09-04',0,0,''),(202,'','(1)6181800','','','2020-09-04',0,0,''),(203,'','(1)5132000','','','2020-09-04',0,0,''),(204,'','(1)3132916','','','2020-09-04',0,0,''),(205,'','(1)5184500','','','2020-09-04',0,0,''),(206,'','(1)3176000','','','2020-09-04',0,0,''),(207,'','(1)6145000','','','2020-09-04',0,0,''),(208,'','612-0000','','','2020-09-04',0,0,''),(209,'','612-0001','','','2020-09-04',0,0,''),(210,'','612-0002','','','2020-09-04',0,0,''),(211,'','612-0003','','','2020-09-04',0,0,''),(212,'','2134568','','','2020-09-04',0,0,''),(747,'','','','',NULL,0,0,''),(748,'','','','',NULL,0,0,'');

--
-- Table structure for table `vtiger_contpotentialrel`
--

CREATE TABLE `vtiger_contpotentialrel` (
  `contactid` int(19) NOT NULL DEFAULT 0,
  `potentialid` int(19) NOT NULL DEFAULT 0,
  PRIMARY KEY (`contactid`,`potentialid`),
  KEY `contpotentialrel_potentialid_idx` (`potentialid`),
  KEY `contpotentialrel_contactid_idx` (`contactid`),
  CONSTRAINT `fk_2_vtiger_contpotentialrel` FOREIGN KEY (`potentialid`) REFERENCES `vtiger_potential` (`potentialid`) ON DELETE CASCADE
) ENGINE=InnoDB DEFAULT CHARSET=utf8 COLLATE=utf8_general_ci;

--
-- Dumping data for table `vtiger_contpotentialrel`
--


--
-- Table structure for table `vtiger_contract_priority`
--

CREATE TABLE `vtiger_contract_priority` (
  `contract_priorityid` int(11) NOT NULL AUTO_INCREMENT,
  `contract_priority` varchar(200) NOT NULL,
  `presence` int(1) NOT NULL DEFAULT 1,
  `picklist_valueid` int(11) NOT NULL DEFAULT 0,
  `sortorderid` int(11) DEFAULT 0,
  `color` varchar(10) DEFAULT NULL,
  PRIMARY KEY (`contract_priorityid`)
) ENGINE=InnoDB AUTO_INCREMENT=4 DEFAULT CHARSET=utf8 COLLATE=utf8_general_ci;

--
-- Dumping data for table `vtiger_contract_priority`
--

INSERT INTO `vtiger_contract_priority` VALUES (1,'Low',1,220,1,NULL),(2,'Normal',1,221,2,NULL),(3,'High',1,222,3,NULL);

--
-- Table structure for table `vtiger_contract_priority_seq`
--

CREATE TABLE `vtiger_contract_priority_seq` (
  `id` int(11) NOT NULL
) ENGINE=InnoDB DEFAULT CHARSET=utf8 COLLATE=utf8_general_ci;

--
-- Dumping data for table `vtiger_contract_priority_seq`
--

INSERT INTO `vtiger_contract_priority_seq` VALUES (3);

--
-- Table structure for table `vtiger_contract_status`
--

CREATE TABLE `vtiger_contract_status` (
  `contract_statusid` int(11) NOT NULL AUTO_INCREMENT,
  `contract_status` varchar(200) NOT NULL,
  `presence` int(1) NOT NULL DEFAULT 1,
  `picklist_valueid` int(11) NOT NULL DEFAULT 0,
  `sortorderid` int(11) DEFAULT 0,
  `color` varchar(10) DEFAULT NULL,
  PRIMARY KEY (`contract_statusid`)
) ENGINE=InnoDB AUTO_INCREMENT=7 DEFAULT CHARSET=utf8 COLLATE=utf8_general_ci;

--
-- Dumping data for table `vtiger_contract_status`
--

INSERT INTO `vtiger_contract_status` VALUES (1,'Undefined',1,214,1,NULL),(2,'In Planning',1,215,2,NULL),(3,'In Progress',1,216,3,NULL),(4,'On Hold',1,217,4,NULL),(5,'Complete',0,218,5,NULL),(6,'Archived',1,219,6,NULL);

--
-- Table structure for table `vtiger_contract_status_seq`
--

CREATE TABLE `vtiger_contract_status_seq` (
  `id` int(11) NOT NULL
) ENGINE=InnoDB DEFAULT CHARSET=utf8 COLLATE=utf8_general_ci;

--
-- Dumping data for table `vtiger_contract_status_seq`
--

INSERT INTO `vtiger_contract_status_seq` VALUES (6);

--
-- Table structure for table `vtiger_contract_type`
--

CREATE TABLE `vtiger_contract_type` (
  `contract_typeid` int(11) NOT NULL AUTO_INCREMENT,
  `contract_type` varchar(200) NOT NULL,
  `presence` int(1) NOT NULL DEFAULT 1,
  `picklist_valueid` int(11) NOT NULL DEFAULT 0,
  `sortorderid` int(11) DEFAULT 0,
  `color` varchar(10) DEFAULT NULL,
  PRIMARY KEY (`contract_typeid`)
) ENGINE=InnoDB AUTO_INCREMENT=4 DEFAULT CHARSET=utf8 COLLATE=utf8_general_ci;

--
-- Dumping data for table `vtiger_contract_type`
--

INSERT INTO `vtiger_contract_type` VALUES (1,'Support',1,223,1,NULL),(2,'Services',1,224,2,NULL),(3,'Administrative',1,225,3,NULL);

--
-- Table structure for table `vtiger_contract_type_seq`
--

CREATE TABLE `vtiger_contract_type_seq` (
  `id` int(11) NOT NULL
) ENGINE=InnoDB DEFAULT CHARSET=utf8 COLLATE=utf8_general_ci;

--
-- Dumping data for table `vtiger_contract_type_seq`
--

INSERT INTO `vtiger_contract_type_seq` VALUES (3);

--
-- Table structure for table `vtiger_convertleadmapping`
--

CREATE TABLE `vtiger_convertleadmapping` (
  `cfmid` int(19) NOT NULL AUTO_INCREMENT,
  `leadfid` int(19) NOT NULL,
  `accountfid` int(19) DEFAULT NULL,
  `contactfid` int(19) DEFAULT NULL,
  `potentialfid` int(19) DEFAULT NULL,
  `editable` int(19) DEFAULT 1,
  PRIMARY KEY (`cfmid`)
) ENGINE=InnoDB AUTO_INCREMENT=31 DEFAULT CHARSET=utf8 COLLATE=utf8_general_ci;

--
-- Dumping data for table `vtiger_convertleadmapping`
--

INSERT INTO `vtiger_convertleadmapping` VALUES (1,43,1,0,110,0),(2,49,14,0,0,1),(3,40,3,69,0,1),(4,44,5,77,0,1),(5,52,13,0,0,1),(6,46,9,80,0,0),(7,48,4,0,0,1),(8,61,26,98,0,1),(9,60,30,0,0,1),(10,62,32,104,0,1),(11,63,28,100,0,1),(12,59,24,96,0,1),(13,64,34,106,0,1),(14,61,27,0,0,1),(15,60,31,0,0,1),(16,62,33,0,0,1),(17,63,29,0,0,1),(18,59,25,0,0,1),(19,64,35,0,0,1),(20,65,36,109,125,1),(21,37,0,66,0,1),(22,38,0,67,0,0),(23,41,0,70,0,0),(24,42,0,71,0,1),(25,45,0,76,0,1),(26,55,0,83,0,1),(27,47,0,74,117,1),(28,50,0,0,0,1),(29,53,10,0,0,1),(30,51,17,0,0,1);

--
-- Table structure for table `vtiger_convertpotentialmapping`
--

CREATE TABLE `vtiger_convertpotentialmapping` (
  `cfmid` int(19) NOT NULL AUTO_INCREMENT,
  `potentialfid` int(19) NOT NULL,
  `projectfid` int(19) DEFAULT NULL,
  `editable` int(11) DEFAULT 1,
  PRIMARY KEY (`cfmid`)
) ENGINE=InnoDB AUTO_INCREMENT=3 DEFAULT CHARSET=utf8 COLLATE=utf8_general_ci;

--
-- Dumping data for table `vtiger_convertpotentialmapping`
--

INSERT INTO `vtiger_convertpotentialmapping` VALUES (1,110,627,1),(2,125,643,1);

--
-- Table structure for table `vtiger_crmentity`
--

CREATE TABLE `vtiger_crmentity` (
  `crmid` int(19) NOT NULL,
  `smcreatorid` int(19) NOT NULL DEFAULT 0,
  `smownerid` int(19) NOT NULL DEFAULT 0,
  `modifiedby` int(19) NOT NULL DEFAULT 0,
  `setype` varchar(100) DEFAULT NULL,
  `description` mediumtext DEFAULT NULL,
  `createdtime` datetime NOT NULL,
  `modifiedtime` datetime NOT NULL,
  `viewedtime` datetime DEFAULT NULL,
  `status` varchar(50) DEFAULT NULL,
  `version` int(19) NOT NULL DEFAULT 0,
  `presence` int(1) DEFAULT 1,
  `deleted` int(1) NOT NULL DEFAULT 0,
  `smgroupid` int(19) DEFAULT NULL,
  `source` varchar(100) DEFAULT NULL,
  `label` varchar(255) DEFAULT NULL,
  PRIMARY KEY (`crmid`),
  KEY `crmentity_smcreatorid_idx` (`smcreatorid`),
  KEY `crmentity_modifiedby_idx` (`modifiedby`),
  KEY `crmentity_deleted_idx` (`deleted`),
  KEY `crm_ownerid_del_setype_idx` (`smownerid`,`deleted`,`setype`),
  KEY `vtiger_crmentity_labelidx` (`label`)
) ENGINE=InnoDB DEFAULT CHARSET=utf8 COLLATE=utf8_general_ci;

--
-- Dumping data for table `vtiger_crmentity`
--

INSERT INTO `vtiger_crmentity` VALUES (2,1,5,1,'Accounts','','2024-05-17 22:01:57','2024-05-17 22:01:57',NULL,NULL,0,1,0,0,'IMPORT','PETROLEOS DEL PERU PETROPERU S.A.'),(3,1,5,1,'Accounts','','2024-05-17 22:01:57','2024-05-17 22:01:57',NULL,NULL,0,1,0,0,'IMPORT','REFINERIA LA PAMPILLA S.A.A'),(4,1,7,1,'Accounts','','2024-05-17 22:01:57','2024-05-17 22:01:57',NULL,NULL,0,1,0,0,'IMPORT','SOUTHERN PERU COPPER CORPORATION SUC. DEL PERU'),(5,1,5,1,'Accounts','','2024-05-17 22:01:57','2024-05-17 22:01:57',NULL,NULL,0,1,0,0,'IMPORT','MINERA YANACOCHA S.R.L.'),(6,1,7,1,'Accounts','','2024-05-17 22:01:57','2024-05-17 22:01:57',NULL,NULL,0,1,0,0,'IMPORT','CIA. MINERA ANTAMINA S.A.'),(7,1,8,1,'Accounts','','2024-05-17 22:01:57','2024-05-17 22:01:57',NULL,NULL,0,1,0,0,'IMPORT','SOCIEDAD MINERA CERRO VERDE S.A.A.'),(8,1,7,1,'Accounts','','2024-05-17 22:01:57','2024-05-17 22:01:57',NULL,NULL,0,1,0,0,'IMPORT','BANCO DE CREDITO DEL PERU SA'),(9,1,7,1,'Accounts','','2024-05-17 22:01:57','2024-05-17 22:01:57',NULL,NULL,0,1,0,0,'IMPORT','SEGURO SOCIAL DE SALUD - ESSALUD'),(10,1,7,1,'Accounts','','2024-05-17 22:01:57','2024-05-17 22:01:57',NULL,NULL,0,1,0,0,'IMPORT','TELEFONICA DEL PERU S.A.A.'),(11,1,5,1,'Accounts','','2024-05-17 22:01:57','2024-05-17 22:01:57',NULL,NULL,0,1,0,0,'IMPORT','CONSORCIO MINERO S.A.'),(12,1,7,1,'Accounts','','2024-05-17 22:01:57','2024-05-17 22:01:57',NULL,NULL,0,1,0,0,'IMPORT','BANCO CENTRAL DE RESERVA DEL PERU'),(13,1,7,1,'Accounts','','2024-05-17 22:01:57','2024-05-17 22:01:57',NULL,NULL,0,1,0,0,'IMPORT','BANCO CONTINENTAL'),(14,1,7,1,'Accounts','','2024-05-17 22:01:57','2024-05-17 22:01:57',NULL,NULL,0,1,0,0,'IMPORT','TELEFONICA MOVILES S.A.'),(15,1,5,1,'Accounts','','2024-05-17 22:01:57','2024-05-17 22:01:57',NULL,NULL,0,1,0,0,'IMPORT','PERUPETRO S.A.'),(16,1,5,1,'Accounts','','2024-05-17 22:01:57','2024-05-17 22:01:57',NULL,NULL,0,1,0,0,'IMPORT','ALICORP S.A.A.'),(17,1,5,1,'Accounts','','2024-05-17 22:01:57','2024-05-17 22:01:57',NULL,NULL,0,1,0,0,'IMPORT','UNION DE CERVECERIAS PERUANAS BACKUS Y JOHNSTON S.A.A.'),(18,1,5,1,'Accounts','','2024-05-17 22:01:57','2024-05-17 22:01:57',NULL,NULL,0,1,0,0,'IMPORT','REPSOL COMERCIAL S.A.C.'),(19,1,5,1,'Accounts','','2024-05-17 22:01:57','2024-05-17 22:01:57',NULL,NULL,0,1,0,0,'IMPORT','PERUANA DE COMBUSTIBLES S.A.'),(20,1,5,1,'Accounts','','2024-05-17 22:01:57','2024-05-17 22:01:57',NULL,NULL,0,1,0,0,'IMPORT','PRIMAX S.A.'),(21,1,7,1,'Accounts','','2024-05-17 22:01:57','2024-05-17 22:01:57',NULL,NULL,0,1,0,0,'IMPORT','INTERBANK'),(22,1,7,1,'Accounts','','2024-05-17 22:01:57','2024-05-17 22:01:57',NULL,NULL,0,1,0,0,'IMPORT','SCOTIABANK PERU S.A.A.'),(23,1,7,1,'Accounts','','2024-05-17 22:01:57','2024-05-17 22:01:57',NULL,NULL,0,1,0,0,'IMPORT','AMERICA MOVIL PERU S.A.C.'),(24,1,7,1,'Accounts','','2024-05-17 22:01:57','2024-05-17 22:01:57',NULL,NULL,0,1,0,0,'IMPORT','HIPERMERCADOS METRO S.A.'),(25,1,5,1,'Accounts','','2024-05-17 22:01:57','2024-05-17 22:01:57',NULL,NULL,0,1,0,0,'IMPORT','PROCESADORA SUDAMERICANA S.R.L.'),(26,1,7,1,'Accounts','','2024-05-17 22:01:57','2024-05-17 22:01:57',NULL,NULL,0,1,0,0,'IMPORT','SUPERMERCADOS PERUANOS S.A.'),(27,1,5,1,'Accounts','','2024-05-17 22:01:57','2024-05-17 22:01:57',NULL,NULL,0,1,0,0,'IMPORT','GLORIA S.A.'),(28,1,7,1,'Accounts','','2024-05-17 22:01:58','2024-05-17 22:01:58',NULL,NULL,0,1,0,0,'IMPORT','RIMAC INTERNACIONAL CIA. DE SEGUROS Y REASEGUROS'),(29,1,5,1,'Accounts','','2024-05-17 22:01:58','2024-05-17 22:01:58',NULL,NULL,0,1,0,0,'IMPORT','PLUSPETROL PERU CORPORATION S.A.'),(30,1,5,1,'Accounts','','2024-05-17 22:01:58','2024-05-17 22:01:58',NULL,NULL,0,1,0,0,'IMPORT','FERREYROS S.A.A.'),(31,1,5,1,'Accounts','','2024-05-17 22:01:58','2024-05-17 22:01:58',NULL,NULL,0,1,0,0,'IMPORT','A. Y S. S.A.'),(32,1,5,1,'Accounts','','2024-05-17 22:01:58','2024-05-17 22:01:58',NULL,NULL,0,1,0,0,'IMPORT','CORPORACION ACEROS AREQUIPA S.A.'),(33,1,7,1,'Accounts','','2024-05-17 22:01:58','2024-05-17 22:01:58',NULL,NULL,0,1,0,0,'IMPORT','LUZ DEL SUR S.A.A.'),(34,1,7,1,'Accounts','','2024-05-17 22:01:58','2024-05-17 22:01:58',NULL,NULL,0,1,0,0,'IMPORT','EMPRESA DE DISTRIBUCION ELECTRICA DE LIMA NORTE S.A.A.'),(35,1,5,1,'Accounts','','2024-05-17 22:01:58','2024-05-17 22:01:58',NULL,NULL,0,1,0,0,'IMPORT','SAVIA PERU S.A. (EX PETRO-TECH PERUANA S.A.)'),(36,1,7,1,'Accounts','','2024-05-17 22:01:58','2024-05-17 22:01:58',NULL,NULL,0,1,0,0,'IMPORT','SAGA FALABELLA S.A.'),(37,1,5,1,'Accounts','','2024-05-17 22:01:58','2024-05-17 22:01:58',NULL,NULL,0,1,0,0,'IMPORT','UNIVERSAL METAL TRADING S.A.C.'),(38,1,8,1,'Accounts','','2024-05-17 22:01:58','2024-05-17 22:01:58',NULL,NULL,0,1,0,0,'IMPORT','VOLCAN CIA. MINERA S.A.A.'),(39,1,7,1,'Accounts','','2024-05-17 22:01:58','2024-05-17 22:01:58',NULL,NULL,0,1,0,0,'IMPORT','BANCO DE LA NACION'),(40,1,8,1,'Accounts','','2024-05-17 22:01:58','2024-05-17 22:01:58',NULL,NULL,0,1,0,0,'IMPORT','MINSUR S.A.'),(41,1,5,1,'Accounts','','2024-05-17 22:01:58','2024-05-17 22:01:58',NULL,NULL,0,1,0,0,'IMPORT','G. Y M. S.A.'),(42,1,5,1,'Accounts','','2024-05-17 22:01:58','2024-05-17 22:01:58',NULL,NULL,0,1,0,0,'IMPORT','CORPORACION JOSE R. LINDLEY S.A.'),(43,1,5,1,'Accounts','','2024-05-17 22:01:58','2024-05-17 22:01:58',NULL,NULL,0,1,0,0,'IMPORT','SUPERINTENDENCIA NACIONAL DE ADMINISTRACION TRIBUTARIA'),(44,1,5,1,'Accounts','','2024-05-17 22:01:58','2024-05-17 22:01:58',NULL,NULL,0,1,0,0,'IMPORT','SAN FERNANDO S.A.'),(45,1,5,1,'Accounts','','2024-05-17 22:01:58','2024-05-17 22:01:58',NULL,NULL,0,1,0,0,'IMPORT','TECNOLOGICA DE ALIMENTOS S.A.'),(46,1,8,1,'Accounts','','2024-05-17 22:01:58','2024-05-17 22:01:58',NULL,NULL,0,1,0,0,'IMPORT','CIA. DE MINAS BUENAVENTURA S.A.A.'),(47,1,7,1,'Accounts','','2024-05-17 22:01:58','2024-05-17 22:01:58',NULL,NULL,0,1,0,0,'IMPORT','TIENDAS POR DEPARTAMENTO RIPLEY S.A.'),(48,1,5,1,'Accounts','','2024-05-17 22:01:58','2024-05-17 22:01:58',NULL,NULL,0,1,0,0,'IMPORT','EMPRESA SIDERURGICA DEL PERU S.A.A.'),(49,1,7,1,'Accounts','','2024-05-17 22:01:58','2024-05-17 22:01:58',NULL,NULL,0,1,0,0,'IMPORT','HIPERMERCADOS TOTTUS S.A.'),(50,1,7,1,'Accounts','','2024-05-17 22:01:58','2024-05-17 22:01:58',NULL,NULL,0,1,0,0,'IMPORT','EMPRESA ELECTRICIDAD DEL PERU - ELECTROPERU S.A.'),(51,1,7,1,'Accounts','','2024-05-17 22:01:58','2024-05-17 22:01:58',NULL,NULL,0,1,0,0,'IMPORT','E. WONG S.A.'),(52,1,5,1,'Accounts','','2024-05-17 22:01:58','2024-05-17 22:01:58',NULL,NULL,0,1,0,0,'IMPORT','HUNT OIL COMPANY OF PERU LLC SUC. DEL PERU'),(53,1,5,1,'Accounts','','2024-05-17 22:01:58','2024-05-17 22:01:58',NULL,NULL,0,1,0,0,'IMPORT','PERUANA DE PETROLEO S.A.C.'),(54,1,5,1,'Accounts','','2024-05-17 22:01:58','2024-05-17 22:01:58',NULL,NULL,0,1,0,0,'IMPORT','QUIMICA SUIZA S.A.'),(55,1,7,1,'Accounts','','2024-05-17 22:01:58','2024-05-17 22:01:58',NULL,NULL,0,1,0,0,'IMPORT','ENERSUR S.A.'),(56,1,5,1,'Accounts','','2024-05-17 22:01:58','2024-05-17 22:01:58',NULL,NULL,0,1,0,0,'IMPORT','ORICA CHEMICALS PERU S.A.C.'),(57,1,7,1,'Accounts','','2024-05-17 22:01:58','2024-05-17 22:01:58',NULL,NULL,0,1,0,0,'IMPORT','SERVICIO DE AGUA POTABLE Y ALCANTARILLADO DE LIMA - SEDAPAL S.A.'),(58,1,5,1,'Accounts','','2024-05-17 22:01:58','2024-05-17 22:01:58',NULL,NULL,0,1,0,0,'IMPORT','TOYOTA DEL PERU S.A.'),(59,1,8,1,'Accounts','','2024-05-17 22:01:58','2024-05-17 22:01:58',NULL,NULL,0,1,0,0,'IMPORT','DOE RUN PERU S.R.L.'),(60,1,5,1,'Accounts','','2024-05-17 22:01:58','2024-05-17 22:01:58',NULL,NULL,0,1,0,0,'IMPORT','NESTLE PERU S.A.'),(61,1,6,1,'Accounts','','2024-05-17 22:01:58','2024-05-17 22:01:58',NULL,NULL,0,1,0,0,'IMPORT','EL PACIFICO PERUANO SUIZA CIA. DE SEGUROS Y REASEGUROS'),(62,1,5,1,'Accounts','','2024-05-17 22:01:58','2024-05-17 22:01:58',NULL,NULL,0,1,0,0,'IMPORT','CONIRSA S.A.'),(63,1,5,1,'Accounts','','2024-05-17 22:01:58','2024-05-17 22:01:58',NULL,NULL,0,1,0,0,'IMPORT','PLUSPETROL NORTE S.A.'),(64,1,5,1,'Accounts','','2024-05-17 22:01:58','2024-05-17 22:01:58',NULL,NULL,0,1,0,0,'IMPORT','DEPRODECA S.A.C.'),(65,1,6,1,'Accounts','','2024-05-17 22:01:58','2024-05-17 22:01:58',NULL,NULL,0,1,0,0,'IMPORT','EDEGEL S.A.A.'),(66,1,5,1,'Accounts','','2024-05-17 22:01:58','2024-05-17 22:01:58',NULL,NULL,0,1,0,0,'IMPORT','LAN PERU S.A.'),(67,1,8,1,'Accounts','','2024-05-17 22:01:58','2024-05-17 22:01:58',NULL,NULL,0,1,0,0,'IMPORT','GOLD FIELDS LA CIMA S.A.'),(68,1,5,1,'Accounts','','2024-05-17 22:01:58','2024-05-17 22:01:58',NULL,NULL,0,1,0,0,'IMPORT','KORI PERU S.A.C.'),(69,1,5,1,'Accounts','','2024-05-17 22:01:59','2024-05-17 22:01:59',NULL,NULL,0,1,0,0,'IMPORT','PROCTER & GAMBLE PERU S.R.L.'),(70,1,5,1,'Accounts','','2024-05-17 22:01:59','2024-05-17 22:01:59',NULL,NULL,0,1,0,0,'IMPORT','ECKERD PERU S.A.'),(71,1,5,1,'Accounts','','2024-05-17 22:01:59','2024-05-17 22:01:59',NULL,NULL,0,1,0,0,'IMPORT','TECHINT S.A.C.'),(72,1,5,1,'Accounts','','2024-05-17 22:01:59','2024-05-17 22:01:59',NULL,NULL,0,1,0,0,'IMPORT','PETROBRAS ENERGIA PERU S.A.'),(73,1,8,1,'Accounts','','2024-05-17 22:01:59','2024-05-17 22:01:59',NULL,NULL,0,1,0,0,'IMPORT','CIA. MINERA ARES S.A.C.'),(74,1,5,1,'Accounts','','2024-05-17 22:01:59','2024-05-17 22:01:59',NULL,NULL,0,1,0,0,'IMPORT','CEMENTOS LIMA S.A.'),(75,1,8,1,'Accounts','','2024-05-17 22:01:59','2024-05-17 22:01:59',NULL,NULL,0,1,0,0,'IMPORT','SHOUGANG HIERRO PERU S.A.A.'),(76,1,5,1,'Accounts','','2024-05-17 22:01:59','2024-05-17 22:01:59',NULL,NULL,0,1,0,0,'IMPORT','CBI PERUANA S.A.C.'),(77,1,6,1,'Accounts','','2024-05-17 22:01:59','2024-05-17 22:01:59',NULL,NULL,0,1,0,0,'IMPORT','MIBANCO BANCO DE LA MICRO EMPRESA S.A.'),(78,1,5,1,'Accounts','','2024-05-17 22:01:59','2024-05-17 22:01:59',NULL,NULL,0,1,0,0,'IMPORT','REPSOL YPF COMERCIAL DEL PERU S.A.'),(79,1,6,1,'Accounts','','2024-05-17 22:01:59','2024-05-17 22:01:59',NULL,NULL,0,1,0,0,'IMPORT','TRANSPORTADORA DE GAS DEL PERU S.A.'),(80,1,5,1,'Accounts','','2024-05-17 22:01:59','2024-05-17 22:01:59',NULL,NULL,0,1,0,0,'IMPORT','FONDO NACIONAL DE FINANCIAMIENTO DE LA ACTIVIDAD EMPRESARIAL DEL ESTADO - FONAFE'),(81,1,6,1,'Accounts','','2024-05-17 22:01:59','2024-05-17 22:01:59',NULL,NULL,0,1,0,0,'IMPORT','NEXTEL DEL PERU S.A.'),(82,1,5,1,'Accounts','','2024-05-17 22:01:59','2024-05-17 22:01:59',NULL,NULL,0,1,0,0,'IMPORT','CIA. MINERA MILPO S.A.A.'),(83,1,5,1,'Accounts','','2024-05-17 22:01:59','2024-05-17 22:01:59',NULL,NULL,0,1,0,0,'IMPORT','MANU PERU HOLDING S.A.'),(84,1,5,1,'Accounts','','2024-05-17 22:01:59','2024-05-17 22:01:59',NULL,NULL,0,1,0,0,'IMPORT','L. G. ELECTRONIC PERU S.A.'),(85,1,5,1,'Accounts','','2024-05-17 22:01:59','2024-05-17 22:01:59',NULL,NULL,0,1,0,0,'IMPORT','CORPORACION PESQUERA INCA S.A.'),(86,1,6,1,'Accounts','','2024-05-17 22:01:59','2024-05-17 22:01:59',NULL,NULL,0,1,0,0,'IMPORT','CREDISCOTIA FINANCIERA S.A.'),(87,1,5,1,'Accounts','','2024-05-17 22:01:59','2024-05-17 22:01:59',NULL,NULL,0,1,0,0,'IMPORT','CETCO S.A.'),(88,1,5,1,'Accounts','','2024-05-17 22:01:59','2024-05-17 22:01:59',NULL,NULL,0,1,0,0,'IMPORT','SOCIEDAD MINERA EL BROCAL S.A.A.'),(89,1,5,1,'Accounts','','2024-05-17 22:01:59','2024-05-17 22:01:59',NULL,NULL,0,1,0,0,'IMPORT','INVERSIONES MINERAS KOPAKABANA S.C.R.L.'),(90,1,8,1,'Accounts','','2024-05-17 22:01:59','2024-05-17 22:01:59',NULL,NULL,0,1,0,0,'IMPORT','AUSTRAL GROUP S.A.A.'),(91,1,8,1,'Accounts','','2024-05-17 22:01:59','2024-05-17 22:01:59',NULL,NULL,0,1,0,0,'IMPORT','XSTRATA TINTAYA S.A.'),(92,1,6,1,'Accounts','','2024-05-17 22:01:59','2024-05-17 22:01:59',NULL,NULL,0,1,0,0,'IMPORT','MAESTRO HOME CENTER S.A.'),(93,1,5,1,'Accounts','','2024-05-17 22:01:59','2024-05-17 22:01:59',NULL,NULL,0,1,0,0,'IMPORT','PLUSPETROL CAMISEA S.A.'),(94,1,6,1,'Accounts','','2024-05-17 22:01:59','2024-05-17 22:01:59',NULL,NULL,0,1,0,0,'IMPORT','SODIMAC PERU S.A.'),(95,1,5,1,'Accounts','','2024-05-17 22:01:59','2024-05-17 22:01:59',NULL,NULL,0,1,0,0,'IMPORT','UNIQUE S.A.'),(96,1,6,1,'Accounts','','2024-05-17 22:01:59','2024-05-17 22:01:59',NULL,NULL,0,1,0,0,'IMPORT','KIMBERLY CLARK PERU S.A.'),(97,1,5,1,'Accounts','','2024-05-17 22:01:59','2024-05-17 22:01:59',NULL,NULL,0,1,0,0,'IMPORT','PESQUERA DIAMANTE S.A.'),(98,1,6,1,'Accounts','','2024-05-17 22:01:59','2024-05-17 22:01:59',NULL,NULL,0,1,0,0,'IMPORT','CREDIBOLSA SOCIEDAD AGENTE DE BOLSA S.A.'),(99,1,6,1,'Accounts','','2024-05-17 22:01:59','2024-05-17 22:01:59',NULL,NULL,0,1,0,0,'IMPORT','EL PACIFICO VIDA CIA. DE SEGUROS Y REASEGUROS S.A.'),(100,1,5,1,'Accounts','','2024-05-17 22:01:59','2024-05-17 22:01:59',NULL,NULL,0,1,0,0,'IMPORT','CEMENTOS PACASMAYO S.A.A.'),(101,1,6,1,'Accounts','','2024-05-17 22:01:59','2024-07-12 16:23:38',NULL,NULL,0,1,0,0,'IMPORT','Pacasmayo Unidad Ica'),(102,1,6,1,'Accounts','','2024-05-17 22:01:59','2024-05-17 22:01:59',NULL,NULL,0,1,0,0,'IMPORT','ABC SA'),(103,1,6,1,'Accounts','','2024-05-17 22:01:59','2024-05-17 22:01:59',NULL,NULL,0,1,0,0,'IMPORT','LIMBA SERVICES S.A.C.'),(104,1,6,1,'Accounts','','2024-05-17 22:01:59','2024-05-17 22:01:59',NULL,NULL,0,1,0,0,'IMPORT','SOCIEDAD ELECTRICA DEL SUR OESTE SA'),(105,1,6,1,'Accounts','','2024-05-17 22:01:59','2024-05-17 22:01:59',NULL,NULL,0,1,0,0,'IMPORT','AJEPER S. A.'),(106,1,6,1,'Accounts','','2024-05-17 22:01:59','2024-05-17 22:01:59',NULL,NULL,0,1,0,0,'IMPORT','UNIVERSIDAD TECNOLOGICA DEL PERU S.A.C.'),(107,1,5,1,'Contacts','','2024-05-17 22:12:52','2024-05-17 22:12:52',NULL,NULL,0,1,0,0,'IMPORT','Juan Perez'),(108,1,5,1,'Contacts','','2024-05-17 22:12:52','2024-05-17 22:12:52',NULL,NULL,0,1,0,0,'IMPORT','Oscar Sanchez'),(109,1,7,1,'Contacts','','2024-05-17 22:12:52','2024-05-17 22:12:52',NULL,NULL,0,1,0,0,'IMPORT','Javier Rodriguez'),(110,1,5,1,'Contacts','','2024-05-17 22:12:52','2024-05-17 22:12:52',NULL,NULL,0,1,0,0,'IMPORT','Hugo Perez'),(111,1,7,1,'Contacts','','2024-05-17 22:12:52','2024-05-17 22:12:52',NULL,NULL,0,1,0,0,'IMPORT','Francisco Diaz'),(112,1,8,1,'Contacts','','2024-05-17 22:12:52','2024-05-17 22:12:52',NULL,NULL,0,1,0,0,'IMPORT','Daniel Polo'),(113,1,7,1,'Contacts','','2024-05-17 22:12:52','2024-05-17 22:12:52',NULL,NULL,0,1,0,0,'IMPORT','Manuel Manzanares'),(114,1,7,1,'Contacts','','2024-05-17 22:12:52','2024-05-17 22:12:52',NULL,NULL,0,1,0,0,'IMPORT','Jose Rodriguez'),(115,1,7,1,'Contacts','','2024-05-17 22:12:52','2024-05-17 22:12:52',NULL,NULL,0,1,0,0,'IMPORT','Jorge Rojas'),(116,1,5,1,'Contacts','','2024-05-17 22:12:52','2024-05-17 22:12:52',NULL,NULL,0,1,0,0,'IMPORT','Sandro Mendez'),(117,1,7,1,'Contacts','','2024-05-17 22:12:52','2024-05-17 22:12:52',NULL,NULL,0,1,0,0,'IMPORT','Eduardo Pacheco'),(118,1,7,1,'Contacts','','2024-05-17 22:12:52','2024-05-17 22:12:52',NULL,NULL,0,1,0,0,'IMPORT','Christian De la Cruz'),(119,1,7,1,'Contacts','','2024-05-17 22:12:52','2024-05-17 22:12:52',NULL,NULL,0,1,0,0,'IMPORT','Maria Hernandez'),(120,1,5,1,'Contacts','','2024-05-17 22:12:52','2024-05-17 22:12:52',NULL,NULL,0,1,0,0,'IMPORT','Alejandro Corrales'),(121,1,5,1,'Contacts','','2024-05-17 22:12:52','2024-05-17 22:12:52',NULL,NULL,0,1,0,0,'IMPORT','Brenda Diaz'),(122,1,5,1,'Contacts','','2024-05-17 22:12:52','2024-05-17 22:12:52',NULL,NULL,0,1,0,0,'IMPORT','Carolina Marcenaro'),(123,1,5,1,'Contacts','','2024-05-17 22:12:52','2024-05-17 22:12:52',NULL,NULL,0,1,0,0,'IMPORT','Dante Solis'),(124,1,5,1,'Contacts','','2024-05-17 22:12:52','2024-05-17 22:12:52',NULL,NULL,0,1,0,0,'IMPORT','Federico Foppiano'),(125,1,5,1,'Contacts','','2024-05-17 22:12:52','2024-05-17 22:12:52',NULL,NULL,0,1,0,0,'IMPORT','Guillermo Rojas'),(126,1,7,1,'Contacts','','2024-05-17 22:12:52','2024-05-17 22:12:52',NULL,NULL,0,1,0,0,'IMPORT','Hernan Campos'),(127,1,7,1,'Contacts','','2024-05-17 22:12:52','2024-05-17 22:12:52',NULL,NULL,0,1,0,0,'IMPORT','Juan Allemant'),(128,1,7,1,'Contacts','','2024-05-17 22:12:52','2024-05-17 22:12:52',NULL,NULL,0,1,0,0,'IMPORT','Karla Villanes'),(129,1,7,1,'Contacts','','2024-05-17 22:12:52','2024-05-17 22:12:52',NULL,NULL,0,1,0,0,'IMPORT','Liliana Galvez'),(130,1,5,1,'Contacts','','2024-05-17 22:12:53','2024-05-17 22:12:53',NULL,NULL,0,1,0,0,'IMPORT','Miluska Quezada'),(131,1,7,1,'Contacts','','2024-05-17 22:12:53','2024-05-17 22:12:53',NULL,NULL,0,1,0,0,'IMPORT','Nancy Pardo'),(132,1,5,1,'Contacts','','2024-05-17 22:12:53','2024-05-17 22:12:53',NULL,NULL,0,1,0,0,'IMPORT','Omar Villanueva'),(133,1,7,1,'Contacts','','2024-05-17 22:12:53','2024-05-17 22:12:53',NULL,NULL,0,1,0,0,'IMPORT','Patricia Naranjo'),(134,1,5,1,'Contacts','','2024-05-17 22:12:53','2024-05-17 22:12:53',NULL,NULL,0,1,0,0,'IMPORT','Joaquin Cruz'),(135,1,5,1,'Contacts','','2024-05-17 22:12:53','2024-05-17 22:12:53',NULL,NULL,0,1,0,0,'IMPORT','Renzo Escobedo'),(136,1,5,1,'Contacts','','2024-05-17 22:12:53','2024-05-17 22:12:53',NULL,NULL,0,1,0,0,'IMPORT','Samuel Valderrama'),(137,1,5,1,'Contacts','','2024-05-17 22:12:53','2024-05-17 22:12:53',NULL,NULL,0,1,0,0,'IMPORT','Victor Gutierrez'),(138,1,7,1,'Contacts','','2024-05-17 22:12:53','2024-05-17 22:12:53',NULL,NULL,0,1,0,0,'IMPORT','Wilbert Zapata'),(139,1,7,1,'Contacts','','2024-05-17 22:12:53','2024-05-17 22:12:53',NULL,NULL,0,1,0,0,'IMPORT','Xavier Barrantes'),(140,1,5,1,'Contacts','','2024-05-17 22:12:53','2024-05-17 22:12:53',NULL,NULL,0,1,0,0,'IMPORT','Ivan Barron'),(141,1,7,1,'Contacts','','2024-05-17 22:12:53','2024-05-17 22:12:53',NULL,NULL,0,1,0,0,'IMPORT','Ana Fernandez'),(142,1,5,1,'Contacts','','2024-05-17 22:12:53','2024-05-17 22:12:53',NULL,NULL,0,1,0,0,'IMPORT','Carlos Arellano'),(143,1,8,1,'Contacts','','2024-05-17 22:12:53','2024-05-17 22:12:53',NULL,NULL,0,1,0,0,'IMPORT','Diego Hurtado'),(144,1,7,1,'Contacts','','2024-05-17 22:12:53','2024-05-17 22:12:53',NULL,NULL,0,1,0,0,'IMPORT','Frank Paez'),(145,1,8,1,'Contacts','','2024-05-17 22:12:53','2024-05-17 22:12:53',NULL,NULL,0,1,0,0,'IMPORT','German Zevallos'),(146,1,5,1,'Contacts','','2024-05-17 22:12:53','2024-05-17 22:12:53',NULL,NULL,0,1,0,0,'IMPORT','Horacio Benavente'),(147,1,5,1,'Contacts','','2024-05-17 22:12:53','2024-05-17 22:12:53',NULL,NULL,0,1,0,0,'IMPORT','Oscar Santa Cruz'),(148,1,5,1,'Contacts','','2024-05-17 22:12:53','2024-05-17 22:12:53',NULL,NULL,0,1,0,0,'IMPORT','David Lituma'),(149,1,5,1,'Contacts','','2024-05-17 22:12:53','2024-05-17 22:12:53',NULL,NULL,0,1,0,0,'IMPORT','Augusto Cevasco'),(150,1,5,1,'Contacts','','2024-05-17 22:12:53','2024-05-17 22:12:53',NULL,NULL,0,1,0,0,'IMPORT','Alberto Lima'),(151,1,8,1,'Contacts','','2024-05-17 22:12:53','2024-05-17 22:12:53',NULL,NULL,0,1,0,0,'IMPORT','Adrian Ramos'),(152,1,7,1,'Contacts','','2024-05-17 22:12:53','2024-05-17 22:12:53',NULL,NULL,0,1,0,0,'IMPORT','Adriana Velasquez'),(153,1,5,1,'Contacts','','2024-05-17 22:12:53','2024-05-17 22:12:53',NULL,NULL,0,1,0,0,'IMPORT','Marco Cuenca'),(154,1,7,1,'Contacts','','2024-05-17 22:12:53','2024-05-17 22:12:53',NULL,NULL,0,1,0,0,'IMPORT','Percy Ramirez'),(155,1,7,1,'Contacts','','2024-05-17 22:12:53','2024-05-17 22:12:53',NULL,NULL,0,1,0,0,'IMPORT','Antonio Abad'),(156,1,7,1,'Contacts','','2024-05-17 22:12:53','2024-05-17 22:12:53',NULL,NULL,0,1,0,0,'IMPORT','Gianina Inurritegui'),(157,1,5,1,'Contacts','','2024-05-17 22:12:53','2024-05-17 22:12:53',NULL,NULL,0,1,0,0,'IMPORT','Cesar Machado'),(158,1,5,1,'Contacts','','2024-05-17 22:12:53','2024-05-17 22:12:53',NULL,NULL,0,1,0,0,'IMPORT','Silvia Canales'),(159,1,5,1,'Contacts','','2024-05-17 22:12:53','2024-05-17 22:12:53',NULL,NULL,0,1,0,0,'IMPORT','Paola Leon'),(160,1,7,1,'Contacts','','2024-05-17 22:12:53','2024-05-17 22:12:53',NULL,NULL,0,1,0,0,'IMPORT','Silvana Jayo'),(161,1,5,1,'Contacts','','2024-05-17 22:12:53','2024-05-17 22:12:53',NULL,NULL,0,1,0,0,'IMPORT','Luis Miyagi'),(162,1,7,1,'Contacts','','2024-05-17 22:12:53','2024-05-17 22:12:53',NULL,NULL,0,1,0,0,'IMPORT','Hans Medina'),(163,1,5,1,'Contacts','','2024-05-17 22:12:53','2024-05-17 22:12:53',NULL,NULL,0,1,0,0,'IMPORT','Gregorio de la Torre'),(164,1,8,1,'Contacts','','2024-05-17 22:12:53','2024-05-17 22:12:53',NULL,NULL,0,1,0,0,'IMPORT','Silvia Perez'),(165,1,5,1,'Contacts','','2024-05-17 22:12:53','2024-05-17 22:12:53',NULL,NULL,0,1,0,0,'IMPORT','Paola Sanchez'),(166,1,6,1,'Contacts','','2024-05-17 22:12:53','2024-05-17 22:12:53',NULL,NULL,0,1,0,0,'IMPORT','Silvana Rodriguez'),(167,1,5,1,'Contacts','','2024-05-17 22:12:53','2024-05-17 22:12:53',NULL,NULL,0,1,0,0,'IMPORT','Luis Perez'),(168,1,5,1,'Contacts','','2024-05-17 22:12:53','2024-05-17 22:12:53',NULL,NULL,0,1,0,0,'IMPORT','Hans Diaz'),(169,1,5,1,'Contacts','','2024-05-17 22:12:53','2024-05-17 22:12:53',NULL,NULL,0,1,0,0,'IMPORT','Gregorio Polo'),(170,1,6,1,'Contacts','','2024-05-17 22:12:53','2024-07-18 17:10:04',NULL,NULL,0,1,0,0,'IMPORT','Adriana Barrantes'),(171,1,5,1,'Contacts','','2024-05-17 22:12:53','2024-05-17 22:12:53',NULL,NULL,0,1,0,0,'IMPORT','Marco Barron'),(172,1,8,1,'Contacts','','2024-05-17 22:12:53','2024-05-17 22:12:53',NULL,NULL,0,1,0,0,'IMPORT','Percy Fernandez'),(173,1,5,1,'Contacts','','2024-05-17 22:12:53','2024-05-17 22:12:53',NULL,NULL,0,1,0,0,'IMPORT','Antonio Arellano'),(174,1,5,1,'Contacts','','2024-05-17 22:12:53','2024-05-17 22:12:53',NULL,NULL,0,1,0,0,'IMPORT','Gianina Hurtado'),(175,1,5,1,'Contacts','','2024-05-17 22:12:53','2024-05-17 22:12:53',NULL,NULL,0,1,0,0,'IMPORT','Cesar Paez'),(176,1,5,1,'Contacts','','2024-05-17 22:12:54','2024-05-17 22:12:54',NULL,NULL,0,1,0,0,'IMPORT','Horacio De la Cruz'),(177,1,5,1,'Contacts','','2024-05-17 22:12:54','2024-05-17 22:12:54',NULL,NULL,0,1,0,0,'IMPORT','Oscar Hernandez'),(178,1,8,1,'Contacts','','2024-05-17 22:12:54','2024-05-17 22:12:54',NULL,NULL,0,1,0,0,'IMPORT','David Corrales'),(179,1,5,1,'Contacts','','2024-05-17 22:12:54','2024-05-17 22:12:54',NULL,NULL,0,1,0,0,'IMPORT','Augusto Diaz'),(180,1,8,1,'Contacts','','2024-05-17 22:12:54','2024-05-17 22:12:54',NULL,NULL,0,1,0,0,'IMPORT','Alberto Marcenaro'),(181,1,5,1,'Contacts','','2024-05-17 22:12:54','2024-05-17 22:12:54',NULL,NULL,0,1,0,0,'IMPORT','Adrian Solis'),(182,1,6,1,'Contacts','','2024-05-17 22:12:55','2024-05-17 22:12:55',NULL,NULL,0,1,0,0,'IMPORT','Ivan Aservi'),(183,1,5,1,'Contacts','','2024-05-17 22:12:55','2024-05-17 22:12:55',NULL,NULL,0,1,0,0,'IMPORT','Ana Regalado'),(184,1,6,1,'Contacts','','2024-05-17 22:12:55','2024-05-17 22:12:55',NULL,NULL,0,1,0,0,'IMPORT','Carlos Salazar'),(185,1,5,1,'Contacts','','2024-05-17 22:12:55','2024-05-17 22:12:55',NULL,NULL,0,1,0,0,'IMPORT','Diego Zuniga'),(186,1,6,1,'Contacts','','2024-05-17 22:12:55','2024-05-17 22:12:55',NULL,NULL,0,1,0,0,'IMPORT','Frank Pachas'),(187,1,5,1,'Contacts','','2024-05-17 22:12:55','2024-05-17 22:12:55',NULL,NULL,0,1,0,0,'IMPORT','German Montes'),(188,1,5,1,'Contacts','','2024-05-17 22:12:55','2024-05-17 22:12:55',NULL,NULL,0,1,0,0,'IMPORT','Joaquin Segura'),(189,1,5,1,'Contacts','','2024-05-17 22:12:55','2024-05-17 22:12:55',NULL,NULL,0,1,0,0,'IMPORT','Renzo Reyna'),(190,1,5,1,'Contacts','','2024-05-17 22:12:55','2024-05-17 22:12:55',NULL,NULL,0,1,0,0,'IMPORT','Samuel Ruiz'),(191,1,6,1,'Contacts','','2024-05-17 22:12:55','2024-05-17 22:12:55',NULL,NULL,0,1,0,0,'IMPORT','Victor Castilla'),(192,1,5,1,'Contacts','','2024-05-17 22:12:55','2024-05-17 22:12:55',NULL,NULL,0,1,0,0,'IMPORT','Wilbert Pizarro'),(193,1,5,1,'Contacts','','2024-05-17 22:12:55','2024-05-17 22:12:55',NULL,NULL,0,1,0,0,'IMPORT','Xavier Corcuera'),(194,1,5,1,'Contacts','','2024-05-17 22:12:55','2024-05-17 22:12:55',NULL,NULL,0,1,0,0,'IMPORT','Karla Zambrano'),(195,1,8,1,'Contacts','','2024-05-17 22:12:55','2024-05-17 22:12:55',NULL,NULL,0,1,0,0,'IMPORT','Liliana Carrera'),(196,1,8,1,'Contacts','','2024-05-17 22:12:55','2024-05-17 22:12:55',NULL,NULL,0,1,0,0,'IMPORT','Miluska Villar'),(197,1,6,1,'Contacts','','2024-05-17 22:12:55','2024-05-17 22:12:55',NULL,NULL,0,1,0,0,'IMPORT','Nancy Sevillano'),(198,1,5,1,'Contacts','','2024-05-17 22:12:55','2024-05-17 22:12:55',NULL,NULL,0,1,0,0,'IMPORT','Omar Paredes'),(199,1,6,1,'Contacts','','2024-05-17 22:12:55','2024-05-17 22:12:55',NULL,NULL,0,1,0,0,'IMPORT','Patricia Montes'),(200,1,5,1,'Contacts','','2024-05-17 22:12:55','2024-05-17 22:12:55',NULL,NULL,0,1,0,0,'IMPORT','Carolina Segura'),(201,1,6,1,'Contacts','','2024-05-17 22:12:55','2024-05-17 22:12:55',NULL,NULL,0,1,0,0,'IMPORT','Dante Reyna'),(202,1,5,1,'Contacts','','2024-05-17 22:12:55','2024-05-17 22:12:55',NULL,NULL,0,1,0,0,'IMPORT','Federico Ruiz'),(203,1,6,1,'Contacts','','2024-05-17 22:12:55','2024-05-17 22:12:55',NULL,NULL,0,1,0,0,'IMPORT','Guillermo Castilla'),(204,1,6,1,'Contacts','','2024-05-17 22:12:55','2024-05-17 22:12:55',NULL,NULL,0,1,0,0,'IMPORT','Hernan Pizarro'),(205,1,5,1,'Contacts','','2024-05-17 22:12:55','2024-05-17 22:12:55',NULL,NULL,0,1,0,0,'IMPORT','Juan Raez'),(206,1,6,1,'Contacts','','2024-05-17 22:12:55','2024-05-17 22:12:55',NULL,NULL,0,1,0,0,'IMPORT','Oscar Altamirano'),(207,1,6,1,'Contacts','','2024-05-17 22:12:55','2024-05-17 22:12:55',NULL,NULL,0,1,0,0,'IMPORT','Juan Perez'),(208,1,6,1,'Contacts','','2024-05-17 22:12:55','2024-05-17 22:12:55',NULL,NULL,0,1,0,0,'IMPORT','Manuel Cigaran'),(209,1,6,1,'Contacts','','2024-05-17 22:12:55','2024-05-17 22:12:55',NULL,NULL,0,1,0,0,'IMPORT','Oscar Santa Cruz'),(210,1,6,1,'Contacts','','2024-05-17 22:12:55','2024-05-17 22:12:55',NULL,NULL,0,1,0,0,'IMPORT','Juan Perez'),(211,1,6,1,'Contacts','','2024-05-17 22:12:55','2024-05-17 22:12:55',NULL,NULL,0,1,0,0,'IMPORT','Carlos Velasquez'),(212,1,1,1,'Contacts','','2024-05-17 22:12:55','2024-05-17 22:12:55',NULL,NULL,0,1,0,0,'IMPORT','Jose Santiago Zavaleta Cortijo'),(213,1,5,1,'Potentials','','2024-05-17 22:28:47','2024-05-17 22:29:02',NULL,NULL,0,1,1,0,'IMPORT','Tax & Legal'),(214,1,5,1,'Potentials','','2024-05-17 22:28:47','2024-05-17 22:29:02',NULL,NULL,0,1,1,0,'IMPORT','Auditoria Financiera'),(215,1,7,1,'Potentials','','2024-05-17 22:28:47','2024-05-17 22:29:02',NULL,NULL,0,1,1,0,'IMPORT','Outsourcing'),(216,1,5,1,'Potentials','','2024-05-17 22:28:47','2024-05-17 22:29:02',NULL,NULL,0,1,1,0,'IMPORT','Proyecto Carretera de Acceso'),(217,1,7,1,'Potentials','','2024-05-17 22:28:47','2024-05-17 22:29:02',NULL,NULL,0,1,1,0,'IMPORT','Tax & Legal'),(218,1,8,1,'Potentials','','2024-05-17 22:28:47','2024-05-17 22:29:02',NULL,NULL,0,1,1,0,'IMPORT','Auditoria Financiera'),(219,1,7,1,'Potentials','','2024-05-17 22:28:47','2024-05-17 22:29:02',NULL,NULL,0,1,1,0,'IMPORT','Outsourcing'),(220,1,7,1,'Potentials','','2024-05-17 22:28:47','2024-05-17 22:29:02',NULL,NULL,0,1,1,0,'IMPORT','Precios de Transferencia'),(221,1,7,1,'Potentials','','2024-05-17 22:28:47','2024-05-17 22:29:02',NULL,NULL,0,1,1,0,'IMPORT','110 Termostatos'),(222,1,5,1,'Potentials','','2024-05-17 22:28:47','2024-05-17 22:29:02',NULL,NULL,0,1,1,0,'IMPORT','Educacion Segura'),(223,1,7,1,'Potentials','','2024-05-17 22:28:47','2024-05-17 22:29:02',NULL,NULL,0,1,1,0,'IMPORT','Auditoria Financiera'),(224,1,7,1,'Potentials','','2024-05-17 22:28:47','2024-05-17 22:29:02',NULL,NULL,0,1,1,0,'IMPORT','Outsourcing'),(225,1,7,1,'Potentials','','2024-05-17 22:28:47','2024-05-17 22:29:02',NULL,NULL,0,1,1,0,'IMPORT','Precios de Transferencia'),(226,1,5,1,'Potentials','','2024-05-17 22:28:47','2024-05-17 22:29:02',NULL,NULL,0,1,1,0,'IMPORT','90 Termostatos'),(227,1,5,1,'Potentials','','2024-05-17 22:28:47','2024-05-17 22:29:02',NULL,NULL,0,1,1,0,'IMPORT','Tax & Legal'),(228,1,5,1,'Potentials','','2024-05-17 22:28:47','2024-05-17 22:29:02',NULL,NULL,0,1,1,0,'IMPORT','Auditoria Financiera'),(229,1,5,1,'Potentials','','2024-05-17 22:28:47','2024-05-17 22:29:02',NULL,NULL,0,1,1,0,'IMPORT','Outsourcing'),(230,1,5,1,'Potentials','','2024-05-17 22:28:47','2024-05-17 22:29:02',NULL,NULL,0,1,1,0,'IMPORT','Precios de Transferencia'),(231,1,5,1,'Potentials','','2024-05-17 22:28:47','2024-05-17 22:29:02',NULL,NULL,0,1,1,0,'IMPORT','200 Termostatos'),(232,1,7,1,'Potentials','','2024-05-17 22:28:47','2024-05-17 22:29:02',NULL,NULL,0,1,1,0,'IMPORT','Tax & Legal'),(233,1,7,1,'Potentials','','2024-05-17 22:28:47','2024-05-17 22:29:02',NULL,NULL,0,1,1,0,'IMPORT','Outsourcing'),(234,1,7,1,'Potentials','','2024-05-17 22:28:47','2024-05-17 22:29:02',NULL,NULL,0,1,1,0,'IMPORT','Auditoria Financiera'),(235,1,7,1,'Potentials','','2024-05-17 22:28:47','2024-05-17 22:29:02',NULL,NULL,0,1,1,0,'IMPORT','Outsourcing'),(236,1,5,1,'Potentials','','2024-05-17 22:28:47','2024-05-17 22:29:02',NULL,NULL,0,1,1,0,'IMPORT','Precios de Transferencia'),(237,1,7,1,'Potentials','','2024-05-17 22:28:47','2024-05-17 22:29:02',NULL,NULL,0,1,1,0,'IMPORT','40 Termostatos'),(238,1,5,1,'Potentials','','2024-05-17 22:28:47','2024-05-17 22:29:02',NULL,NULL,0,1,1,0,'IMPORT','Tax & Legal'),(239,1,7,1,'Potentials','','2024-05-17 22:28:47','2024-05-17 22:29:02',NULL,NULL,0,1,1,0,'IMPORT','Outsourcing'),(240,1,5,1,'Potentials','','2024-05-17 22:28:47','2024-05-17 22:29:02',NULL,NULL,0,1,1,0,'IMPORT','Auditoria Financiera'),(241,1,5,1,'Potentials','','2024-05-17 22:28:47','2024-05-17 22:29:02',NULL,NULL,0,1,1,0,'IMPORT','Outsourcing'),(242,1,5,1,'Potentials','','2024-05-17 22:28:48','2024-05-17 22:29:02',NULL,NULL,0,1,1,0,'IMPORT','Precios de Transferencia'),(243,1,5,1,'Potentials','','2024-05-17 22:28:48','2024-05-17 22:29:02',NULL,NULL,0,1,1,0,'IMPORT','30 Termostatos'),(244,1,7,1,'Potentials','','2024-05-17 22:28:48','2024-05-17 22:29:02',NULL,NULL,0,1,1,0,'IMPORT','Tax & Legal'),(245,1,7,1,'Potentials','','2024-05-17 22:28:48','2024-05-17 22:29:02',NULL,NULL,0,1,1,0,'IMPORT','Outsourcing'),(246,1,5,1,'Potentials','','2024-05-17 22:28:48','2024-05-17 22:29:02',NULL,NULL,0,1,1,0,'IMPORT','virtualizacion de desktop'),(247,1,7,1,'Potentials','','2024-05-17 22:28:48','2024-05-17 22:29:02',NULL,NULL,0,1,1,0,'IMPORT','Programa de Liderazgo Transformacional - CXO'),(248,1,5,1,'Potentials','','2024-05-17 22:28:48','2024-05-17 22:29:02',NULL,NULL,0,1,1,0,'IMPORT','Diplomado'),(249,1,8,1,'Potentials','','2024-05-17 22:28:48','2024-05-17 22:29:02',NULL,NULL,0,1,1,0,'IMPORT','Videoconferencia'),(250,1,7,1,'Potentials','','2024-05-17 22:28:48','2024-05-17 22:29:02',NULL,NULL,0,1,1,0,'IMPORT','Flota de Gruas para Toquepal'),(251,1,8,1,'Potentials','','2024-05-17 22:28:48','2024-05-17 22:29:02',NULL,NULL,0,1,1,0,'IMPORT','Alquiler de Gruas - 3 años'),(252,1,5,1,'Potentials','','2024-05-17 22:28:48','2024-05-17 22:29:02',NULL,NULL,0,1,1,0,'IMPORT','Programa Primeros Auxilios G1'),(253,1,5,1,'Potentials','','2024-05-17 22:28:48','2024-05-17 22:29:02',NULL,NULL,0,1,1,0,'IMPORT','Programa Primeros Auxilios G2'),(254,1,5,1,'Potentials','','2024-05-17 22:28:48','2024-05-17 22:29:02',NULL,NULL,0,1,1,0,'IMPORT','Carta Fianza'),(255,1,5,1,'Potentials','','2024-05-17 22:28:48','2024-05-17 22:29:02',NULL,NULL,0,1,1,0,'IMPORT','Planta de Lurin - Acceso a Internet'),(256,1,5,1,'Potentials','','2024-05-17 22:28:48','2024-05-17 22:29:02',NULL,NULL,0,1,1,0,'IMPORT','Proyecto Costos - Hyperion'),(257,1,8,1,'Potentials','','2024-05-17 22:28:48','2024-05-17 22:29:02',NULL,NULL,0,1,1,0,'IMPORT','Convenio 100 personas'),(258,1,7,1,'Potentials','','2024-05-17 22:28:48','2024-05-17 22:29:02',NULL,NULL,0,1,1,0,'IMPORT','Limpieza de planta con Powerboss'),(259,1,5,1,'Potentials','','2024-05-17 22:28:48','2024-05-17 22:29:02',NULL,NULL,0,1,1,0,'IMPORT','Flota de 10 uni   - modelo'),(260,1,7,1,'Potentials','','2024-05-17 22:28:48','2024-05-17 22:29:02',NULL,NULL,0,1,1,0,'IMPORT','Outsourcing impresion'),(261,1,7,1,'Potentials','','2024-05-17 22:28:48','2024-05-17 22:29:02',NULL,NULL,0,1,1,0,'IMPORT','Proyecto de Cocina - Linea Sarten Vocable'),(262,1,7,1,'Potentials','','2024-05-17 22:28:48','2024-05-17 22:29:02',NULL,NULL,0,1,1,0,'IMPORT','Proyecto de Cocina - Linea Sarten Vocable'),(263,1,5,1,'Potentials','','2024-05-17 22:28:48','2024-05-17 22:29:02',NULL,NULL,0,1,1,0,'IMPORT','Proyecto Cocina Campamento..'),(264,1,5,1,'Potentials','','2024-05-17 22:28:48','2024-05-17 22:29:02',NULL,NULL,0,1,1,0,'IMPORT','Proyecto Cocina Campamento..'),(265,1,5,1,'Potentials','','2024-05-17 22:28:48','2024-05-17 22:29:02',NULL,NULL,0,1,1,0,'IMPORT','Proyecto Automatizacion -  Labcel'),(266,1,7,1,'Potentials','','2024-05-17 22:28:48','2024-05-17 22:29:02',NULL,NULL,0,1,1,0,'IMPORT','Proyecto de Perforacion - Jumbo'),(267,1,5,1,'Potentials','','2024-05-17 22:28:48','2024-05-17 22:29:02',NULL,NULL,0,1,1,0,'IMPORT','Camion grua para cambio de postes'),(268,1,7,1,'Potentials','','2024-05-17 22:28:48','2024-05-17 22:29:02',NULL,NULL,0,1,1,0,'IMPORT','Control de Asistencia 4 locales'),(269,1,5,1,'Potentials','','2024-05-17 22:28:48','2024-05-17 22:29:02',NULL,NULL,0,1,1,0,'IMPORT','10 VM - 4 locales'),(270,1,8,1,'Potentials','','2024-05-17 22:28:48','2024-05-17 22:29:02',NULL,NULL,0,1,1,0,'IMPORT','Letrero Lumino Entrada XYZ 10x24'),(271,1,5,1,'Potentials','','2024-05-17 22:28:48','2024-05-17 22:29:02',NULL,NULL,0,1,1,0,'IMPORT','Proyecto De Seguridad - Cableado de Fibra'),(272,1,6,1,'Potentials','','2024-05-17 22:28:48','2024-05-17 22:29:02',NULL,NULL,0,1,1,0,'IMPORT','Proyecto de impermiabilizacion'),(273,1,5,1,'Potentials','','2024-05-17 22:28:48','2024-05-17 22:29:02',NULL,NULL,0,1,1,0,'IMPORT','Proyecto Seguridad Perimetral'),(274,1,5,1,'Potentials','','2024-05-17 22:28:48','2024-05-17 22:29:02',NULL,NULL,0,1,1,0,'IMPORT','Internet dedicado 8 MB'),(275,1,5,1,'Potentials','','2024-05-17 22:28:48','2024-05-17 22:29:02',NULL,NULL,0,1,1,0,'IMPORT','Servicio de Exportacion'),(276,1,6,1,'Potentials','','2024-05-17 22:28:48','2024-05-17 22:29:02',NULL,NULL,0,1,1,0,'IMPORT','Montacarga'),(277,1,5,1,'Potentials','','2024-05-17 22:28:48','2024-05-17 22:29:02',NULL,NULL,0,1,1,0,'IMPORT','Auditoria Financiera'),(278,1,8,1,'Potentials','','2024-05-17 22:28:48','2024-05-17 22:29:02',NULL,NULL,0,1,1,0,'IMPORT','Tax & Legal'),(279,1,5,1,'Potentials','','2024-05-17 22:28:48','2024-05-17 22:29:02',NULL,NULL,0,1,1,0,'IMPORT','Nueva oficina en Surco 100 puestos'),(280,1,5,1,'Potentials','','2024-05-17 22:28:48','2024-05-17 22:29:02',NULL,NULL,0,1,1,0,'IMPORT','nueva estufa'),(281,1,5,1,'Potentials','','2024-05-17 22:28:48','2024-05-17 22:29:02',NULL,NULL,0,1,1,0,'IMPORT','Flete Martimo Exportacion'),(282,1,5,1,'Potentials','','2024-05-17 22:28:48','2024-05-17 22:29:02',NULL,NULL,0,1,1,0,'IMPORT','Flete Martimo Exportacion'),(283,1,5,1,'Potentials','','2024-05-17 22:28:48','2024-05-17 22:29:02',NULL,NULL,0,1,1,0,'IMPORT','Refrigerador Vertical'),(284,1,8,1,'Potentials','','2024-05-17 22:28:48','2024-05-17 22:29:02',NULL,NULL,0,1,1,0,'IMPORT','Computacion 105'),(285,1,5,1,'Potentials','','2024-05-17 22:28:48','2024-05-17 22:29:02',NULL,NULL,0,1,1,0,'IMPORT','Fumigadora'),(286,1,8,1,'Potentials','','2024-05-17 22:28:48','2024-05-17 22:29:02',NULL,NULL,0,1,1,0,'IMPORT','Ventas'),(287,1,5,1,'Potentials','','2024-05-17 22:28:48','2024-05-17 22:29:02',NULL,NULL,0,1,1,0,'IMPORT','tarjetas bingo 10 millares'),(288,1,6,1,'Potentials','','2024-05-17 22:28:48','2024-05-17 22:29:02',NULL,NULL,0,1,1,0,'IMPORT','Uniformes de Primavera'),(289,1,5,1,'Potentials','','2024-05-17 22:28:48','2024-05-17 22:29:02',NULL,NULL,0,1,1,0,'IMPORT','Mallas'),(290,1,6,1,'Potentials','','2024-05-17 22:28:48','2024-05-17 22:29:02',NULL,NULL,0,1,1,0,'IMPORT','Convertirse en mayorista'),(291,1,5,1,'Potentials','','2024-05-17 22:28:48','2024-05-17 22:29:02',NULL,NULL,0,1,1,0,'IMPORT','Storage'),(292,1,6,1,'Potentials','','2024-05-17 22:28:48','2024-05-17 22:29:02',NULL,NULL,0,1,1,0,'IMPORT','Campamento'),(293,1,5,1,'Potentials','','2024-05-17 22:28:48','2024-05-17 22:29:02',NULL,NULL,0,1,1,0,'IMPORT','Campamento'),(294,1,5,1,'Potentials','','2024-05-17 22:28:48','2024-05-17 22:29:02',NULL,NULL,0,1,1,0,'IMPORT','Sistema Contable'),(295,1,5,1,'Potentials','','2024-05-17 22:28:48','2024-05-17 22:29:02',NULL,NULL,0,1,1,0,'IMPORT','ISO 9001'),(296,1,5,1,'Potentials','','2024-05-17 22:28:48','2024-05-17 22:29:02',NULL,NULL,0,1,1,0,'IMPORT','100 mil envases del nuevo modelo'),(297,1,6,1,'Potentials','','2024-05-17 22:28:48','2024-05-17 22:29:02',NULL,NULL,0,1,1,0,'IMPORT','100 lts alcohol'),(298,1,5,1,'Potentials','','2024-05-17 22:28:48','2024-05-17 22:29:02',NULL,NULL,0,1,1,0,'IMPORT','Repuestos para su planta de Cuajone'),(299,1,5,1,'Potentials','','2024-05-17 22:28:48','2024-05-17 22:29:02',NULL,NULL,0,1,1,0,'IMPORT','Herramienta Llave Stillson (10 un)'),(300,1,5,1,'Potentials','','2024-05-17 22:28:48','2024-05-17 22:29:02',NULL,NULL,0,1,1,0,'IMPORT','M&A'),(301,1,8,1,'Potentials','','2024-05-17 22:28:49','2024-05-17 22:29:02',NULL,NULL,0,1,1,0,'IMPORT','Proyecto Aliaga'),(302,1,8,1,'Potentials','','2024-05-17 22:28:49','2024-05-17 22:29:02',NULL,NULL,0,1,1,0,'IMPORT','Piloto Privado Feb 2017'),(303,1,6,1,'Potentials','','2024-05-17 22:28:49','2024-05-17 22:29:02',NULL,NULL,0,1,1,0,'IMPORT','Datacenter'),(304,1,5,1,'Potentials','','2024-05-17 22:28:49','2024-05-17 22:29:02',NULL,NULL,0,1,1,0,'IMPORT','Libro'),(305,1,6,1,'Potentials','','2024-05-17 22:28:49','2024-05-17 22:29:02',NULL,NULL,0,1,1,0,'IMPORT','Proyecto Nueva Oficina San Isidro'),(306,1,5,1,'Potentials','','2024-05-17 22:28:49','2024-05-17 22:29:02',NULL,NULL,0,1,1,0,'IMPORT','Coleccion de Verano'),(307,1,6,1,'Potentials','','2024-05-17 22:28:49','2024-05-17 22:29:02',NULL,NULL,0,1,1,0,'IMPORT','Seguridad perimetral local Callao'),(308,1,5,1,'Potentials','','2024-05-17 22:28:49','2024-05-17 22:29:02',NULL,NULL,0,1,1,0,'IMPORT','Gestion Logistica 2017 - 1 semestre'),(309,1,6,1,'Potentials','','2024-05-17 22:28:49','2024-05-17 22:29:02',NULL,NULL,0,1,1,0,'IMPORT','Vacaciones de JUlio'),(310,1,6,1,'Potentials','','2024-05-17 22:28:49','2024-05-17 22:29:02',NULL,NULL,0,1,1,0,'IMPORT','Postgrado'),(311,1,5,1,'Potentials','','2024-05-17 22:28:49','2024-05-17 22:29:02',NULL,NULL,0,1,1,0,'IMPORT','Implementacion Data Center'),(312,1,6,1,'Potentials','','2024-05-17 22:28:49','2024-05-17 22:29:02',NULL,NULL,0,1,1,0,'IMPORT','Nuevo embalaje con cinta xyz'),(313,1,6,1,'Potentials','','2024-05-17 22:28:49','2024-05-17 22:29:02',NULL,NULL,0,1,1,0,'IMPORT','Venta Cruzada - Campaña Junio'),(314,1,6,1,'Potentials','','2024-05-17 22:28:49','2024-05-17 22:29:03',NULL,NULL,0,1,1,0,'IMPORT','Gruas Campamnto XYZ'),(315,1,6,1,'Potentials','','2024-05-17 22:28:49','2024-05-17 22:29:03',NULL,NULL,0,1,1,0,'IMPORT','Pollos para toda la cadena'),(316,1,6,1,'Potentials','','2024-05-17 22:28:49','2024-05-17 22:29:03',NULL,NULL,0,1,1,0,'IMPORT','prueba mobile hn'),(317,1,6,1,'Potentials','','2024-05-17 22:28:49','2024-05-17 22:29:03',NULL,NULL,0,1,1,0,'IMPORT','Cancha de Futbol 7'),(318,1,5,1,'Potentials','','2024-05-17 22:30:10','2024-05-17 22:30:10',NULL,NULL,0,1,0,0,'IMPORT','Tax & Legal'),(319,1,5,1,'Potentials','','2024-05-17 22:30:10','2024-05-17 22:30:10',NULL,NULL,0,1,0,0,'IMPORT','Auditoria Financiera'),(320,1,7,1,'Potentials','','2024-05-17 22:30:10','2024-05-17 22:30:10',NULL,NULL,0,1,0,0,'IMPORT','Outsourcing'),(321,1,5,1,'Potentials','','2024-05-17 22:30:10','2024-05-17 22:30:10',NULL,NULL,0,1,0,0,'IMPORT','Proyecto Carretera de Acceso'),(322,1,7,1,'Potentials','','2024-05-17 22:30:10','2024-05-17 22:30:10',NULL,NULL,0,1,0,0,'IMPORT','Tax & Legal'),(323,1,8,1,'Potentials','','2024-05-17 22:30:10','2024-05-17 22:30:10',NULL,NULL,0,1,0,0,'IMPORT','Auditoria Financiera'),(324,1,7,1,'Potentials','','2024-05-17 22:30:10','2024-05-17 22:30:10',NULL,NULL,0,1,0,0,'IMPORT','Outsourcing'),(325,1,7,1,'Potentials','','2024-05-17 22:30:10','2024-05-17 22:30:10',NULL,NULL,0,1,0,0,'IMPORT','Precios de Transferencia'),(326,1,7,1,'Potentials','','2024-05-17 22:30:10','2024-05-17 22:30:10',NULL,NULL,0,1,0,0,'IMPORT','110 Termostatos'),(327,1,5,1,'Potentials','','2024-05-17 22:30:10','2024-05-17 22:30:10',NULL,NULL,0,1,0,0,'IMPORT','Educacion Segura'),(328,1,7,1,'Potentials','','2024-05-17 22:30:10','2024-05-17 22:30:10',NULL,NULL,0,1,0,0,'IMPORT','Auditoria Financiera'),(329,1,7,1,'Potentials','','2024-05-17 22:30:10','2024-05-17 22:30:10',NULL,NULL,0,1,0,0,'IMPORT','Outsourcing'),(330,1,7,1,'Potentials','','2024-05-17 22:30:10','2024-05-17 22:30:10',NULL,NULL,0,1,0,0,'IMPORT','Precios de Transferencia'),(331,1,5,1,'Potentials','','2024-05-17 22:30:10','2024-05-17 22:30:10',NULL,NULL,0,1,0,0,'IMPORT','90 Termostatos'),(332,1,5,1,'Potentials','','2024-05-17 22:30:11','2024-05-17 22:30:11',NULL,NULL,0,1,0,0,'IMPORT','Tax & Legal'),(333,1,5,1,'Potentials','','2024-05-17 22:30:11','2024-05-17 22:30:11',NULL,NULL,0,1,0,0,'IMPORT','Auditoria Financiera'),(334,1,5,1,'Potentials','','2024-05-17 22:30:11','2024-05-17 22:30:11',NULL,NULL,0,1,0,0,'IMPORT','Outsourcing'),(335,1,5,1,'Potentials','','2024-05-17 22:30:11','2024-05-17 22:30:11',NULL,NULL,0,1,0,0,'IMPORT','Precios de Transferencia'),(336,1,5,1,'Potentials','','2024-05-17 22:30:11','2024-05-17 22:30:11',NULL,NULL,0,1,0,0,'IMPORT','200 Termostatos'),(337,1,7,1,'Potentials','','2024-05-17 22:30:11','2024-05-17 22:30:11',NULL,NULL,0,1,0,0,'IMPORT','Tax & Legal'),(338,1,7,1,'Potentials','','2024-05-17 22:30:11','2024-05-17 22:30:11',NULL,NULL,0,1,0,0,'IMPORT','Outsourcing'),(339,1,7,1,'Potentials','','2024-05-17 22:30:11','2024-05-17 22:30:11',NULL,NULL,0,1,0,0,'IMPORT','Auditoria Financiera'),(340,1,7,1,'Potentials','','2024-05-17 22:30:11','2024-05-17 22:30:11',NULL,NULL,0,1,0,0,'IMPORT','Outsourcing'),(341,1,5,1,'Potentials','','2024-05-17 22:30:11','2024-05-17 22:30:11',NULL,NULL,0,1,0,0,'IMPORT','Precios de Transferencia'),(342,1,7,1,'Potentials','','2024-05-17 22:30:11','2024-05-17 22:30:11',NULL,NULL,0,1,0,0,'IMPORT','40 Termostatos'),(343,1,5,1,'Potentials','','2024-05-17 22:30:11','2024-05-17 22:30:11',NULL,NULL,0,1,0,0,'IMPORT','Tax & Legal'),(344,1,7,1,'Potentials','','2024-05-17 22:30:11','2024-05-17 22:30:11',NULL,NULL,0,1,0,0,'IMPORT','Outsourcing'),(345,1,5,1,'Potentials','','2024-05-17 22:30:11','2024-05-17 22:30:11',NULL,NULL,0,1,0,0,'IMPORT','Auditoria Financiera'),(346,1,5,1,'Potentials','','2024-05-17 22:30:11','2024-05-17 22:30:11',NULL,NULL,0,1,0,0,'IMPORT','Outsourcing'),(347,1,5,1,'Potentials','','2024-05-17 22:30:11','2024-05-17 22:30:11',NULL,NULL,0,1,0,0,'IMPORT','Precios de Transferencia'),(348,1,5,1,'Potentials','','2024-05-17 22:30:11','2024-05-17 22:30:11',NULL,NULL,0,1,0,0,'IMPORT','30 Termostatos'),(349,1,7,1,'Potentials','','2024-05-17 22:30:11','2024-05-17 22:30:11',NULL,NULL,0,1,0,0,'IMPORT','Tax & Legal'),(350,1,7,1,'Potentials','','2024-05-17 22:30:11','2024-05-17 22:30:11',NULL,NULL,0,1,0,0,'IMPORT','Outsourcing'),(351,1,5,1,'Potentials','','2024-05-17 22:30:11','2024-05-17 22:30:11',NULL,NULL,0,1,0,0,'IMPORT','virtualizacion de desktop'),(352,1,7,1,'Potentials','','2024-05-17 22:30:11','2024-05-17 22:30:11',NULL,NULL,0,1,0,0,'IMPORT','Programa de Liderazgo Transformacional - CXO'),(353,1,5,1,'Potentials','','2024-05-17 22:30:11','2024-05-17 22:30:11',NULL,NULL,0,1,0,0,'IMPORT','Diplomado'),(354,1,8,1,'Potentials','','2024-05-17 22:30:11','2024-05-17 22:30:11',NULL,NULL,0,1,0,0,'IMPORT','Videoconferencia'),(355,1,7,1,'Potentials','','2024-05-17 22:30:11','2024-05-17 22:30:11',NULL,NULL,0,1,0,0,'IMPORT','Flota de Gruas para Toquepal'),(356,1,8,1,'Potentials','','2024-05-17 22:30:11','2024-05-17 22:30:11',NULL,NULL,0,1,0,0,'IMPORT','Alquiler de Gruas - 3 años'),(357,1,5,1,'Potentials','','2024-05-17 22:30:11','2024-05-17 22:30:11',NULL,NULL,0,1,0,0,'IMPORT','Programa Primeros Auxilios G1'),(358,1,5,1,'Potentials','','2024-05-17 22:30:11','2024-05-17 22:30:11',NULL,NULL,0,1,0,0,'IMPORT','Programa Primeros Auxilios G2'),(359,1,5,1,'Potentials','','2024-05-17 22:30:11','2024-05-17 22:30:11',NULL,NULL,0,1,0,0,'IMPORT','Carta Fianza'),(360,1,5,1,'Potentials','','2024-05-17 22:30:11','2024-05-17 22:30:11',NULL,NULL,0,1,0,0,'IMPORT','Planta de Lurin - Acceso a Internet'),(361,1,5,1,'Potentials','','2024-05-17 22:30:11','2024-05-17 22:30:11',NULL,NULL,0,1,0,0,'IMPORT','Proyecto Costos - Hyperion'),(362,1,8,1,'Potentials','','2024-05-17 22:30:11','2024-05-17 22:30:11',NULL,NULL,0,1,0,0,'IMPORT','Convenio 100 personas'),(363,1,7,1,'Potentials','','2024-05-17 22:30:11','2024-05-17 22:30:11',NULL,NULL,0,1,0,0,'IMPORT','Limpieza de planta con Powerboss'),(364,1,5,1,'Potentials','','2024-05-17 22:30:11','2024-05-17 22:30:11',NULL,NULL,0,1,0,0,'IMPORT','Flota de 10 uni   - modelo'),(365,1,7,1,'Potentials','','2024-05-17 22:30:11','2024-05-17 22:30:11',NULL,NULL,0,1,0,0,'IMPORT','Outsourcing impresion'),(366,1,7,1,'Potentials','','2024-05-17 22:30:11','2024-05-17 22:30:11',NULL,NULL,0,1,0,0,'IMPORT','Proyecto de Cocina - Linea Sarten Vocable'),(367,1,7,1,'Potentials','','2024-05-17 22:30:11','2024-05-17 22:30:11',NULL,NULL,0,1,0,0,'IMPORT','Proyecto de Cocina - Linea Sarten Vocable'),(368,1,5,1,'Potentials','','2024-05-17 22:30:11','2024-05-17 22:30:11',NULL,NULL,0,1,0,0,'IMPORT','Proyecto Cocina Campamento..'),(369,1,5,1,'Potentials','','2024-05-17 22:30:11','2024-05-17 22:30:11',NULL,NULL,0,1,0,0,'IMPORT','Proyecto Cocina Campamento..'),(370,1,5,1,'Potentials','','2024-05-17 22:30:11','2024-05-17 22:30:11',NULL,NULL,0,1,0,0,'IMPORT','Proyecto Automatizacion -  Labcel'),(371,1,7,1,'Potentials','','2024-05-17 22:30:11','2024-05-17 22:30:11',NULL,NULL,0,1,0,0,'IMPORT','Proyecto de Perforacion - Jumbo'),(372,1,5,1,'Potentials','','2024-05-17 22:30:11','2024-05-17 22:30:11',NULL,NULL,0,1,0,0,'IMPORT','Camion grua para cambio de postes'),(373,1,7,1,'Potentials','','2024-05-17 22:30:11','2024-05-17 22:30:11',NULL,NULL,0,1,0,0,'IMPORT','Control de Asistencia 4 locales'),(374,1,5,1,'Potentials','','2024-05-17 22:30:11','2024-05-17 22:30:11',NULL,NULL,0,1,0,0,'IMPORT','10 VM - 4 locales'),(375,1,8,1,'Potentials','','2024-05-17 22:30:11','2024-05-17 22:30:11',NULL,NULL,0,1,0,0,'IMPORT','Letrero Lumino Entrada XYZ 10x24'),(376,1,5,1,'Potentials','','2024-05-17 22:30:11','2024-05-17 22:30:11',NULL,NULL,0,1,0,0,'IMPORT','Proyecto De Seguridad - Cableado de Fibra'),(377,1,6,1,'Potentials','','2024-05-17 22:30:12','2024-05-17 22:30:12',NULL,NULL,0,1,0,0,'IMPORT','Proyecto de impermiabilizacion'),(378,1,5,1,'Potentials','','2024-05-17 22:30:12','2024-05-17 22:30:12',NULL,NULL,0,1,0,0,'IMPORT','Proyecto Seguridad Perimetral'),(379,1,5,1,'Potentials','','2024-05-17 22:30:12','2024-05-17 22:30:12',NULL,NULL,0,1,0,0,'IMPORT','Internet dedicado 8 MB'),(380,1,5,1,'Potentials','','2024-05-17 22:30:12','2024-05-17 22:30:12',NULL,NULL,0,1,0,0,'IMPORT','Servicio de Exportacion'),(381,1,6,1,'Potentials','','2024-05-17 22:30:12','2024-05-17 22:30:12',NULL,NULL,0,1,0,0,'IMPORT','Montacarga'),(382,1,5,1,'Potentials','','2024-05-17 22:30:12','2024-05-17 22:30:12',NULL,NULL,0,1,0,0,'IMPORT','Auditoria Financiera'),(383,1,8,1,'Potentials','','2024-05-17 22:30:12','2024-05-17 22:30:12',NULL,NULL,0,1,0,0,'IMPORT','Tax & Legal'),(384,1,5,1,'Potentials','','2024-05-17 22:30:12','2024-05-17 22:30:12',NULL,NULL,0,1,0,0,'IMPORT','Nueva oficina en Surco 100 puestos'),(385,1,5,1,'Potentials','','2024-05-17 22:30:12','2024-05-17 22:30:12',NULL,NULL,0,1,0,0,'IMPORT','nueva estufa'),(386,1,5,1,'Potentials','','2024-05-17 22:30:12','2024-05-17 22:30:12',NULL,NULL,0,1,0,0,'IMPORT','Flete Martimo Exportacion'),(387,1,5,1,'Potentials','','2024-05-17 22:30:12','2024-05-17 22:30:12',NULL,NULL,0,1,0,0,'IMPORT','Flete Martimo Exportacion'),(388,1,5,1,'Potentials','','2024-05-17 22:30:12','2024-05-17 22:30:12',NULL,NULL,0,1,0,0,'IMPORT','Refrigerador Vertical'),(389,1,8,1,'Potentials','','2024-05-17 22:30:12','2024-05-17 22:30:12',NULL,NULL,0,1,0,0,'IMPORT','Computacion 105'),(390,1,5,1,'Potentials','','2024-05-17 22:30:12','2024-05-17 22:30:12',NULL,NULL,0,1,0,0,'IMPORT','Fumigadora'),(391,1,8,1,'Potentials','','2024-05-17 22:30:12','2024-05-17 22:30:12',NULL,NULL,0,1,0,0,'IMPORT','Ventas'),(392,1,5,1,'Potentials','','2024-05-17 22:30:12','2024-05-17 22:30:12',NULL,NULL,0,1,0,0,'IMPORT','tarjetas bingo 10 millares'),(393,1,6,1,'Potentials','','2024-05-17 22:30:12','2024-05-17 22:30:12',NULL,NULL,0,1,0,0,'IMPORT','Uniformes de Primavera'),(394,1,5,1,'Potentials','','2024-05-17 22:30:12','2024-05-17 22:30:12',NULL,NULL,0,1,0,0,'IMPORT','Mallas'),(395,1,6,1,'Potentials','','2024-05-17 22:30:12','2024-05-17 22:30:12',NULL,NULL,0,1,0,0,'IMPORT','Convertirse en mayorista'),(396,1,5,1,'Potentials','','2024-05-17 22:30:12','2024-05-17 22:30:12',NULL,NULL,0,1,0,0,'IMPORT','Storage'),(397,1,6,1,'Potentials','','2024-05-17 22:30:12','2024-05-17 22:30:12',NULL,NULL,0,1,0,0,'IMPORT','Campamento'),(398,1,5,1,'Potentials','','2024-05-17 22:30:12','2024-05-17 22:30:12',NULL,NULL,0,1,0,0,'IMPORT','Campamento'),(399,1,5,1,'Potentials','','2024-05-17 22:30:12','2024-05-17 22:30:12',NULL,NULL,0,1,0,0,'IMPORT','Sistema Contable'),(400,1,5,1,'Potentials','','2024-05-17 22:30:12','2024-05-17 22:30:12',NULL,NULL,0,1,0,0,'IMPORT','ISO 9001'),(401,1,5,1,'Potentials','','2024-05-17 22:30:12','2024-05-17 22:30:12',NULL,NULL,0,1,0,0,'IMPORT','100 mil envases del nuevo modelo'),(402,1,6,1,'Potentials','','2024-05-17 22:30:12','2024-05-17 22:30:12',NULL,NULL,0,1,0,0,'IMPORT','100 lts alcohol'),(403,1,5,1,'Potentials','','2024-05-17 22:30:12','2024-05-17 22:30:12',NULL,NULL,0,1,0,0,'IMPORT','Repuestos para su planta de Cuajone'),(404,1,5,1,'Potentials','','2024-05-17 22:30:12','2024-05-17 22:30:12',NULL,NULL,0,1,0,0,'IMPORT','Herramienta Llave Stillson (10 un)'),(405,1,5,1,'Potentials','','2024-05-17 22:30:12','2024-05-17 22:30:12',NULL,NULL,0,1,0,0,'IMPORT','M&A'),(406,1,8,1,'Potentials','','2024-05-17 22:30:12','2024-05-17 22:30:12',NULL,NULL,0,1,0,0,'IMPORT','Proyecto Aliaga'),(407,1,8,1,'Potentials','','2024-05-17 22:30:12','2024-05-17 22:30:12',NULL,NULL,0,1,0,0,'IMPORT','Piloto Privado Feb 2017'),(408,1,6,1,'Potentials','','2024-05-17 22:30:12','2024-05-17 22:30:12',NULL,NULL,0,1,0,0,'IMPORT','Datacenter'),(409,1,5,1,'Potentials','','2024-05-17 22:30:12','2024-05-17 22:30:12',NULL,NULL,0,1,0,0,'IMPORT','Libro'),(410,1,6,1,'Potentials','','2024-05-17 22:30:12','2024-05-17 22:30:12',NULL,NULL,0,1,0,0,'IMPORT','Proyecto Nueva Oficina San Isidro'),(411,1,5,1,'Potentials','','2024-05-17 22:30:12','2024-05-17 22:30:12',NULL,NULL,0,1,0,0,'IMPORT','Coleccion de Verano'),(412,1,6,1,'Potentials','','2024-05-17 22:30:12','2024-05-17 22:30:12',NULL,NULL,0,1,0,0,'IMPORT','Seguridad perimetral local Callao'),(413,1,5,1,'Potentials','','2024-05-17 22:30:12','2024-05-17 22:30:12',NULL,NULL,0,1,0,0,'IMPORT','Gestion Logistica 2017 - 1 semestre'),(414,1,6,1,'Potentials','','2024-05-17 22:30:12','2024-05-17 22:30:12',NULL,NULL,0,1,0,0,'IMPORT','Vacaciones de JUlio'),(415,1,6,1,'Potentials','','2024-05-17 22:30:12','2024-05-17 22:30:12',NULL,NULL,0,1,0,0,'IMPORT','Postgrado'),(416,1,5,1,'Potentials','','2024-05-17 22:30:12','2024-05-17 22:30:12',NULL,NULL,0,1,0,0,'IMPORT','Implementacion Data Center'),(417,1,6,1,'Potentials','','2024-05-17 22:30:12','2024-05-17 22:30:12',NULL,NULL,0,1,0,0,'IMPORT','Nuevo embalaje con cinta xyz'),(418,1,6,1,'Potentials','','2024-05-17 22:30:12','2024-05-17 22:30:12',NULL,NULL,0,1,0,0,'IMPORT','Venta Cruzada - Campaña Junio'),(419,1,6,1,'Potentials','','2024-05-17 22:30:12','2024-05-17 22:30:12',NULL,NULL,0,1,0,0,'IMPORT','Gruas Campamnto XYZ'),(420,1,6,1,'Potentials','','2024-05-17 22:30:12','2024-05-17 22:30:12',NULL,NULL,0,1,0,0,'IMPORT','Pollos para toda la cadena'),(421,1,6,1,'Potentials','','2024-05-17 22:30:12','2024-05-17 22:30:12',NULL,NULL,0,1,0,0,'IMPORT','prueba mobile hn'),(422,1,6,1,'Potentials','','2024-05-17 22:30:12','2024-05-17 22:30:12',NULL,NULL,0,1,0,0,'IMPORT','Cancha de Futbol 7'),(423,1,1,1,'Leads','','2024-06-05 17:24:19','2024-06-05 17:27:15',NULL,NULL,0,1,0,0,'IMPORT','Victor Ortiz'),(424,1,1,1,'Leads','','2024-06-05 17:24:19','2024-06-05 17:27:16',NULL,NULL,0,1,0,0,'IMPORT','Jhonatan -'),(425,1,1,1,'Leads','','2024-06-05 17:24:20','2024-06-05 17:27:17',NULL,NULL,0,1,0,0,'IMPORT','Henry -'),(426,1,1,1,'Leads','','2024-06-05 17:24:20','2024-06-05 17:27:17',NULL,NULL,0,1,0,0,'IMPORT','Estimado usuario -'),(427,1,1,1,'Leads','','2024-06-05 17:24:20','2024-06-05 17:27:17',NULL,NULL,0,1,0,0,'IMPORT','Maria -'),(428,1,1,1,'Leads','','2024-06-05 17:24:20','2024-06-05 17:27:17',NULL,NULL,0,1,0,0,'IMPORT','Oscar -'),(429,1,1,1,'Leads','','2024-06-05 17:24:20','2024-06-05 17:27:17',NULL,NULL,0,1,0,0,'IMPORT','Jose -'),(430,1,1,1,'Leads','','2024-06-05 17:24:20','2024-06-05 17:27:16',NULL,NULL,0,1,0,0,'IMPORT','-'),(431,1,1,1,'Leads','','2024-06-05 17:24:20','2024-06-05 17:27:17',NULL,NULL,0,1,0,0,'IMPORT','Daniel -'),(432,1,1,1,'Leads','','2024-06-05 17:24:20','2024-06-05 17:27:16',NULL,NULL,0,1,0,0,'IMPORT','Manuel -'),(433,1,1,1,'Leads','','2024-06-05 17:24:20','2024-06-05 17:27:17',NULL,NULL,0,1,0,0,'IMPORT','Juan -'),(434,1,1,1,'Leads','','2024-06-05 17:24:20','2024-06-05 17:27:17',NULL,NULL,0,1,0,0,'IMPORT','Rosa -'),(435,1,1,1,'Leads','','2024-06-05 17:24:20','2024-06-05 17:27:17',NULL,NULL,0,1,0,0,'IMPORT','David -'),(436,1,1,1,'Leads','','2024-06-05 17:24:20','2024-06-05 17:27:17',NULL,NULL,0,1,0,0,'IMPORT','Henry -rts'),(437,1,1,1,'Leads','','2024-06-05 17:24:20','2024-06-05 17:27:17',NULL,NULL,0,1,0,0,'IMPORT','test testd'),(438,1,1,1,'Leads','','2024-06-05 17:24:20','2024-06-05 17:27:17',NULL,NULL,0,1,0,0,'IMPORT','Rosa Vigil'),(439,1,1,1,'Leads','','2024-06-05 17:24:20','2024-06-05 17:27:17',NULL,NULL,0,1,0,0,'IMPORT','Pedro -'),(440,1,1,1,'Leads','','2024-06-05 17:24:20','2024-06-05 17:27:17',NULL,NULL,0,1,0,0,'IMPORT','test'),(441,1,1,1,'Leads','','2024-06-05 17:24:20','2024-06-05 17:27:17',NULL,NULL,0,1,0,0,'IMPORT','Prueba de Analytics 1'),(442,1,1,1,'Leads','','2024-06-05 17:24:20','2024-06-05 17:27:17',NULL,NULL,0,1,0,0,'IMPORT','collao'),(443,1,1,1,'Leads','','2024-06-05 17:24:20','2024-06-05 17:27:17',NULL,NULL,0,1,0,0,'IMPORT','collao2'),(444,1,1,1,'Leads','','2024-06-05 17:24:20','2024-06-05 17:27:17',NULL,NULL,0,1,0,0,'IMPORT','nueva prueba de conversion'),(445,1,1,1,'Leads','','2024-06-05 17:24:20','2024-06-05 17:27:17',NULL,NULL,0,1,0,0,'IMPORT','Fernanda -'),(446,1,1,1,'Leads','','2024-06-05 17:24:20','2024-06-05 17:27:17',NULL,NULL,0,1,0,0,'IMPORT','Paty Levanova'),(447,1,1,1,'Leads','','2024-06-05 17:24:20','2024-06-05 17:27:17',NULL,NULL,0,1,0,0,'IMPORT','Roberto Prado'),(448,1,1,1,'Leads','','2024-06-05 17:24:20','2024-06-05 17:27:17',NULL,NULL,0,1,0,0,'IMPORT','Renzo Canales'),(449,1,1,1,'Leads','','2024-06-05 17:24:20','2024-06-05 17:27:17',NULL,NULL,0,1,0,0,'IMPORT','Hernan Osorio'),(450,1,1,1,'Leads','','2024-06-05 17:24:20','2024-06-05 17:27:17',NULL,NULL,0,1,0,0,'IMPORT','Rita Zapata'),(451,1,1,0,'Users Image','','2024-06-05 17:31:55','2024-06-05 17:31:55',NULL,NULL,0,1,0,NULL,NULL,NULL),(452,1,1,1,'Cobranzas',NULL,'2024-06-06 19:49:17','2024-07-05 20:30:31',NULL,NULL,0,1,1,0,'CRM','n01'),(453,1,1,1,'Pagosparciales',NULL,'2024-06-06 20:00:47','2024-06-12 16:34:28',NULL,NULL,0,1,1,0,'CRM','dfb'),(454,1,1,1,'Cobranzas',NULL,'2024-06-12 16:34:01','2024-07-05 20:30:31',NULL,NULL,0,1,1,0,'CRM',''),(455,1,7,1,'Pagos',NULL,'2024-07-04 23:30:14','2024-07-07 17:02:24',NULL,NULL,0,1,1,0,'CRM',''),(456,1,5,1,'Cobranzas',NULL,'2024-07-05 20:35:44','2024-07-05 20:41:28',NULL,NULL,0,1,0,0,'IMPORT',''),(457,1,5,1,'Cobranzas',NULL,'2024-07-05 20:35:44','2024-07-08 10:55:13',NULL,NULL,0,1,0,0,'IMPORT',''),(458,1,7,1,'Cobranzas',NULL,'2024-07-05 20:35:45','2024-07-05 20:39:16',NULL,NULL,0,1,0,0,'IMPORT',''),(459,1,5,1,'Cobranzas',NULL,'2024-07-05 20:35:45','2024-07-05 20:41:28',NULL,NULL,0,1,0,0,'IMPORT',''),(460,1,7,1,'Cobranzas',NULL,'2024-07-05 20:35:45','2024-07-07 18:41:38',NULL,NULL,0,1,0,0,'IMPORT',''),(461,1,8,1,'Cobranzas',NULL,'2024-07-05 20:35:45','2024-07-05 20:39:16',NULL,NULL,0,1,0,0,'IMPORT',''),(462,1,7,1,'Cobranzas',NULL,'2024-07-05 20:35:45','2024-07-05 20:39:16',NULL,NULL,0,1,0,0,'IMPORT',''),(463,1,7,1,'Cobranzas',NULL,'2024-07-05 20:35:45','2024-07-05 20:39:16',NULL,NULL,0,1,0,0,'IMPORT',''),(464,1,7,1,'Cobranzas',NULL,'2024-07-05 20:35:45','2024-07-05 20:39:16',NULL,NULL,0,1,0,0,'IMPORT',''),(465,1,5,1,'Cobranzas',NULL,'2024-07-05 20:35:45','2024-07-05 20:39:16',NULL,NULL,0,1,0,0,'IMPORT',''),(466,1,7,1,'Cobranzas',NULL,'2024-07-05 20:35:45','2024-07-08 14:24:09',NULL,NULL,0,1,0,0,'IMPORT',''),(467,1,7,1,'Cobranzas',NULL,'2024-07-05 20:35:45','2024-07-05 20:39:16',NULL,NULL,0,1,0,0,'IMPORT',''),(468,1,7,1,'Cobranzas',NULL,'2024-07-05 20:35:45','2024-07-05 20:39:16',NULL,NULL,0,1,0,0,'IMPORT',''),(469,1,5,1,'Cobranzas',NULL,'2024-07-05 20:35:45','2024-07-05 20:39:16',NULL,NULL,0,1,0,0,'IMPORT',''),(470,1,5,1,'Cobranzas',NULL,'2024-07-05 20:35:45','2024-07-05 20:39:16',NULL,NULL,0,1,0,0,'IMPORT',''),(471,1,5,1,'Cobranzas',NULL,'2024-07-05 20:35:45','2024-07-05 20:39:16',NULL,NULL,0,1,0,0,'IMPORT',''),(472,1,5,1,'Cobranzas',NULL,'2024-07-05 20:35:45','2024-07-08 10:35:51',NULL,NULL,0,1,0,0,'IMPORT',''),(473,1,5,1,'Cobranzas',NULL,'2024-07-05 20:35:45','2024-07-05 20:39:16',NULL,NULL,0,1,0,0,'IMPORT',''),(474,1,5,1,'Cobranzas',NULL,'2024-07-05 20:35:45','2024-07-05 20:39:16',NULL,NULL,0,1,0,0,'IMPORT',''),(475,1,7,1,'Cobranzas',NULL,'2024-07-05 20:35:45','2024-07-05 20:39:16',NULL,NULL,0,1,0,0,'IMPORT',''),(476,1,7,1,'Cobranzas',NULL,'2024-07-05 20:35:45','2024-07-05 20:39:16',NULL,NULL,0,1,0,0,'IMPORT',''),(477,1,7,1,'Cobranzas',NULL,'2024-07-05 20:35:45','2024-07-05 20:39:16',NULL,NULL,0,1,0,0,'IMPORT',''),(478,1,7,1,'Cobranzas',NULL,'2024-07-05 20:35:45','2024-07-08 10:55:13',NULL,NULL,0,1,0,0,'IMPORT',''),(479,1,5,1,'Cobranzas',NULL,'2024-07-05 20:35:45','2024-07-05 20:39:16',NULL,NULL,0,1,0,0,'IMPORT',''),(480,1,7,1,'Cobranzas',NULL,'2024-07-05 20:35:45','2024-07-05 20:39:16',NULL,NULL,0,1,0,0,'IMPORT',''),(481,1,5,1,'Cobranzas',NULL,'2024-07-05 20:35:45','2024-07-05 20:39:16',NULL,NULL,0,1,0,0,'IMPORT',''),(482,1,7,1,'Cobranzas',NULL,'2024-07-05 20:35:45','2024-07-05 20:39:16',NULL,NULL,0,1,0,0,'IMPORT',''),(483,1,5,1,'Cobranzas',NULL,'2024-07-05 20:35:45','2024-07-05 20:39:16',NULL,NULL,0,1,0,0,'IMPORT',''),(484,1,5,1,'Cobranzas',NULL,'2024-07-05 20:35:45','2024-07-05 20:39:16',NULL,NULL,0,1,0,0,'IMPORT',''),(485,1,5,1,'Cobranzas',NULL,'2024-07-05 20:35:45','2024-07-08 10:55:13',NULL,NULL,0,1,0,0,'IMPORT',''),(486,1,5,1,'Cobranzas',NULL,'2024-07-05 20:35:45','2024-07-05 20:39:16',NULL,NULL,0,1,0,0,'IMPORT',''),(487,1,7,1,'Cobranzas',NULL,'2024-07-05 20:35:45','2024-07-05 20:39:16',NULL,NULL,0,1,0,0,'IMPORT',''),(488,1,7,1,'Cobranzas',NULL,'2024-07-05 20:35:45','2024-07-05 20:39:16',NULL,NULL,0,1,0,0,'IMPORT',''),(489,1,5,1,'Cobranzas',NULL,'2024-07-05 20:35:45','2024-07-05 20:41:28',NULL,NULL,0,1,0,0,'IMPORT',''),(490,1,7,1,'Cobranzas',NULL,'2024-07-05 20:35:45','2024-07-07 18:53:12',NULL,NULL,0,1,0,0,'IMPORT',''),(491,1,5,1,'Cobranzas',NULL,'2024-07-05 20:35:45','2024-07-05 20:41:28',NULL,NULL,0,1,0,0,'IMPORT',''),(492,1,8,1,'Cobranzas',NULL,'2024-07-05 20:35:45','2024-07-08 10:55:13',NULL,NULL,0,1,0,0,'IMPORT',''),(493,1,7,1,'Cobranzas',NULL,'2024-07-05 20:35:45','2024-07-05 20:41:28',NULL,NULL,0,1,0,0,'IMPORT',''),(494,1,8,1,'Cobranzas',NULL,'2024-07-05 20:35:46','2024-07-08 10:55:14',NULL,NULL,0,1,0,0,'IMPORT',''),(495,1,5,1,'Cobranzas',NULL,'2024-07-05 20:35:46','2024-07-05 20:41:28',NULL,NULL,0,1,0,0,'IMPORT',''),(496,1,5,1,'Cobranzas',NULL,'2024-07-05 20:35:46','2024-07-08 10:55:14',NULL,NULL,0,1,0,0,'IMPORT',''),(497,1,5,1,'Cobranzas',NULL,'2024-07-05 20:35:46','2024-07-05 20:41:28',NULL,NULL,0,1,0,0,'IMPORT',''),(498,1,5,1,'Cobranzas',NULL,'2024-07-05 20:35:46','2024-07-05 20:41:28',NULL,NULL,0,1,0,0,'IMPORT',''),(499,1,5,1,'Cobranzas',NULL,'2024-07-05 20:35:46','2024-07-08 10:41:13',NULL,NULL,0,1,0,0,'IMPORT',''),(500,1,8,1,'Cobranzas',NULL,'2024-07-05 20:35:46','2024-07-05 20:41:28',NULL,NULL,0,1,0,0,'IMPORT',''),(501,1,7,1,'Cobranzas',NULL,'2024-07-05 20:35:46','2024-07-05 20:41:28',NULL,NULL,0,1,0,0,'IMPORT',''),(502,1,5,1,'Cobranzas',NULL,'2024-07-05 20:35:46','2024-07-05 20:41:28',NULL,NULL,0,1,0,0,'IMPORT',''),(503,1,7,1,'Cobranzas',NULL,'2024-07-05 20:35:46','2024-07-08 10:55:14',NULL,NULL,0,1,0,0,'IMPORT',''),(504,1,7,1,'Cobranzas',NULL,'2024-07-05 20:35:46','2024-07-08 10:55:14',NULL,NULL,0,1,0,0,'IMPORT',''),(505,1,7,1,'Cobranzas',NULL,'2024-07-05 20:35:46','2024-07-05 20:41:28',NULL,NULL,0,1,0,0,'IMPORT',''),(506,1,5,1,'Cobranzas',NULL,'2024-07-05 20:35:46','2024-07-08 10:55:14',NULL,NULL,0,1,0,0,'IMPORT',''),(507,1,5,1,'Cobranzas',NULL,'2024-07-05 20:35:46','2024-07-05 20:41:28',NULL,NULL,0,1,0,0,'IMPORT',''),(508,1,5,1,'Cobranzas',NULL,'2024-07-05 20:35:46','2024-07-08 10:55:14',NULL,NULL,0,1,0,0,'IMPORT',''),(509,1,7,1,'Cobranzas',NULL,'2024-07-05 20:35:46','2024-07-05 20:41:28',NULL,NULL,0,1,0,0,'IMPORT',''),(510,1,5,1,'Cobranzas',NULL,'2024-07-05 20:35:46','2024-07-07 18:38:04',NULL,NULL,0,1,0,0,'IMPORT',''),(511,1,7,1,'Cobranzas',NULL,'2024-07-05 20:35:46','2024-07-05 20:41:29',NULL,NULL,0,1,0,0,'IMPORT',''),(512,1,5,1,'Cobranzas',NULL,'2024-07-05 20:35:46','2024-07-08 10:57:48',NULL,NULL,0,1,0,0,'IMPORT',''),(513,1,8,1,'Cobranzas',NULL,'2024-07-05 20:35:46','2024-07-08 10:42:50',NULL,NULL,0,1,0,0,'IMPORT',''),(514,1,5,1,'Cobranzas',NULL,'2024-07-05 20:35:46','2024-07-05 20:39:17',NULL,NULL,0,1,0,0,'IMPORT',''),(515,1,6,1,'Cobranzas',NULL,'2024-07-05 20:35:46','2024-07-07 17:09:35',NULL,NULL,0,1,0,0,'IMPORT',''),(516,1,5,1,'Cobranzas',NULL,'2024-07-05 20:35:46','2024-07-08 10:55:14',NULL,NULL,0,1,0,0,'IMPORT',''),(517,1,5,1,'Cobranzas',NULL,'2024-07-05 20:35:46','2024-07-05 20:39:17',NULL,NULL,0,1,0,0,'IMPORT',''),(518,1,5,1,'Cobranzas',NULL,'2024-07-05 20:35:46','2024-07-05 20:39:17',NULL,NULL,0,1,0,0,'IMPORT',''),(519,1,6,1,'Cobranzas',NULL,'2024-07-05 20:35:46','2024-07-12 17:25:18',NULL,NULL,0,1,0,0,'IMPORT',''),(520,1,5,1,'Cobranzas',NULL,'2024-07-05 20:35:46','2024-07-05 20:39:17',NULL,NULL,0,1,0,0,'IMPORT',''),(521,1,8,1,'Cobranzas',NULL,'2024-07-05 20:35:46','2024-07-05 20:39:17',NULL,NULL,0,1,0,0,'IMPORT',''),(522,1,5,1,'Cobranzas',NULL,'2024-07-05 20:35:46','2024-07-05 20:39:17',NULL,NULL,0,1,0,0,'IMPORT',''),(523,1,5,1,'Cobranzas',NULL,'2024-07-05 20:35:46','2024-07-08 10:55:14',NULL,NULL,0,1,0,0,'IMPORT',''),(524,1,5,1,'Cobranzas',NULL,'2024-07-05 20:35:46','2024-07-05 20:41:29',NULL,NULL,0,1,0,0,'IMPORT',''),(525,1,5,1,'Cobranzas',NULL,'2024-07-05 20:35:46','2024-07-05 20:41:29',NULL,NULL,0,1,0,0,'IMPORT',''),(526,1,5,1,'Cobranzas',NULL,'2024-07-05 20:35:46','2024-07-05 20:39:17',NULL,NULL,0,1,0,0,'IMPORT',''),(527,1,8,1,'Cobranzas',NULL,'2024-07-05 20:35:46','2024-07-05 20:39:17',NULL,NULL,0,1,0,0,'IMPORT',''),(528,1,5,1,'Cobranzas',NULL,'2024-07-05 20:35:46','2024-07-05 20:39:17',NULL,NULL,0,1,0,0,'IMPORT',''),(529,1,8,1,'Cobranzas',NULL,'2024-07-05 20:35:46','2024-07-08 14:20:03',NULL,NULL,0,1,0,0,'IMPORT',''),(530,1,5,1,'Cobranzas',NULL,'2024-07-05 20:35:46','2024-07-05 20:39:17',NULL,NULL,0,1,0,0,'IMPORT',''),(531,1,6,1,'Cobranzas',NULL,'2024-07-05 20:35:46','2024-07-05 20:39:17',NULL,NULL,0,1,0,0,'IMPORT',''),(532,1,5,1,'Cobranzas',NULL,'2024-07-05 20:35:46','2024-07-05 20:39:17',NULL,NULL,0,1,0,0,'IMPORT',''),(533,1,6,1,'Cobranzas',NULL,'2024-07-05 20:35:46','2024-07-05 20:39:17',NULL,NULL,0,1,0,0,'IMPORT',''),(534,1,5,1,'Cobranzas',NULL,'2024-07-05 20:35:46','2024-07-05 20:39:17',NULL,NULL,0,1,0,0,'IMPORT',''),(535,1,6,1,'Cobranzas',NULL,'2024-07-05 20:35:46','2024-07-05 20:39:17',NULL,NULL,0,1,0,0,'IMPORT',''),(536,1,5,1,'Cobranzas',NULL,'2024-07-05 20:35:46','2024-07-05 20:39:17',NULL,NULL,0,1,0,0,'IMPORT',''),(537,1,5,1,'Cobranzas',NULL,'2024-07-05 20:35:47','2024-07-05 20:39:17',NULL,NULL,0,1,0,0,'IMPORT',''),(538,1,5,1,'Cobranzas',NULL,'2024-07-05 20:35:47','2024-07-05 20:39:17',NULL,NULL,0,1,0,0,'IMPORT',''),(539,1,5,1,'Cobranzas',NULL,'2024-07-05 20:35:47','2024-07-08 10:35:51',NULL,NULL,0,1,0,0,'IMPORT',''),(540,1,6,1,'Cobranzas',NULL,'2024-07-05 20:35:47','2024-07-05 20:39:17',NULL,NULL,0,1,0,0,'IMPORT',''),(541,1,5,1,'Cobranzas',NULL,'2024-07-05 20:35:47','2024-07-05 20:39:17',NULL,NULL,0,1,0,0,'IMPORT',''),(542,1,5,1,'Cobranzas',NULL,'2024-07-05 20:35:47','2024-07-08 10:55:14',NULL,NULL,0,1,0,0,'IMPORT',''),(543,1,5,1,'Cobranzas',NULL,'2024-07-05 20:35:47','2024-07-08 10:55:14',NULL,NULL,0,1,0,0,'IMPORT',''),(544,1,8,1,'Cobranzas',NULL,'2024-07-05 20:35:47','2024-07-05 20:39:18',NULL,NULL,0,1,0,0,'IMPORT',''),(545,1,8,1,'Cobranzas',NULL,'2024-07-05 20:35:47','2024-07-05 20:39:18',NULL,NULL,0,1,0,0,'IMPORT',''),(546,1,6,1,'Cobranzas',NULL,'2024-07-05 20:35:47','2024-07-07 18:32:42',NULL,NULL,0,1,0,0,'IMPORT',''),(547,1,5,1,'Cobranzas',NULL,'2024-07-05 20:35:47','2024-07-05 20:39:18',NULL,NULL,0,1,0,0,'IMPORT',''),(548,1,6,1,'Cobranzas',NULL,'2024-07-05 20:35:47','2024-07-08 10:57:48',NULL,NULL,0,1,0,0,'IMPORT',''),(549,1,5,1,'Cobranzas',NULL,'2024-07-05 20:35:47','2024-07-05 20:39:18',NULL,NULL,0,1,0,0,'IMPORT',''),(550,1,6,1,'Cobranzas',NULL,'2024-07-05 20:35:47','2024-07-08 10:55:14',NULL,NULL,0,1,0,0,'IMPORT',''),(551,1,5,1,'Cobranzas',NULL,'2024-07-05 20:35:47','2024-07-05 20:39:18',NULL,NULL,0,1,0,0,'IMPORT',''),(552,1,6,1,'Cobranzas',NULL,'2024-07-05 20:35:47','2024-07-08 10:55:14',NULL,NULL,0,1,0,0,'IMPORT',''),(553,1,6,1,'Cobranzas',NULL,'2024-07-05 20:35:47','2024-07-05 20:39:18',NULL,NULL,0,1,0,0,'IMPORT',''),(554,1,5,1,'Cobranzas',NULL,'2024-07-05 20:35:47','2024-07-08 10:55:14',NULL,NULL,0,1,0,0,'IMPORT',''),(555,1,6,1,'Cobranzas',NULL,'2024-07-05 20:35:47','2024-07-08 10:55:14',NULL,NULL,0,1,0,0,'IMPORT',''),(556,1,6,1,'Cobranzas',NULL,'2024-07-05 20:35:47','2024-07-08 10:55:14',NULL,NULL,0,1,0,0,'IMPORT',''),(557,1,6,1,'Cobranzas',NULL,'2024-07-05 20:35:47','2024-07-08 10:35:51',NULL,NULL,0,1,0,0,'IMPORT',''),(558,1,6,1,'Cobranzas',NULL,'2024-07-05 20:35:47','2024-07-08 10:57:48',NULL,NULL,0,1,0,0,'IMPORT',''),(559,1,6,1,'Cobranzas',NULL,'2024-07-05 20:35:47','2024-07-08 10:55:14',NULL,NULL,0,1,0,0,'IMPORT',''),(560,1,6,1,'Cobranzas',NULL,'2024-07-05 20:35:47','2024-07-08 14:14:33',NULL,NULL,0,1,0,0,'IMPORT',''),(561,1,6,1,'Cobranzas',NULL,'2024-07-05 20:35:47','2024-07-05 20:39:18',NULL,NULL,0,1,0,0,'IMPORT',''),(562,1,5,1,'Cobranzas',NULL,'2024-07-05 20:35:47','2024-07-08 10:55:14',NULL,NULL,0,1,0,0,'IMPORT',''),(563,1,5,1,'Cobranzas',NULL,'2024-07-05 20:35:47','2024-07-08 10:57:48',NULL,NULL,0,1,0,0,'IMPORT',''),(564,1,5,1,'Cobranzas',NULL,'2024-07-05 20:35:47','2024-07-08 10:55:14',NULL,NULL,0,1,0,0,'IMPORT',''),(565,1,5,1,'Cobranzas',NULL,'2024-07-05 20:35:47','2024-07-05 20:39:18',NULL,NULL,0,1,0,0,'IMPORT',''),(566,1,5,1,'Cobranzas',NULL,'2024-07-05 20:35:47','2024-07-05 20:39:18',NULL,NULL,0,1,0,0,'IMPORT',''),(567,1,5,1,'Cobranzas',NULL,'2024-07-05 20:35:47','2024-07-05 20:39:18',NULL,NULL,0,1,0,0,'IMPORT',''),(568,1,5,1,'Cobranzas',NULL,'2024-07-05 20:35:47','2024-07-08 10:42:50',NULL,NULL,0,1,0,0,'IMPORT',''),(569,1,5,1,'Cobranzas',NULL,'2024-07-05 20:35:47','2024-07-08 10:55:15',NULL,NULL,0,1,0,0,'IMPORT',''),(570,1,5,1,'Cobranzas',NULL,'2024-07-05 20:35:47','2024-07-08 10:42:50',NULL,NULL,0,1,0,0,'IMPORT',''),(571,1,5,1,'Cobranzas',NULL,'2024-07-05 20:35:47','2024-07-05 20:39:18',NULL,NULL,0,1,0,0,'IMPORT',''),(572,1,5,1,'Cobranzas',NULL,'2024-07-05 20:35:47','2024-07-08 10:42:50',NULL,NULL,0,1,0,0,'IMPORT',''),(573,1,5,1,'Cobranzas',NULL,'2024-07-05 20:35:47','2024-07-08 10:55:15',NULL,NULL,0,1,0,0,'IMPORT',''),(574,1,5,1,'Cobranzas',NULL,'2024-07-05 20:35:47','2024-07-08 10:42:50',NULL,NULL,0,1,0,0,'IMPORT',''),(575,1,5,1,'Cobranzas',NULL,'2024-07-05 20:35:47','2024-07-05 20:39:18',NULL,NULL,0,1,0,0,'IMPORT',''),(576,1,5,1,'Cobranzas',NULL,'2024-07-05 20:35:47','2024-07-08 10:43:39',NULL,NULL,0,1,0,0,'IMPORT',''),(577,1,5,1,'Cobranzas',NULL,'2024-07-05 20:35:47','2024-07-08 10:55:15',NULL,NULL,0,1,0,0,'IMPORT',''),(578,1,5,1,'Cobranzas',NULL,'2024-07-05 20:35:47','2024-07-08 10:43:40',NULL,NULL,0,1,0,0,'IMPORT',''),(579,1,5,1,'Cobranzas',NULL,'2024-07-05 20:35:48','2024-07-05 20:39:18',NULL,NULL,0,1,0,0,'IMPORT',''),(580,1,5,1,'Cobranzas',NULL,'2024-07-05 20:35:48','2024-07-08 10:43:40',NULL,NULL,0,1,0,0,'IMPORT',''),(581,1,5,1,'Cobranzas',NULL,'2024-07-05 20:35:48','2024-07-08 10:55:15',NULL,NULL,0,1,0,0,'IMPORT',''),(582,1,5,1,'Cobranzas',NULL,'2024-07-05 20:35:48','2024-07-08 10:43:40',NULL,NULL,0,1,0,0,'IMPORT',''),(583,1,1,1,'Campaigns','','2024-07-05 22:18:16','2024-07-05 22:18:16',NULL,NULL,0,1,0,0,'IMPORT','Difusion Computacion 2015 Cono Norte'),(584,1,1,1,'Campaigns','','2024-07-05 22:18:16','2024-07-05 22:18:16',NULL,NULL,0,1,0,0,'IMPORT','Difusion Administracion 2015 Cono Norte'),(585,1,1,1,'Campaigns','','2024-07-05 22:18:16','2024-07-05 22:18:16',NULL,NULL,0,1,0,0,'IMPORT','La chinita empresarial'),(586,1,1,1,'Campaigns','','2024-07-05 22:18:16','2024-07-05 22:18:16',NULL,NULL,0,1,0,0,'IMPORT','Lanzamiento nueva linea'),(587,1,1,1,'Campaigns','','2024-07-05 22:18:16','2024-07-05 22:18:16',NULL,NULL,0,1,0,0,'IMPORT','Black cumple en el mes'),(588,1,1,1,'Products','','2024-07-05 22:18:16','2024-07-05 22:18:16',NULL,NULL,0,1,0,0,'WEBSERVICE','Posavasos'),(589,1,1,1,'Campaigns','','2024-07-05 22:18:16','2024-07-05 22:18:16',NULL,NULL,0,1,0,0,'IMPORT','Nueva linea de edredones'),(590,1,1,1,'Campaigns','','2024-07-05 22:18:16','2024-07-05 22:18:16',NULL,NULL,0,1,0,0,'IMPORT','Campaña DSV'),(591,1,3,1,'Campaigns','','2024-07-05 22:18:16','2024-07-05 22:18:16',NULL,NULL,0,1,0,0,'IMPORT','LANZAMIENTO SEGURO INTER JR'),(592,1,1,1,'Campaigns','','2024-07-05 22:18:16','2024-07-05 22:18:16',NULL,NULL,0,1,0,0,'IMPORT','Lanzamiento Segmento Int'),(593,1,1,1,'Campaigns','','2024-07-05 22:18:17','2024-07-05 22:18:17',NULL,NULL,0,1,0,0,'IMPORT','Lanzamiento Seguro Internacional CR'),(594,1,1,1,'Campaigns','','2024-07-05 22:18:17','2024-07-05 22:18:17',NULL,NULL,0,1,0,0,'IMPORT','Black Friday Seguros'),(595,1,1,1,'Campaigns','','2024-07-05 22:18:17','2024-07-05 22:18:17',NULL,NULL,0,1,0,0,'IMPORT','Lanzamiento Seguro Internacional ECAM'),(596,1,1,1,'Campaigns','','2024-07-05 22:18:17','2024-07-05 22:18:17',NULL,NULL,0,1,0,0,'IMPORT','Lanzamiento de segmento internacional'),(597,1,1,1,'Products','','2024-07-05 22:18:17','2024-07-05 22:18:17',NULL,NULL,0,1,0,0,'WEBSERVICE','Seguro de vida'),(598,1,1,1,'Campaigns','','2024-07-05 22:18:17','2024-07-05 22:18:17',NULL,NULL,0,1,0,0,'IMPORT','Lanzamiento seguro internacional KG'),(599,1,1,1,'Campaigns','','2024-07-05 22:18:17','2024-07-05 22:18:17',NULL,NULL,0,1,0,0,'IMPORT','segmento seguro internacional'),(600,1,1,1,'Campaigns','','2024-07-05 22:18:17','2024-07-05 22:18:17',NULL,NULL,0,1,0,0,'IMPORT','lanzamiento segmento internacional'),(601,1,1,1,'Campaigns','','2024-07-05 22:18:17','2024-07-05 22:18:17',NULL,NULL,0,1,0,0,'IMPORT','Conferencia sobre Tributacion NIIF'),(602,1,1,1,'Campaigns','','2024-07-05 22:18:17','2024-07-05 22:18:17',NULL,NULL,0,1,0,0,'IMPORT','Lanzamiento de nueva version Contabilidad'),(603,1,1,1,'Campaigns','','2024-07-05 22:18:17','2024-07-05 22:18:17',NULL,NULL,0,1,0,0,'IMPORT','Gestion'),(604,1,1,1,'Campaigns','','2024-07-05 22:18:17','2024-07-05 22:18:17',NULL,NULL,0,1,0,0,'IMPORT','Visita a Norte Chico'),(605,1,1,1,'Campaigns','','2024-07-05 22:18:17','2024-07-05 22:18:17',NULL,NULL,0,1,0,0,'IMPORT','Lanzamiento de nueva linea de estufas'),(606,1,1,1,'Products','','2024-07-05 22:18:17','2024-07-05 22:18:17',NULL,NULL,0,1,0,0,'WEBSERVICE','ISO 9000'),(607,1,1,1,'Campaigns','','2024-07-05 22:18:17','2024-07-05 22:18:17',NULL,NULL,0,1,0,0,'IMPORT','Diplomado Calidad 2017'),(608,1,1,1,'Campaigns','','2024-07-05 22:18:17','2024-07-05 22:18:17',NULL,NULL,0,1,0,0,'IMPORT','Vcacines de JUlio'),(609,1,1,1,'Campaigns','','2024-07-05 22:18:17','2024-07-05 22:18:17',NULL,NULL,0,1,0,0,'IMPORT','Motorshow 2017'),(610,1,1,1,'Campaigns','','2024-07-05 22:18:17','2024-07-05 22:18:17',NULL,NULL,0,1,0,0,'IMPORT','28 julio'),(611,1,1,1,'Campaigns','Esta campaña busca aumentar las ventas al final del mes','2024-07-05 22:18:17','2024-07-05 22:18:17',NULL,NULL,0,1,0,0,'IMPORT','Combo de paneles'),(612,1,1,1,'Campaigns','','2024-07-05 22:18:17','2024-07-05 22:18:17',NULL,NULL,0,1,0,0,'IMPORT','Discos de almacenamiento'),(613,1,1,1,'Campaigns','','2024-07-05 22:18:17','2024-07-05 22:18:17',NULL,NULL,0,1,0,0,'IMPORT','Teclados inalambricos'),(614,1,1,1,'Campaigns','','2024-07-05 22:18:17','2024-07-05 22:18:17',NULL,NULL,0,1,0,0,'IMPORT','Campaña Black 630demo01'),(615,1,1,1,'Campaigns','esta campaña tiene como objetivo lograr la venta de notebooks en clientes que suelen comprar otros producto de tecnología relacionados.','2024-07-05 22:18:17','2024-07-05 22:18:17',NULL,NULL,0,1,0,0,'IMPORT','Campaña venta Notebooks'),(616,1,1,1,'Campaigns','','2024-07-05 22:18:17','2024-07-05 22:18:17',NULL,NULL,0,1,0,0,'IMPORT','pantallas led'),(617,1,1,1,'Products','','2024-07-05 22:18:17','2024-07-05 22:18:17',NULL,NULL,0,1,0,0,'WEBSERVICE','Proyector tamaño A'),(618,1,1,1,'Campaigns','','2024-07-05 22:18:17','2024-07-05 22:18:17',NULL,NULL,0,1,0,0,'IMPORT','Proyectores tamaño A'),(619,1,1,1,'Products','','2024-07-05 22:18:17','2024-07-05 22:18:17',NULL,NULL,0,1,0,0,'WEBSERVICE','Paneles Solares Tipo A'),(620,1,1,1,'Campaigns','la campaña involucrara a todos los clientes que se hayan mostrado interesados en invertir en energía renovable.','2024-07-05 22:18:17','2024-07-05 22:18:17',NULL,NULL,0,1,0,0,'IMPORT','Lanzamiento Paneles Solares Tipo  A'),(621,1,1,1,'Products','','2024-07-05 22:18:17','2024-07-05 22:18:17',NULL,NULL,0,1,0,0,'WEBSERVICE','celulares Z'),(622,1,1,1,'Campaigns','','2024-07-05 22:18:17','2024-07-05 22:18:17',NULL,NULL,0,1,0,0,'IMPORT','celulares Z'),(623,1,1,1,'Products','','2024-07-05 22:18:17','2024-07-05 22:18:17',NULL,NULL,0,1,0,0,'WEBSERVICE','Software integrador de restaurantes'),(624,1,1,1,'Campaigns','','2024-07-05 22:18:17','2024-07-05 22:18:17',NULL,NULL,0,1,0,0,'IMPORT','instalacion ISSO 090'),(625,1,1,1,'Campaigns','','2024-07-05 22:18:17','2024-07-05 22:18:17',NULL,NULL,0,1,0,0,'IMPORT','PRueba de Integracion demo630'),(626,1,1,1,'Campaigns','','2024-07-05 22:18:17','2024-07-05 22:18:17',NULL,NULL,0,1,0,0,'IMPORT','Prueba 2018-10-03'),(627,1,1,1,'Campaigns','','2024-07-05 22:18:17','2024-07-05 22:18:17',NULL,NULL,0,1,0,0,'IMPORT','Campaña de Halloween'),(628,1,1,1,'Products','','2024-07-05 22:18:17','2024-07-05 22:18:17',NULL,NULL,0,1,0,0,'WEBSERVICE','CIVIC ACCORD 1.5 TURBO'),(629,1,1,1,'Campaigns','','2024-07-05 22:18:17','2024-07-05 22:18:17',NULL,NULL,0,1,0,0,'IMPORT','Promocion Pilot Sport'),(630,1,1,1,'Campaigns','','2024-07-05 22:18:17','2024-07-05 22:18:17',NULL,NULL,0,1,0,0,'IMPORT','Lanzamiento de Centrifugas'),(631,1,1,1,'Campaigns','','2024-07-05 22:18:17','2024-07-05 22:18:17',NULL,NULL,0,1,0,0,'IMPORT','Regalo Black'),(632,1,1,1,'Campaigns','','2024-07-05 22:18:17','2024-07-05 22:18:17',NULL,NULL,0,1,0,0,'IMPORT','Feria Peru Digital'),(633,1,1,1,'Campaigns','Descripción ejemplo','2024-07-05 22:18:17','2024-07-05 22:18:17',NULL,NULL,0,1,0,0,'IMPORT','Leasing Vehiculos Set 2020'),(634,1,1,1,'Campaigns','','2024-07-05 22:18:17','2024-07-05 22:18:17',NULL,NULL,0,1,0,0,'IMPORT','CAMPAÑA DE PRUEBA 02.06.2021'),(635,1,1,1,'Campaigns','','2024-07-05 22:18:17','2024-07-05 22:18:17',NULL,NULL,0,1,0,0,'IMPORT','LISTA PUREBE'),(636,1,1,1,'Campaigns','','2024-07-05 22:18:17','2024-07-05 22:18:17',NULL,NULL,0,1,0,0,'IMPORT','CAMPAÑA DE PRUEBA 03.06.2021'),(637,1,1,1,'Campaigns','','2024-07-05 22:18:17','2024-07-05 22:18:17',NULL,NULL,0,1,0,0,'IMPORT','CAMPAÑA DE PRUEBA 23.07.2021'),(638,1,1,1,'Campaigns','','2024-07-05 22:18:17','2024-07-05 22:18:17',NULL,NULL,0,1,0,0,'IMPORT','LT Gerentes Comerciales'),(639,1,1,1,'Campaigns','','2024-07-05 22:18:17','2024-07-05 22:18:17',NULL,NULL,0,1,0,0,'IMPORT','Recuperacion de clientes segmento Black'),(640,1,1,1,'Campaigns','','2024-07-05 22:18:17','2024-07-05 22:18:17',NULL,NULL,0,1,0,0,'IMPORT','Promoción de puntas'),(641,1,1,1,'Products','','2016-10-07 17:55:32','2024-07-05 22:48:00',NULL,NULL,0,1,0,0,'IMPORT','BOMBA CAVIDAD PROGRESIVA'),(642,1,1,1,'Products','','2016-11-10 15:39:01','2024-07-05 22:48:00',NULL,NULL,0,1,0,0,'IMPORT','Cadena de 44 pasos'),(643,1,1,1,'Products','','2018-04-12 20:23:14','2024-07-05 22:48:00',NULL,NULL,0,1,0,0,'IMPORT','rollos de acero'),(644,1,1,1,'Products','','2018-05-22 17:36:32','2024-07-05 22:48:00',NULL,NULL,0,1,0,0,'IMPORT','Disco de almacenamiento tipo A'),(645,1,1,1,'Vendors','','2024-07-05 22:48:00','2024-07-05 22:48:00',NULL,NULL,0,1,0,0,'WEBSERVICE','Pantallas Tipo A'),(646,1,1,1,'Products','','2018-05-22 18:49:44','2024-07-05 22:48:00',NULL,NULL,0,1,0,0,'IMPORT','Pantallas A'),(647,1,1,1,'Vendors','','2024-07-05 22:48:00','2024-07-05 22:48:00',NULL,NULL,0,1,0,0,'WEBSERVICE','TECNA S.A.'),(648,1,1,1,'Products','','2018-05-24 20:13:10','2024-07-05 22:48:00',NULL,NULL,0,1,0,0,'IMPORT','Teclado inalambrico'),(649,1,1,1,'Vendors','','2024-07-05 22:48:00','2024-07-05 22:48:00',NULL,NULL,0,1,0,0,'WEBSERVICE','MICRONET ANDINA S.A.C'),(650,1,1,1,'Products','','2018-05-25 15:58:06','2024-07-05 22:48:00',NULL,NULL,0,1,0,0,'IMPORT','KB USB COMBO TEROS 136'),(651,1,1,1,'Vendors','','2024-07-05 22:48:00','2024-07-05 22:48:00',NULL,NULL,0,1,0,0,'WEBSERVICE','GRUPO VENTURA PERU S.A.C.'),(652,1,1,1,'Products','','2018-05-25 15:58:07','2024-07-05 22:48:00',NULL,NULL,0,1,0,0,'IMPORT','NOTEBOOK LENOVO V330 I7-8AUG-1TB-V2G'),(653,1,1,1,'Products','','2018-10-11 03:40:10','2024-07-05 22:48:00',NULL,NULL,0,1,0,0,'IMPORT','Mini Stereo'),(654,1,1,1,'Products','-  Potencia :   155/6500 (HP/rpm)\n -  Combustible :   Sistema de Inyeccion de Combustible PGM-FI\n -  Motor :   2.0 | 4 cilindros en línea DOHC i-VTEC\n -  Transmisión :   CVT\n -  Suspension:   Delantera Tipo McPherson | Posterior Multi-link','2019-04-15 18:14:40','2024-07-05 22:48:00',NULL,NULL,0,1,0,0,'IMPORT','CIVIC SEDAN LX'),(655,1,1,1,'Products','-  Potencia :   170/6500 (HP/rpm)\n -  Combustible :   Sistema de Inyeccion Directa\n -  Motor :   1.5 L 4 cilindros en línea DI DOHC i-VTEC Turbocargado\n -  Transmisión :   CVT\n -  Suspension:   Delantera Tipo McPherson | Posterior Multi-link','2019-04-15 18:18:31','2024-07-05 22:48:00',NULL,NULL,0,1,0,0,'IMPORT','CIVIC SEDAN EXT'),(656,1,1,1,'Products','-  Potencia :   247/6500 (HP/rpm)\n -  Combustible :   Sistema de Inyeccion Directa\n -  Motor :   2.0 Turbo DOHC \n -  Transmisión :   AT\n -  Suspension:   Delantera Tipo McPherson | Posterior Multi-link','2019-04-15 18:24:25','2024-07-05 22:48:00',NULL,NULL,0,1,0,0,'IMPORT','CIVIC ACCORD 2.0 TURBO'),(657,1,1,1,'Products','-  Potencia :   141/6500 (HP/rpm)\n -  Combustible :   Sistema de Inyeccion PGM-FI\n -  Motor :   1.8 Litros SOHC i-VTEC \n -  Transmisión :   MT\n -  Suspension:   Delantera Tipo McPherson | Barra de Torsion Tipo H','2019-04-15 18:27:10','2024-07-05 22:48:00',NULL,NULL,0,1,0,0,'IMPORT','HR-V LX MT'),(658,1,1,1,'MailManager Attachment','image001.png','2024-07-06 06:44:05','2024-07-06 06:44:05',NULL,NULL,0,1,0,NULL,NULL,NULL),(659,1,1,1,'MailManager Attachment','image002.png','2024-07-06 06:44:05','2024-07-06 06:44:05',NULL,NULL,0,1,0,NULL,NULL,NULL),(660,1,1,1,'MailManager Attachment','image003.jpg','2024-07-06 06:44:05','2024-07-06 06:44:05',NULL,NULL,0,1,0,NULL,NULL,NULL),(661,1,1,1,'MailManager Attachment','image002.png','2024-07-06 06:44:05','2024-07-06 06:44:05',NULL,NULL,0,1,0,NULL,NULL,NULL),(662,1,1,1,'MailManager Attachment','logo.jpg','2024-07-06 06:44:06','2024-07-06 06:44:06',NULL,NULL,0,1,0,NULL,NULL,NULL),(663,1,1,1,'MailManager Attachment','logo.jpg','2024-07-06 06:44:06','2024-07-06 06:44:06',NULL,NULL,0,1,0,NULL,NULL,NULL),(664,1,1,1,'MailManager Attachment','logo.jpg','2024-07-06 06:44:06','2024-07-06 06:44:06',NULL,NULL,0,1,0,NULL,NULL,NULL),(665,1,1,1,'MailManager Attachment','image001.jpg','2024-07-06 06:45:37','2024-07-06 06:45:37',NULL,NULL,0,1,0,NULL,NULL,NULL),(666,1,1,1,'MailManager Attachment','image002.png','2024-07-06 06:45:37','2024-07-06 06:45:37',NULL,NULL,0,1,0,NULL,NULL,NULL),(667,1,1,1,'MailManager Attachment','image003.png','2024-07-06 06:45:37','2024-07-06 06:45:37',NULL,NULL,0,1,0,NULL,NULL,NULL),(668,1,1,1,'MailManager Attachment','image004.png','2024-07-06 06:45:37','2024-07-06 06:45:37',NULL,NULL,0,1,0,NULL,NULL,NULL),(669,1,1,1,'MailManager Attachment','image005.png','2024-07-06 06:45:37','2024-07-06 06:45:37',NULL,NULL,0,1,0,NULL,NULL,NULL),(670,1,1,1,'MailManager Attachment','image006.png','2024-07-06 06:45:37','2024-07-06 06:45:37',NULL,NULL,0,1,0,NULL,NULL,NULL),(671,1,1,1,'MailManager Attachment','image007.png','2024-07-06 06:45:37','2024-07-06 06:45:37',NULL,NULL,0,1,0,NULL,NULL,NULL),(672,1,1,1,'MailManager Attachment','image008.png','2024-07-06 06:45:37','2024-07-06 06:45:37',NULL,NULL,0,1,0,NULL,NULL,NULL),(673,1,1,1,'Emails','<p></p><p>---------- Mensaje reenviado ----------<br/>De:malmeyda@creantis.com<br/>Fecha:06-07-2024 01:44 AM<br/>Asunto:TEST<br/>A:soporte@creantis.com<br/></p><head></head><body><div class=\"WordSection1\"><p class=\"MsoNormal\"><a>Mensaje de prueba</a></p><p class=\"MsoNormal\"><span style=\"mso-bookmark:_Hlk18436588\">&nbsp;</span></p><span style=\"mso-bookmark:_Hlk18436588\"></span><span style=\"mso-bookmark:_Hlk18436588\"></span><span style=\"mso-bookmark:_Hlk18436588\"></span><span style=\"mso-bookmark:_Hlk18436588\"></span><span style=\"mso-bookmark:_Hlk18436588\"></span><span style=\"mso-bookmark:_Hlk18436588\"></span><span style=\"mso-bookmark:_Hlk18436588\"></span><span style=\"mso-bookmark:_Hlk18436588\"></span><span style=\"mso-bookmark:_Hlk18436588\"></span><span style=\"mso-bookmark:_Hlk18436588\"></span><table class=\"MsoNormalTable\" border=\"0\" cellspacing=\"0\" cellpadding=\"0\" width=\"1189\" style=\"margin-left:-21.3pt\"><tbody><tr><td width=\"189\" rowspan=\"3\" valign=\"top\" style=\"width:141.7pt;padding:0cm 0cm 0cm 0cm\"><p class=\"MsoNormal\" align=\"center\" style=\"text-align:center;line-height:105%\"><span style=\"mso-bookmark:_Hlk18436588\"><span style=\"font-size:13.5pt;line-height:105%;font-family:&quot;Arial&quot;,sans-serif;color:#F7751F\"><img width=\"160\" height=\"132\" style=\"width:1.6666in;height:1.375in\" src=\"cid:image001.jpg@01DACF46.16D29210\"></span></span><span style=\"mso-bookmark:_Hlk18436588\"><span style=\"font-size:12.0pt;line-height:105%;font-family:&quot;Times New Roman&quot;,serif\"></span></span></p></td><td width=\"19\" rowspan=\"3\" valign=\"top\" style=\"width:14.1pt;border:none;border-left:solid #A6A6A6 1.0pt;padding:0cm 0cm 0cm 0cm\"><span style=\"mso-bookmark:_Hlk18436588\"></span><p class=\"MsoNormal\" style=\"line-height:105%\"><span style=\"mso-bookmark:_Hlk18436588\"><span style=\"font-size:12.0pt;line-height:105%;font-family:&quot;Times New Roman&quot;,serif\">&nbsp;</span></span></p></td><td width=\"199\" style=\"width:149.0pt;padding:0cm 5.25pt 3.75pt 0cm\"><p class=\"MsoNormal\" style=\"line-height:105%\"><span style=\"mso-bookmark:_Hlk18436588\"><span style=\"font-size:12.0pt;line-height:105%;font-family:&quot;Times New Roman&quot;,serif\"><img width=\"180\" height=\"49\" style=\"width:1.875in;height:.5104in\" src=\"cid:image002.png@01DACF46.16D29210\"></span></span></p></td><td width=\"19\" rowspan=\"3\" style=\"width:14.2pt;border:none;border-left:solid #A6A6A6 1.0pt;padding:0cm 0cm 0cm 9.0pt\"><span style=\"mso-bookmark:_Hlk18436588\"></span></td><td width=\"569\" rowspan=\"3\" style=\"width:426.8pt;padding:0cm 0cm 0cm 0cm\"><span style=\"mso-bookmark:_Hlk18436588\"></span><span style=\"mso-bookmark:_Hlk18436588\"></span><span style=\"mso-bookmark:_Hlk18436588\"></span><span style=\"mso-bookmark:_Hlk18436588\"></span><span style=\"mso-bookmark:_Hlk18436588\"></span><span style=\"mso-bookmark:_Hlk18436588\"></span><span style=\"mso-bookmark:_Hlk18436588\"></span><span style=\"mso-bookmark:_Hlk18436588\"></span><span style=\"mso-bookmark:_Hlk18436588\"></span><span style=\"mso-bookmark:_Hlk18436588\"></span><span style=\"mso-bookmark:_Hlk18436588\"></span><table class=\"MsoNormalTable\" border=\"0\" cellspacing=\"0\" cellpadding=\"0\"><tbody><tr><td width=\"316\" colspan=\"2\" valign=\"top\" style=\"width:237.25pt;padding:0cm 0cm 3.75pt 0cm\"><p class=\"MsoNormal\" style=\"line-height:105%\"><span style=\"mso-bookmark:_Hlk18436588\"><span style=\"font-size:13.5pt;line-height:105%;font-family:&quot;Arial&quot;,sans-serif;color:#F7751F\">Miguel Angel Almeyda Segura</span></span></p></td></tr><tr><td width=\"316\" colspan=\"2\" valign=\"top\" style=\"width:237.25pt;padding:0cm 0cm 0cm 0cm\"><p class=\"MsoNormal\" style=\"line-height:105%\"><span style=\"mso-bookmark:_Hlk18436588\"><b><span style=\"font-size:10.5pt;line-height:105%;font-family:&quot;Arial&quot;,sans-serif;color:#333333\">Creantis | vtiger Perú</span></b></span><span style=\"mso-bookmark:_Hlk18436588\"><span style=\"font-size:10.5pt;line-height:105%;font-family:&quot;Arial&quot;,sans-serif;color:#333333\"></span></span></p></td></tr><tr><td width=\"316\" colspan=\"2\" valign=\"top\" style=\"width:237.25pt;padding:0cm 0cm 3.75pt 0cm\"><p class=\"MsoNormal\" style=\"line-height:105%\"><span style=\"mso-bookmark:_Hlk18436588\"><span style=\"font-size:10.5pt;line-height:105%;font-family:&quot;Arial&quot;,sans-serif;color:#333333\">Software CRM rápido y económico</span></span></p></td></tr><tr><td width=\"20\" valign=\"top\" style=\"width:15.0pt;padding:0cm 0cm 0cm 0cm\"><p class=\"MsoNormal\" style=\"line-height:105%\"><span style=\"mso-bookmark:_Hlk18436588\"><span style=\"font-size:10.5pt;line-height:105%;font-family:&quot;Arial&quot;,sans-serif;color:#F7751F\">in:</span></span></p></td><td width=\"296\" valign=\"top\" style=\"width:222.25pt;padding:0cm 0cm 0cm 0cm\"><p class=\"MsoNormal\" style=\"line-height:105%\"><span style=\"mso-bookmark:_Hlk18436588\"></span><a href=\"https://www.linkedin.com/in/oscarsc\"><span style=\"mso-bookmark:_Hlk18436588\"><span style=\"font-size:10.5pt;line-height:105%;font-family:&quot;Arial&quot;,sans-serif;color:#767171\">https://www.linkedin.com/company/creantis</span></span><span style=\"mso-bookmark:_Hlk18436588\"></span></a><span style=\"mso-bookmark:_Hlk18436588\"><span style=\"font-size:10.5pt;line-height:105%;font-family:&quot;Arial&quot;,sans-serif;color:#767171\"></span></span></p></td></tr><tr><td width=\"20\" valign=\"top\" style=\"width:15.0pt;padding:0cm 0cm 0cm 0cm\"><p class=\"MsoNormal\" style=\"line-height:105%\"><span style=\"mso-bookmark:_Hlk18436588\"><span style=\"font-size:10.5pt;line-height:105%;font-family:&quot;Arial&quot;,sans-serif;color:#F7751F\">m:</span></span></p></td><td width=\"296\" valign=\"top\" style=\"width:222.25pt;padding:0cm 0cm 0cm 0cm\"><p class=\"MsoNormal\" style=\"line-height:105%\"><span style=\"mso-bookmark:_Hlk18436588\"><span style=\"font-size:10.5pt;line-height:105%;font-family:&quot;Arial&quot;,sans-serif;color:#767171\">+51 985 862 569</span></span></p></td></tr><tr><td width=\"20\" valign=\"top\" style=\"width:15.0pt;padding:0cm 0cm 0cm 0cm\"><p class=\"MsoNormal\" style=\"line-height:105%\"><span style=\"mso-bookmark:_Hlk18436588\"><span style=\"font-size:10.5pt;line-height:105%;font-family:&quot;Arial&quot;,sans-serif;color:#F7751F\">e:</span></span></p></td><td width=\"296\" valign=\"top\" style=\"width:222.25pt;padding:0cm 0cm 0cm 0cm\"><p class=\"MsoNormal\" style=\"line-height:105%\"><span style=\"mso-bookmark:_Hlk18436588\"></span><a href=\"mailto:malmeyda@creantis.com\"><span style=\"mso-bookmark:_Hlk18436588\"><span style=\"font-size:10.5pt;line-height:105%;font-family:&quot;Arial&quot;,sans-serif;color:#767171\">malmeyda@creantis.com</span></span><span style=\"mso-bookmark:_Hlk18436588\"></span></a><span style=\"mso-bookmark:_Hlk18436588\"><span style=\"font-size:10.5pt;line-height:105%;font-family:&quot;Arial&quot;,sans-serif;color:#767171\"></span></span></p></td></tr><tr><td width=\"20\" valign=\"top\" style=\"width:15.0pt;padding:0cm 0cm 3.75pt 0cm\"><p class=\"MsoNormal\" style=\"line-height:105%\"><span style=\"mso-bookmark:_Hlk18436588\"><span style=\"font-size:10.5pt;line-height:105%;font-family:&quot;Arial&quot;,sans-serif;color:#F7751F\">w:</span></span></p></td><td width=\"296\" valign=\"top\" style=\"width:222.25pt;padding:0cm 0cm 0cm 0cm\"><p class=\"MsoNormal\" style=\"line-height:105%\"><span style=\"mso-bookmark:_Hlk18436588\"></span><a href=\"http://www.creantis.com/\"><span style=\"mso-bookmark:_Hlk18436588\"><span style=\"font-size:10.5pt;line-height:105%;font-family:&quot;Arial&quot;,sans-serif;color:#767171\">www.creantis.com</span></span><span style=\"mso-bookmark:_Hlk18436588\"></span></a><span style=\"mso-bookmark:_Hlk18436588\"><span style=\"font-size:10.5pt;line-height:105%;font-family:&quot;Arial&quot;,sans-serif;color:#767171\"></span></span></p></td></tr></tbody></table><span style=\"mso-bookmark:_Hlk18436588\"></span></td><td width=\"185\" rowspan=\"3\" valign=\"top\" style=\"width:138.5pt;padding:0cm 0cm 0cm 0cm\"><p class=\"MsoNormal\" style=\"line-height:105%\"><span style=\"mso-bookmark:_Hlk18436588\"><span style=\"font-size:13.5pt;line-height:105%;font-family:&quot;Arial&quot;,sans-serif;color:#F7751F\">&nbsp;</span></span></p><span style=\"mso-bookmark:_Hlk18436588\"></span><p class=\"MsoNormal\" style=\"line-height:105%\"><span style=\"mso-bookmark:_Hlk18436588\"><span style=\"font-size:13.5pt;line-height:105%;font-family:&quot;Arial&quot;,sans-serif;color:#F7751F\">&nbsp;</span></span></p></td></tr><tr><td width=\"199\" valign=\"top\" style=\"width:149.0pt;padding:9.0pt 5.25pt 0cm 0cm\"><p class=\"MsoNormal\" style=\"line-height:105%\"><span style=\"mso-bookmark:_Hlk18436588\"><span style=\"font-size:13.5pt;line-height:105%;font-family:&quot;Arial&quot;,sans-serif;color:#F7751F\"><img border=\"0\" width=\"151\" height=\"35\" style=\"width:1.5729in;height:.3645in\" src=\"cid:image003.png@01DACF46.16D29210\"></span></span><span style=\"mso-bookmark:_Hlk18436588\"><span style=\"font-size:12.0pt;line-height:105%;font-family:&quot;Times New Roman&quot;,serif;color:blue;border:none windowtext 1.0pt;padding:0cm\"></span></span></p></td></tr><tr><td width=\"199\" valign=\"top\" style=\"width:149.0pt;padding:9.0pt 5.25pt 0cm 0cm\"><p class=\"MsoNormal\" style=\"line-height:105%\"><span style=\"mso-bookmark:_Hlk18436588\"></span><a href=\"https://www.linkedin.com/company/creantis\"><span style=\"mso-bookmark:_Hlk18436588\"><span style=\"font-size:12.0pt;line-height:105%;font-family:&quot;Times New Roman&quot;,serif;color:blue;border:none windowtext 1.0pt;padding:0cm;text-decoration:none\"><img border=\"0\" width=\"25\" height=\"25\" style=\"width:.2604in;height:.2604in\" src=\"cid:image004.png@01DACF46.16D29210\"></span></span><span style=\"mso-bookmark:_Hlk18436588\"></span></a><span style=\"mso-bookmark:_Hlk18436588\"><span style=\"font-size:12.0pt;line-height:105%;font-family:&quot;Times New Roman&quot;,serif\">&nbsp;&nbsp;</span></span><a href=\"https://youtube.com/creantis\"><span style=\"mso-bookmark:_Hlk18436588\"><span style=\"font-size:12.0pt;line-height:105%;font-family:&quot;Times New Roman&quot;,serif;color:blue;border:none windowtext 1.0pt;padding:0cm;text-decoration:none\"><img border=\"0\" width=\"25\" height=\"25\" style=\"width:.2604in;height:.2604in\" src=\"cid:image005.png@01DACF46.16D29210\"></span></span><span style=\"mso-bookmark:_Hlk18436588\"></span></a><span style=\"mso-bookmark:_Hlk18436588\"><span style=\"font-size:12.0pt;line-height:105%;font-family:&quot;Times New Roman&quot;,serif\">&nbsp;&nbsp;</span></span><a href=\"https://www.twitter.com/creantis\"><span style=\"mso-bookmark:_Hlk18436588\"><span style=\"font-size:12.0pt;line-height:105%;font-family:&quot;Times New Roman&quot;,serif;color:blue;border:none windowtext 1.0pt;padding:0cm;text-decoration:none\"><img border=\"0\" width=\"25\" height=\"25\" style=\"width:.2604in;height:.2604in\" src=\"cid:image006.png@01DACF46.16D29210\"></span></span><span style=\"mso-bookmark:_Hlk18436588\"></span></a><span style=\"mso-bookmark:_Hlk18436588\"><span style=\"font-size:12.0pt;line-height:105%;font-family:&quot;Times New Roman&quot;,serif\">&nbsp;&nbsp;</span></span><a href=\"https://www.facebook.com/creantis.pe/\"><span style=\"mso-bookmark:_Hlk18436588\"><span style=\"font-size:12.0pt;line-height:105%;font-family:&quot;Times New Roman&quot;,serif;color:blue;border:none windowtext 1.0pt;padding:0cm;text-decoration:none\"><img border=\"0\" width=\"25\" height=\"25\" style=\"width:.2604in;height:.2604in\" src=\"cid:image007.png@01DACF46.16D29210\"></span></span><span style=\"mso-bookmark:_Hlk18436588\"></span></a><span style=\"mso-bookmark:_Hlk18436588\"><span style=\"font-size:12.0pt;line-height:105%;font-family:&quot;Times New Roman&quot;,serif\">&nbsp;&nbsp;</span></span><a href=\"https://www.instagram.com/creantis/\"><span style=\"mso-bookmark:_Hlk18436588\"><span style=\"font-size:12.0pt;line-height:105%;font-family:&quot;Times New Roman&quot;,serif;color:blue;border:none windowtext 1.0pt;padding:0cm;text-decoration:none\"><img border=\"0\" width=\"25\" height=\"25\" style=\"width:.2604in;height:.2604in\" src=\"cid:image008.png@01DACF46.16D29210\"></span></span><span style=\"mso-bookmark:_Hlk18436588\"></span></a><span style=\"mso-bookmark:_Hlk18436588\"><span style=\"font-size:12.0pt;line-height:105%;font-family:&quot;Times New Roman&quot;,serif\"></span></span></p></td></tr></tbody></table><p class=\"MsoNormal\"><span style=\"mso-fareast-language:ES-PE\">&nbsp;</span></p><p class=\"MsoNormal\">&nbsp;</p></div><br><br></body>','2024-07-06 06:46:00','2024-07-06 06:46:00',NULL,NULL,0,1,0,0,'CRM','Fwd: TEST'),(674,1,1,1,'MailManager Attachment','image001.jpg','2024-07-06 06:46:00','2024-07-06 06:46:00',NULL,NULL,0,1,0,NULL,NULL,NULL),(675,1,1,1,'Documents',NULL,'2024-07-06 06:46:00','2024-07-06 06:46:00',NULL,NULL,0,1,0,0,'CRM','image001.jpg'),(676,1,1,1,'MailManager Attachment','image002.png','2024-07-06 06:46:00','2024-07-06 06:46:00',NULL,NULL,0,1,0,NULL,NULL,NULL),(677,1,1,1,'Documents',NULL,'2024-07-06 06:46:00','2024-07-06 06:46:00',NULL,NULL,0,1,0,0,'CRM','image002.png'),(678,1,1,1,'MailManager Attachment','image003.png','2024-07-06 06:46:00','2024-07-06 06:46:00',NULL,NULL,0,1,0,NULL,NULL,NULL),(679,1,1,1,'Documents',NULL,'2024-07-06 06:46:00','2024-07-06 06:46:00',NULL,NULL,0,1,0,0,'CRM','image003.png'),(680,1,1,1,'MailManager Attachment','image004.png','2024-07-06 06:46:01','2024-07-06 06:46:01',NULL,NULL,0,1,0,NULL,NULL,NULL),(681,1,1,1,'Documents',NULL,'2024-07-06 06:46:01','2024-07-06 06:46:01',NULL,NULL,0,1,0,0,'CRM','image004.png'),(682,1,1,1,'MailManager Attachment','image005.png','2024-07-06 06:46:01','2024-07-06 06:46:01',NULL,NULL,0,1,0,NULL,NULL,NULL),(683,1,1,1,'Documents',NULL,'2024-07-06 06:46:01','2024-07-06 06:46:01',NULL,NULL,0,1,0,0,'CRM','image005.png'),(684,1,1,1,'MailManager Attachment','image006.png','2024-07-06 06:46:01','2024-07-06 06:46:01',NULL,NULL,0,1,0,NULL,NULL,NULL),(685,1,1,1,'Documents',NULL,'2024-07-06 06:46:01','2024-07-06 06:46:01',NULL,NULL,0,1,0,0,'CRM','image006.png'),(686,1,1,1,'MailManager Attachment','image007.png','2024-07-06 06:46:01','2024-07-06 06:46:01',NULL,NULL,0,1,0,NULL,NULL,NULL),(687,1,1,1,'Documents',NULL,'2024-07-06 06:46:01','2024-07-06 06:46:01',NULL,NULL,0,1,0,0,'CRM','image007.png'),(688,1,1,1,'MailManager Attachment','image008.png','2024-07-06 06:46:01','2024-07-06 06:46:01',NULL,NULL,0,1,0,NULL,NULL,NULL),(689,1,1,1,'Documents',NULL,'2024-07-06 06:46:01','2024-07-06 06:46:01',NULL,NULL,0,1,0,0,'CRM','image008.png'),(690,1,6,1,'Pagos',NULL,'2024-07-07 17:05:35','2024-07-07 17:06:28',NULL,NULL,0,1,0,0,'CRM','PAG000002'),(691,1,6,1,'Pagos',NULL,'2024-07-07 17:06:58','2024-07-07 17:07:19',NULL,NULL,0,1,0,0,'CRM','PAG000003'),(692,1,6,1,'Pagos',NULL,'2024-07-07 17:07:42','2024-07-07 17:08:43',NULL,NULL,0,1,0,0,'CRM','PAG000004'),(693,1,6,1,'Pagos',NULL,'2024-07-07 17:09:04','2024-07-07 17:09:18',NULL,NULL,0,1,0,0,'CRM','PAG000005'),(694,1,7,1,'Pagos',NULL,'2024-07-07 17:12:56','2024-07-07 17:13:52',NULL,NULL,0,1,0,0,'CRM','PAG000006'),(695,1,7,1,'Pagos',NULL,'2024-07-07 17:13:41','2024-07-07 17:13:41',NULL,NULL,0,1,0,0,'CRM','PAG000007'),(696,1,7,1,'Pagos',NULL,'2024-07-07 17:14:10','2024-07-07 17:14:52',NULL,NULL,0,1,0,0,'CRM','PAG000008'),(697,1,7,1,'Pagos',NULL,'2024-07-07 17:15:29','2024-07-07 17:16:08',NULL,NULL,0,1,0,0,'CRM','PAG000009'),(698,1,6,1,'Pagos',NULL,'2024-07-07 17:18:59','2024-07-07 17:19:09',NULL,NULL,0,1,0,0,'CRM','PAG000010'),(699,1,6,1,'Pagos',NULL,'2024-07-07 17:19:38','2024-07-07 17:19:38',NULL,NULL,0,1,0,0,'CRM','PAG000011'),(700,1,6,1,'Pagos',NULL,'2024-07-07 18:31:47','2024-07-07 18:31:47',NULL,NULL,0,1,0,0,'CRM','PAG000012'),(701,1,5,1,'Pagos',NULL,'2024-07-07 18:34:45','2024-07-07 18:34:54',NULL,NULL,0,1,0,0,'CRM','PAG000013'),(702,1,5,1,'Pagos',NULL,'2024-07-07 18:35:29','2024-07-07 18:35:29',NULL,NULL,0,1,0,0,'CRM','PAG000014'),(703,1,5,1,'Pagos',NULL,'2024-07-07 18:36:08','2024-07-07 18:36:08',NULL,NULL,0,1,0,0,'CRM','PAG000015'),(704,1,5,1,'Pagos',NULL,'2024-07-07 18:36:44','2024-07-07 18:36:44',NULL,NULL,0,1,0,0,'CRM','PAG000016'),(705,1,7,1,'Pagos',NULL,'2024-07-07 18:39:41','2024-07-07 18:42:32',NULL,NULL,0,1,0,0,'CRM','PAG000017'),(706,1,7,1,'Pagos',NULL,'2024-07-07 18:40:15','2024-07-07 18:40:15',NULL,NULL,0,1,0,0,'CRM','PAG000018'),(707,1,7,1,'Pagos',NULL,'2024-07-07 18:40:52','2024-07-07 18:40:52',NULL,NULL,0,1,0,0,'CRM','PAG000019'),(708,1,7,1,'Pagos',NULL,'2024-07-07 18:41:38','2024-07-07 18:41:38',NULL,NULL,0,1,0,0,'CRM','PAG000020'),(709,1,5,1,'Pagos',NULL,'2024-07-07 18:47:32','2024-07-07 18:47:32',NULL,NULL,0,1,0,0,'CRM','PAG000021'),(710,1,5,1,'Pagos',NULL,'2024-07-07 18:48:06','2024-07-07 18:48:06',NULL,NULL,0,1,0,0,'CRM','PAG000022'),(711,1,5,1,'Pagos',NULL,'2024-07-07 18:48:31','2024-07-07 18:48:31',NULL,NULL,0,1,0,0,'CRM','PAG000023'),(712,1,5,1,'Pagos',NULL,'2024-07-07 18:49:13','2024-07-07 18:49:13',NULL,NULL,0,1,0,0,'CRM','PAG000024'),(713,1,7,1,'Pagos',NULL,'2024-07-07 18:51:36','2024-07-07 18:54:07',NULL,NULL,0,1,0,0,'CRM','PAG000025'),(714,1,7,1,'Pagos',NULL,'2024-07-07 18:52:06','2024-07-07 18:52:06',NULL,NULL,0,1,0,0,'CRM','PAG000026'),(715,1,7,1,'Pagos',NULL,'2024-07-07 18:52:27','2024-07-07 18:52:40',NULL,NULL,0,1,0,0,'CRM','PAG000027'),(716,1,7,1,'Pagos',NULL,'2024-07-07 18:53:12','2024-07-07 18:53:12',NULL,NULL,0,1,0,0,'CRM','PAG000028'),(717,1,8,1,'Pagos',NULL,'2024-07-07 18:55:38','2024-07-07 18:55:38',NULL,NULL,0,1,0,0,'CRM','PAG000029'),(718,1,8,1,'Pagos',NULL,'2024-07-07 18:56:19','2024-07-07 18:56:19',NULL,NULL,0,1,0,0,'CRM','PAG000030'),(719,1,8,1,'Pagos',NULL,'2024-07-07 18:57:01','2024-07-07 18:57:01',NULL,NULL,0,1,0,0,'CRM','PAG000031'),(720,1,1,1,'ModComments',NULL,'2024-07-08 14:22:25','2024-07-08 14:22:25',NULL,NULL,0,1,0,0,'CRM','El cliente comentó que ha tenido retrasos en su facturacion. Es algo extraordinario.'),(721,1,1,1,'Pagos',NULL,'2024-07-08 14:23:53','2024-07-08 14:23:53',NULL,NULL,0,1,0,0,'CRM','PAG000032'),(722,1,1,1,'Pagos',NULL,'2024-07-08 14:24:09','2024-07-12 17:16:24',NULL,NULL,0,1,0,0,'CRM','PAG000033'),(723,1,7,1,'Calendar','','2024-07-12 16:12:57','2024-07-12 16:12:57',NULL,NULL,0,1,0,0,'CRM','hola'),(724,1,1,1,'Calendar','','2024-07-12 16:21:35','2024-07-12 16:21:35',NULL,NULL,0,1,0,0,'CRM','chamo'),(725,1,1,1,'Calendar','','2024-07-12 16:23:38','2024-07-12 16:23:38',NULL,NULL,0,1,0,0,'CRM','chamo 2'),(726,1,1,1,'Calendar','','2024-07-12 16:25:49','2024-07-12 16:25:49',NULL,NULL,0,1,0,0,'CRM','chamo 3'),(727,1,1,1,'Calendar','','2024-07-12 16:37:20','2024-07-12 16:37:20',NULL,NULL,0,1,0,0,'CRM','chamo 5'),(728,1,1,1,'WhatsAppLog',NULL,'2024-07-12 16:51:23','2024-07-12 16:51:58',NULL,NULL,0,1,0,0,'CRM',''),(729,1,1,1,'CTWhatsApp',NULL,'2024-07-12 16:51:23','2024-07-12 16:51:58',NULL,NULL,0,1,0,0,'CRM',''),(730,1,6,1,'CTWhatsApp',NULL,'2024-07-12 16:51:58','2024-07-12 16:51:58',NULL,NULL,0,1,0,0,'CRM',''),(731,1,1,1,'WhatsAppLog',NULL,'2024-07-12 16:52:24','2024-07-12 16:52:24',NULL,NULL,0,1,0,0,'CRM',''),(732,1,1,1,'CTWhatsApp',NULL,'2024-07-12 16:52:24','2024-07-12 16:52:24',NULL,NULL,0,1,0,0,'CRM',''),(733,1,1,1,'ModComments',NULL,'2024-07-12 17:25:18','2024-07-12 17:25:18',NULL,NULL,0,1,0,0,'CRM','hola'),(734,1,1,1,'Contacts','','2024-07-18 10:25:42','2024-07-18 17:10:02',NULL,NULL,0,1,0,0,'CRM','Enrique EMG'),(735,1,1,1,'Contacts','','2024-07-18 10:26:40','2024-07-18 17:10:03',NULL,NULL,0,1,0,0,'CRM','enrique ABCDEF'),(736,1,1,1,'WhatsAppLog',NULL,'2024-07-18 10:27:51','2024-07-18 10:44:10',NULL,NULL,0,1,0,0,'CRM',''),(737,1,1,1,'CTWhatsApp',NULL,'2024-07-18 10:27:51','2024-07-18 10:27:55',NULL,NULL,0,1,0,0,'CRM',''),(738,1,1,1,'CTWhatsApp',NULL,'2024-07-18 10:28:15','2024-07-18 10:28:25',NULL,NULL,0,1,0,0,'CRM',''),(739,1,1,1,'CTWhatsApp',NULL,'2024-07-18 10:28:27','2024-07-18 10:28:35',NULL,NULL,0,1,0,0,'CRM',''),(740,1,1,1,'CTWhatsApp',NULL,'2024-07-18 10:28:49','2024-07-18 10:28:56',NULL,NULL,0,1,0,0,'CRM',''),(741,1,1,1,'CTWhatsApp',NULL,'2024-07-18 10:44:03','2024-07-18 10:44:13',NULL,NULL,0,1,0,0,'CRM',''),(742,1,1,1,'ModComments',NULL,'2024-07-18 10:54:36','2024-07-18 10:54:36',NULL,NULL,0,1,0,0,'CRM','No recibi los mensajes que el cliente me respondió'),(743,1,1,1,'Contacts','','2024-07-18 15:13:26','2024-07-18 17:10:04',NULL,NULL,0,1,0,0,'CRM','Christian Daniel Garcia'),(744,1,1,1,'Leads','','2024-07-18 15:14:27','2024-07-18 15:14:27',NULL,NULL,0,1,0,0,'CRM','chris garcia'),(745,1,1,1,'Contacts','','2024-07-18 16:12:23','2024-07-18 17:10:04',NULL,NULL,0,1,0,0,'CRM','Test'),(746,1,1,1,'Contacts','','2024-07-18 16:13:22','2024-07-18 17:10:04',NULL,NULL,0,1,0,0,'CRM','asdasd'),(747,1,1,1,'Contacts','','2024-07-18 16:14:57','2024-07-18 16:20:16',NULL,NULL,0,1,1,0,'CRM','TEST'),(748,1,1,1,'Contacts','','2024-07-18 16:20:02','2024-07-18 16:20:10',NULL,NULL,0,1,1,0,'CRM','Creantis TEST  41'),(749,1,1,1,'WhatsAppLog',NULL,'2024-07-18 17:04:10','2024-07-18 17:17:03',NULL,NULL,0,1,0,0,'CRM',''),(750,1,1,1,'CTWhatsApp',NULL,'2024-07-18 17:04:10','2024-07-18 17:04:47',NULL,NULL,0,1,0,0,'CRM',''),(751,1,1,1,'Emails','An Contact has been assigned to you on vtigerCRM<br>Details of Contact are :<br><br>Contact Id:<b>CON64</b><br>LastName:<b>Barrantes</b><br>FirstName:<b>Adriana</b><br>Lead Source:<b></b><br>Department:<b></b><br>Description:<b></b><br><br><br>And <b>CustomerPortal Login Details</b> is sent to the EmailID :-abarrantes@deprodecas.com.pe<br><br>Thank You<br>Admin<br><br>','2024-07-18 17:10:01','2024-07-18 17:10:01',NULL,NULL,0,1,0,0,'CRM','Regarding Contact Assignment'),(752,1,1,1,'Emails','An Contact has been assigned to you on vtigerCRM<br>Details of Contact are :<br><br>Contact Id:<b>CON64</b><br>LastName:<b>Barrantes</b><br>FirstName:<b>Adriana</b><br>Lead Source:<b></b><br>Department:<b></b><br>Description:<b></b><br><br><br>And <b>CustomerPortal Login Details</b> is sent to the EmailID :-abarrantes@deprodecas.com.pe<br><br>Thank You<br>Admin<br><br>','2024-07-18 17:10:01','2024-07-18 17:10:01',NULL,NULL,0,1,0,0,'CRM','Regarding Contact Assignment'),(753,1,1,1,'Emails','An Contact has been assigned to you on vtigerCRM<br>Details of Contact are :<br><br>Contact Id:<b></b><br>LastName:<b></b><br>FirstName:<b></b><br>Lead Source:<b></b><br>Department:<b></b><br>Description:<b></b><br><br><br>And <b>CustomerPortal Login Details</b> is sent to the EmailID :-<br><br>Thank You<br>Admin<br><br>','2024-07-18 17:10:02','2024-07-18 17:10:02',NULL,NULL,0,1,0,0,'CRM','Regarding Contact Assignment'),(754,1,1,1,'Emails','An Contact has been assigned to you on vtigerCRM<br>Details of Contact are :<br><br>Contact Id:<b></b><br>LastName:<b></b><br>FirstName:<b></b><br>Lead Source:<b></b><br>Department:<b></b><br>Description:<b></b><br><br><br>And <b>CustomerPortal Login Details</b> is sent to the EmailID :-<br><br>Thank You<br>Admin<br><br>','2024-07-18 17:10:02','2024-07-18 17:10:02',NULL,NULL,0,1,0,0,'CRM','Regarding Contact Assignment'),(755,1,1,1,'Emails','An Contact has been assigned to you on vtigerCRM<br>Details of Contact are :<br><br>Contact Id:<b></b><br>LastName:<b></b><br>FirstName:<b></b><br>Lead Source:<b></b><br>Department:<b></b><br>Description:<b></b><br><br><br>And <b>CustomerPortal Login Details</b> is sent to the EmailID :-<br><br>Thank You<br>Admin<br><br>','2024-07-18 17:10:02','2024-07-18 17:10:02',NULL,NULL,0,1,0,0,'CRM','Regarding Contact Assignment'),(756,1,1,1,'Emails','An Contact has been assigned to you on vtigerCRM<br>Details of Contact are :<br><br>Contact Id:<b>CON64</b><br>LastName:<b>Barrantes</b><br>FirstName:<b>Adriana</b><br>Lead Source:<b></b><br>Department:<b></b><br>Description:<b></b><br><br><br>And <b>CustomerPortal Login Details</b> is sent to the EmailID :-abarrantes@deprodecas.com.pe<br><br>Thank You<br>Admin<br><br>','2024-07-18 17:10:03','2024-07-18 17:10:03',NULL,NULL,0,1,0,0,'CRM','Regarding Contact Assignment'),(757,1,1,1,'Emails','An Contact has been assigned to you on vtigerCRM<br>Details of Contact are :<br><br>Contact Id:<b>CON64</b><br>LastName:<b>Barrantes</b><br>FirstName:<b>Adriana</b><br>Lead Source:<b></b><br>Department:<b></b><br>Description:<b></b><br><br><br>And <b>CustomerPortal Login Details</b> is sent to the EmailID :-abarrantes@deprodecas.com.pe<br><br>Thank You<br>Admin<br><br>','2024-07-18 17:10:04','2024-07-18 17:10:04',NULL,NULL,0,1,0,0,'CRM','Regarding Contact Assignment'),(758,1,1,1,'Emails','An Contact has been assigned to you on vtigerCRM<br>Details of Contact are :<br><br>Contact Id:<b></b><br>LastName:<b></b><br>FirstName:<b></b><br>Lead Source:<b></b><br>Department:<b></b><br>Description:<b></b><br><br><br>And <b>CustomerPortal Login Details</b> is sent to the EmailID :-<br><br>Thank You<br>Admin<br><br>','2024-07-18 17:10:04','2024-07-18 17:10:04',NULL,NULL,0,1,0,0,'CRM','Regarding Contact Assignment'),(759,1,1,1,'Emails','An Contact has been assigned to you on vtigerCRM<br>Details of Contact are :<br><br>Contact Id:<b></b><br>LastName:<b></b><br>FirstName:<b></b><br>Lead Source:<b></b><br>Department:<b></b><br>Description:<b></b><br><br><br>And <b>CustomerPortal Login Details</b> is sent to the EmailID :-<br><br>Thank You<br>Admin<br><br>','2024-07-18 17:10:04','2024-07-18 17:10:04',NULL,NULL,0,1,0,0,'CRM','Regarding Contact Assignment'),(760,1,1,1,'Emails','An Contact has been assigned to you on vtigerCRM<br>Details of Contact are :<br><br>Contact Id:<b></b><br>LastName:<b></b><br>FirstName:<b></b><br>Lead Source:<b></b><br>Department:<b></b><br>Description:<b></b><br><br><br>And <b>CustomerPortal Login Details</b> is sent to the EmailID :-<br><br>Thank You<br>Admin<br><br>','2024-07-18 17:10:04','2024-07-18 17:10:04',NULL,NULL,0,1,0,0,'CRM','Regarding Contact Assignment'),(761,1,1,1,'CTWhatsApp',NULL,'2024-07-18 17:16:26','2024-07-18 17:17:03',NULL,NULL,0,1,0,0,'CRM','');

--
-- Table structure for table `vtiger_crmentity_seq`
--

CREATE TABLE `vtiger_crmentity_seq` (
  `id` int(11) NOT NULL
) ENGINE=InnoDB DEFAULT CHARSET=utf8 COLLATE=utf8_general_ci;

--
-- Dumping data for table `vtiger_crmentity_seq`
--

INSERT INTO `vtiger_crmentity_seq` VALUES (761);

--
-- Table structure for table `vtiger_crmentity_user_field`
--

CREATE TABLE `vtiger_crmentity_user_field` (
  `recordid` int(19) NOT NULL,
  `userid` int(19) NOT NULL,
  `starred` varchar(100) DEFAULT NULL,
  KEY `record_user_idx` (`recordid`,`userid`),
  CONSTRAINT `fk_vtiger_crmentity_user_field_recordid` FOREIGN KEY (`recordid`) REFERENCES `vtiger_crmentity` (`crmid`) ON DELETE CASCADE
) ENGINE=InnoDB DEFAULT CHARSET=utf8 COLLATE=utf8_general_ci;

--
-- Dumping data for table `vtiger_crmentity_user_field`
--

INSERT INTO `vtiger_crmentity_user_field` VALUES (2,1,'0'),(3,1,'0'),(4,1,'0'),(5,1,'0'),(6,1,'0'),(7,1,'0'),(8,1,'0'),(9,1,'0'),(10,1,'0'),(11,1,'0'),(12,1,'0'),(13,1,'0'),(14,1,'0'),(15,1,'0'),(16,1,'0'),(17,1,'0'),(18,1,'0'),(19,1,'0'),(20,1,'0'),(21,1,'0'),(22,1,'0'),(23,1,'0'),(24,1,'0'),(25,1,'0'),(26,1,'0'),(27,1,'0'),(28,1,'0'),(29,1,'0'),(30,1,'0'),(31,1,'0'),(32,1,'0'),(33,1,'0'),(34,1,'0'),(35,1,'0'),(36,1,'0'),(37,1,'0'),(38,1,'0'),(39,1,'0'),(40,1,'0'),(41,1,'0'),(42,1,'0'),(43,1,'0'),(44,1,'0'),(45,1,'0'),(46,1,'0'),(47,1,'0'),(48,1,'0'),(49,1,'0'),(50,1,'0'),(51,1,'0'),(52,1,'0'),(53,1,'0'),(54,1,'0'),(55,1,'0'),(56,1,'0'),(57,1,'0'),(58,1,'0'),(59,1,'0'),(60,1,'0'),(61,1,'0'),(62,1,'0'),(63,1,'0'),(64,1,'0'),(65,1,'0'),(66,1,'0'),(67,1,'0'),(68,1,'0'),(69,1,'0'),(70,1,'0'),(71,1,'0'),(72,1,'0'),(73,1,'0'),(74,1,'0'),(75,1,'0'),(76,1,'0'),(77,1,'0'),(78,1,'0'),(79,1,'0'),(80,1,'0'),(81,1,'0'),(82,1,'0'),(83,1,'0'),(84,1,'0'),(85,1,'0'),(86,1,'0'),(87,1,'0'),(88,1,'0'),(89,1,'0'),(90,1,'0'),(91,1,'0'),(92,1,'0'),(93,1,'0'),(94,1,'0'),(95,1,'0'),(96,1,'0'),(97,1,'0'),(98,1,'0'),(99,1,'0'),(100,1,'0'),(101,1,'0'),(102,1,'0'),(103,1,'0'),(104,1,'0'),(105,1,'0'),(106,1,'0'),(107,1,'0'),(108,1,'0'),(109,1,'0'),(110,1,'0'),(111,1,'0'),(112,1,'0'),(113,1,'0'),(114,1,'0'),(115,1,'0'),(116,1,'0'),(117,1,'0'),(118,1,'0'),(119,1,'0'),(120,1,'0'),(121,1,'0'),(122,1,'0'),(123,1,'0'),(124,1,'0'),(125,1,'0'),(126,1,'0'),(127,1,'0'),(128,1,'0'),(129,1,'0'),(130,1,'0'),(131,1,'0'),(132,1,'0'),(133,1,'0'),(134,1,'0'),(135,1,'0'),(136,1,'0'),(137,1,'0'),(138,1,'0'),(139,1,'0'),(140,1,'0'),(141,1,'0'),(142,1,'0'),(143,1,'0'),(144,1,'0'),(145,1,'0'),(146,1,'0'),(147,1,'0'),(148,1,'0'),(149,1,'0'),(150,1,'0'),(151,1,'0'),(152,1,'0'),(153,1,'0'),(154,1,'0'),(155,1,'0'),(156,1,'0'),(157,1,'0'),(158,1,'0'),(159,1,'0'),(160,1,'0'),(161,1,'0'),(162,1,'0'),(163,1,'0'),(164,1,'0'),(165,1,'0'),(166,1,'0'),(167,1,'0'),(168,1,'0'),(169,1,'0'),(170,1,'0'),(171,1,'0'),(172,1,'0'),(173,1,'0'),(174,1,'0'),(175,1,'0'),(176,1,'0'),(177,1,'0'),(178,1,'0'),(179,1,'0'),(180,1,'0'),(181,1,'0'),(182,1,'0'),(183,1,'0'),(184,1,'0'),(185,1,'0'),(186,1,'0'),(187,1,'0'),(188,1,'0'),(189,1,'0'),(190,1,'0'),(191,1,'0'),(192,1,'0'),(193,1,'0'),(194,1,'0'),(195,1,'0'),(196,1,'0'),(197,1,'0'),(198,1,'0'),(199,1,'0'),(200,1,'0'),(201,1,'0'),(202,1,'0'),(203,1,'0'),(204,1,'0'),(205,1,'0'),(206,1,'0'),(207,1,'0'),(208,1,'0'),(209,1,'0'),(210,1,'0'),(211,1,'0'),(212,1,'0'),(213,1,'0'),(214,1,'0'),(215,1,'0'),(216,1,'0'),(217,1,'0'),(218,1,'0'),(219,1,'0'),(220,1,'0'),(221,1,'0'),(222,1,'0'),(223,1,'0'),(224,1,'0'),(225,1,'0'),(226,1,'0'),(227,1,'0'),(228,1,'0'),(229,1,'0'),(230,1,'0'),(231,1,'0'),(232,1,'0'),(233,1,'0'),(234,1,'0'),(235,1,'0'),(236,1,'0'),(237,1,'0'),(238,1,'0'),(239,1,'0'),(240,1,'0'),(241,1,'0'),(242,1,'0'),(243,1,'0'),(244,1,'0'),(245,1,'0'),(246,1,'0'),(247,1,'0'),(248,1,'0'),(249,1,'0'),(250,1,'0'),(251,1,'0'),(252,1,'0'),(253,1,'0'),(254,1,'0'),(255,1,'0'),(256,1,'0'),(257,1,'0'),(258,1,'0'),(259,1,'0'),(260,1,'0'),(261,1,'0'),(262,1,'0'),(263,1,'0'),(264,1,'0'),(265,1,'0'),(266,1,'0'),(267,1,'0'),(268,1,'0'),(269,1,'0'),(270,1,'0'),(271,1,'0'),(272,1,'0'),(273,1,'0'),(274,1,'0'),(275,1,'0'),(276,1,'0'),(277,1,'0'),(278,1,'0'),(279,1,'0'),(280,1,'0'),(281,1,'0'),(282,1,'0'),(283,1,'0'),(284,1,'0'),(285,1,'0'),(286,1,'0'),(287,1,'0'),(288,1,'0'),(289,1,'0'),(290,1,'0'),(291,1,'0'),(292,1,'0'),(293,1,'0'),(294,1,'0'),(295,1,'0'),(296,1,'0'),(297,1,'0'),(298,1,'0'),(299,1,'0'),(300,1,'0'),(301,1,'0'),(302,1,'0'),(303,1,'0'),(304,1,'0'),(305,1,'0'),(306,1,'0'),(307,1,'0'),(308,1,'0'),(309,1,'0'),(310,1,'0'),(311,1,'0'),(312,1,'0'),(313,1,'0'),(314,1,'0'),(315,1,'0'),(316,1,'0'),(317,1,'0'),(318,1,'0'),(319,1,'0'),(320,1,'0'),(321,1,'0'),(322,1,'0'),(323,1,'0'),(324,1,'0'),(325,1,'0'),(326,1,'0'),(327,1,'0'),(328,1,'0'),(329,1,'0'),(330,1,'0'),(331,1,'0'),(332,1,'0'),(333,1,'0'),(334,1,'0'),(335,1,'0'),(336,1,'0'),(337,1,'0'),(338,1,'0'),(339,1,'0'),(340,1,'0'),(341,1,'0'),(342,1,'0'),(343,1,'0'),(344,1,'0'),(345,1,'0'),(346,1,'0'),(347,1,'0'),(348,1,'0'),(349,1,'0'),(350,1,'0'),(351,1,'0'),(352,1,'0'),(353,1,'0'),(354,1,'0'),(355,1,'0'),(356,1,'0'),(357,1,'0'),(358,1,'0'),(359,1,'0'),(360,1,'0'),(361,1,'0'),(362,1,'0'),(363,1,'0'),(364,1,'0'),(365,1,'0'),(366,1,'0'),(367,1,'0'),(368,1,'0'),(369,1,'0'),(370,1,'0'),(371,1,'0'),(372,1,'0'),(373,1,'0'),(374,1,'0'),(375,1,'0'),(376,1,'0'),(377,1,'0'),(378,1,'0'),(379,1,'0'),(380,1,'0'),(381,1,'0'),(382,1,'0'),(383,1,'0'),(384,1,'0'),(385,1,'0'),(386,1,'0'),(387,1,'0'),(388,1,'0'),(389,1,'0'),(390,1,'0'),(391,1,'0'),(392,1,'0'),(393,1,'0'),(394,1,'0'),(395,1,'0'),(396,1,'0'),(397,1,'0'),(398,1,'0'),(399,1,'0'),(400,1,'0'),(401,1,'0'),(402,1,'0'),(403,1,'0'),(404,1,'0'),(405,1,'0'),(406,1,'0'),(407,1,'0'),(408,1,'0'),(409,1,'0'),(410,1,'0'),(411,1,'0'),(412,1,'0'),(413,1,'0'),(414,1,'0'),(415,1,'0'),(416,1,'0'),(417,1,'0'),(418,1,'0'),(419,1,'0'),(420,1,'0'),(421,1,'0'),(422,1,'0'),(423,1,'0'),(424,1,'0'),(425,1,'0'),(426,1,'0'),(427,1,'0'),(428,1,'0'),(429,1,'0'),(430,1,'0'),(431,1,'0'),(432,1,'0'),(433,1,'0'),(434,1,'0'),(435,1,'0'),(436,1,'0'),(437,1,'0'),(438,1,'0'),(439,1,'0'),(440,1,'0'),(441,1,'0'),(442,1,'0'),(443,1,'0'),(444,1,'0'),(445,1,'0'),(446,1,'0'),(447,1,'0'),(448,1,'0'),(449,1,'0'),(450,1,'0'),(452,1,'0'),(453,1,'0'),(454,1,'0'),(455,1,'0'),(456,1,'0'),(457,1,'0'),(458,1,'0'),(459,1,'0'),(460,1,'0'),(461,1,'0'),(462,1,'0'),(463,1,'0'),(464,1,'0'),(465,1,'0'),(466,1,'0'),(467,1,'0'),(468,1,'0'),(469,1,'0'),(470,1,'0'),(471,1,'0'),(472,1,'0'),(473,1,'0'),(474,1,'0'),(475,1,'0'),(476,1,'0'),(477,1,'0'),(478,1,'0'),(479,1,'0'),(480,1,'0'),(481,1,'0'),(482,1,'0'),(483,1,'0'),(484,1,'0'),(485,1,'0'),(486,1,'0'),(487,1,'0'),(488,1,'0'),(489,1,'0'),(490,1,'0'),(491,1,'0'),(492,1,'0'),(493,1,'0'),(494,1,'0'),(495,1,'0'),(496,1,'0'),(497,1,'0'),(498,1,'0'),(499,1,'0'),(500,1,'0'),(501,1,'0'),(502,1,'0'),(503,1,'0'),(504,1,'0'),(505,1,'0'),(506,1,'0'),(507,1,'0'),(508,1,'0'),(509,1,'0'),(510,1,'0'),(511,1,'0'),(512,1,'0'),(513,1,'0'),(514,1,'0'),(515,1,'0'),(516,1,'0'),(517,1,'0'),(518,1,'0'),(519,1,'0'),(520,1,'0'),(521,1,'0'),(522,1,'0'),(523,1,'0'),(524,1,'0'),(525,1,'0'),(526,1,'0'),(527,1,'0'),(528,1,'0'),(529,1,'0'),(530,1,'0'),(531,1,'0'),(532,1,'0'),(533,1,'0'),(534,1,'0'),(535,1,'0'),(536,1,'0'),(537,1,'0'),(538,1,'0'),(539,1,'0'),(540,1,'0'),(541,1,'0'),(542,1,'0'),(543,1,'0'),(544,1,'0'),(545,1,'0'),(546,1,'0'),(547,1,'0'),(548,1,'0'),(549,1,'0'),(550,1,'0'),(551,1,'0'),(552,1,'0'),(553,1,'0'),(554,1,'0'),(555,1,'0'),(556,1,'0'),(557,1,'0'),(558,1,'0'),(559,1,'0'),(560,1,'0'),(561,1,'0'),(562,1,'0'),(563,1,'0'),(564,1,'0'),(565,1,'0'),(566,1,'0'),(567,1,'0'),(568,1,'0'),(569,1,'0'),(570,1,'0'),(571,1,'0'),(572,1,'0'),(573,1,'0'),(574,1,'0'),(575,1,'0'),(576,1,'0'),(577,1,'0'),(578,1,'0'),(579,1,'0'),(580,1,'0'),(581,1,'0'),(582,1,'0'),(583,1,'0'),(584,1,'0'),(585,1,'0'),(586,1,'0'),(587,1,'0'),(588,1,'0'),(589,1,'0'),(590,1,'0'),(591,1,'0'),(592,1,'0'),(593,1,'0'),(594,1,'0'),(595,1,'0'),(596,1,'0'),(597,1,'0'),(598,1,'0'),(599,1,'0'),(600,1,'0'),(601,1,'0'),(602,1,'0'),(603,1,'0'),(604,1,'0'),(605,1,'0'),(606,1,'0'),(607,1,'0'),(608,1,'0'),(609,1,'0'),(610,1,'0'),(611,1,'0'),(612,1,'0'),(613,1,'0'),(614,1,'0'),(615,1,'0'),(616,1,'0'),(617,1,'0'),(618,1,'0'),(619,1,'0'),(620,1,'0'),(621,1,'0'),(622,1,'0'),(623,1,'0'),(624,1,'0'),(625,1,'0'),(626,1,'0'),(627,1,'0'),(628,1,'0'),(629,1,'0'),(630,1,'0'),(631,1,'0'),(632,1,'0'),(633,1,'0'),(634,1,'0'),(635,1,'0'),(636,1,'0'),(637,1,'0'),(638,1,'0'),(639,1,'0'),(640,1,'0'),(641,1,'0'),(642,1,'0'),(643,1,'0'),(644,1,'0'),(645,1,'0'),(646,1,'0'),(647,1,'0'),(648,1,'0'),(649,1,'0'),(650,1,'0'),(651,1,'0'),(652,1,'0'),(653,1,'0'),(654,1,'0'),(655,1,'0'),(656,1,'0'),(657,1,'0'),(673,1,'0'),(675,1,'0'),(677,1,'0'),(679,1,'0'),(681,1,'0'),(683,1,'0'),(685,1,'0'),(687,1,'0'),(689,1,'0'),(690,1,'0'),(691,1,'0'),(692,1,'0'),(693,1,'0'),(694,1,'0'),(695,1,'0'),(696,1,'0'),(697,1,'0'),(698,1,'0'),(699,1,'0'),(700,1,'0'),(701,1,'0'),(702,1,'0'),(703,1,'0'),(704,1,'0'),(705,1,'0'),(706,1,'0'),(707,1,'0'),(708,1,'0'),(709,1,'0'),(710,1,'0'),(711,1,'0'),(712,1,'0'),(713,1,'0'),(714,1,'0'),(715,1,'0'),(716,1,'0'),(717,1,'0'),(718,1,'0'),(719,1,'0'),(721,1,'0'),(722,1,'0'),(723,1,'0'),(724,1,'0'),(725,1,'0'),(726,1,'0'),(727,1,'0'),(728,1,'0'),(729,1,'0'),(730,1,'0'),(731,1,'0'),(732,1,'0'),(734,1,'0'),(735,1,'0'),(736,1,'0'),(737,1,'0'),(738,1,'0'),(739,1,'0'),(740,1,'0'),(741,1,'0'),(743,1,'0'),(744,1,'0'),(745,1,'0'),(746,1,'0'),(747,1,'0'),(748,1,'0'),(749,1,'0'),(750,1,'0'),(751,1,'0'),(752,1,'0'),(753,1,'0'),(754,1,'0'),(755,1,'0'),(756,1,'0'),(757,1,'0'),(758,1,'0'),(759,1,'0'),(760,1,'0'),(761,1,'0');

--
-- Table structure for table `vtiger_crmentityrel`
--

CREATE TABLE `vtiger_crmentityrel` (
  `crmid` int(11) NOT NULL,
  `module` varchar(100) NOT NULL,
  `relcrmid` int(11) NOT NULL,
  `relmodule` varchar(100) NOT NULL,
  KEY `crmid_idx` (`crmid`),
  KEY `relcrmid_idx` (`relcrmid`)
) ENGINE=InnoDB DEFAULT CHARSET=utf8 COLLATE=utf8_general_ci;

--
-- Dumping data for table `vtiger_crmentityrel`
--

INSERT INTO `vtiger_crmentityrel` VALUES (453,'Pagosparciales',452,'Cobranzas'),(454,'Cobranzas',104,'Accounts'),(455,'Pagos',454,'Cobranzas'),(456,'Cobranzas',2,'Accounts'),(456,'Cobranzas',107,'Contacts'),(457,'Cobranzas',3,'Accounts'),(457,'Cobranzas',108,'Contacts'),(458,'Cobranzas',4,'Accounts'),(458,'Cobranzas',109,'Contacts'),(459,'Cobranzas',5,'Accounts'),(459,'Cobranzas',110,'Contacts'),(460,'Cobranzas',6,'Accounts'),(460,'Cobranzas',111,'Contacts'),(461,'Cobranzas',7,'Accounts'),(461,'Cobranzas',112,'Contacts'),(462,'Cobranzas',8,'Accounts'),(462,'Cobranzas',113,'Contacts'),(463,'Cobranzas',9,'Accounts'),(463,'Cobranzas',114,'Contacts'),(464,'Cobranzas',10,'Accounts'),(464,'Cobranzas',115,'Contacts'),(465,'Cobranzas',11,'Accounts'),(465,'Cobranzas',116,'Contacts'),(466,'Cobranzas',12,'Accounts'),(466,'Cobranzas',117,'Contacts'),(467,'Cobranzas',13,'Accounts'),(467,'Cobranzas',118,'Contacts'),(468,'Cobranzas',14,'Accounts'),(468,'Cobranzas',119,'Contacts'),(469,'Cobranzas',15,'Accounts'),(469,'Cobranzas',120,'Contacts'),(470,'Cobranzas',16,'Accounts'),(470,'Cobranzas',121,'Contacts'),(471,'Cobranzas',17,'Accounts'),(471,'Cobranzas',122,'Contacts'),(472,'Cobranzas',18,'Accounts'),(472,'Cobranzas',123,'Contacts'),(473,'Cobranzas',19,'Accounts'),(473,'Cobranzas',124,'Contacts'),(474,'Cobranzas',20,'Accounts'),(474,'Cobranzas',125,'Contacts'),(475,'Cobranzas',21,'Accounts'),(475,'Cobranzas',126,'Contacts'),(476,'Cobranzas',22,'Accounts'),(476,'Cobranzas',127,'Contacts'),(477,'Cobranzas',23,'Accounts'),(477,'Cobranzas',128,'Contacts'),(478,'Cobranzas',24,'Accounts'),(478,'Cobranzas',129,'Contacts'),(479,'Cobranzas',25,'Accounts'),(479,'Cobranzas',130,'Contacts'),(480,'Cobranzas',26,'Accounts'),(480,'Cobranzas',131,'Contacts'),(481,'Cobranzas',27,'Accounts'),(481,'Cobranzas',132,'Contacts'),(482,'Cobranzas',28,'Accounts'),(482,'Cobranzas',133,'Contacts'),(483,'Cobranzas',29,'Accounts'),(483,'Cobranzas',134,'Contacts'),(484,'Cobranzas',30,'Accounts'),(484,'Cobranzas',135,'Contacts'),(485,'Cobranzas',31,'Accounts'),(485,'Cobranzas',136,'Contacts'),(486,'Cobranzas',32,'Accounts'),(486,'Cobranzas',137,'Contacts'),(487,'Cobranzas',33,'Accounts'),(487,'Cobranzas',138,'Contacts'),(488,'Cobranzas',34,'Accounts'),(488,'Cobranzas',139,'Contacts'),(489,'Cobranzas',35,'Accounts'),(489,'Cobranzas',140,'Contacts'),(490,'Cobranzas',36,'Accounts'),(490,'Cobranzas',141,'Contacts'),(491,'Cobranzas',37,'Accounts'),(491,'Cobranzas',142,'Contacts'),(492,'Cobranzas',38,'Accounts'),(492,'Cobranzas',143,'Contacts'),(493,'Cobranzas',39,'Accounts'),(493,'Cobranzas',144,'Contacts'),(494,'Cobranzas',40,'Accounts'),(494,'Cobranzas',145,'Contacts'),(495,'Cobranzas',41,'Accounts'),(495,'Cobranzas',146,'Contacts'),(496,'Cobranzas',42,'Accounts'),(496,'Cobranzas',147,'Contacts'),(497,'Cobranzas',43,'Accounts'),(497,'Cobranzas',148,'Contacts'),(498,'Cobranzas',44,'Accounts'),(498,'Cobranzas',149,'Contacts'),(499,'Cobranzas',45,'Accounts'),(499,'Cobranzas',150,'Contacts'),(500,'Cobranzas',46,'Accounts'),(500,'Cobranzas',151,'Contacts'),(501,'Cobranzas',47,'Accounts'),(501,'Cobranzas',152,'Contacts'),(502,'Cobranzas',48,'Accounts'),(502,'Cobranzas',153,'Contacts'),(503,'Cobranzas',49,'Accounts'),(503,'Cobranzas',154,'Contacts'),(504,'Cobranzas',50,'Accounts'),(504,'Cobranzas',155,'Contacts'),(505,'Cobranzas',51,'Accounts'),(505,'Cobranzas',156,'Contacts'),(506,'Cobranzas',52,'Accounts'),(506,'Cobranzas',157,'Contacts'),(507,'Cobranzas',53,'Accounts'),(507,'Cobranzas',158,'Contacts'),(508,'Cobranzas',54,'Accounts'),(508,'Cobranzas',159,'Contacts'),(509,'Cobranzas',55,'Accounts'),(509,'Cobranzas',160,'Contacts'),(510,'Cobranzas',56,'Accounts'),(510,'Cobranzas',161,'Contacts'),(511,'Cobranzas',57,'Accounts'),(511,'Cobranzas',162,'Contacts'),(512,'Cobranzas',58,'Accounts'),(512,'Cobranzas',163,'Contacts'),(513,'Cobranzas',59,'Accounts'),(513,'Cobranzas',164,'Contacts'),(514,'Cobranzas',60,'Accounts'),(514,'Cobranzas',165,'Contacts'),(515,'Cobranzas',61,'Accounts'),(515,'Cobranzas',166,'Contacts'),(516,'Cobranzas',62,'Accounts'),(516,'Cobranzas',167,'Contacts'),(517,'Cobranzas',63,'Accounts'),(517,'Cobranzas',168,'Contacts'),(518,'Cobranzas',64,'Accounts'),(518,'Cobranzas',169,'Contacts'),(519,'Cobranzas',65,'Accounts'),(519,'Cobranzas',170,'Contacts'),(520,'Cobranzas',66,'Accounts'),(520,'Cobranzas',171,'Contacts'),(521,'Cobranzas',67,'Accounts'),(521,'Cobranzas',172,'Contacts'),(522,'Cobranzas',68,'Accounts'),(522,'Cobranzas',173,'Contacts'),(523,'Cobranzas',69,'Accounts'),(523,'Cobranzas',174,'Contacts'),(524,'Cobranzas',70,'Accounts'),(524,'Cobranzas',175,'Contacts'),(525,'Cobranzas',71,'Accounts'),(525,'Cobranzas',176,'Contacts'),(526,'Cobranzas',72,'Accounts'),(526,'Cobranzas',177,'Contacts'),(527,'Cobranzas',73,'Accounts'),(527,'Cobranzas',178,'Contacts'),(528,'Cobranzas',74,'Accounts'),(528,'Cobranzas',179,'Contacts'),(529,'Cobranzas',75,'Accounts'),(529,'Cobranzas',180,'Contacts'),(530,'Cobranzas',76,'Accounts'),(530,'Cobranzas',181,'Contacts'),(531,'Cobranzas',77,'Accounts'),(531,'Cobranzas',182,'Contacts'),(532,'Cobranzas',78,'Accounts'),(532,'Cobranzas',183,'Contacts'),(533,'Cobranzas',79,'Accounts'),(533,'Cobranzas',184,'Contacts'),(534,'Cobranzas',80,'Accounts'),(534,'Cobranzas',185,'Contacts'),(535,'Cobranzas',81,'Accounts'),(535,'Cobranzas',186,'Contacts'),(536,'Cobranzas',82,'Accounts'),(536,'Cobranzas',187,'Contacts'),(537,'Cobranzas',83,'Accounts'),(537,'Cobranzas',188,'Contacts'),(538,'Cobranzas',84,'Accounts'),(538,'Cobranzas',189,'Contacts'),(539,'Cobranzas',85,'Accounts'),(539,'Cobranzas',190,'Contacts'),(540,'Cobranzas',86,'Accounts'),(540,'Cobranzas',191,'Contacts'),(541,'Cobranzas',87,'Accounts'),(541,'Cobranzas',192,'Contacts'),(542,'Cobranzas',88,'Accounts'),(542,'Cobranzas',193,'Contacts'),(543,'Cobranzas',89,'Accounts'),(543,'Cobranzas',194,'Contacts'),(544,'Cobranzas',90,'Accounts'),(544,'Cobranzas',195,'Contacts'),(545,'Cobranzas',91,'Accounts'),(545,'Cobranzas',196,'Contacts'),(546,'Cobranzas',92,'Accounts'),(546,'Cobranzas',197,'Contacts'),(547,'Cobranzas',93,'Accounts'),(547,'Cobranzas',198,'Contacts'),(548,'Cobranzas',94,'Accounts'),(548,'Cobranzas',199,'Contacts'),(549,'Cobranzas',95,'Accounts'),(549,'Cobranzas',200,'Contacts'),(550,'Cobranzas',96,'Accounts'),(550,'Cobranzas',201,'Contacts'),(551,'Cobranzas',97,'Accounts'),(551,'Cobranzas',202,'Contacts'),(552,'Cobranzas',98,'Accounts'),(552,'Cobranzas',203,'Contacts'),(553,'Cobranzas',99,'Accounts'),(553,'Cobranzas',204,'Contacts'),(554,'Cobranzas',100,'Accounts'),(554,'Cobranzas',205,'Contacts'),(555,'Cobranzas',101,'Accounts'),(555,'Cobranzas',206,'Contacts'),(556,'Cobranzas',102,'Accounts'),(556,'Cobranzas',107,'Contacts'),(557,'Cobranzas',103,'Accounts'),(557,'Cobranzas',208,'Contacts'),(558,'Cobranzas',104,'Accounts'),(558,'Cobranzas',147,'Contacts'),(559,'Cobranzas',105,'Accounts'),(559,'Cobranzas',107,'Contacts'),(560,'Cobranzas',106,'Accounts'),(560,'Cobranzas',211,'Contacts'),(561,'Cobranzas',100,'Accounts'),(561,'Cobranzas',205,'Contacts'),(562,'Cobranzas',101,'Accounts'),(562,'Cobranzas',206,'Contacts'),(563,'Cobranzas',102,'Accounts'),(563,'Cobranzas',107,'Contacts'),(564,'Cobranzas',103,'Accounts'),(564,'Cobranzas',208,'Contacts'),(565,'Cobranzas',104,'Accounts'),(565,'Cobranzas',147,'Contacts'),(566,'Cobranzas',105,'Accounts'),(566,'Cobranzas',107,'Contacts'),(567,'Cobranzas',106,'Accounts'),(567,'Cobranzas',211,'Contacts'),(569,'Cobranzas',106,'Accounts'),(569,'Cobranzas',211,'Contacts'),(570,'Cobranzas',100,'Accounts'),(570,'Cobranzas',205,'Contacts'),(571,'Cobranzas',101,'Accounts'),(571,'Cobranzas',206,'Contacts'),(572,'Cobranzas',102,'Accounts'),(572,'Cobranzas',107,'Contacts'),(573,'Cobranzas',103,'Accounts'),(573,'Cobranzas',208,'Contacts'),(574,'Cobranzas',104,'Accounts'),(574,'Cobranzas',147,'Contacts'),(575,'Cobranzas',105,'Accounts'),(575,'Cobranzas',107,'Contacts'),(576,'Cobranzas',106,'Accounts'),(576,'Cobranzas',211,'Contacts'),(577,'Cobranzas',106,'Accounts'),(577,'Cobranzas',211,'Contacts'),(578,'Cobranzas',100,'Accounts'),(578,'Cobranzas',205,'Contacts'),(579,'Cobranzas',101,'Accounts'),(579,'Cobranzas',206,'Contacts'),(580,'Cobranzas',102,'Accounts'),(580,'Cobranzas',107,'Contacts'),(581,'Cobranzas',103,'Accounts'),(581,'Cobranzas',208,'Contacts'),(582,'Cobranzas',104,'Accounts'),(582,'Cobranzas',147,'Contacts'),(690,'Pagos',515,'Cobranzas'),(515,'Cobranzas',690,'Pagos'),(691,'Pagos',515,'Cobranzas'),(515,'Cobranzas',691,'Pagos'),(692,'Pagos',515,'Cobranzas'),(515,'Cobranzas',692,'Pagos'),(693,'Pagos',515,'Cobranzas'),(515,'Cobranzas',693,'Pagos'),(694,'Pagos',466,'Cobranzas'),(466,'Cobranzas',694,'Pagos'),(695,'Pagos',466,'Cobranzas'),(466,'Cobranzas',695,'Pagos'),(696,'Pagos',466,'Cobranzas'),(466,'Cobranzas',696,'Pagos'),(697,'Pagos',466,'Cobranzas'),(466,'Cobranzas',697,'Pagos'),(698,'Pagos',546,'Cobranzas'),(546,'Cobranzas',698,'Pagos'),(699,'Pagos',546,'Cobranzas'),(546,'Cobranzas',699,'Pagos'),(701,'Pagos',510,'Cobranzas'),(510,'Cobranzas',701,'Pagos'),(702,'Pagos',510,'Cobranzas'),(510,'Cobranzas',702,'Pagos'),(703,'Pagos',510,'Cobranzas'),(510,'Cobranzas',703,'Pagos'),(704,'Pagos',510,'Cobranzas'),(510,'Cobranzas',704,'Pagos'),(705,'Pagos',460,'Cobranzas'),(460,'Cobranzas',705,'Pagos'),(706,'Pagos',460,'Cobranzas'),(460,'Cobranzas',706,'Pagos'),(707,'Pagos',460,'Cobranzas'),(460,'Cobranzas',707,'Pagos'),(708,'Pagos',460,'Cobranzas'),(460,'Cobranzas',708,'Pagos'),(709,'Pagos',542,'Cobranzas'),(542,'Cobranzas',709,'Pagos'),(710,'Pagos',542,'Cobranzas'),(542,'Cobranzas',710,'Pagos'),(711,'Pagos',542,'Cobranzas'),(542,'Cobranzas',711,'Pagos'),(712,'Pagos',542,'Cobranzas'),(542,'Cobranzas',712,'Pagos'),(713,'Pagos',490,'Cobranzas'),(490,'Cobranzas',713,'Pagos'),(714,'Pagos',490,'Cobranzas'),(490,'Cobranzas',714,'Pagos'),(715,'Pagos',490,'Cobranzas'),(490,'Cobranzas',715,'Pagos'),(716,'Pagos',490,'Cobranzas'),(490,'Cobranzas',716,'Pagos'),(717,'Pagos',494,'Cobranzas'),(494,'Cobranzas',717,'Pagos'),(718,'Pagos',494,'Cobranzas'),(494,'Cobranzas',718,'Pagos'),(719,'Pagos',494,'Cobranzas'),(494,'Cobranzas',719,'Pagos'),(466,'Cobranzas',721,'Pagos'),(466,'Cobranzas',722,'Pagos'),(519,'Cobranzas',723,'Calendar'),(101,'Accounts',725,'Calendar'),(519,'Cobranzas',726,'Calendar'),(519,'Cobranzas',727,'Calendar'),(170,'Contacts',751,'Emails'),(170,'Contacts',752,'Emails'),(734,'Contacts',753,'Emails'),(735,'Contacts',754,'Emails'),(735,'Contacts',755,'Emails'),(170,'Contacts',756,'Emails'),(170,'Contacts',757,'Emails'),(743,'Contacts',758,'Emails'),(745,'Contacts',759,'Emails'),(746,'Contacts',760,'Emails');

--
-- Table structure for table `vtiger_crmsetup`
--

CREATE TABLE `vtiger_crmsetup` (
  `userid` int(11) DEFAULT NULL,
  `setup_status` int(2) DEFAULT NULL
) ENGINE=InnoDB DEFAULT CHARSET=utf8 COLLATE=utf8_general_ci;

--
-- Dumping data for table `vtiger_crmsetup`
--

INSERT INTO `vtiger_crmsetup` VALUES (1,1);

--
-- Table structure for table `vtiger_cron_task`
--

CREATE TABLE `vtiger_cron_task` (
  `id` int(11) NOT NULL AUTO_INCREMENT,
  `name` varchar(100) DEFAULT NULL,
  `handler_file` varchar(100) DEFAULT NULL,
  `frequency` int(11) DEFAULT NULL,
  `laststart` int(11) unsigned DEFAULT NULL,
  `lastend` int(11) unsigned DEFAULT NULL,
  `status` int(11) DEFAULT NULL,
  `module` varchar(100) DEFAULT NULL,
  `sequence` int(11) DEFAULT NULL,
  `description` text DEFAULT NULL,
  PRIMARY KEY (`id`),
  UNIQUE KEY `name` (`name`),
  UNIQUE KEY `handler_file` (`handler_file`)
) ENGINE=InnoDB AUTO_INCREMENT=11 DEFAULT CHARSET=utf8 COLLATE=utf8_general_ci;

--
-- Dumping data for table `vtiger_cron_task`
--

INSERT INTO `vtiger_cron_task` VALUES (1,'Workflow','cron/modules/com_vtiger_workflow/com_vtiger_workflow.service',900,1722205202,1722205202,1,'com_vtiger_workflow',1,'Recommended frequency for Workflow is 15 mins'),(2,'RecurringInvoice','cron/modules/SalesOrder/RecurringInvoice.service',43200,1722186602,1722186602,1,'SalesOrder',2,'Recommended frequency for RecurringInvoice is 12 hours'),(3,'SendReminder','cron/SendReminder.service',900,1722205202,1722205202,1,'Calendar',3,'Recommended frequency for SendReminder is 15 mins'),(5,'MailScanner','cron/MailScanner.service',900,1722204841,1722204841,1,'Settings',5,'Recommended frequency for MailScanner is 15 mins'),(6,'Scheduled Import','cron/modules/Import/ScheduledImport.service',900,NULL,NULL,0,'Import',6,'Recommended frequency for MailScanner is 15 mins'),(7,'ScheduleReports','cron/modules/Reports/ScheduleReports.service',900,1722204841,1722204841,1,'Reports',7,'Recommended frequency for ScheduleReports is 15 mins'),(8,'CTWhatsApp','cron/modules/CTWhatsApp/SendWhatsappMsg.service',300,1722205561,1722205562,1,'CTWhatsApp',8,''),(9,'CTWhatsApp Message History','cron/modules/CTWhatsApp/WhatsappMsgHistory.service',300,1722205562,1722205562,1,'CTWhatsApp',9,'');

--
-- Table structure for table `vtiger_ctattendance`
--

CREATE TABLE `vtiger_ctattendance` (
  `ctattendanceid` int(11) DEFAULT NULL,
  `ctattendance_no` varchar(255) DEFAULT NULL,
  `employee_name` varchar(255) DEFAULT NULL,
  `attendance_status` varchar(255) DEFAULT NULL,
  `check_in_location` varchar(255) DEFAULT NULL,
  `check_out_location` varchar(255) DEFAULT NULL,
  `tags` varchar(1) DEFAULT NULL,
  `eventid` varchar(255) DEFAULT NULL,
  `check_in_address` text DEFAULT NULL,
  `check_out_address` text DEFAULT NULL
) ENGINE=InnoDB DEFAULT CHARSET=utf8 COLLATE=utf8_general_ci;

--
-- Dumping data for table `vtiger_ctattendance`
--


--
-- Table structure for table `vtiger_ctattendancecf`
--

CREATE TABLE `vtiger_ctattendancecf` (
  `ctattendanceid` int(11) NOT NULL,
  PRIMARY KEY (`ctattendanceid`)
) ENGINE=InnoDB DEFAULT CHARSET=utf8 COLLATE=utf8_general_ci;

--
-- Dumping data for table `vtiger_ctattendancecf`
--


--
-- Table structure for table `vtiger_ctmessagetemplate`
--

CREATE TABLE `vtiger_ctmessagetemplate` (
  `ctmessagetemplateid` int(19) NOT NULL,
  `templates_name` varchar(255) DEFAULT NULL,
  `description` varchar(255) DEFAULT NULL,
  `template_no` varchar(255) DEFAULT NULL,
  `message_status` varchar(255) DEFAULT NULL,
  `message_type` varchar(255) DEFAULT NULL,
  `tags` varchar(1) DEFAULT NULL,
  PRIMARY KEY (`ctmessagetemplateid`)
) ENGINE=InnoDB DEFAULT CHARSET=utf8 COLLATE=utf8_general_ci;

--
-- Dumping data for table `vtiger_ctmessagetemplate`
--


--
-- Table structure for table `vtiger_ctmessagetemplatecf`
--

CREATE TABLE `vtiger_ctmessagetemplatecf` (
  `ctmessagetemplateid` int(19) NOT NULL,
  PRIMARY KEY (`ctmessagetemplateid`)
) ENGINE=InnoDB DEFAULT CHARSET=utf8 COLLATE=utf8_general_ci;

--
-- Dumping data for table `vtiger_ctmessagetemplatecf`
--


--
-- Table structure for table `vtiger_ctpushnotification`
--

CREATE TABLE `vtiger_ctpushnotification` (
  `ctpushnotificationid` int(11) DEFAULT NULL,
  `pn_title` varchar(50) DEFAULT NULL,
  `pn_related` varchar(100) DEFAULT NULL,
  `pushnotificationstatus` varchar(255) DEFAULT NULL,
  `devicekey` text DEFAULT NULL,
  `description` text DEFAULT NULL,
  `pushnotification_response` text DEFAULT NULL,
  `pushnotification_no` varchar(255) DEFAULT NULL,
  `related_record_id` varchar(50) DEFAULT NULL,
  `notification_url` varchar(255) DEFAULT NULL
) ENGINE=InnoDB DEFAULT CHARSET=utf8 COLLATE=utf8_general_ci;

--
-- Dumping data for table `vtiger_ctpushnotification`
--


--
-- Table structure for table `vtiger_ctpushnotification_user_field`
--

CREATE TABLE `vtiger_ctpushnotification_user_field` (
  `recordid` int(25) NOT NULL,
  `userid` int(25) NOT NULL,
  `starred` varchar(100) NOT NULL
) ENGINE=InnoDB DEFAULT CHARSET=latin1 COLLATE=latin1_swedish_ci;

--
-- Dumping data for table `vtiger_ctpushnotification_user_field`
--


--
-- Table structure for table `vtiger_ctpushnotificationcf`
--

CREATE TABLE `vtiger_ctpushnotificationcf` (
  `ctpushnotificationid` int(11) NOT NULL,
  `tags` varchar(1) DEFAULT NULL,
  PRIMARY KEY (`ctpushnotificationid`)
) ENGINE=InnoDB DEFAULT CHARSET=utf8 COLLATE=utf8_general_ci;

--
-- Dumping data for table `vtiger_ctpushnotificationcf`
--


--
-- Table structure for table `vtiger_ctroute_attendance_status`
--

CREATE TABLE `vtiger_ctroute_attendance_status` (
  `ctroute_attendance_statusid` int(11) NOT NULL AUTO_INCREMENT,
  `ctroute_attendance_status` varchar(200) NOT NULL,
  `presence` int(1) NOT NULL DEFAULT 1,
  `picklist_valueid` int(11) NOT NULL DEFAULT 0,
  `sortorderid` int(11) DEFAULT 0,
  `color` varchar(10) DEFAULT NULL,
  PRIMARY KEY (`ctroute_attendance_statusid`)
) ENGINE=InnoDB AUTO_INCREMENT=3 DEFAULT CHARSET=utf8 COLLATE=utf8_general_ci;

--
-- Dumping data for table `vtiger_ctroute_attendance_status`
--

INSERT INTO `vtiger_ctroute_attendance_status` VALUES (1,'check_in',1,324,1,NULL),(2,'check_out',1,325,2,NULL);

--
-- Table structure for table `vtiger_ctroute_attendance_status_seq`
--

CREATE TABLE `vtiger_ctroute_attendance_status_seq` (
  `id` int(11) NOT NULL
) ENGINE=InnoDB DEFAULT CHARSET=utf8 COLLATE=utf8_general_ci;

--
-- Dumping data for table `vtiger_ctroute_attendance_status_seq`
--

INSERT INTO `vtiger_ctroute_attendance_status_seq` VALUES (2);

--
-- Table structure for table `vtiger_ctroute_status`
--

CREATE TABLE `vtiger_ctroute_status` (
  `ctroute_statusid` int(11) NOT NULL AUTO_INCREMENT,
  `ctroute_status` varchar(200) NOT NULL,
  `presence` int(1) NOT NULL DEFAULT 1,
  `picklist_valueid` int(11) NOT NULL DEFAULT 0,
  `sortorderid` int(11) DEFAULT 0,
  `color` varchar(10) DEFAULT NULL,
  PRIMARY KEY (`ctroute_statusid`)
) ENGINE=InnoDB AUTO_INCREMENT=5 DEFAULT CHARSET=utf8 COLLATE=utf8_general_ci;

--
-- Dumping data for table `vtiger_ctroute_status`
--

INSERT INTO `vtiger_ctroute_status` VALUES (1,'In Progress',1,320,1,NULL),(2,'On Hold',1,321,2,NULL),(3,'Completed',1,322,3,NULL),(4,'Not Available',1,323,4,NULL);

--
-- Table structure for table `vtiger_ctroute_status_seq`
--

CREATE TABLE `vtiger_ctroute_status_seq` (
  `id` int(11) NOT NULL
) ENGINE=InnoDB DEFAULT CHARSET=utf8 COLLATE=utf8_general_ci;

--
-- Dumping data for table `vtiger_ctroute_status_seq`
--

INSERT INTO `vtiger_ctroute_status_seq` VALUES (4);

--
-- Table structure for table `vtiger_ctrouteattendance`
--

CREATE TABLE `vtiger_ctrouteattendance` (
  `ctrouteattendanceid` int(11) DEFAULT NULL,
  `ctrouteattendance_no` varchar(255) DEFAULT NULL,
  `ctroute_user` varchar(255) DEFAULT NULL,
  `ctroute_attendance_status` varchar(255) DEFAULT NULL,
  `check_in_location` varchar(255) DEFAULT NULL,
  `check_out_location` varchar(255) DEFAULT NULL,
  `tags` varchar(1) DEFAULT NULL,
  `ctroute_planning` varchar(255) DEFAULT NULL,
  `related_to` varchar(255) DEFAULT NULL,
  `check_in_address` text DEFAULT NULL,
  `check_out_address` text DEFAULT NULL
) ENGINE=InnoDB DEFAULT CHARSET=utf8 COLLATE=utf8_general_ci;

--
-- Dumping data for table `vtiger_ctrouteattendance`
--


--
-- Table structure for table `vtiger_ctrouteattendancecf`
--

CREATE TABLE `vtiger_ctrouteattendancecf` (
  `ctrouteattendanceid` int(11) NOT NULL,
  PRIMARY KEY (`ctrouteattendanceid`)
) ENGINE=InnoDB DEFAULT CHARSET=utf8 COLLATE=utf8_general_ci;

--
-- Dumping data for table `vtiger_ctrouteattendancecf`
--


--
-- Table structure for table `vtiger_ctrouteplanning`
--

CREATE TABLE `vtiger_ctrouteplanning` (
  `ctrouteplanningid` int(19) NOT NULL,
  `ctrouteplanning_no` varchar(24) DEFAULT NULL,
  `ctroutename` varchar(255) DEFAULT NULL,
  `ctroute_date` date DEFAULT NULL,
  `ctroute_status` varchar(255) DEFAULT NULL,
  `tags` varchar(100) DEFAULT NULL,
  PRIMARY KEY (`ctrouteplanningid`)
) ENGINE=InnoDB DEFAULT CHARSET=utf8 COLLATE=utf8_general_ci;

--
-- Dumping data for table `vtiger_ctrouteplanning`
--


--
-- Table structure for table `vtiger_ctrouteplanningcf`
--

CREATE TABLE `vtiger_ctrouteplanningcf` (
  `ctrouteplanningid` int(19) NOT NULL,
  PRIMARY KEY (`ctrouteplanningid`)
) ENGINE=InnoDB DEFAULT CHARSET=utf8 COLLATE=utf8_general_ci;

--
-- Dumping data for table `vtiger_ctrouteplanningcf`
--


--
-- Table structure for table `vtiger_ctrouteplanrel`
--

CREATE TABLE `vtiger_ctrouteplanrel` (
  `ctrouteplanningid` int(11) NOT NULL DEFAULT 0,
  `ctroute_realtedto` int(11) NOT NULL
) ENGINE=InnoDB DEFAULT CHARSET=utf8 COLLATE=utf8_general_ci;

--
-- Dumping data for table `vtiger_ctrouteplanrel`
--


--
-- Table structure for table `vtiger_cttimecontrol`
--

CREATE TABLE `vtiger_cttimecontrol` (
  `cttimecontrolid` int(19) NOT NULL,
  `cttimecontrol_no` varchar(24) DEFAULT NULL,
  `related_tracking` int(11) DEFAULT NULL,
  `date_start` date DEFAULT NULL,
  `time_start` varchar(50) DEFAULT NULL,
  `date_end` date DEFAULT NULL,
  `time_end` varchar(50) DEFAULT NULL,
  `check_in_location` varchar(255) DEFAULT NULL,
  `check_out_location` varchar(255) DEFAULT NULL,
  `check_in_address` text DEFAULT NULL,
  `check_out_address` text DEFAULT NULL,
  `tags` varchar(1) DEFAULT NULL,
  PRIMARY KEY (`cttimecontrolid`)
) ENGINE=InnoDB DEFAULT CHARSET=utf8 COLLATE=utf8_general_ci;

--
-- Dumping data for table `vtiger_cttimecontrol`
--


--
-- Table structure for table `vtiger_cttimecontrolcf`
--

CREATE TABLE `vtiger_cttimecontrolcf` (
  `cttimecontrolid` int(19) NOT NULL,
  PRIMARY KEY (`cttimecontrolid`)
) ENGINE=InnoDB DEFAULT CHARSET=utf8 COLLATE=utf8_general_ci;

--
-- Dumping data for table `vtiger_cttimecontrolcf`
--


--
-- Table structure for table `vtiger_cttimetracker`
--

CREATE TABLE `vtiger_cttimetracker` (
  `cttimetrackerid` int(19) NOT NULL,
  `related_to` varchar(255) DEFAULT NULL,
  `total_hour` varchar(100) DEFAULT NULL,
  `total_min` varchar(100) DEFAULT NULL,
  `timetracker_no` varchar(255) DEFAULT NULL,
  `total_time` varchar(100) DEFAULT NULL,
  `tags` varchar(1) DEFAULT NULL,
  `tracking_user` int(11) DEFAULT NULL,
  `tracking_title` varchar(255) DEFAULT NULL,
  `tracking_notes` text DEFAULT NULL,
  `tracking_status` varchar(255) DEFAULT NULL,
  `total_seconds` varchar(100) DEFAULT NULL,
  `check_in_location` varchar(255) DEFAULT NULL,
  `check_out_location` varchar(255) DEFAULT NULL,
  `check_in_address` text DEFAULT NULL,
  `check_out_address` text DEFAULT NULL,
  PRIMARY KEY (`cttimetrackerid`)
) ENGINE=InnoDB DEFAULT CHARSET=utf8 COLLATE=utf8_general_ci;

--
-- Dumping data for table `vtiger_cttimetracker`
--


--
-- Table structure for table `vtiger_cttimetrackercf`
--

CREATE TABLE `vtiger_cttimetrackercf` (
  `cttimetrackerid` int(19) NOT NULL,
  PRIMARY KEY (`cttimetrackerid`)
) ENGINE=InnoDB DEFAULT CHARSET=utf8 COLLATE=utf8_general_ci;

--
-- Dumping data for table `vtiger_cttimetrackercf`
--


--
-- Table structure for table `vtiger_ctuserfilterview`
--

CREATE TABLE `vtiger_ctuserfilterview` (
  `ctuserfilterviewid` int(11) DEFAULT NULL,
  `ctuser_filter_view_no` varchar(255) DEFAULT NULL,
  `module_name` varchar(255) DEFAULT NULL,
  `filter_id` varchar(255) DEFAULT NULL,
  `filter_name` varchar(255) DEFAULT NULL,
  `tags` varchar(1) DEFAULT NULL
) ENGINE=InnoDB DEFAULT CHARSET=utf8 COLLATE=utf8_general_ci;

--
-- Dumping data for table `vtiger_ctuserfilterview`
--


--
-- Table structure for table `vtiger_ctuserfilterviewcf`
--

CREATE TABLE `vtiger_ctuserfilterviewcf` (
  `ctuserfilterviewid` int(11) NOT NULL,
  PRIMARY KEY (`ctuserfilterviewid`)
) ENGINE=InnoDB DEFAULT CHARSET=utf8 COLLATE=utf8_general_ci;

--
-- Dumping data for table `vtiger_ctuserfilterviewcf`
--


--
-- Table structure for table `vtiger_ctwharsappallow_whatsappmodule`
--

CREATE TABLE `vtiger_ctwharsappallow_whatsappmodule` (
  `module` varchar(50) DEFAULT NULL,
  `phone_field` varchar(50) DEFAULT NULL,
  `active` int(11) DEFAULT NULL
) ENGINE=InnoDB DEFAULT CHARSET=latin1 COLLATE=latin1_swedish_ci;

--
-- Dumping data for table `vtiger_ctwharsappallow_whatsappmodule`
--

INSERT INTO `vtiger_ctwharsappallow_whatsappmodule` VALUES ('Contacts','mobile',1),('Cobranzas','lb_telefonocobran',1),('Leads','mobile',1);

--
-- Table structure for table `vtiger_ctwhatsapp`
--

CREATE TABLE `vtiger_ctwhatsapp` (
  `ctwhatsappid` int(19) NOT NULL,
  `whatsapp_no` varchar(100) DEFAULT NULL,
  `whatsapp_sendername` varchar(100) DEFAULT NULL,
  `whatsapp_chatid` varchar(100) DEFAULT NULL,
  `message_type` varchar(100) DEFAULT NULL,
  `message_body` blob DEFAULT NULL,
  `whatsapp_contactid` varchar(100) DEFAULT NULL,
  `whatsapp_unreadread` varchar(255) DEFAULT NULL,
  `whatsapp_withccode` varchar(255) DEFAULT NULL,
  `whatsapp_withoccode` varchar(255) DEFAULT NULL,
  `msgid` varchar(255) DEFAULT NULL,
  `whatsapp_datetime` datetime DEFAULT NULL,
  `whatsapp_important` varchar(255) DEFAULT NULL,
  `your_number` varchar(255) DEFAULT NULL,
  `whatsapp_request` text DEFAULT NULL,
  `whatsapp_response` text DEFAULT NULL,
  `whatsapp_quotemessage` text DEFAULT NULL,
  `whatsapp_botid` varchar(255) DEFAULT NULL,
  `whatsapp_displayname` varchar(255) DEFAULT NULL
) ENGINE=InnoDB DEFAULT CHARSET=utf8 COLLATE=utf8_general_ci;

--
-- Dumping data for table `vtiger_ctwhatsapp`
--

INSERT INTO `vtiger_ctwhatsapp` VALUES (729,'','Crm Administrator','','Send','Hola','170','Read','51916168746','','BAE5C3088873A0BF','2024-07-12 16:51:19',NULL,'51924985856','https://multidevice44.crmtiger.com/send {\"number\":\"51916168746\",\"msg\":\"Hola\"}','{\"key\":{\"remoteJid\":\"51916168746@s.whatsapp.net\",\"fromMe\":true,\"id\":\"BAE5C3088873A0BF\"},\"message\":{\"extendedTextMessage\":{\"text\":\"Hola\"}},\"messageTimestamp\":\"1720803096\",\"status\":\"PENDING\"}','','','Adriana Barrantes'),(730,'','51916168746','','Recieved','q mas','170','Read','51916168746','','DAE750B8241EFBC151','2024-07-12 16:51:57',NULL,'51924985856','','',NULL,NULL,'Adriana Barrantes'),(732,'','Fer','','Recieved','Ni siquiera aceptan',NULL,'Unread','Groups','','51930305336-1615140497@g.us','2024-07-12 16:52:23',NULL,'51924985856','','','Unanse para poder apoyar a los gatitos que son maltratados????',NULL,'Groups'),(737,'','Crm Administrator','','Send','Hola','170','Unread','34644263345','','BAE56A128249AD96','2024-07-18 10:27:45',NULL,'17609062897','https://multidevice44.crmtiger.com/send {\"number\":\"34644263345\",\"msg\":\"Hola\"}','{\"key\":{\"remoteJid\":\"34644263345@s.whatsapp.net\",\"fromMe\":true,\"id\":\"BAE56A128249AD96\"},\"message\":{\"extendedTextMessage\":{\"text\":\"Hola\"}},\"messageTimestamp\":\"1721298474\",\"status\":\"PENDING\"}','','','Adriana Barrantes'),(738,'','Crm Administrator','','Send','Como estas?','170','Read','34644263345','','BAE56A822E47AEBE','2024-07-18 10:28:14',NULL,'17609062897','https://multidevice44.crmtiger.com/send {\"number\":\"34644263345\",\"msg\":\"Como estas?\"}','{\"key\":{\"remoteJid\":\"34644263345@s.whatsapp.net\",\"fromMe\":true,\"id\":\"BAE56A822E47AEBE\"},\"message\":{\"extendedTextMessage\":{\"text\":\"Como estas?\"}},\"messageTimestamp\":\"1721298500\",\"status\":\"PENDING\"}','','','Adriana Barrantes'),(739,'','Crm Administrator','','Send','Estamos haciendo una demo de WhatsApp con Vtiger','170','Read','34644263345','','BAE558C7363DB74C','2024-07-18 10:28:26',NULL,'17609062897','https://multidevice44.crmtiger.com/send {\"number\":\"34644263345\",\"msg\":\"Estamos haciendo una demo de WhatsApp con Vtiger\"}','{\"key\":{\"remoteJid\":\"34644263345@s.whatsapp.net\",\"fromMe\":true,\"id\":\"BAE558C7363DB74C\"},\"message\":{\"extendedTextMessage\":{\"text\":\"Estamos haciendo una demo de WhatsApp con Vtiger\"}},\"messageTimestamp\":\"1721298511\",\"status\":\"PENDING\"}','','','Adriana Barrantes'),(740,'','Crm Administrator','','Send','estamos probando la respuesta como trabaja cuando el contacto responde un mensaje anterior','170','Read','34644263345','','BAE5409B6E69FC19','2024-07-18 10:28:48',NULL,'17609062897','https://multidevice44.crmtiger.com/send {\"number\":\"34644263345\",\"msg\":\"estamos probando la respuesta como trabaja cuando el contacto responde un mensaje anterior\"}','{\"key\":{\"remoteJid\":\"34644263345@s.whatsapp.net\",\"fromMe\":true,\"id\":\"BAE5409B6E69FC19\"},\"message\":{\"extendedTextMessage\":{\"text\":\"estamos probando la respuesta como trabaja cuando el contacto responde un mensaje anterior\"}},\"messageTimestamp\":\"1721298532\",\"status\":\"PENDING\"}','','','Adriana Barrantes'),(741,'','Crm Administrator','','Send','espero tu respuesta','170','Read','34644263345','','BAE51E1206C115A1','2024-07-18 10:44:02',NULL,'17609062897','https://multidevice44.crmtiger.com/send {\"number\":\"34644263345\",\"msg\":\"espero tu respuesta\",\"quoteId\":\"BAE56A822E47AEBE\"}','{\"key\":{\"remoteJid\":\"34644263345@s.whatsapp.net\",\"fromMe\":true,\"id\":\"BAE51E1206C115A1\"},\"message\":{\"extendedTextMessage\":{\"text\":\"espero tu respuesta\",\"contextInfo\":{\"stanzaId\":\"BAE56A822E47AEBE\",\"participant\":\"17609062897@s.whatsapp.net\",\"quotedMessage\":{\"extendedTextMessage\":{\"text\":\"Como estas?\"}}}}},\"messageTimestamp\":\"1721299449\",\"status\":\"PENDING\"}','Como estas?','','Adriana Barrantes'),(750,'','Crm Administrator','','Send','Hola Sandro','519','Unread','51924985856','','BAE53CE1C41074EA','2024-07-18 17:03:39',NULL,'17609062897','https://multidevice44.crmtiger.com/send {\"number\":\"51924985856\",\"msg\":\"Hola Sandro\"}','{\"key\":{\"remoteJid\":\"51924985856@s.whatsapp.net\",\"fromMe\":true,\"id\":\"BAE53CE1C41074EA\"},\"message\":{\"extendedTextMessage\":{\"text\":\"Hola Sandro\"}},\"messageTimestamp\":\"1721322287\",\"status\":\"PENDING\"}','','','CO0000066'),(761,'','Crm Administrator','','Send','hola','519','Unread','51924985856','','BAE514A32621DC49','2024-07-18 17:16:25',NULL,'17609062897','https://multidevice44.crmtiger.com/send {\"number\":\"51924985856\",\"msg\":\"hola\"}','{\"key\":{\"remoteJid\":\"51924985856@s.whatsapp.net\",\"fromMe\":true,\"id\":\"BAE514A32621DC49\"},\"message\":{\"extendedTextMessage\":{\"text\":\"hola\"}},\"messageTimestamp\":\"1721323023\",\"status\":\"PENDING\"}','','','CO0000066');

--
-- Table structure for table `vtiger_ctwhatsapp_allcontacts`
--

CREATE TABLE `vtiger_ctwhatsapp_allcontacts` (
  `scannedwhatsappnumber` varchar(55) NOT NULL,
  `customerwhatsappnumber` varchar(55) NOT NULL,
  `lastmessageid` varchar(255) NOT NULL,
  `syncstatus` int(11) NOT NULL
) ENGINE=InnoDB DEFAULT CHARSET=latin1 COLLATE=latin1_swedish_ci;

--
-- Dumping data for table `vtiger_ctwhatsapp_allcontacts`
--


--
-- Table structure for table `vtiger_ctwhatsapp_botlicense`
--

CREATE TABLE `vtiger_ctwhatsapp_botlicense` (
  `licensekey` varchar(255) DEFAULT NULL,
  `expirydate` varchar(255) DEFAULT NULL,
  `status` int(11) DEFAULT NULL,
  `sendmessagelimit` varchar(55) DEFAULT NULL,
  `domain` varchar(255) DEFAULT NULL
) ENGINE=InnoDB DEFAULT CHARSET=latin1 COLLATE=latin1_swedish_ci;

--
-- Dumping data for table `vtiger_ctwhatsapp_botlicense`
--

INSERT INTO `vtiger_ctwhatsapp_botlicense` VALUES ('b56bd73a707dd8e1bc3eac5b43bb5f1f','UndCZmRHYUtHNEovRElDcXBKU2YvUT09',1,'5000','https://820.creantis.dev/820demo/');

--
-- Table structure for table `vtiger_ctwhatsapp_contacts_history`
--

CREATE TABLE `vtiger_ctwhatsapp_contacts_history` (
  `whatsappnumber` varchar(55) NOT NULL,
  `startdate` date NOT NULL,
  `enddate` date NOT NULL,
  `status` int(11) NOT NULL
) ENGINE=InnoDB DEFAULT CHARSET=latin1 COLLATE=latin1_swedish_ci;

--
-- Dumping data for table `vtiger_ctwhatsapp_contacts_history`
--


--
-- Table structure for table `vtiger_ctwhatsapp_history`
--

CREATE TABLE `vtiger_ctwhatsapp_history` (
  `scanwpnumber` varchar(55) DEFAULT NULL,
  `mobile_no` varchar(55) DEFAULT NULL,
  `history_id` text DEFAULT NULL,
  `history_fromme` varchar(15) DEFAULT NULL,
  `remotjid` varchar(100) DEFAULT NULL
) ENGINE=InnoDB DEFAULT CHARSET=latin1 COLLATE=latin1_swedish_ci;

--
-- Dumping data for table `vtiger_ctwhatsapp_history`
--


--
-- Table structure for table `vtiger_ctwhatsapp_license_setting`
--

CREATE TABLE `vtiger_ctwhatsapp_license_setting` (
  `id` int(11) NOT NULL AUTO_INCREMENT,
  `license_key` varchar(255) DEFAULT NULL,
  `status` tinyint(3) DEFAULT NULL,
  `domain` varchar(255) DEFAULT NULL,
  `expirydate` varchar(255) DEFAULT NULL,
  `licensefield1` varchar(255) DEFAULT NULL,
  `licensefield2` varchar(255) DEFAULT NULL,
  `licensefield3` varchar(255) DEFAULT NULL,
  `licensefield4` varchar(255) DEFAULT NULL,
  PRIMARY KEY (`id`)
) ENGINE=InnoDB AUTO_INCREMENT=26 DEFAULT CHARSET=utf8 COLLATE=utf8_general_ci;

--
-- Dumping data for table `vtiger_ctwhatsapp_license_setting`
--

INSERT INTO `vtiger_ctwhatsapp_license_setting` VALUES (25,'6a234411d8ef107cee599a93c1cdb9e3',1,'https://820.creantis.dev/820demo/','ekFPcWdBSml2TFlYTTY3OSt2eUhCZz09','17176','M.1.6.1','M.1.6.1',NULL);

--
-- Table structure for table `vtiger_ctwhatsapp_user_groups`
--

CREATE TABLE `vtiger_ctwhatsapp_user_groups` (
  `userid` int(11) DEFAULT NULL,
  `multiple_userid` text DEFAULT NULL,
  `active` int(11) DEFAULT NULL,
  `whatsappbot` int(11) DEFAULT NULL
) ENGINE=InnoDB DEFAULT CHARSET=latin1 COLLATE=latin1_swedish_ci;

--
-- Dumping data for table `vtiger_ctwhatsapp_user_groups`
--

INSERT INTO `vtiger_ctwhatsapp_user_groups` VALUES (1,'1',1,1);

--
-- Table structure for table `vtiger_ctwhatsapp_usersettings`
--

CREATE TABLE `vtiger_ctwhatsapp_usersettings` (
  `whatsappfield_label` varchar(155) NOT NULL,
  `whatsappfield_name` varchar(155) NOT NULL,
  `whatsappfield_value` varchar(155) NOT NULL
) ENGINE=InnoDB DEFAULT CHARSET=utf8 COLLATE=utf8_general_ci;

--
-- Dumping data for table `vtiger_ctwhatsapp_usersettings`
--

INSERT INTO `vtiger_ctwhatsapp_usersettings` VALUES ('Beep Sound','beep_sound',''),('Allow mass messages access','allow_mass_message_access',',1');

--
-- Table structure for table `vtiger_ctwhatsappcf`
--

CREATE TABLE `vtiger_ctwhatsappcf` (
  `ctwhatsappid` int(19) NOT NULL,
  `tags` varchar(1) DEFAULT NULL,
  PRIMARY KEY (`ctwhatsappid`)
) ENGINE=InnoDB DEFAULT CHARSET=utf8 COLLATE=utf8_general_ci;

--
-- Dumping data for table `vtiger_ctwhatsappcf`
--

INSERT INTO `vtiger_ctwhatsappcf` VALUES (729,''),(730,''),(732,''),(737,''),(738,''),(739,''),(740,''),(741,''),(750,''),(761,'');

--
-- Table structure for table `vtiger_ctwhatsappmassbatch`
--

CREATE TABLE `vtiger_ctwhatsappmassbatch` (
  `batch` varchar(50) DEFAULT NULL,
  `timeinterval` varchar(50) DEFAULT NULL,
  `crondatetime` varchar(50) DEFAULT NULL
) ENGINE=InnoDB DEFAULT CHARSET=latin1 COLLATE=latin1_swedish_ci;

--
-- Dumping data for table `vtiger_ctwhatsappmassbatch`
--

INSERT INTO `vtiger_ctwhatsappmassbatch` VALUES ('5','5','2024-07-06 08:08:15');

--
-- Table structure for table `vtiger_ctwhatsappmassmessage`
--

CREATE TABLE `vtiger_ctwhatsappmassmessage` (
  `massmessageid` int(11) NOT NULL,
  `templatesid` int(11) DEFAULT NULL,
  `whatsappmessage` blob NOT NULL,
  `sendmessagedate` datetime NOT NULL,
  `massmsgdatetime` varchar(55) NOT NULL,
  `connectuserid` int(11) DEFAULT NULL
) ENGINE=InnoDB DEFAULT CHARSET=latin1 COLLATE=latin1_swedish_ci;

--
-- Dumping data for table `vtiger_ctwhatsappmassmessage`
--


--
-- Table structure for table `vtiger_ctwhatsappschedulesendmsg`
--

CREATE TABLE `vtiger_ctwhatsappschedulesendmsg` (
  `schedulesendmsgid` int(11) DEFAULT NULL,
  `recordid` int(11) DEFAULT NULL,
  `body` blob DEFAULT NULL,
  `status` int(3) DEFAULT NULL,
  `send_msg` int(3) DEFAULT NULL,
  `datesendmessage` varchar(55) DEFAULT NULL
) ENGINE=InnoDB DEFAULT CHARSET=latin1 COLLATE=latin1_swedish_ci;

--
-- Dumping data for table `vtiger_ctwhatsappschedulesendmsg`
--


--
-- Table structure for table `vtiger_ctwhatsapptemplates`
--

CREATE TABLE `vtiger_ctwhatsapptemplates` (
  `ctwhatsapptemplatesid` int(11) NOT NULL,
  `wptemplate_title` varchar(100) DEFAULT NULL,
  `wptemplate_msg` varchar(50) DEFAULT NULL,
  `wptemplate_modules` varchar(100) DEFAULT NULL,
  `wptemplate_fields` varchar(100) DEFAULT NULL,
  `wptemplate_text` blob DEFAULT NULL,
  `wptemplate_image` varchar(255) DEFAULT NULL,
  `whatsapptemplates_no` varchar(100) DEFAULT NULL,
  `tags` varchar(1) DEFAULT NULL,
  `wptemplate_scannumber` text DEFAULT NULL,
  `wptemplate_quickaccess` int(11) DEFAULT NULL,
  PRIMARY KEY (`ctwhatsapptemplatesid`)
) ENGINE=InnoDB DEFAULT CHARSET=utf8 COLLATE=utf8_general_ci;

--
-- Dumping data for table `vtiger_ctwhatsapptemplates`
--


--
-- Table structure for table `vtiger_ctwhatsapptemplatescf`
--

CREATE TABLE `vtiger_ctwhatsapptemplatescf` (
  `ctwhatsapptemplatesid` int(11) NOT NULL,
  PRIMARY KEY (`ctwhatsapptemplatesid`)
) ENGINE=InnoDB DEFAULT CHARSET=utf8 COLLATE=utf8_general_ci;

--
-- Dumping data for table `vtiger_ctwhatsapptemplatescf`
--


--
-- Table structure for table `vtiger_currencies`
--

CREATE TABLE `vtiger_currencies` (
  `currencyid` int(19) NOT NULL AUTO_INCREMENT,
  `currency_name` varchar(200) DEFAULT NULL,
  `currency_code` varchar(50) DEFAULT NULL,
  `currency_symbol` varchar(11) DEFAULT NULL,
  PRIMARY KEY (`currencyid`)
) ENGINE=InnoDB AUTO_INCREMENT=139 DEFAULT CHARSET=utf8 COLLATE=utf8_general_ci;

--
-- Dumping data for table `vtiger_currencies`
--

INSERT INTO `vtiger_currencies` VALUES (1,'Albania, Leke','ALL','Lek'),(2,'Argentina, Pesos','ARS','$'),(3,'Aruba, Guilders','AWG','ƒ'),(4,'Australia, Dollars','AUD','$'),(5,'Azerbaijan, New Manats','AZN','ман'),(6,'Bahamas, Dollars','BSD','$'),(7,'Bahrain, Dinar','BHD','BD'),(8,'Barbados, Dollars','BBD','$'),(9,'Belarus, Rubles','BYR','p.'),(10,'Belize, Dollars','BZD','BZ$'),(11,'Bermuda, Dollars','BMD','$'),(12,'Bolivia, Bolivianos','BOB','$b'),(13,'China, Yuan Renminbi','CNY','¥'),(14,'Convertible Marka','BAM','KM'),(15,'Botswana, Pulas','BWP','P'),(16,'Bulgaria, Leva','BGN','лв'),(17,'Brazil, Reais','BRL','R$'),(18,'Great Britain Pounds','GBP','£'),(19,'Brunei Darussalam, Dollars','BND','$'),(20,'Canada, Dollars','CAD','$'),(21,'Cayman Islands, Dollars','KYD','$'),(22,'Chile, Pesos','CLP','$'),(23,'Colombia, Pesos','COP','$'),(24,'Costa Rica, Colón','CRC','₡'),(25,'Croatia, Kuna','HRK','kn'),(26,'Cuba, Pesos','CUP','₱'),(27,'Czech Republic, Koruny','CZK','Kč'),(28,'Cyprus, Pounds','CYP','£'),(29,'Denmark, Kroner','DKK','kr'),(30,'Dominican Republic, Pesos','DOP','RD$'),(31,'East Caribbean, Dollars','XCD','$'),(32,'Egypt, Pounds','EGP','E£'),(33,'El Salvador, Colón','SVC','₡'),(34,'England, Pounds','GBP','£'),(35,'Estonia, Krooni','EEK','kr'),(36,'Euro','EUR','€'),(37,'Falkland Islands, Pounds','FKP','£'),(38,'Fiji, Dollars','FJD','$'),(39,'Ghana, Cedis','GHC','¢'),(40,'Gibraltar, Pounds','GIP','£'),(41,'Guatemala, Quetzales','GTQ','Q'),(42,'Guernsey, Pounds','GGP','£'),(43,'Guyana, Dollars','GYD','$'),(44,'Honduras, Lempiras','HNL','L'),(45,'Hong Kong, Dollars','HKD','HK$'),(46,'Hungary, Forint','HUF','Ft'),(47,'Iceland, Krona','ISK','kr'),(48,'India, Rupees','INR','₹'),(49,'Indonesia, Rupiahs','IDR','Rp'),(50,'Iran, Rials','IRR','﷼'),(51,'Isle of Man, Pounds','IMP','£'),(52,'Israel, New Shekels','ILS','₪'),(53,'Jamaica, Dollars','JMD','J$'),(54,'Japan, Yen','JPY','¥'),(55,'Jersey, Pounds','JEP','£'),(56,'Jordan, Dinar','JOD','JOD'),(57,'Kazakhstan, Tenge','KZT','〒'),(58,'Kenya, Shilling','KES','KES'),(59,'Korea (North), Won','KPW','₩'),(60,'Korea (South), Won','KRW','₩'),(61,'Kuwait, Dinar','KWD','KWD'),(62,'Kyrgyzstan, Soms','KGS','лв'),(63,'Laos, Kips','LAK','₭'),(64,'Latvia, Lati','LVL','Ls'),(65,'Lebanon, Pounds','LBP','£'),(66,'Liberia, Dollars','LRD','$'),(67,'Switzerland Francs','CHF','CHF'),(68,'Lithuania, Litai','LTL','Lt'),(69,'MADAGASCAR, Malagasy Ariary','MGA','MGA'),(70,'Macedonia, Denars','MKD','ден'),(71,'Malaysia, Ringgits','MYR','RM'),(72,'Malta, Liri','MTL','₤'),(73,'Mauritius, Rupees','MUR','₨'),(74,'Mexico, Pesos','MXN','$'),(75,'Mongolia, Tugriks','MNT','₮'),(76,'Mozambique, Meticais','MZN','MT'),(77,'Namibia, Dollars','NAD','$'),(78,'Nepal, Rupees','NPR','₨'),(79,'Netherlands Antilles, Guilders','ANG','ƒ'),(80,'New Zealand, Dollars','NZD','$'),(81,'Nicaragua, Cordobas','NIO','C$'),(82,'Nigeria, Nairas','NGN','₦'),(83,'North Korea, Won','KPW','₩'),(84,'Norway, Krone','NOK','kr'),(85,'Oman, Rials','OMR','﷼'),(86,'Pakistan, Rupees','PKR','₨'),(87,'Panama, Balboa','PAB','B/.'),(88,'Paraguay, Guarani','PYG','Gs'),(89,'Peru, Nuevos Soles','PEN','S/.'),(90,'Philippines, Pesos','PHP','Php'),(91,'Poland, Zlotych','PLN','zł'),(92,'Qatar, Rials','QAR','﷼'),(93,'Romania, New Lei','RON','lei'),(94,'Russia, Rubles','RUB','руб'),(95,'Saint Helena, Pounds','SHP','£'),(96,'Saudi Arabia, Riyals','SAR','﷼'),(97,'Serbia, Dinars','RSD','Дин.'),(98,'Seychelles, Rupees','SCR','₨'),(99,'Singapore, Dollars','SGD','$'),(100,'Solomon Islands, Dollars','SBD','$'),(101,'Somalia, Shillings','SOS','S'),(102,'South Africa, Rand','ZAR','R'),(103,'South Korea, Won','KRW','₩'),(104,'Sri Lanka, Rupees','LKR','₨'),(105,'Sweden, Kronor','SEK','kr'),(106,'Switzerland, Francs','CHF','CHF'),(107,'Suriname, Dollars','SRD','$'),(108,'Syria, Pounds','SYP','£'),(109,'Taiwan, New Dollars','TWD','NT$'),(110,'Thailand, Baht','THB','฿'),(111,'Trinidad and Tobago, Dollars','TTD','TT$'),(112,'Turkey, New Lira','TRY','YTL'),(113,'Turkey, Liras','TRL','₤'),(114,'Tuvalu, Dollars','TVD','$'),(115,'Ukraine, Hryvnia','UAH','₴'),(116,'United Arab Emirates, Dirham','AED','AED'),(117,'United Kingdom, Pounds','GBP','£'),(118,'United Republic of Tanzania, Shilling','TZS','TZS'),(119,'USA, Dollars','USD','$'),(120,'Uruguay, Pesos','UYU','$U'),(121,'Uzbekistan, Sums','UZS','лв'),(122,'Venezuela, Bolivares Fuertes','VEF','Bs'),(123,'Vietnam, Dong','VND','₫'),(124,'Zambia, Kwacha','ZMK','ZMK'),(125,'Yemen, Rials','YER','﷼'),(126,'Zimbabwe Dollars','ZWD','Z$'),(127,'Malawi, Kwacha','MWK','MK'),(128,'Tunisian, Dinar','TD','TD'),(129,'Moroccan, Dirham','MAD','DH'),(130,'Iraqi Dinar','IQD','ID'),(131,'Maldivian Ruffiya','MVR','MVR'),(132,'Ugandan Shilling','UGX','Sh'),(133,'Sudanese Pound','SDG','£'),(134,'CFA Franc BCEAO','XOF','CFA'),(135,'CFA Franc BEAC','XAF','CFA'),(136,'Haiti, Gourde','HTG','G'),(137,'Libya, Dinar','LYD','LYD'),(138,'CFP Franc','XPF','F');

--
-- Table structure for table `vtiger_currencies_seq`
--

CREATE TABLE `vtiger_currencies_seq` (
  `id` int(11) NOT NULL
) ENGINE=InnoDB DEFAULT CHARSET=utf8 COLLATE=utf8_general_ci;

--
-- Dumping data for table `vtiger_currencies_seq`
--

INSERT INTO `vtiger_currencies_seq` VALUES (138);

--
-- Table structure for table `vtiger_currency`
--

CREATE TABLE `vtiger_currency` (
  `currencyid` int(19) NOT NULL AUTO_INCREMENT,
  `currency` varchar(200) NOT NULL,
  `sortorderid` int(19) NOT NULL DEFAULT 0,
  `presence` int(1) NOT NULL DEFAULT 1,
  PRIMARY KEY (`currencyid`),
  UNIQUE KEY `currency_currency_idx` (`currency`)
) ENGINE=InnoDB DEFAULT CHARSET=utf8 COLLATE=utf8_general_ci;

--
-- Dumping data for table `vtiger_currency`
--


--
-- Table structure for table `vtiger_currency_decimal_separator`
--

CREATE TABLE `vtiger_currency_decimal_separator` (
  `currency_decimal_separatorid` int(19) NOT NULL AUTO_INCREMENT,
  `currency_decimal_separator` varchar(2) NOT NULL,
  `sortorderid` int(19) NOT NULL DEFAULT 0,
  `presence` int(1) NOT NULL DEFAULT 1,
  PRIMARY KEY (`currency_decimal_separatorid`)
) ENGINE=InnoDB AUTO_INCREMENT=6 DEFAULT CHARSET=utf8 COLLATE=utf8_general_ci;

--
-- Dumping data for table `vtiger_currency_decimal_separator`
--

INSERT INTO `vtiger_currency_decimal_separator` VALUES (1,'.',0,1),(2,',',1,1),(3,'\'',2,1),(4,' ',3,1),(5,'$',4,1);

--
-- Table structure for table `vtiger_currency_decimal_separator_seq`
--

CREATE TABLE `vtiger_currency_decimal_separator_seq` (
  `id` int(11) NOT NULL
) ENGINE=InnoDB DEFAULT CHARSET=utf8 COLLATE=utf8_general_ci;

--
-- Dumping data for table `vtiger_currency_decimal_separator_seq`
--

INSERT INTO `vtiger_currency_decimal_separator_seq` VALUES (5);

--
-- Table structure for table `vtiger_currency_grouping_pattern`
--

CREATE TABLE `vtiger_currency_grouping_pattern` (
  `currency_grouping_patternid` int(19) NOT NULL AUTO_INCREMENT,
  `currency_grouping_pattern` varchar(200) NOT NULL,
  `sortorderid` int(19) NOT NULL DEFAULT 0,
  `presence` int(1) NOT NULL DEFAULT 1,
  PRIMARY KEY (`currency_grouping_patternid`)
) ENGINE=InnoDB AUTO_INCREMENT=5 DEFAULT CHARSET=utf8 COLLATE=utf8_general_ci;

--
-- Dumping data for table `vtiger_currency_grouping_pattern`
--

INSERT INTO `vtiger_currency_grouping_pattern` VALUES (1,'123,456,789',0,1),(2,'123456789',1,1),(3,'123456,789',2,1),(4,'12,34,56,789',3,1);

--
-- Table structure for table `vtiger_currency_grouping_pattern_seq`
--

CREATE TABLE `vtiger_currency_grouping_pattern_seq` (
  `id` int(11) NOT NULL
) ENGINE=InnoDB DEFAULT CHARSET=utf8 COLLATE=utf8_general_ci;

--
-- Dumping data for table `vtiger_currency_grouping_pattern_seq`
--

INSERT INTO `vtiger_currency_grouping_pattern_seq` VALUES (4);

--
-- Table structure for table `vtiger_currency_grouping_separator`
--

CREATE TABLE `vtiger_currency_grouping_separator` (
  `currency_grouping_separatorid` int(19) NOT NULL AUTO_INCREMENT,
  `currency_grouping_separator` varchar(2) NOT NULL,
  `sortorderid` int(19) NOT NULL DEFAULT 0,
  `presence` int(1) NOT NULL DEFAULT 1,
  PRIMARY KEY (`currency_grouping_separatorid`)
) ENGINE=InnoDB AUTO_INCREMENT=6 DEFAULT CHARSET=utf8 COLLATE=utf8_general_ci;

--
-- Dumping data for table `vtiger_currency_grouping_separator`
--

INSERT INTO `vtiger_currency_grouping_separator` VALUES (1,',',0,1),(2,'.',1,1),(3,'\'',2,1),(4,' ',3,1),(5,'$',4,1);

--
-- Table structure for table `vtiger_currency_grouping_separator_seq`
--

CREATE TABLE `vtiger_currency_grouping_separator_seq` (
  `id` int(11) NOT NULL
) ENGINE=InnoDB DEFAULT CHARSET=utf8 COLLATE=utf8_general_ci;

--
-- Dumping data for table `vtiger_currency_grouping_separator_seq`
--

INSERT INTO `vtiger_currency_grouping_separator_seq` VALUES (5);

--
-- Table structure for table `vtiger_currency_info`
--

CREATE TABLE `vtiger_currency_info` (
  `id` int(11) NOT NULL AUTO_INCREMENT,
  `currency_name` varchar(100) DEFAULT NULL,
  `currency_code` varchar(100) DEFAULT NULL,
  `currency_symbol` varchar(30) DEFAULT NULL,
  `conversion_rate` decimal(12,5) DEFAULT NULL,
  `currency_status` varchar(25) DEFAULT NULL,
  `defaultid` varchar(10) NOT NULL DEFAULT '0',
  `deleted` int(1) NOT NULL DEFAULT 0,
  PRIMARY KEY (`id`)
) ENGINE=InnoDB AUTO_INCREMENT=2 DEFAULT CHARSET=utf8 COLLATE=utf8_general_ci;

--
-- Dumping data for table `vtiger_currency_info`
--

INSERT INTO `vtiger_currency_info` VALUES (1,'Peru, Nuevos Soles','PEN','S/.',1.00000,'Active','-11',0);

--
-- Table structure for table `vtiger_currency_info_seq`
--

CREATE TABLE `vtiger_currency_info_seq` (
  `id` int(11) NOT NULL
) ENGINE=InnoDB DEFAULT CHARSET=utf8 COLLATE=utf8_general_ci;

--
-- Dumping data for table `vtiger_currency_info_seq`
--

INSERT INTO `vtiger_currency_info_seq` VALUES (1);

--
-- Table structure for table `vtiger_currency_symbol_placement`
--

CREATE TABLE `vtiger_currency_symbol_placement` (
  `currency_symbol_placementid` int(19) NOT NULL AUTO_INCREMENT,
  `currency_symbol_placement` varchar(30) NOT NULL,
  `sortorderid` int(19) NOT NULL DEFAULT 0,
  `presence` int(1) NOT NULL DEFAULT 1,
  PRIMARY KEY (`currency_symbol_placementid`)
) ENGINE=InnoDB AUTO_INCREMENT=3 DEFAULT CHARSET=utf8 COLLATE=utf8_general_ci;

--
-- Dumping data for table `vtiger_currency_symbol_placement`
--

INSERT INTO `vtiger_currency_symbol_placement` VALUES (1,'$1.0',0,1),(2,'1.0$',1,1);

--
-- Table structure for table `vtiger_currency_symbol_placement_seq`
--

CREATE TABLE `vtiger_currency_symbol_placement_seq` (
  `id` int(11) NOT NULL
) ENGINE=InnoDB DEFAULT CHARSET=utf8 COLLATE=utf8_general_ci;

--
-- Dumping data for table `vtiger_currency_symbol_placement_seq`
--

INSERT INTO `vtiger_currency_symbol_placement_seq` VALUES (2);

--
-- Table structure for table `vtiger_customaction`
--

CREATE TABLE `vtiger_customaction` (
  `cvid` int(19) NOT NULL,
  `subject` varchar(250) NOT NULL,
  `module` varchar(50) NOT NULL,
  `content` text DEFAULT NULL,
  KEY `customaction_cvid_idx` (`cvid`),
  CONSTRAINT `fk_1_vtiger_customaction` FOREIGN KEY (`cvid`) REFERENCES `vtiger_customview` (`cvid`) ON DELETE CASCADE
) ENGINE=InnoDB DEFAULT CHARSET=utf8 COLLATE=utf8_general_ci;

--
-- Dumping data for table `vtiger_customaction`
--


--
-- Table structure for table `vtiger_customerdetails`
--

CREATE TABLE `vtiger_customerdetails` (
  `customerid` int(19) NOT NULL,
  `portal` varchar(3) DEFAULT NULL,
  `support_start_date` date DEFAULT NULL,
  `support_end_date` date DEFAULT NULL,
  PRIMARY KEY (`customerid`),
  CONSTRAINT `fk_1_vtiger_customerdetails` FOREIGN KEY (`customerid`) REFERENCES `vtiger_contactdetails` (`contactid`) ON DELETE CASCADE
) ENGINE=InnoDB DEFAULT CHARSET=utf8 COLLATE=utf8_general_ci;

--
-- Dumping data for table `vtiger_customerdetails`
--

INSERT INTO `vtiger_customerdetails` VALUES (107,'0',NULL,NULL),(108,'0',NULL,NULL),(109,'0',NULL,NULL),(110,'0',NULL,NULL),(111,'0',NULL,NULL),(112,'0',NULL,NULL),(113,'0',NULL,NULL),(114,'0',NULL,NULL),(115,'0',NULL,NULL),(116,'0',NULL,NULL),(117,'0',NULL,NULL),(118,'0',NULL,NULL),(119,'0',NULL,NULL),(120,'0',NULL,NULL),(121,'0',NULL,NULL),(122,'0',NULL,NULL),(123,'0',NULL,NULL),(124,'0',NULL,NULL),(125,'0',NULL,NULL),(126,'0',NULL,NULL),(127,'0',NULL,NULL),(128,'0',NULL,NULL),(129,'0',NULL,NULL),(130,'0',NULL,NULL),(131,'0',NULL,NULL),(132,'0',NULL,NULL),(133,'0',NULL,NULL),(134,'0',NULL,NULL),(135,'0',NULL,NULL),(136,'0',NULL,NULL),(137,'0',NULL,NULL),(138,'0',NULL,NULL),(139,'0',NULL,NULL),(140,'0',NULL,NULL),(141,'0',NULL,NULL),(142,'0',NULL,NULL),(143,'0',NULL,NULL),(144,'0',NULL,NULL),(145,'0',NULL,NULL),(146,'0',NULL,NULL),(147,'0',NULL,NULL),(148,'0',NULL,NULL),(149,'0',NULL,NULL),(150,'0',NULL,NULL),(151,'0',NULL,NULL),(152,'0',NULL,NULL),(153,'0',NULL,NULL),(154,'0',NULL,NULL),(155,'0',NULL,NULL),(156,'0',NULL,NULL),(157,'0',NULL,NULL),(158,'0',NULL,NULL),(159,'0',NULL,NULL),(160,'0',NULL,NULL),(161,'0',NULL,NULL),(162,'0',NULL,NULL),(163,'0',NULL,NULL),(164,'0',NULL,NULL),(165,'0',NULL,NULL),(166,'0',NULL,NULL),(167,'0',NULL,NULL),(168,'0',NULL,NULL),(169,'0',NULL,NULL),(170,'0','2024-07-12','2025-07-12'),(171,'0',NULL,NULL),(172,'0',NULL,NULL),(173,'0',NULL,NULL),(174,'0',NULL,NULL),(175,'0',NULL,NULL),(176,'0',NULL,NULL),(177,'0',NULL,NULL),(178,'0',NULL,NULL),(179,'0',NULL,NULL),(180,'0',NULL,NULL),(181,'0',NULL,NULL),(182,'0',NULL,NULL),(183,'0',NULL,NULL),(184,'0',NULL,NULL),(185,'0',NULL,NULL),(186,'0',NULL,NULL),(187,'0',NULL,NULL),(188,'0',NULL,NULL),(189,'0',NULL,NULL),(190,'0',NULL,NULL),(191,'0',NULL,NULL),(192,'0',NULL,NULL),(193,'0',NULL,NULL),(194,'0',NULL,NULL),(195,'0',NULL,NULL),(196,'0',NULL,NULL),(197,'0',NULL,NULL),(198,'0',NULL,NULL),(199,'0',NULL,NULL),(200,'0',NULL,NULL),(201,'0',NULL,NULL),(202,'0',NULL,NULL),(203,'0',NULL,NULL),(204,'0',NULL,NULL),(205,'0',NULL,NULL),(206,'0',NULL,NULL),(207,'0',NULL,NULL),(208,'0',NULL,NULL),(209,'0',NULL,NULL),(210,'0',NULL,NULL),(211,'0',NULL,NULL),(212,'0',NULL,NULL),(747,'0',NULL,NULL),(748,'0',NULL,NULL);

--
-- Table structure for table `vtiger_customerportal_fields`
--

CREATE TABLE `vtiger_customerportal_fields` (
  `tabid` int(19) NOT NULL,
  `fieldinfo` text DEFAULT NULL,
  `records_visible` int(1) DEFAULT NULL,
  PRIMARY KEY (`tabid`)
) ENGINE=InnoDB DEFAULT CHARSET=utf8 COLLATE=utf8_general_ci;

--
-- Dumping data for table `vtiger_customerportal_fields`
--

INSERT INTO `vtiger_customerportal_fields` VALUES (4,'{\"lastname\":1,\"assigned_user_id\":1}',1),(6,'{\"accountname\":1,\"assigned_user_id\":1}',1),(8,'{\"notes_title\":1,\"assigned_user_id\":1,\"filename\":0}',1),(13,'{\"ticket_title\":1,\"assigned_user_id\":1,\"ticketpriorities\":1,\"ticketstatus\":1,\"description\":1,\"product_id\":1,\"ticketseverities\":1,\"ticketcategories\":1}',1),(14,'{\"productname\":1,\"assigned_user_id\":1}',1),(15,'{\"faqstatus\":1,\"question\":1,\"faq_answer\":1}',1),(20,'{\"subject\":1,\"quotestage\":1,\"account_id\":1,\"assigned_user_id\":1,\"bill_street\":1,\"ship_street\":1}',1),(23,'{\"subject\":1,\"account_id\":1,\"assigned_user_id\":1,\"bill_street\":1,\"ship_street\":1}',1),(31,'{\"subject\":1,\"assigned_user_id\":1}',NULL),(32,'{\"servicename\":1}',1),(42,'{\"projectmilestonename\":1,\"projectid\":1,\"assigned_user_id\":1}',1),(43,'{\"projecttaskname\":1,\"projectid\":1,\"assigned_user_id\":1}',1),(44,'{\"projectname\":1,\"assigned_user_id\":1}',1),(46,'{\"product\":1,\"serialnumber\":1,\"assigned_user_id\":1,\"datesold\":1,\"dateinservice\":1,\"assetstatus\":1,\"assetname\":1,\"account\":1}',1);

--
-- Table structure for table `vtiger_customerportal_prefs`
--

CREATE TABLE `vtiger_customerportal_prefs` (
  `tabid` int(19) NOT NULL,
  `prefkey` varchar(100) NOT NULL,
  `prefvalue` int(20) DEFAULT NULL,
  PRIMARY KEY (`tabid`,`prefkey`)
) ENGINE=InnoDB DEFAULT CHARSET=utf8 COLLATE=utf8_general_ci;

--
-- Dumping data for table `vtiger_customerportal_prefs`
--

INSERT INTO `vtiger_customerportal_prefs` VALUES (0,'defaultassignee',1),(0,'userid',1),(4,'showrelatedinfo',1),(6,'showrelatedinfo',1),(8,'showrelatedinfo',1),(13,'showrelatedinfo',1),(14,'showrelatedinfo',1),(15,'showrelatedinfo',1),(20,'showrelatedinfo',1),(23,'showrelatedinfo',1),(32,'showrelatedinfo',1),(42,'showrelatedinfo',1),(43,'showrelatedinfo',1),(44,'showrelatedinfo',1),(46,'showrelatedinfo',1);

--
-- Table structure for table `vtiger_customerportal_relatedmoduleinfo`
--

CREATE TABLE `vtiger_customerportal_relatedmoduleinfo` (
  `tabid` int(19) NOT NULL,
  `relatedmodules` text DEFAULT NULL,
  PRIMARY KEY (`tabid`)
) ENGINE=InnoDB DEFAULT CHARSET=utf8 COLLATE=utf8_general_ci;

--
-- Dumping data for table `vtiger_customerportal_relatedmoduleinfo`
--

INSERT INTO `vtiger_customerportal_relatedmoduleinfo` VALUES (8,'[{\"name\":\"History\",\"value\":1}]'),(13,'[{\"name\":\"History\",\"value\":1},{\"name\":\"ModComments\",\"value\":1},{\"name\":\"Documents\",\"value\":1}]'),(14,'[{\"name\":\"History\",\"value\":1}]'),(20,'[{\"name\":\"History\",\"value\":1}]'),(23,'[{\"name\":\"History\",\"value\":1}]'),(31,'[{\"name\":\"History\",\"value\":1}]'),(32,'[{\"name\":\"History\",\"value\":1}]'),(42,'[{\"name\":\"History\",\"value\":1}]'),(43,'[{\"name\":\"History\",\"value\":1},{\"name\":\"ModComments\",\"value\":1}]'),(44,'[{\"name\":\"History\",\"value\":1},{\"name\":\"ModComments\",\"value\":1},{\"name\":\"ProjectTask\",\"value\":1},{\"name\":\"ProjectMilestone\",\"value\":1},{\"name\":\"Documents\",\"value\":1}]'),(46,'[{\"name\":\"History\",\"value\":1}]');

--
-- Table structure for table `vtiger_customerportal_settings`
--

CREATE TABLE `vtiger_customerportal_settings` (
  `id` int(11) DEFAULT NULL,
  `url` varchar(250) DEFAULT NULL,
  `default_assignee` int(11) DEFAULT NULL,
  `support_notification` int(11) DEFAULT NULL,
  `announcement` text DEFAULT NULL,
  `shortcuts` text DEFAULT NULL,
  `widgets` text DEFAULT NULL,
  `charts` text DEFAULT NULL
) ENGINE=InnoDB DEFAULT CHARSET=utf8 COLLATE=utf8_general_ci;

--
-- Dumping data for table `vtiger_customerportal_settings`
--

INSERT INTO `vtiger_customerportal_settings` VALUES (1,NULL,1,NULL,NULL,'{\"Documents\":{\"LBL_ADD_DOCUMENT\":1},\"HelpDesk\":{\"LBL_CREATE_TICKET\":1,\"LBL_OPEN_TICKETS\":1}}','{\"widgets\":{\"HelpDesk\":1,\"Documents\":1,\"Faq\":1}}','{\"charts\":{\"OpenTicketsByPriority\":1,\"TicketsClosureTimeByPriority\":1}}');

--
-- Table structure for table `vtiger_customerportal_tabs`
--

CREATE TABLE `vtiger_customerportal_tabs` (
  `tabid` int(19) NOT NULL,
  `visible` int(1) DEFAULT 1,
  `sequence` int(1) DEFAULT NULL,
  `createrecord` tinyint(1) NOT NULL DEFAULT 0,
  `editrecord` tinyint(1) NOT NULL DEFAULT 0,
  PRIMARY KEY (`tabid`)
) ENGINE=InnoDB DEFAULT CHARSET=utf8 COLLATE=utf8_general_ci;

--
-- Dumping data for table `vtiger_customerportal_tabs`
--

INSERT INTO `vtiger_customerportal_tabs` VALUES (4,0,9,0,1),(6,0,10,0,1),(8,1,8,1,0),(13,1,2,1,1),(14,1,6,0,0),(15,1,3,0,0),(20,1,5,0,0),(23,1,4,0,0),(31,1,25,0,0),(32,1,7,0,0),(42,1,13,0,0),(43,1,12,0,0),(44,1,11,0,0),(46,1,14,0,1);

--
-- Table structure for table `vtiger_customview`
--

CREATE TABLE `vtiger_customview` (
  `cvid` int(19) NOT NULL,
  `viewname` varchar(100) NOT NULL,
  `setdefault` int(1) DEFAULT 0,
  `setmetrics` int(1) DEFAULT 0,
  `entitytype` varchar(25) NOT NULL,
  `status` int(1) DEFAULT 1,
  `userid` int(19) DEFAULT 1,
  PRIMARY KEY (`cvid`),
  KEY `customview_entitytype_idx` (`entitytype`),
  CONSTRAINT `fk_1_vtiger_customview` FOREIGN KEY (`entitytype`) REFERENCES `vtiger_tab` (`name`) ON DELETE CASCADE
) ENGINE=InnoDB DEFAULT CHARSET=utf8 COLLATE=utf8_general_ci;

--
-- Dumping data for table `vtiger_customview`
--

INSERT INTO `vtiger_customview` VALUES (1,'All',1,0,'Leads',0,1),(4,'All',1,0,'Accounts',0,1),(7,'All',1,0,'Contacts',0,1),(10,'All',1,0,'Potentials',0,1),(13,'All',1,0,'HelpDesk',0,1),(16,'All',1,0,'Quotes',0,1),(19,'All',1,0,'Calendar',0,1),(20,'All',1,0,'Emails',0,1),(21,'All',1,0,'Invoice',0,1),(22,'All',1,0,'Documents',0,1),(23,'All',1,0,'PriceBooks',0,1),(24,'All',1,0,'Products',0,1),(25,'All',1,0,'PurchaseOrder',0,1),(26,'All',1,0,'SalesOrder',0,1),(27,'All',1,0,'Vendors',0,1),(28,'All',1,0,'Faq',0,1),(29,'All',1,0,'Campaigns',0,1),(30,'All',1,0,'Webmails',0,1),(38,'All',1,0,'ServiceContracts',0,1),(39,'All',1,0,'Services',0,1),(40,'All',1,0,'PBXManager',0,1),(41,'All',0,0,'ModComments',0,1),(45,'All',1,0,'Assets',0,1),(46,'All',0,0,'SMSNotifier',0,1),(47,'All',1,0,'ProjectMilestone',0,1),(48,'All',1,0,'ProjectTask',0,1),(49,'All',1,0,'Project',0,1),(50,'All',1,0,'CTTimeTracker',0,1),(51,'All',1,0,'CTTimeControl',0,1),(52,'All',1,0,'CTRoutePlanning',0,1),(53,'All',1,0,'CTRouteAttendance',0,1),(54,'All',1,0,'CTAttendance',0,1),(57,'All',1,0,'CTUserFilterView',0,1),(58,'All',1,0,'CTMessageTemplate',0,1),(59,'All',1,0,'CTPushNotification',0,1),(61,'All',0,0,'Cobranzas',0,1),(63,'All',0,0,'Pagos',0,1),(65,'Contact',1,0,'CTWhatsApp',3,1),(66,'All',1,0,'CTWhatsApp',0,1),(67,'Unknown Number Message',0,0,'CTWhatsApp',3,1),(68,'Today\'s Sent Message',0,0,'CTWhatsApp',3,1),(69,'Blank Body',1,0,'CTWhatsApp',3,1),(70,'Today\'s Send/Receive messages',0,0,'CTWhatsApp',3,1),(71,'Unread messages',0,0,'CTWhatsApp',3,1),(72,'SendReceiveStatistics',0,0,'CTWhatsApp',3,1),(73,'Group member contacts',0,0,'CTWhatsApp',3,1),(74,'All',1,0,'CTWhatsAppTemplates',0,1),(75,'Test',1,0,'CTWhatsAppTemplates',3,1),(76,'All',0,0,'WhatsAppLog',0,1),(77,'All Messages',1,0,'WhatsAppLog',3,1),(78,'Vencida',0,0,'Cobranzas',1,1),(79,'Por cobrar hoy',0,0,'Cobranzas',1,1),(80,'En Seguimiento ',0,0,'Cobranzas',1,1);

--
-- Table structure for table `vtiger_customview_seq`
--

CREATE TABLE `vtiger_customview_seq` (
  `id` int(11) NOT NULL
) ENGINE=InnoDB DEFAULT CHARSET=utf8 COLLATE=utf8_general_ci;

--
-- Dumping data for table `vtiger_customview_seq`
--

INSERT INTO `vtiger_customview_seq` VALUES (80);

--
-- Table structure for table `vtiger_cv2group`
--

CREATE TABLE `vtiger_cv2group` (
  `cvid` int(25) NOT NULL,
  `groupid` int(25) NOT NULL,
  KEY `vtiger_cv2group_ibfk_1` (`cvid`),
  KEY `vtiger_groups_ibfk_1` (`groupid`),
  CONSTRAINT `vtiger_customview_ibfk_2` FOREIGN KEY (`cvid`) REFERENCES `vtiger_customview` (`cvid`) ON DELETE CASCADE,
  CONSTRAINT `vtiger_groups_ibfk_1` FOREIGN KEY (`groupid`) REFERENCES `vtiger_groups` (`groupid`) ON DELETE CASCADE
) ENGINE=InnoDB DEFAULT CHARSET=utf8 COLLATE=utf8_general_ci;

--
-- Dumping data for table `vtiger_cv2group`
--


--
-- Table structure for table `vtiger_cv2role`
--

CREATE TABLE `vtiger_cv2role` (
  `cvid` int(25) NOT NULL,
  `roleid` varchar(255) NOT NULL,
  KEY `vtiger_cv2role_ibfk_1` (`cvid`),
  KEY `vtiger_role_ibfk_1` (`roleid`),
  CONSTRAINT `vtiger_customview_ibfk_3` FOREIGN KEY (`cvid`) REFERENCES `vtiger_customview` (`cvid`) ON DELETE CASCADE,
  CONSTRAINT `vtiger_role_ibfk_1` FOREIGN KEY (`roleid`) REFERENCES `vtiger_role` (`roleid`) ON DELETE CASCADE
) ENGINE=InnoDB DEFAULT CHARSET=utf8 COLLATE=utf8_general_ci;

--
-- Dumping data for table `vtiger_cv2role`
--


--
-- Table structure for table `vtiger_cv2rs`
--

CREATE TABLE `vtiger_cv2rs` (
  `cvid` int(25) NOT NULL,
  `rsid` varchar(255) NOT NULL,
  KEY `vtiger_cv2role_ibfk_1` (`cvid`),
  KEY `vtiger_rolesd_ibfk_1` (`rsid`),
  CONSTRAINT `vtiger_customview_ibfk_4` FOREIGN KEY (`cvid`) REFERENCES `vtiger_customview` (`cvid`) ON DELETE CASCADE,
  CONSTRAINT `vtiger_rolesd_ibfk_1` FOREIGN KEY (`rsid`) REFERENCES `vtiger_role` (`roleid`) ON DELETE CASCADE
) ENGINE=InnoDB DEFAULT CHARSET=utf8 COLLATE=utf8_general_ci;

--
-- Dumping data for table `vtiger_cv2rs`
--


--
-- Table structure for table `vtiger_cv2users`
--

CREATE TABLE `vtiger_cv2users` (
  `cvid` int(25) NOT NULL,
  `userid` int(25) NOT NULL,
  KEY `vtiger_cv2users_ibfk_1` (`cvid`),
  KEY `vtiger_users_ibfk_1` (`userid`),
  CONSTRAINT `vtiger_customview_ibfk_1` FOREIGN KEY (`cvid`) REFERENCES `vtiger_customview` (`cvid`) ON DELETE CASCADE,
  CONSTRAINT `vtiger_users_ibfk_1` FOREIGN KEY (`userid`) REFERENCES `vtiger_users` (`id`) ON DELETE CASCADE
) ENGINE=InnoDB DEFAULT CHARSET=utf8 COLLATE=utf8_general_ci;

--
-- Dumping data for table `vtiger_cv2users`
--


--
-- Table structure for table `vtiger_cvadvfilter`
--

CREATE TABLE `vtiger_cvadvfilter` (
  `cvid` int(19) NOT NULL,
  `columnindex` int(11) NOT NULL,
  `columnname` varchar(250) DEFAULT '',
  `comparator` varchar(20) DEFAULT NULL,
  `value` varchar(512) DEFAULT NULL,
  `groupid` int(11) DEFAULT 1,
  `column_condition` varchar(255) DEFAULT 'and',
  PRIMARY KEY (`cvid`,`columnindex`),
  KEY `cvadvfilter_cvid_idx` (`cvid`),
  CONSTRAINT `fk_1_vtiger_cvadvfilter` FOREIGN KEY (`cvid`) REFERENCES `vtiger_customview` (`cvid`) ON DELETE CASCADE
) ENGINE=InnoDB DEFAULT CHARSET=utf8 COLLATE=utf8_general_ci;

--
-- Dumping data for table `vtiger_cvadvfilter`
--

INSERT INTO `vtiger_cvadvfilter` VALUES (67,0,'vtiger_ctwhatsapp:whatsapp_contactid:whatsapp_contactid:CTWhatsApp_Related_To:V','Y','',1,'and'),(68,0,'vtiger_ctwhatsapp:whatsapp_datetime:whatsapp_datetime:CTWhatsApp_Date_Time_of_message:DT','TODAY','2021-05-03 18:30:00',1,'and'),(69,0,'vtiger_ctwhatsapp:message_body:message_body:CTWhatsApp_Body:V','e','',1,'and'),(70,0,'vtiger_ctwhatsapp:message_type:message_type:CTWhatsApp_Message_Type:V','e','Send,Recieved,Mass Message,Message,Group,WhatsApp',1,'and'),(70,1,'vtiger_ctwhatsapp:whatsapp_datetime:whatsapp_datetime:CTWhatsApp_Date_Time_of_message:DT','e','2022-02-22 18:30:00',1,'and'),(71,0,'vtiger_ctwhatsapp:message_type:message_type:CTWhatsApp_Message_Type:V','e','Recieved',1,'and'),(71,1,'vtiger_ctwhatsapp:whatsapp_unreadread:whatsapp_unreadread:CTWhatsApp_Read_/_Unread:V','e','Unread',1,'and'),(72,1,'vtiger_ctwhatsapp:message_type:message_type:CTWhatsApp_Message_Type:V','n','Mass Message',1,'and'),(73,0,'vtiger_ctwhatsapp:whatsapp_chatid:whatsapp_chatid:CTWhatsApp_WhatsApp_ChatId:V','n','',1,'and'),(78,0,'vtiger_cobranzas:lb_estado:lb_estado:Cobranzas_Estado:V','n','Registrada,Pagado',1,''),(79,0,'vtiger_cobranzas:lb_estado:lb_estado:Cobranzas_Estado:V','n','Pagado',1,''),(79,1,'vtiger_cobranzas:lb_fechadevencimiento:lb_fechadevencimiento:Cobranzas_Fecha_de_Vencimiento:D','today','2024-07-08',2,'or'),(79,2,'vtiger_cobranzas:lb_fechacompromisopa:lb_fechacompromisopa:Cobranzas_Fecha_de_Compromiso_de_Pago	:D','today','2024-07-08',2,''),(80,0,'vtiger_cobranzas:lb_estado:lb_estado:Cobranzas_Estado:V','e','En Seguimiento',1,'');

--
-- Table structure for table `vtiger_cvadvfilter_grouping`
--

CREATE TABLE `vtiger_cvadvfilter_grouping` (
  `groupid` int(11) NOT NULL,
  `cvid` int(19) NOT NULL,
  `group_condition` varchar(255) DEFAULT NULL,
  `condition_expression` text DEFAULT NULL,
  PRIMARY KEY (`groupid`,`cvid`)
) ENGINE=InnoDB DEFAULT CHARSET=utf8 COLLATE=utf8_general_ci;

--
-- Dumping data for table `vtiger_cvadvfilter_grouping`
--

INSERT INTO `vtiger_cvadvfilter_grouping` VALUES (1,2,'',''),(1,5,'',''),(1,11,'',''),(1,12,'',''),(1,14,'',''),(1,15,'',''),(1,17,'',''),(1,18,'',''),(1,31,'',''),(1,32,'',''),(1,33,'',''),(1,34,'',''),(1,35,'',''),(1,36,'',''),(1,37,'',''),(1,78,'and',' 0 '),(1,79,'and',' 0 '),(1,80,'and',' 0 '),(2,79,NULL,' 1 or 2 ');

--
-- Table structure for table `vtiger_cvcolumnlist`
--

CREATE TABLE `vtiger_cvcolumnlist` (
  `cvid` int(19) NOT NULL,
  `columnindex` int(11) NOT NULL,
  `columnname` varchar(250) DEFAULT '',
  PRIMARY KEY (`cvid`,`columnindex`),
  KEY `cvcolumnlist_columnindex_idx` (`columnindex`),
  KEY `cvcolumnlist_cvid_idx` (`cvid`),
  CONSTRAINT `fk_1_vtiger_cvcolumnlist` FOREIGN KEY (`cvid`) REFERENCES `vtiger_customview` (`cvid`) ON DELETE CASCADE
) ENGINE=InnoDB DEFAULT CHARSET=utf8 COLLATE=utf8_general_ci;

--
-- Dumping data for table `vtiger_cvcolumnlist`
--

INSERT INTO `vtiger_cvcolumnlist` VALUES (1,1,'vtiger_leaddetails:firstname:firstname:Leads_First_Name:V'),(1,2,'vtiger_leaddetails:lastname:lastname:Leads_Last_Name:V'),(1,3,'vtiger_leaddetails:company:company:Leads_Company:V'),(1,4,'vtiger_leadaddress:phone:phone:Leads_Phone:V'),(1,5,'vtiger_leadsubdetails:website:website:Leads_Website:V'),(1,6,'vtiger_leaddetails:email:email:Leads_Email:V'),(1,7,'vtiger_crmentity:smownerid:assigned_user_id:Leads_Assigned_To:V'),(4,0,'vtiger_account:accountname:accountname:Accounts_Account_Name:V'),(4,1,'vtiger_account:siccode:siccode:Accounts_SIC_Code:V'),(4,2,'vtiger_account:phone:phone:Accounts_Phone:V'),(4,3,'vtiger_account:email1:email1:Accounts_Email:V'),(4,4,'vtiger_crmentity:smownerid:assigned_user_id:Accounts_Assigned_To:V'),(4,5,'vtiger_accountbillads:bill_city:bill_city:Accounts_Billing_City:V'),(4,6,'vtiger_account:website:website:Accounts_Website:V'),(7,1,'vtiger_contactdetails:firstname:firstname:Contacts_First_Name:V'),(7,2,'vtiger_contactdetails:lastname:lastname:Contacts_Last_Name:V'),(7,3,'vtiger_contactdetails:title:title:Contacts_Title:V'),(7,4,'vtiger_contactdetails:accountid:account_id:Contacts_Account_Name:V'),(7,5,'vtiger_contactdetails:email:email:Contacts_Email:V'),(7,6,'vtiger_contactdetails:phone:phone:Contacts_Office_Phone:V'),(7,7,'vtiger_crmentity:smownerid:assigned_user_id:Contacts_Assigned_To:V'),(10,1,'vtiger_potential:potentialname:potentialname:Potentials_Potential_Name:V'),(10,2,'vtiger_potential:related_to:related_to:Potentials_Related_To:V'),(10,3,'vtiger_potential:sales_stage:sales_stage:Potentials_Sales_Stage:V'),(10,4,'vtiger_potential:leadsource:leadsource:Potentials_Lead_Source:V'),(10,5,'vtiger_potential:closingdate:closingdate:Potentials_Expected_Close_Date:D'),(10,6,'vtiger_potential:amount:amount:Potentials_Amount:N'),(10,7,'vtiger_crmentity:smownerid:assigned_user_id:Potentials_Assigned_To:V'),(10,8,'vtiger_potential:contact_id:contact_id:Potentials_Contact_Name:V'),(13,1,'vtiger_troubletickets:title:ticket_title:HelpDesk_Title:V'),(13,2,'vtiger_troubletickets:parent_id:parent_id:HelpDesk_Related_To:V'),(13,3,'vtiger_troubletickets:status:ticketstatus:HelpDesk_Status:V'),(13,4,'vtiger_troubletickets:priority:ticketpriorities:HelpDesk_Priority:V'),(13,5,'vtiger_crmentity:smownerid:assigned_user_id:HelpDesk_Assigned_To:V'),(13,6,'vtiger_troubletickets:contact_id:contact_id:HelpDesk_Contact_Name:V'),(16,1,'vtiger_quotes:subject:subject:Quotes_Subject:V'),(16,2,'vtiger_quotes:quotestage:quotestage:Quotes_Quote_Stage:V'),(16,3,'vtiger_quotes:potentialid:potential_id:Quotes_Potential_Name:V'),(16,4,'vtiger_quotes:accountid:account_id:Quotes_Account_Name:V'),(16,5,'vtiger_quotes:total:hdnGrandTotal:Quotes_Total:N'),(16,6,'vtiger_crmentity:smownerid:assigned_user_id:Quotes_Assigned_To:V'),(19,0,'vtiger_activity:status:taskstatus:Calendar_Status:V'),(19,1,'vtiger_activity:activitytype:activitytype:Calendar_Activity_Type:V'),(19,2,'vtiger_activity:subject:subject:Calendar_Subject:V'),(19,3,'vtiger_seactivityrel:crmid:parent_id:Calendar_Related_To:V'),(19,4,'vtiger_activity:date_start:date_start:Calendar_Start_Date_&_Time:DT'),(19,5,'vtiger_activity:due_date:due_date:Calendar_Due_Date:D'),(19,6,'vtiger_crmentity:smownerid:assigned_user_id:Calendar_Assigned_To:V'),(20,0,'vtiger_activity:subject:subject:Emails_Subject:V'),(20,1,'vtiger_emaildetails:to_email:saved_toid:Emails_To:V'),(20,2,'vtiger_activity:date_start:date_start:Emails_Date_&_Time_Sent:DT'),(21,1,'vtiger_invoice:subject:subject:Invoice_Subject:V'),(21,2,'vtiger_invoice:salesorderid:salesorder_id:Invoice_Sales_Order:V'),(21,3,'vtiger_invoice:invoicestatus:invoicestatus:Invoice_Status:V'),(21,4,'vtiger_invoice:total:hdnGrandTotal:Invoice_Total:N'),(21,5,'vtiger_crmentity:smownerid:assigned_user_id:Invoice_Assigned_To:V'),(22,1,'vtiger_notes:title:notes_title:Documents_Title:V'),(22,2,'vtiger_notes:filename:filename:Documents_File_Name:V'),(22,3,'vtiger_crmentity:modifiedtime:modifiedtime:Documents_Modified_Time:DT'),(22,4,'vtiger_crmentity:smownerid:assigned_user_id:Documents_Assigned_To:V'),(23,1,'vtiger_pricebook:bookname:bookname:PriceBooks_Price_Book_Name:V'),(23,2,'vtiger_pricebook:active:active:PriceBooks_Active:C'),(23,3,'vtiger_pricebook:currency_id:currency_id:PriceBooks_Currency:V'),(24,1,'vtiger_products:productname:productname:Products_Product_Name:V'),(24,2,'vtiger_products:productcode:productcode:Products_Part_Number:V'),(24,3,'vtiger_products:commissionrate:commissionrate:Products_Commission_Rate:N'),(24,4,'vtiger_products:qtyinstock:qtyinstock:Products_Qty_In_Stock:NN'),(24,5,'vtiger_products:qty_per_unit:qty_per_unit:Products_Qty/Unit:N'),(24,6,'vtiger_products:unit_price:unit_price:Products_Unit_Price:N'),(25,1,'vtiger_purchaseorder:subject:subject:PurchaseOrder_Subject:V'),(25,2,'vtiger_purchaseorder:vendorid:vendor_id:PurchaseOrder_Vendor_Name:V'),(25,3,'vtiger_purchaseorder:tracking_no:tracking_no:PurchaseOrder_Tracking_Number:V'),(25,4,'vtiger_purchaseorder:total:hdnGrandTotal:PurchaseOrder_Total:N'),(25,5,'vtiger_crmentity:smownerid:assigned_user_id:PurchaseOrder_Assigned_To:V'),(26,1,'vtiger_salesorder:subject:subject:SalesOrder_Subject:V'),(26,2,'vtiger_salesorder:accountid:account_id:SalesOrder_Account_Name:V'),(26,3,'vtiger_salesorder:quoteid:quote_id:SalesOrder_Quote_Name:V'),(26,4,'vtiger_salesorder:total:hdnGrandTotal:SalesOrder_Total:N'),(26,5,'vtiger_crmentity:smownerid:assigned_user_id:SalesOrder_Assigned_To:V'),(27,1,'vtiger_vendor:vendorname:vendorname:Vendors_Vendor_Name:V'),(27,2,'vtiger_vendor:phone:phone:Vendors_Phone:V'),(27,3,'vtiger_vendor:email:email:Vendors_Email:V'),(27,4,'vtiger_vendor:category:category:Vendors_Category:V'),(27,5,'vtiger_crmentity:smownerid:assigned_user_id:Vendors_Assigned_To:V'),(28,1,'vtiger_faq:question:question:Faq_Question:V'),(28,2,'vtiger_faq:category:faqcategories:Faq_Category:V'),(28,3,'vtiger_faq:product_id:product_id:Faq_Product_Name:V'),(28,4,'vtiger_crmentity:createdtime:createdtime:Faq_Created_Time:DT'),(28,5,'vtiger_crmentity:modifiedtime:modifiedtime:Faq_Modified_Time:DT'),(29,1,'vtiger_campaign:campaignname:campaignname:Campaigns_Campaign_Name:V'),(29,2,'vtiger_campaign:campaigntype:campaigntype:Campaigns_Campaign_Type:V'),(29,3,'vtiger_campaign:campaignstatus:campaignstatus:Campaigns_Campaign_Status:V'),(29,4,'vtiger_campaign:expectedrevenue:expectedrevenue:Campaigns_Expected_Revenue:N'),(29,5,'vtiger_campaign:closingdate:closingdate:Campaigns_Expected_Close_Date:D'),(29,6,'vtiger_crmentity:smownerid:assigned_user_id:Campaigns_Assigned_To:V'),(30,0,'subject:subject:subject:Subject:V'),(30,1,'from:fromname:fromname:From:N'),(30,2,'to:tpname:toname:To:N'),(30,3,'body:body:body:Body:V'),(38,1,'vtiger_servicecontracts:subject:subject:ServiceContracts_Subject:V'),(38,2,'vtiger_servicecontracts:sc_related_to:sc_related_to:ServiceContracts_Related_to:V'),(38,3,'vtiger_crmentity:smownerid:assigned_user_id:ServiceContracts_Assigned_To:V'),(38,4,'vtiger_servicecontracts:start_date:start_date:ServiceContracts_Start_Date:D'),(38,5,'vtiger_servicecontracts:due_date:due_date:ServiceContracts_Due_date:D'),(38,7,'vtiger_servicecontracts:progress:progress:ServiceContracts_Progress:N'),(38,8,'vtiger_servicecontracts:contract_status:contract_status:ServiceContracts_Status:V'),(39,1,'vtiger_service:servicename:servicename:Services_Service_Name:V'),(39,2,'vtiger_service:service_usageunit:service_usageunit:Services_Usage_Unit:V'),(39,3,'vtiger_service:unit_price:unit_price:Services_Price:N'),(39,4,'vtiger_service:qty_per_unit:qty_per_unit:Services_No_of_Units:N'),(39,5,'vtiger_service:servicecategory:servicecategory:Services_Service_Category:V'),(39,6,'vtiger_crmentity:smownerid:assigned_user_id:Services_Owner:I'),(40,0,'vtiger_pbxmanager:callstatus:callstatus:PBXManager_Call_Status:V'),(40,1,'vtiger_pbxmanager:customernumber:customernumber:PBXManager_Customer_Number:V'),(40,2,'vtiger_pbxmanager:customer:customer:PBXManager_Customer:V'),(40,3,'vtiger_pbxmanager:user:user:PBXManager_User:V'),(40,4,'vtiger_pbxmanager:recordingurl:recordingurl:PBXManager_Recording_URL:V'),(40,5,'vtiger_pbxmanager:totalduration:totalduration:PBXManager_Total_Duration:I'),(40,6,'vtiger_pbxmanager:starttime:starttime:PBXManager_Start_Time:DT'),(41,0,'vtiger_modcomments:commentcontent:commentcontent:ModComments_Comment:V'),(41,1,'vtiger_modcomments:related_to:related_to:ModComments_Related_To:V'),(41,2,'vtiger_crmentity:modifiedtime:modifiedtime:ModComments_Modified_Time:DT'),(41,3,'vtiger_crmentity:smownerid:assigned_user_id:ModComments_Assigned_To:V'),(45,1,'vtiger_assets:assetname:assetname:Assets_Asset_Name:V'),(45,2,'vtiger_assets:account:account:Assets_Customer_Name:V'),(45,3,'vtiger_assets:product:product:Assets_Product_Name:V'),(46,0,'vtiger_smsnotifier:message:message:SMSNotifier_message:V'),(46,2,'vtiger_crmentity:smownerid:assigned_user_id:SMSNotifier_Assigned_To:V'),(46,3,'vtiger_crmentity:createdtime:createdtime:SMSNotifier_Created_Time:DT'),(46,4,'vtiger_crmentity:modifiedtime:modifiedtime:SMSNotifier_Modified_Time:DT'),(47,0,'vtiger_projectmilestone:projectmilestonename:projectmilestonename:ProjectMilestone_Project_Milestone_Name:V'),(47,1,'vtiger_projectmilestone:projectmilestonedate:projectmilestonedate:ProjectMilestone_Milestone_Date:D'),(47,3,'vtiger_crmentity:description:description:ProjectMilestone_description:V'),(47,4,'vtiger_crmentity:createdtime:createdtime:ProjectMilestone_Created_Time:DT'),(47,5,'vtiger_crmentity:modifiedtime:modifiedtime:ProjectMilestone_Modified_Time:DT'),(48,2,'vtiger_projecttask:projecttaskname:projecttaskname:ProjectTask_Project_Task_Name:V'),(48,3,'vtiger_projecttask:projectid:projectid:ProjectTask_Related_to:V'),(48,4,'vtiger_projecttask:projecttaskpriority:projecttaskpriority:ProjectTask_Priority:V'),(48,5,'vtiger_projecttask:projecttaskprogress:projecttaskprogress:ProjectTask_Progress:V'),(48,6,'vtiger_projecttask:projecttaskhours:projecttaskhours:ProjectTask_Worked_Hours:V'),(48,7,'vtiger_projecttask:startdate:startdate:ProjectTask_Start_Date:D'),(48,8,'vtiger_projecttask:enddate:enddate:ProjectTask_End_Date:D'),(48,9,'vtiger_crmentity:smownerid:assigned_user_id:ProjectTask_Assigned_To:V'),(49,0,'vtiger_project:projectname:projectname:Project_Project_Name:V'),(49,1,'vtiger_project:linktoaccountscontacts:linktoaccountscontacts:Project_Related_to:V'),(49,2,'vtiger_project:startdate:startdate:Project_Start_Date:D'),(49,3,'vtiger_project:targetenddate:targetenddate:Project_Target_End_Date:D'),(49,4,'vtiger_project:actualenddate:actualenddate:Project_Actual_End_Date:D'),(49,5,'vtiger_project:targetbudget:targetbudget:Project_Target_Budget:V'),(49,6,'vtiger_project:progress:progress:Project_Progress:V'),(49,7,'vtiger_project:projectstatus:projectstatus:Project_Status:V'),(49,8,'vtiger_crmentity:smownerid:assigned_user_id:Project_Assigned_To:V'),(49,19,'vtiger_project:contactid:contactid:Project_Contact_Name:V'),(50,0,'vtiger_cttimetracker:tracking_title:tracking_title:CTTimeTracker_Title:V'),(50,1,'vtiger_cttimetracker:tracking_notes:tracking_notes:CTTimeTracker_Notes:V'),(50,2,'vtiger_cttimetracker:related_to:related_to:CTTimeTracker_Related_to:V'),(50,3,'vtiger_cttimetracker:tracking_user:tracking_user:CTTimeTracker_Employee_Name:I'),(50,4,'vtiger_crmentity:createdtime:createdtime:CTTimeTracker_Created_Time:DT'),(50,5,'vtiger_crmentity:modifiedtime:modifiedtime:CTTimeTracker_Modified_Time:DT'),(50,6,'vtiger_cttimetracker:check_in_address:check_in_address:CTTimeTracker_Location_Address_When_Start_Timer:V'),(50,7,'vtiger_cttimetracker:check_out_address:check_out_address:CTTimeTracker_Location_Address_When_Stop_Timer:V'),(50,8,'vtiger_cttimetracker:total_hour:total_hour:CTTimeTracker_Total_Hours:I'),(50,9,'vtiger_cttimetracker:total_min:total_min:CTTimeTracker_Total_Minutes:I'),(50,10,'vtiger_cttimetracker:tracking_status:tracking_status:CTTimeTracker_Status:V'),(51,1,'vtiger_cttimecontrol:cttimecontrol_no:cttimecontrol_no:CTTimeControl_Time_Control_No:V'),(51,2,'vtiger_cttimecontrol:related_tracking:related_tracking:CTTimeControl_Related_To:I'),(51,3,'vtiger_crmentity:smownerid:assigned_user_id:CTTimeControl_Assigned_To:V'),(52,0,'vtiger_ctrouteplanning:ctroutename:ctroutename:CTRoutePlanning_Route_Name:V'),(52,1,'vtiger_ctrouteplanning:ctroute_date:ctroute_date:CTRoutePlanning_Route_Planning_Date:D'),(52,2,'vtiger_crmentity:smownerid:assigned_user_id:CTRoutePlanning_Assigned_To:V'),(53,1,'vtiger_ctrouteattendance:ctroute_user:ctroute_user:CTRouteAttendance_Employee_Name:V'),(53,2,'vtiger_crmentity:createdtime:createdtime:CTRouteAttendance_Check_In:DT'),(53,3,'vtiger_ctrouteattendance:check_in_address:check_in_address:CTRouteAttendance_Check_In_Address:V'),(53,4,'vtiger_crmentity:modifiedtime:modifiedtime:CTRouteAttendance_Check_Out:DT'),(53,5,'vtiger_ctrouteattendance:check_out_address:check_out_address:CTRouteAttendance_Check_Out_Address:V'),(54,0,'vtiger_ctattendance:employee_name:employee_name:CTAttendance_Employee_Name:V'),(54,1,'vtiger_crmentity:createdtime:createdtime:CTAttendance_Check_In:DT'),(54,2,'vtiger_ctattendance:check_in_address:check_in_address:CTAttendance_Check_In_Address:V'),(54,3,'vtiger_crmentity:modifiedtime:modifiedtime:CTAttendance_Check_Out:DT'),(54,4,'vtiger_ctattendance:check_out_address:check_out_address:CTAttendance_Check_Out_Address:V'),(54,5,'vtiger_ctattendance:eventid:eventid:CTAttendance_Event_Name:V'),(54,6,'vtiger_ctattendance:attendance_status:attendance_status:CTAttendance_Attendance_Status:V'),(57,1,'vtiger_ctuserfilterview:ctuser_filter_view_no:ctuser_filter_view_no:CTUserFilterView_CTMobile_User_Filter_View_No:V'),(57,2,'vtiger_ctuserfilterview:module_name:module_name:CTUserFilterView_Module_Name:V'),(58,0,'vtiger_ctmessagetemplate:description:description:CTMessageTemplate_Description_:V'),(58,1,'vtiger_ctmessagetemplate:template_no:template_no:CTMessageTemplate_Templte_No:V'),(58,2,'vtiger_ctmessagetemplate:message_status:message_status:CTMessageTemplate_Status:V'),(59,1,'vtiger_ctpushnotification:pn_title:pn_title:CTPushNotification_Push_Notification_Title:V'),(59,2,'vtiger_ctpushnotification:pn_related:pn_related:CTPushNotification_Related_Module:V'),(59,3,'vtiger_ctpushnotification:pushnotificationstatus:pushnotificationstatus:CTPushNotification_Push_Notification_Status:V'),(61,0,'vtiger_cobranzas:lb_numerofactura:lb_numerofactura:Cobranzas_Numero_de_Factura:V'),(61,1,'vtiger_cobranzas:lb_razonsocial:lb_razonsocial:Cobranzas_Razon_Social:V'),(61,2,'vtiger_cobranzas:lb_estado:lb_estado:Cobranzas_Estado:V'),(61,3,'vtiger_cobranzas:lb_montototal:lb_montototal:Cobranzas_Monto_Total:N'),(61,4,'vtiger_cobranzas:lb_fechadevencimiento:lb_fechadevencimiento:Cobranzas_Fecha_de_Vencimiento:D'),(61,5,'vtiger_crmentity:smownerid:assigned_user_id:Cobranzas_Assigned_To:V'),(61,6,'vtiger_cobranzas:lb_conreclamos:lb_conreclamos:Cobranzas_Con_Reclamos:V'),(61,7,'vtiger_cobranzas:lb_etapa:lb_etapa:Cobranzas_Etapa:V'),(61,8,'vtiger_cobranzas:lb_montofinalacordado:lb_montofinalacordado:Cobranzas_Monto_Final_Acordado:N'),(63,0,'vtiger_pagos:pagosno:pagosno:Pagos_Pagos_No:V'),(63,1,'vtiger_crmentity:smownerid:assigned_user_id:Pagos_Assigned_To:V'),(63,2,'vtiger_pagos:lb_estadopagosparciales:lb_estadopagosparciales:Pagos_Estado_de_Pago:V'),(63,3,'vtiger_pagos:lb_montopagosparciales:lb_montopagosparciales:Pagos_Monto:N'),(63,4,'vtiger_pagos:lb_formapagosparciales:lb_formapagosparciales:Pagos_Forma_de_Pago:V'),(63,5,'vtiger_pagos:lb_cobranzapagosparciales:lb_cobranzapagosparciales:Pagos_Cobranza:V'),(65,0,'vtiger_ctwhatsapp:whatsapp_no:whatsapp_no:CTWhatsApp_WhatsApp_No:V'),(65,1,'vtiger_ctwhatsapp:whatsapp_sendername:whatsapp_sendername:CTWhatsApp_Sender_Name:V'),(65,2,'vtiger_ctwhatsapp:whatsapp_chatid:whatsapp_chatid:CTWhatsApp_WhatsApp_ChatId:V'),(65,3,'vtiger_ctwhatsapp:whatsapp_unreadread:whatsapp_unreadread:CTWhatsApp_Read_/_Unread:V'),(65,4,'vtiger_ctwhatsapp:message_type:message_type:CTWhatsApp_Message_Type:V'),(65,5,'vtiger_ctwhatsapp:message_body:message_body:CTWhatsApp_Body:V'),(65,6,'vtiger_crmentity:createdtime:createdtime:CTWhatsApp_Created_Time:DT'),(65,7,'vtiger_crmentity:modifiedtime:modifiedtime:CTWhatsApp_Modified_Time:DT'),(65,8,'vtiger_crmentity:smownerid:assigned_user_id:CTWhatsApp_Assigned_To:V'),(65,9,'vtiger_ctwhatsapp:whatsapp_contactid:whatsapp_contactid:CTWhatsApp_Related_To:V'),(65,10,'vtiger_ctwhatsapp:whatsapp_withccode:whatsapp_withccode:CTWhatsApp_With_Country_Code:V'),(65,11,'vtiger_ctwhatsapp:msgid:msgid:CTWhatsApp_Message_ID:V'),(65,12,'vtiger_ctwhatsapp:whatsapp_datetime:whatsapp_datetime:CTWhatsApp_Date_Time_of_message:DT'),(66,0,'vtiger_ctwhatsapp:whatsapp_sendername:whatsapp_sendername:CTWhatsApp_Sender_Name:V'),(66,1,'vtiger_ctwhatsapp:whatsapp_important:whatsapp_important:CTWhatsApp_Important:V'),(66,2,'vtiger_ctwhatsapp:whatsapp_response:whatsapp_response:CTWhatsApp_Response:V'),(66,3,'vtiger_ctwhatsapp:whatsapp_displayname:whatsapp_displayname:CTWhatsApp_Display_Name:V'),(66,4,'vtiger_ctwhatsapp:whatsapp_contactid:whatsapp_contactid:CTWhatsApp_Related_To:V'),(66,5,'vtiger_ctwhatsapp:whatsapp_botid:whatsapp_botid:CTWhatsApp_BotID:V'),(66,6,'vtiger_ctwhatsapp:your_number:your_number:CTWhatsApp_Your_phone_number:V'),(66,7,'vtiger_ctwhatsapp:whatsapp_withccode:whatsapp_withccode:CTWhatsApp_With_Country_Code:V'),(66,8,'vtiger_ctwhatsapp:msgid:msgid:CTWhatsApp_Message_ID:V'),(66,9,'vtiger_ctwhatsapp:message_body:message_body:CTWhatsApp_Body:V'),(66,10,'vtiger_crmentity:smownerid:assigned_user_id:CTWhatsApp_Assigned_To:V'),(66,11,'vtiger_ctwhatsapp:message_type:message_type:CTWhatsApp_Message_Type:V'),(66,12,'vtiger_crmentity:createdtime:createdtime:CTWhatsApp_Created_Time:DT'),(66,13,'vtiger_ctwhatsapp:whatsapp_unreadread:whatsapp_unreadread:CTWhatsApp_Read_/_Unread:V'),(66,14,'vtiger_ctwhatsapp:whatsapp_chatid:whatsapp_chatid:CTWhatsApp_WhatsApp_ChatId:V'),(66,15,'vtiger_ctwhatsapp:whatsapp_withoccode:whatsapp_withoccode:CTWhatsApp_Mass_Message:V'),(67,0,'vtiger_ctwhatsapp:whatsapp_no:whatsapp_no:CTWhatsApp_WhatsApp_No:V'),(67,1,'vtiger_ctwhatsapp:whatsapp_chatid:whatsapp_chatid:CTWhatsApp_WhatsApp_ChatId:V'),(67,2,'vtiger_ctwhatsapp:whatsapp_sendername:whatsapp_sendername:CTWhatsApp_Sender_Name:V'),(67,3,'vtiger_ctwhatsapp:message_type:message_type:CTWhatsApp_Message_Type:V'),(67,4,'vtiger_ctwhatsapp:message_body:message_body:CTWhatsApp_Body:V'),(67,5,'vtiger_crmentity:createdtime:createdtime:CTWhatsApp_Created_Time:DT'),(67,6,'vtiger_crmentity:smownerid:assigned_user_id:CTWhatsApp_Assigned_To:V'),(67,7,'vtiger_ctwhatsapp:whatsapp_contactid:whatsapp_contactid:CTWhatsApp_Related_To:V'),(67,8,'vtiger_crmentity:source:source:CTWhatsApp_Source:V'),(67,9,'vtiger_ctwhatsapp:whatsapp_unreadread:whatsapp_unreadread:CTWhatsApp_Read_/_Unread:V'),(67,10,'vtiger_ctwhatsapp:whatsapp_withccode:whatsapp_withccode:CTWhatsApp_With_Country_Code:V'),(67,11,'vtiger_ctwhatsapp:whatsapp_withoccode:whatsapp_withoccode:CTWhatsApp_Mass_Message:V'),(67,12,'vtiger_ctwhatsapp:msgid:msgid:CTWhatsApp_Message_ID:V'),(67,13,'vtiger_ctwhatsapp:whatsapp_datetime:whatsapp_datetime:CTWhatsApp_Date_Time_of_message:DT'),(67,14,'vtiger_ctwhatsapp:whatsapp_important:whatsapp_important:CTWhatsApp_Important:V'),(68,0,'vtiger_ctwhatsapp:whatsapp_no:whatsapp_no:CTWhatsApp_WhatsApp_No:V'),(68,1,'vtiger_ctwhatsapp:whatsapp_sendername:whatsapp_sendername:CTWhatsApp_Sender_Name:V'),(68,2,'vtiger_ctwhatsapp:whatsapp_chatid:whatsapp_chatid:CTWhatsApp_WhatsApp_ChatId:V'),(68,3,'vtiger_ctwhatsapp:message_type:message_type:CTWhatsApp_Message_Type:V'),(68,4,'vtiger_ctwhatsapp:message_body:message_body:CTWhatsApp_Body:V'),(68,5,'vtiger_crmentity:createdtime:createdtime:CTWhatsApp_Created_Time:DT'),(68,6,'vtiger_crmentity:smownerid:assigned_user_id:CTWhatsApp_Assigned_To:V'),(68,7,'vtiger_ctwhatsapp:whatsapp_contactid:whatsapp_contactid:CTWhatsApp_Related_To:V'),(68,8,'vtiger_crmentity:source:source:CTWhatsApp_Source:V'),(68,9,'vtiger_ctwhatsapp:whatsapp_unreadread:whatsapp_unreadread:CTWhatsApp_Read_/_Unread:V'),(68,10,'vtiger_ctwhatsapp:whatsapp_withccode:whatsapp_withccode:CTWhatsApp_With_Country_Code:V'),(68,11,'vtiger_ctwhatsapp:whatsapp_withoccode:whatsapp_withoccode:CTWhatsApp_Mass_Message:V'),(68,12,'vtiger_ctwhatsapp:msgid:msgid:CTWhatsApp_Message_ID:V'),(68,13,'vtiger_ctwhatsapp:whatsapp_datetime:whatsapp_datetime:CTWhatsApp_Date_Time_of_message:DT'),(68,14,'vtiger_ctwhatsapp:whatsapp_important:whatsapp_important:CTWhatsApp_Important:V'),(69,0,'vtiger_ctwhatsapp:message_body:message_body:CTWhatsApp_Body:V'),(69,1,'vtiger_ctwhatsapp:whatsapp_no:whatsapp_no:CTWhatsApp_WhatsApp_No:V'),(69,2,'vtiger_crmentity:smownerid:assigned_user_id:CTWhatsApp_Assigned_To:V'),(70,0,'vtiger_ctwhatsapp:whatsapp_sendername:whatsapp_sendername:CTWhatsApp_Sender_Name:V'),(70,1,'vtiger_ctwhatsapp:whatsapp_withccode:whatsapp_withccode:CTWhatsApp_With_Country_Code:V'),(70,2,'vtiger_ctwhatsapp:whatsapp_no:whatsapp_no:CTWhatsApp_WhatsApp_No:V'),(70,3,'vtiger_ctwhatsapp:message_type:message_type:CTWhatsApp_Message_Type:V'),(70,4,'vtiger_crmentity:smownerid:assigned_user_id:CTWhatsApp_Assigned_To:V'),(70,5,'vtiger_ctwhatsapp:message_body:message_body:CTWhatsApp_Body:V'),(70,6,'vtiger_ctwhatsapp:whatsapp_chatid:whatsapp_chatid:CTWhatsApp_WhatsApp_ChatId:V'),(70,7,'vtiger_ctwhatsapp:whatsapp_datetime:whatsapp_datetime:CTWhatsApp_Date_Time_of_message:DT'),(70,8,'vtiger_ctwhatsapp:whatsapp_unreadread:whatsapp_unreadread:CTWhatsApp_Read_/_Unread:V'),(70,9,'vtiger_ctwhatsapp:whatsapp_important:whatsapp_important:CTWhatsApp_Important:V'),(70,10,'vtiger_ctwhatsapp:your_number:your_number:CTWhatsApp_Your_phone_number:V'),(71,0,'vtiger_ctwhatsapp:message_type:message_type:CTWhatsApp_Message_Type:V'),(71,1,'vtiger_ctwhatsapp:whatsapp_unreadread:whatsapp_unreadread:CTWhatsApp_Read_/_Unread:V'),(71,2,'vtiger_ctwhatsapp:message_body:message_body:CTWhatsApp_Body:V'),(71,3,'vtiger_ctwhatsapp:whatsapp_no:whatsapp_no:CTWhatsApp_WhatsApp_No:V'),(71,4,'vtiger_ctwhatsapp:whatsapp_sendername:whatsapp_sendername:CTWhatsApp_Sender_Name:V'),(71,5,'vtiger_crmentity:smownerid:assigned_user_id:CTWhatsApp_Assigned_To:V'),(72,0,'vtiger_ctwhatsapp:whatsapp_datetime:whatsapp_datetime:CTWhatsApp_Date_Time_of_message:DT'),(72,1,'vtiger_ctwhatsapp:whatsapp_no:whatsapp_no:CTWhatsApp_WhatsApp_No:V'),(72,2,'vtiger_ctwhatsapp:message_type:message_type:CTWhatsApp_Message_Type:V'),(72,3,'vtiger_ctwhatsapp:message_body:message_body:CTWhatsApp_Body:V'),(72,4,'vtiger_ctwhatsapp:whatsapp_unreadread:whatsapp_unreadread:CTWhatsApp_Read_/_Unread:V'),(72,5,'vtiger_ctwhatsapp:your_number:your_number:CTWhatsApp_Your_phone_number:V'),(72,6,'vtiger_ctwhatsapp:whatsapp_withccode:whatsapp_withccode:CTWhatsApp_With_Country_Code:V'),(72,7,'vtiger_crmentity:smownerid:assigned_user_id:CTWhatsApp_Assigned_To:V'),(73,0,'vtiger_ctwhatsapp:whatsapp_contactid:whatsapp_contactid:CTWhatsApp_Related_To:V'),(73,1,'vtiger_ctwhatsapp:message_body:message_body:CTWhatsApp_Body:V'),(73,2,'vtiger_ctwhatsapp:whatsapp_chatid:whatsapp_chatid:CTWhatsApp_WhatsApp_ChatId:V'),(73,3,'vtiger_ctwhatsapp:whatsapp_sendername:whatsapp_sendername:CTWhatsApp_Sender_Name:V'),(73,4,'vtiger_crmentity:smownerid:assigned_user_id:CTWhatsApp_Assigned_To:V'),(73,5,'vtiger_ctwhatsapp:whatsapp_withccode:whatsapp_withccode:CTWhatsApp_With_Country_Code:V'),(73,6,'vtiger_ctwhatsapp:msgid:msgid:CTWhatsApp_Message_ID:V'),(73,7,'vtiger_ctwhatsapp:whatsapp_displayname:whatsapp_displayname:CTWhatsApp_Display_Name:V'),(74,1,'vtiger_ctwhatsapptemplates:wptemplate_scannumber:wptemplate_scannumber:CTWhatsAppTemplates_Template_Number:V'),(74,2,'vtiger_ctwhatsapptemplates:wptemplate_text:wptemplate_text:CTWhatsAppTemplates_WhatsApp_message_to_Send:V'),(74,3,'vtiger_ctwhatsapptemplates:wptemplate_title:wptemplate_title:CTWhatsAppTemplates_Title:V'),(74,4,'vtiger_ctwhatsapptemplates:wptemplate_modules:wptemplate_modules:CTWhatsAppTemplates_Module_Name:V'),(74,5,'vtiger_crmentity:smownerid:assigned_user_id:CTWhatsAppTemplates_Assigned_To:V'),(74,6,'vtiger_ctwhatsapptemplates:whatsapptemplates_no:whatsapptemplates_no:CTWhatsAppTemplates_WhatsAppTemplates_No:V'),(74,7,'vtiger_ctwhatsapptemplates:wptemplate_image:wptemplate_image:CTWhatsAppTemplates_WhatsApp_Banner_to_send:V'),(74,8,'vtiger_ctwhatsapptemplates:wptemplate_fields:wptemplate_fields:CTWhatsAppTemplates_Module_Fields:V'),(74,9,'vtiger_crmentity:createdtime:createdtime:CTWhatsAppTemplates_Created_Time:DT'),(74,10,'vtiger_crmentity:modifiedtime:modifiedtime:CTWhatsAppTemplates_Modified_Time:DT'),(74,11,'vtiger_crmentity:source:source:CTWhatsAppTemplates_Source:V'),(75,0,'vtiger_ctwhatsapptemplates:wptemplate_title:wptemplate_title:CTWhatsAppTemplates_Title:V'),(75,1,'vtiger_ctwhatsapptemplates:wptemplate_modules:wptemplate_modules:CTWhatsAppTemplates_Module_Name:V'),(75,2,'vtiger_crmentity:smownerid:assigned_user_id:CTWhatsAppTemplates_Assigned_To:V'),(76,0,'vtiger_whatsapplog:messagelog_body:messagelog_body:WhatsAppLog_Body:V'),(76,1,'vtiger_whatsapplog:whatsapp_numberactive:whatsapp_numberactive:WhatsAppLog_WhatsApp_Active/InActive:C'),(76,2,'vtiger_whatsapplog:whatsapplog_response:whatsapplog_response:WhatsAppLog_Response:V'),(76,3,'vtiger_whatsapplog:whatsapplog_displayname:whatsapplog_displayname:WhatsAppLog_Display_Name:V'),(76,4,'vtiger_whatsapplog:whatsapplog_contactid:whatsapplog_contactid:WhatsAppLog_Contacts_ID:V'),(76,5,'vtiger_whatsapplog:whatsapplog_botid:whatsapplog_botid:WhatsAppLog_BotID:V'),(76,6,'vtiger_whatsapplog:whatsapplog_your_number:whatsapplog_your_number:WhatsAppLog_Your_phone_number:V'),(76,7,'vtiger_whatsapplog:whatsapplog_withccode:whatsapplog_withccode:WhatsAppLog_Customer_phone:V'),(76,8,'vtiger_whatsapplog:whatsapplog_msgid:whatsapplog_msgid:WhatsAppLog_Message_ID:V'),(76,9,'vtiger_crmentity:smownerid:assigned_user_id:WhatsAppLog_Assigned_To:V'),(76,10,'vtiger_whatsapplog:messagelog_type:messagelog_type:WhatsAppLog_Message_Type:V'),(76,11,'vtiger_crmentity:createdtime:createdtime:WhatsAppLog_Created_Time:DT'),(76,12,'vtiger_whatsapplog:whatsapplog_unreadread:whatsapplog_unreadread:WhatsAppLog_Read_/_Unread:V'),(76,13,'vtiger_whatsapplog:whatsapplog_important:whatsapplog_important:WhatsAppLog_Important:V'),(76,14,'vtiger_whatsapplog:whatsapplog_sendername:whatsapplog_sendername:WhatsAppLog_Sender_Name:V'),(77,0,'vtiger_whatsapplog:whatsapplog_important:whatsapplog_important:WhatsAppLog_Important:V'),(77,1,'vtiger_whatsapplog:whatsapplog_no:whatsapplog_no:WhatsAppLog_WhatsAppLog_No:V'),(77,2,'vtiger_whatsapplog:whatsapplog_sendername:whatsapplog_sendername:WhatsAppLog_Sender_Name:V'),(77,3,'vtiger_whatsapplog:whatsapplog_chatid:whatsapplog_chatid:WhatsAppLog_Whatsapp_ChatId:V'),(77,4,'vtiger_whatsapplog:messagelog_type:messagelog_type:WhatsAppLog_Message_Type:V'),(77,5,'vtiger_whatsapplog:messagelog_body:messagelog_body:WhatsAppLog_Body:V'),(77,6,'vtiger_whatsapplog:whatsapplog_quotemessage:whatsapplog_quotemessage:WhatsAppLog_Quote_Message:V'),(77,7,'vtiger_whatsapplog:whatsapplog_contactid:whatsapplog_contactid:WhatsAppLog_Contacts_ID:V'),(77,8,'vtiger_whatsapplog:whatsapplog_unreadread:whatsapplog_unreadread:WhatsAppLog_Read_/_Unread:V'),(77,9,'vtiger_whatsapplog:whatsapplog_withoccode:whatsapplog_withoccode:WhatsAppLog_Mass_Message_:V'),(77,10,'vtiger_whatsapplog:whatsapplog_withccode:whatsapplog_withccode:WhatsAppLog_Customer_phone:V'),(77,11,'vtiger_whatsapplog:whatsapplog_datetime:whatsapplog_datetime:WhatsAppLog_Date_Time_of_message:DT'),(77,12,'vtiger_whatsapplog:whatsapplog_msgid:whatsapplog_msgid:WhatsAppLog_Message_ID:V'),(77,13,'vtiger_whatsapplog:whatsapplog_your_number:whatsapplog_your_number:WhatsAppLog_Your_phone_number:V'),(77,14,'vtiger_crmentity:smownerid:assigned_user_id:WhatsAppLog_Assigned_To:V'),(78,0,'vtiger_cobranzas:lb_razonsocial:lb_razonsocial:Cobranzas_Razon_Social:V'),(78,1,'vtiger_cobranzas:lb_numerofactura:lb_numerofactura:Cobranzas_Numero_de_Factura:V'),(78,2,'vtiger_cobranzas:lb_montototal:lb_montototal:Cobranzas_Monto_Total:N'),(78,3,'vtiger_cobranzas:lb_fechaemision:lb_fechaemision:Cobranzas_Fecha_de_Emisión:D'),(78,4,'vtiger_cobranzas:lb_fechadevencimiento:lb_fechadevencimiento:Cobranzas_Fecha_de_Vencimiento:D'),(78,5,'vtiger_cobranzas:lb_diasvencidos:lb_diasvencidos:Cobranzas_Días_Vencidos:V'),(78,6,'vtiger_cobranzas:lb_estado:lb_estado:Cobranzas_Estado:V'),(78,7,'vtiger_cobranzas:lb_contactopag:lb_contactopag:Cobranzas_Contacto:V'),(78,8,'vtiger_contactdetails:email:(lb_contactopag ; (Contacts) email):Contacts_Contacto-Email:V'),(78,9,'vtiger_contactdetails:phone:(lb_contactopag ; (Contacts) phone):Contacts_Contacto-Teléfono:V'),(78,10,'vtiger_crmentity:smownerid:assigned_user_id:Cobranzas_Assigned_To:V'),(79,0,'vtiger_cobranzas:lb_razonsocial:lb_razonsocial:Cobranzas_Razon_Social:V'),(79,1,'vtiger_cobranzas:lb_numerofactura:lb_numerofactura:Cobranzas_Numero_de_Factura:V'),(79,2,'vtiger_cobranzas:lb_fechadevencimiento:lb_fechadevencimiento:Cobranzas_Fecha_de_Vencimiento:D'),(79,3,'vtiger_cobranzas:lb_montototal:lb_montototal:Cobranzas_Monto_Total:N'),(79,4,'vtiger_cobranzas:lb_estado:lb_estado:Cobranzas_Estado:V'),(79,5,'vtiger_cobranzas:lb_diasvencidos:lb_diasvencidos:Cobranzas_Días_Vencidos:V'),(79,6,'vtiger_cobranzas:lb_contactopag:lb_contactopag:Cobranzas_Contacto:V'),(79,7,'vtiger_cobranzas:lb_telefonocobran:lb_telefonocobran:Cobranzas_Telefono:V'),(79,8,'vtiger_contactdetails:email:(lb_contactopag ; (Contacts) email):Contacts_Contacto-Email:V'),(79,9,'vtiger_crmentity:smownerid:assigned_user_id:Cobranzas_Assigned_To:V'),(80,0,'vtiger_cobranzas:lb_numerofactura:lb_numerofactura:Cobranzas_Numero_de_Factura:V'),(80,1,'vtiger_cobranzas:lb_razonsocial:lb_razonsocial:Cobranzas_Razon_Social:V'),(80,2,'vtiger_cobranzas:lb_fechaemision:lb_fechaemision:Cobranzas_Fecha_de_Emisión:D'),(80,3,'vtiger_cobranzas:lb_fechadevencimiento:lb_fechadevencimiento:Cobranzas_Fecha_de_Vencimiento:D'),(80,4,'vtiger_cobranzas:lb_fechacompromisopa:lb_fechacompromisopa:Cobranzas_Fecha_de_Compromiso_de_Pago	:D'),(80,5,'vtiger_cobranzas:lb_montototal:lb_montototal:Cobranzas_Monto_Total:N'),(80,6,'vtiger_cobranzas:lb_estado:lb_estado:Cobranzas_Estado:V'),(80,7,'vtiger_cobranzas:lb_diasvencidos:lb_diasvencidos:Cobranzas_Días_Vencidos:V'),(80,8,'vtiger_crmentity:smownerid:assigned_user_id:Cobranzas_Assigned_To:V'),(80,9,'vtiger_cobranzas:lb_contactopag:lb_contactopag:Cobranzas_Contacto:V'),(80,10,'vtiger_cobranzas:lb_telefonocobran:lb_telefonocobran:Cobranzas_Telefono:V');

--
