/*!50001 DROP VIEW IF EXISTS `vs_oportunidades`*/;
/*!50001 CREATE VIEW `vs_oportunidades` AS SELECT
 1 AS `potentialid`,
  1 AS `first_name`,
  1 AS `last_name`,
  1 AS `user_name`,
  1 AS `potentialname`,
  1 AS `amount`,
  1 AS `sales_stage`,
  1 AS `closingdate`,
  1 AS `probability` */;

--
-- Table structure for table `vt_field_input`
--

CREATE TABLE `vt_field_input` (
  `idvt_field_input` int(11) NOT NULL AUTO_INCREMENT,
  `classfield` text DEFAULT NULL,
  `fieldid` int(11) NOT NULL,
  PRIMARY KEY (`idvt_field_input`)
) ENGINE=InnoDB DEFAULT CHARSET=utf8 COLLATE=utf8_general_ci;

--
-- Dumping data for table `vt_field_input`
--


--
-- Table structure for table `vtiger_account`
--

CREATE TABLE `vtiger_account` (
  `accountid` int(19) NOT NULL DEFAULT 0,
  `account_no` varchar(100) NOT NULL,
  `accountname` varchar(100) NOT NULL,
  `parentid` int(19) DEFAULT 0,
  `account_type` varchar(200) DEFAULT NULL,
  `industry` varchar(200) DEFAULT NULL,
  `annualrevenue` decimal(25,8) DEFAULT NULL,
  `rating` varchar(200) DEFAULT NULL,
  `ownership` varchar(50) DEFAULT NULL,
  `siccode` varchar(50) DEFAULT NULL,
  `tickersymbol` varchar(30) DEFAULT NULL,
  `phone` varchar(30) DEFAULT NULL,
  `otherphone` varchar(30) DEFAULT NULL,
  `email1` varchar(100) DEFAULT NULL,
  `email2` varchar(100) DEFAULT NULL,
  `website` varchar(100) DEFAULT NULL,
  `fax` varchar(30) DEFAULT NULL,
  `employees` int(10) DEFAULT 0,
  `emailoptout` varchar(3) DEFAULT '0',
  `notify_owner` varchar(3) DEFAULT '0',
  `isconvertedfromlead` varchar(3) DEFAULT '0',
  `tags` varchar(1) DEFAULT NULL,
  `lb_asesor` text DEFAULT NULL,
  `lb_supervisor` text DEFAULT NULL,
  `lb_problemasuoportunidades` text DEFAULT NULL,
  `lb_proyectosoiniciativas` text DEFAULT NULL,
  `lb_productoaofrecer` text DEFAULT NULL,
  `lb_estrategiayobjetivos` text DEFAULT NULL,
  `lb_perfilde` text DEFAULT NULL,
  `lb_compraacumulada` decimal(25,8) DEFAULT NULL,
  `lb_region` text DEFAULT NULL,
  `lb_frecuenciadevisitames` int(50) DEFAULT NULL,
  `lb_frecuenciadecomprames` int(50) DEFAULT NULL,
  `lb_proximavisita` date DEFAULT NULL,
  `lb_proximacompra` date DEFAULT NULL,
  PRIMARY KEY (`accountid`),
  KEY `account_account_type_idx` (`account_type`),
  KEY `email_idx` (`email1`,`email2`),
  CONSTRAINT `fk_1_vtiger_account` FOREIGN KEY (`accountid`) REFERENCES `vtiger_crmentity` (`crmid`) ON DELETE CASCADE
) ENGINE=InnoDB DEFAULT CHARSET=utf8 COLLATE=utf8_general_ci;

--
-- Dumping data for table `vtiger_account`
--

INSERT INTO `vtiger_account` VALUES (2,'ACC1','PETROLEOS DEL PERU PETROPERU S.A.',0,'Cliente','',0.00000000,'','','20100128218','','(1)6145000','','servcliente@petroperu.com.pe','','','',0,'0','0','0','',NULL,NULL,NULL,NULL,NULL,NULL,NULL,NULL,NULL,NULL,NULL,NULL,NULL),(3,'ACC2','REFINERIA LA PAMPILLA S.A.A',0,'Cliente','',0.00000000,'','','20259829594','','(1)2156225','','repsolypf@repsolypf.com','','','',0,'0','0','0','',NULL,NULL,NULL,NULL,NULL,NULL,NULL,NULL,NULL,NULL,NULL,NULL,NULL),(4,'ACC3','SOUTHERN PERU COPPER CORPORATION SUC. DEL PERU',0,'Cliente','',0.00000000,'','','20100147514','','(1)5120440','','spcc@southernperu.com.pe','','','',0,'0','0','0','',NULL,NULL,NULL,NULL,NULL,NULL,NULL,NULL,NULL,NULL,NULL,NULL,NULL),(5,'ACC4','MINERA YANACOCHA S.R.L.',0,'Cliente','',0.00000000,'','','20137291313','','(1)2152600','','info@hocplc.com','','','',0,'0','0','0','',NULL,NULL,NULL,NULL,NULL,NULL,NULL,NULL,NULL,NULL,NULL,NULL,NULL),(6,'ACC5','CIA. MINERA ANTAMINA S.A.',0,'Cliente','',0.00000000,'','','20330262428','','(1)2173000','','comcorp@antamina.com','','','',0,'0','0','0','',NULL,NULL,NULL,NULL,NULL,NULL,NULL,NULL,NULL,NULL,NULL,NULL,NULL),(7,'ACC6','SOCIEDAD MINERA CERRO VERDE S.A.A.',0,'Cliente','',0.00000000,'','','20170072465','','(54)283363','','','','','',0,'0','0','0','',NULL,NULL,NULL,NULL,NULL,NULL,NULL,NULL,NULL,NULL,NULL,NULL,NULL),(8,'ACC7','BANCO DE CREDITO DEL PERU SA',0,'Cliente','',0.00000000,'','','20100047218','','(1)3132000','','viabcp@viabcp.com','','','',0,'0','0','0','',NULL,NULL,NULL,NULL,NULL,NULL,NULL,NULL,NULL,NULL,NULL,NULL,NULL),(9,'ACC8','SEGURO SOCIAL DE SALUD - ESSALUD',0,'Cliente','',0.00000000,'','','20131257750','','(1)2656000','','essalud@essalud.gob.pe','','','',0,'0','0','0','',NULL,NULL,NULL,NULL,NULL,NULL,NULL,NULL,NULL,NULL,NULL,NULL,NULL),(10,'ACC9','TELEFONICA DEL PERU S.A.A.',0,'Cliente','',0.00000000,'','','20100017491','','(1)2101342','','rvaron@tp.com.pe','','','',0,'0','0','0','',NULL,NULL,NULL,NULL,NULL,NULL,NULL,NULL,NULL,NULL,NULL,NULL,NULL),(11,'ACC10','CONSORCIO MINERO S.A.',0,'Cliente','',0.00000000,'','','20100140340','','(1)2159900','','','','','',0,'0','0','0','',NULL,NULL,NULL,NULL,NULL,NULL,NULL,NULL,NULL,NULL,NULL,NULL,NULL),(12,'ACC11','BANCO CENTRAL DE RESERVA DEL PERU',0,'Cliente','',0.00000000,'','','20122476309','','(1)6132000','','webmaster@bcrp.gob.pe','','','',0,'0','0','0','',NULL,NULL,NULL,NULL,NULL,NULL,NULL,NULL,NULL,NULL,NULL,NULL,NULL),(13,'ACC12','BANCO CONTINENTAL',0,'Cliente','',0.00000000,'','','20100130204','','(1)2111000','','planeamiento@grupobbva.com','','','',0,'0','0','0','',NULL,NULL,NULL,NULL,NULL,NULL,NULL,NULL,NULL,NULL,NULL,NULL,NULL),(14,'ACC13','TELEFONICA MOVILES S.A.',0,'Cliente','',0.00000000,'','','20100177774','','(1)2157400','','','','','',0,'0','0','0','',NULL,NULL,NULL,NULL,NULL,NULL,NULL,NULL,NULL,NULL,NULL,NULL,NULL),(15,'ACC14','PERUPETRO S.A.',0,'Cliente','',0.00000000,'','','20196785044','','(1)6171800','','admweb@perupetro.com.pe','','','',0,'0','0','0','',NULL,NULL,NULL,NULL,NULL,NULL,NULL,NULL,NULL,NULL,NULL,NULL,NULL),(16,'ACC15','ALICORP S.A.A.',0,'Cliente','',0.00000000,'','','20100055237','','(1)3150800','','atencionclientes@alicorp.com.pe','','','',0,'0','0','0','',NULL,NULL,NULL,NULL,NULL,NULL,NULL,NULL,NULL,NULL,NULL,NULL,NULL),(17,'ACC16','UNION DE CERVECERIAS PERUANAS BACKUS Y JOHNSTON S.A.A.',0,'Cliente','',0.00000000,'','','20100113610','','(1)3113000','','cobackus@backus.com.pe','','','',0,'0','0','0','',NULL,NULL,NULL,NULL,NULL,NULL,NULL,NULL,NULL,NULL,NULL,NULL,NULL),(18,'ACC17','REPSOL COMERCIAL S.A.C.',0,'Cliente','',0.00000000,'','','20503840121','','(1)2156225','','ecastagnettoc@repsolypf.com','','','',0,'0','0','0','',NULL,NULL,NULL,NULL,NULL,NULL,NULL,NULL,NULL,NULL,NULL,NULL,NULL),(19,'ACC18','PERUANA DE COMBUSTIBLES S.A.',0,'Cliente','',0.00000000,'','','20259033072','','(1)4114600','','sac@pecsa.com.pe','','','',0,'0','0','0','',NULL,NULL,NULL,NULL,NULL,NULL,NULL,NULL,NULL,NULL,NULL,NULL,NULL),(20,'ACC19','PRIMAX S.A.',0,'Cliente','',0.00000000,'','','20100082714','','(1)2033100','','contactenos@primax.com.pe','','','',0,'0','0','0','',NULL,NULL,NULL,NULL,NULL,NULL,NULL,NULL,NULL,NULL,NULL,NULL,NULL),(21,'ACC20','INTERBANK',0,'Cliente','',0.00000000,'','','20100053455','','(1)2192000','','netactiva24@intercorp.com.pe','','','',0,'0','0','0','',NULL,NULL,NULL,NULL,NULL,NULL,NULL,NULL,NULL,NULL,NULL,NULL,NULL),(22,'ACC21','SCOTIABANK PERU S.A.A.',0,'Cliente','',0.00000000,'','','20100043140','','(1)2116000','','mariaalejandra.rada@scotiabank.com.pe','','','',0,'0','0','0','',NULL,NULL,NULL,NULL,NULL,NULL,NULL,NULL,NULL,NULL,NULL,NULL,NULL),(23,'ACC22','AMERICA MOVIL PERU S.A.C.',0,'Cliente','',0.00000000,'','','20467534026','','(1)6131000','','samoros@claro.com.pe','','','',0,'0','0','0','',NULL,NULL,NULL,NULL,NULL,NULL,NULL,NULL,NULL,NULL,NULL,NULL,NULL),(24,'ACC23','HIPERMERCADOS METRO S.A.',0,'Cliente','',0.00000000,'','','20109072177','','(1)6260000','','','','','',0,'0','0','0','',NULL,NULL,NULL,NULL,NULL,NULL,NULL,NULL,NULL,NULL,NULL,NULL,NULL),(25,'ACC24','PROCESADORA SUDAMERICANA S.R.L.',0,'Cliente','',0.00000000,'','','20100277485','','(1)3261414','','psa@psa.com.pe','','','',0,'0','0','0','',NULL,NULL,NULL,NULL,NULL,NULL,NULL,NULL,NULL,NULL,NULL,NULL,NULL),(26,'ACC25','SUPERMERCADOS PERUANOS S.A.',0,'Cliente','',0.00000000,'','','20100070970','','(1)6188000','','','','','',0,'0','0','0','',NULL,NULL,NULL,NULL,NULL,NULL,NULL,NULL,NULL,NULL,NULL,NULL,NULL),(27,'ACC26','GLORIA S.A.',0,'Cliente','',0.00000000,'','','20100190797','','(1)4707170','','','','','',0,'0','0','0','',NULL,NULL,NULL,NULL,NULL,NULL,NULL,NULL,NULL,NULL,NULL,NULL,NULL),(28,'ACC27','RIMAC INTERNACIONAL CIA. DE SEGUROS Y REASEGUROS',0,'Cliente','',0.00000000,'','','20100041953','','(1)4113000','','atencionalcliente@rimac.com.pe','','','',0,'0','0','0','',NULL,NULL,NULL,NULL,NULL,NULL,NULL,NULL,NULL,NULL,NULL,NULL,NULL),(29,'ACC28','PLUSPETROL PERU CORPORATION S.A.',0,'Cliente','',0.00000000,'','','20304177552','','(1)4117100','','nbenito@pluspetrol.com.ar','','','',0,'0','0','0','',NULL,NULL,NULL,NULL,NULL,NULL,NULL,NULL,NULL,NULL,NULL,NULL,NULL),(30,'ACC29','FERREYROS S.A.A.',0,'Cliente','',0.00000000,'','','20100027292','','(1)6264000','','clientes@ferreyros.com.pe','','','',0,'0','0','0','',NULL,NULL,NULL,NULL,NULL,NULL,NULL,NULL,NULL,NULL,NULL,NULL,NULL),(31,'ACC30','A. Y S. S.A.',0,'Cliente','',0.00000000,'','','20259150117','','(1)2178060','','','','','',0,'0','0','0','',NULL,NULL,NULL,NULL,NULL,NULL,NULL,NULL,NULL,NULL,NULL,NULL,NULL),(32,'ACC31','CORPORACION ACEROS AREQUIPA S.A.',0,'Cliente','',0.00000000,'','','20370146994','','(1)5171800','','mktng@acerosarequipa.com','','','',0,'0','0','0','',NULL,NULL,NULL,NULL,NULL,NULL,NULL,NULL,NULL,NULL,NULL,NULL,NULL),(33,'ACC32','LUZ DEL SUR S.A.A.',0,'Cliente','',0.00000000,'','','20331898008','','(1)2719090','','central@luzdelsur.com.pe','','','',0,'0','0','0','',NULL,NULL,NULL,NULL,NULL,NULL,NULL,NULL,NULL,NULL,NULL,NULL,NULL),(34,'ACC33','EMPRESA DE DISTRIBUCION ELECTRICA DE LIMA NORTE S.A.A.',0,'Cliente','',0.00000000,'','','20269985900','','(1)5612001','','enlinea@edelnor.com.pe','','','',0,'0','0','0','',NULL,NULL,NULL,NULL,NULL,NULL,NULL,NULL,NULL,NULL,NULL,NULL,NULL),(35,'ACC34','SAVIA PERU S.A. (EX PETRO-TECH PERUANA S.A.)',0,'Cliente','',0.00000000,'','','20203058781','','(1)5137500','','','','','',0,'0','0','0','',NULL,NULL,NULL,NULL,NULL,NULL,NULL,NULL,NULL,NULL,NULL,NULL,NULL),(36,'ACC35','SAGA FALABELLA S.A.',0,'Cliente','',0.00000000,'','','20100128056','','(1)6161000','','','','','',0,'0','0','0','',NULL,NULL,NULL,NULL,NULL,NULL,NULL,NULL,NULL,NULL,NULL,NULL,NULL),(37,'ACC36','UNIVERSAL METAL TRADING S.A.C.',0,'Cliente','',0.00000000,'','','20421226378','','(1)2260031','','umtsac@terra.com.pe','','','',0,'0','0','0','',NULL,NULL,NULL,NULL,NULL,NULL,NULL,NULL,NULL,NULL,NULL,NULL,NULL),(38,'ACC37','VOLCAN CIA. MINERA S.A.A.',0,'Cliente','',0.00000000,'','','20383045267','','(1)2194000','','contac@volcan.com.pe','','','',0,'0','0','0','',NULL,NULL,NULL,NULL,NULL,NULL,NULL,NULL,NULL,NULL,NULL,NULL,NULL),(39,'ACC38','BANCO DE LA NACION',0,'Cliente','',0.00000000,'','','20100030595','','(1)5192000','','presidencia@bn.com.pe','','','',0,'0','0','0','',NULL,NULL,NULL,NULL,NULL,NULL,NULL,NULL,NULL,NULL,NULL,NULL,NULL),(40,'ACC39','MINSUR S.A.',0,'Cliente','',0.00000000,'','','20100136741','','(1)2158330','','','','','',0,'0','0','0','',NULL,NULL,NULL,NULL,NULL,NULL,NULL,NULL,NULL,NULL,NULL,NULL,NULL),(41,'ACC40','G. Y M. S.A.',0,'Cliente','',0.00000000,'','','20100154057','','(1)2130444','','mmiloslavich@gym.com.pe','','','',0,'0','0','0','',NULL,NULL,NULL,NULL,NULL,NULL,NULL,NULL,NULL,NULL,NULL,NULL,NULL),(42,'ACC41','CORPORACION JOSE R. LINDLEY S.A.',0,'Cliente','',0.00000000,'','','20101024645','','(1)4812070','','jrlindley@incakola.com.pe','','','',0,'0','0','0','',NULL,NULL,NULL,NULL,NULL,NULL,NULL,NULL,NULL,NULL,NULL,NULL,NULL),(43,'ACC42','SUPERINTENDENCIA NACIONAL DE ADMINISTRACION TRIBUTARIA',0,'Cliente','',0.00000000,'','','20131312955','','(1)3153306','','webmaster@sunat.gob.pe','','','',0,'0','0','0','',NULL,NULL,NULL,NULL,NULL,NULL,NULL,NULL,NULL,NULL,NULL,NULL,NULL),(44,'ACC43','SAN FERNANDO S.A.',0,'Cliente','',0.00000000,'','','20100154308','','(1)2417555','','informes@san-fernando.com.pe','','','',0,'0','0','0','',NULL,NULL,NULL,NULL,NULL,NULL,NULL,NULL,NULL,NULL,NULL,NULL,NULL),(45,'ACC44','TECNOLOGICA DE ALIMENTOS S.A.',0,'Cliente','',0.00000000,'','','20100971772','','(1)6111400','','sales@tasa.com.pe','','','',0,'0','0','0','',NULL,NULL,NULL,NULL,NULL,NULL,NULL,NULL,NULL,NULL,NULL,NULL,NULL),(46,'ACC45','CIA. DE MINAS BUENAVENTURA S.A.A.',0,'Cliente','',0.00000000,'','','20100079501','','(1)4192500','','recursos@buenaventura.com.pe','','','',0,'0','0','0','',NULL,NULL,NULL,NULL,NULL,NULL,NULL,NULL,NULL,NULL,NULL,NULL,NULL),(47,'ACC46','TIENDAS POR DEPARTAMENTO RIPLEY S.A.',0,'Cliente','',0.00000000,'','','20337564373','','(1)6115700','','','','','',0,'0','0','0','',NULL,NULL,NULL,NULL,NULL,NULL,NULL,NULL,NULL,NULL,NULL,NULL,NULL),(48,'ACC47','EMPRESA SIDERURGICA DEL PERU S.A.A.',0,'Cliente','',0.00000000,'','','20402885549','','(1)6186868','','marketing@sider.com.pe','','','',0,'0','0','0','',NULL,NULL,NULL,NULL,NULL,NULL,NULL,NULL,NULL,NULL,NULL,NULL,NULL),(49,'ACC48','HIPERMERCADOS TOTTUS S.A.',0,'Cliente','',0.00000000,'','','20508565934','','(1)5139400','','','','','',0,'0','0','0','',NULL,NULL,NULL,NULL,NULL,NULL,NULL,NULL,NULL,NULL,NULL,NULL,NULL),(50,'ACC49','EMPRESA ELECTRICIDAD DEL PERU - ELECTROPERU S.A.',0,'Cliente','',0.00000000,'','','20100027705','','(1)7154600','','postmast@electroperu.com.pe','','','',0,'0','0','0','',NULL,NULL,NULL,NULL,NULL,NULL,NULL,NULL,NULL,NULL,NULL,NULL,NULL),(51,'ACC50','E. WONG S.A.',0,'Cliente','',0.00000000,'','','20100106915','','(1)6260000','','ewong@ewong.com','','','',0,'0','0','0','',NULL,NULL,NULL,NULL,NULL,NULL,NULL,NULL,NULL,NULL,NULL,NULL,NULL),(52,'ACC51','HUNT OIL COMPANY OF PERU LLC SUC. DEL PERU',0,'Cliente','',0.00000000,'','','20467685661','','(1)7074000','','jmoya@huntoil.com','','','',0,'0','0','0','',NULL,NULL,NULL,NULL,NULL,NULL,NULL,NULL,NULL,NULL,NULL,NULL,NULL),(53,'ACC52','PERUANA DE PETROLEO S.A.C.',0,'Cliente','',0.00000000,'','','20100132754','','(1)4114600','','sac@pecsa.com.pe','','','',0,'0','0','0','',NULL,NULL,NULL,NULL,NULL,NULL,NULL,NULL,NULL,NULL,NULL,NULL,NULL),(54,'ACC53','QUIMICA SUIZA S.A.',0,'Cliente','',0.00000000,'','','20100085225','','(1)2114000','','mail@quimicasuiza.com','','','',0,'0','0','0','',NULL,NULL,NULL,NULL,NULL,NULL,NULL,NULL,NULL,NULL,NULL,NULL,NULL),(55,'ACC54','ENERSUR S.A.',0,'Cliente','',0.00000000,'','','20333363900','','(1)6167979','','','','','',0,'0','0','0','',NULL,NULL,NULL,NULL,NULL,NULL,NULL,NULL,NULL,NULL,NULL,NULL,NULL),(56,'ACC55','ORICA CHEMICALS PERU S.A.C.',0,'Cliente','',0.00000000,'','','20260733916','','(1)6113500','','central@orica.com.pe','','','',0,'0','0','0','',NULL,NULL,NULL,NULL,NULL,NULL,NULL,NULL,NULL,NULL,NULL,NULL,NULL),(57,'ACC56','SERVICIO DE AGUA POTABLE Y ALCANTARILLADO DE LIMA - SEDAPAL S.A.',0,'Cliente','',0.00000000,'','','20100152356','','(1)3173000','','sedanet@sedapal.com.pe','','','',0,'0','0','0','',NULL,NULL,NULL,NULL,NULL,NULL,NULL,NULL,NULL,NULL,NULL,NULL,NULL),(58,'ACC57','TOYOTA DEL PERU S.A.',0,'Cliente','',0.00000000,'','','20100132592','','(1)2159090','','toyota@toyotaperu.com.pe','','','',0,'0','0','0','',NULL,NULL,NULL,NULL,NULL,NULL,NULL,NULL,NULL,NULL,NULL,NULL,NULL),(59,'ACC58','DOE RUN PERU S.R.L.',0,'Cliente','',0.00000000,'','','20376303811','','(1)2151200','','ebrande@doerun.com.pe','','','',0,'0','0','0','',NULL,NULL,NULL,NULL,NULL,NULL,NULL,NULL,NULL,NULL,NULL,NULL,NULL),(60,'ACC59','NESTLE PERU S.A.',0,'Cliente','',0.00000000,'','','20263322496','','(1)4364040','','','','','',0,'0','0','0','',NULL,NULL,NULL,NULL,NULL,NULL,NULL,NULL,NULL,NULL,NULL,NULL,NULL),(61,'ACC60','EL PACIFICO PERUANO SUIZA CIA. DE SEGUROS Y REASEGUROS',0,'Cliente','',0.00000000,'','','20100035392','','(1)5184000','','info@pacifico.com.pe','','','',0,'0','0','0','',NULL,NULL,NULL,NULL,NULL,NULL,NULL,NULL,NULL,NULL,NULL,NULL,NULL),(62,'ACC61','CONIRSA S.A.',0,'Cliente','',0.00000000,'','','20511835411','','(1)2172800','','','','','',0,'0','0','0','',NULL,NULL,NULL,NULL,NULL,NULL,NULL,NULL,NULL,NULL,NULL,NULL,NULL),(63,'ACC62','PLUSPETROL NORTE S.A.',0,'Cliente','',0.00000000,'','','20504311342','','(1)4117100','','gbarchi@pluspetrol.net','','','',0,'0','0','0','',NULL,NULL,NULL,NULL,NULL,NULL,NULL,NULL,NULL,NULL,NULL,NULL,NULL),(64,'ACC63','DEPRODECA S.A.C.',0,'Cliente','',0.00000000,'','','20467539842','','(1)3172500','','contactenos@gloria.com.pe','','','',0,'0','0','0','',NULL,NULL,NULL,NULL,NULL,NULL,NULL,NULL,NULL,NULL,NULL,NULL,NULL),(65,'ACC64','EDEGEL S.A.A.',0,'Cliente','',0.00000000,'','','20330791412','','(1)2156300','','postmaster@edegel.com','','','',0,'0','0','0','',NULL,NULL,NULL,NULL,NULL,NULL,NULL,NULL,NULL,NULL,NULL,NULL,NULL),(66,'ACC65','LAN PERU S.A.',0,'Cliente','',0.00000000,'','','20341841357','','(1)2138300','','corporateperu@lan.com','','','',0,'0','0','0','',NULL,NULL,NULL,NULL,NULL,NULL,NULL,NULL,NULL,NULL,NULL,NULL,NULL),(67,'ACC66','GOLD FIELDS LA CIMA S.A.',0,'Cliente','',0.00000000,'','','20507828915','','(1)7060400','','','','','',0,'0','0','0','',NULL,NULL,NULL,NULL,NULL,NULL,NULL,NULL,NULL,NULL,NULL,NULL,NULL),(68,'ACC67','KORI PERU S.A.C.',0,'Cliente','',0.00000000,'','','20504358659','','(1)2212596','','perumineras@hotmail.com','','','',0,'0','0','0','',NULL,NULL,NULL,NULL,NULL,NULL,NULL,NULL,NULL,NULL,NULL,NULL,NULL),(69,'ACC68','PROCTER & GAMBLE PERU S.R.L.',0,'Cliente','',0.00000000,'','','20100127165','','(1)2153300','','muniz.g@pg.com','','','',0,'0','0','0','',NULL,NULL,NULL,NULL,NULL,NULL,NULL,NULL,NULL,NULL,NULL,NULL,NULL),(70,'ACC69','ECKERD PERU S.A.',0,'Cliente','',0.00000000,'','','20331066703','','(1)3159000','','lgarcia@inkafarma.com.pe','','','',0,'0','0','0','',NULL,NULL,NULL,NULL,NULL,NULL,NULL,NULL,NULL,NULL,NULL,NULL,NULL),(71,'ACC70','TECHINT S.A.C.',0,'Cliente','',0.00000000,'','','20433763221','','(1)2135555','','tpeanl@techint.com.pe','','','',0,'0','0','0','',NULL,NULL,NULL,NULL,NULL,NULL,NULL,NULL,NULL,NULL,NULL,NULL,NULL),(72,'ACC71','PETROBRAS ENERGIA PERU S.A.',0,'Cliente','',0.00000000,'','','20356476434','','(1)7062000','','','','','',0,'0','0','0','',NULL,NULL,NULL,NULL,NULL,NULL,NULL,NULL,NULL,NULL,NULL,NULL,NULL),(73,'ACC72','CIA. MINERA ARES S.A.C.',0,'Cliente','',0.00000000,'','','20192779333','','(1)3172000','','info@hocplc.com','','','',0,'0','0','0','',NULL,NULL,NULL,NULL,NULL,NULL,NULL,NULL,NULL,NULL,NULL,NULL,NULL),(74,'ACC73','CEMENTOS LIMA S.A.',0,'Cliente','',0.00000000,'','','20100137390','','(1)2170200','','postmaster@cementoslima.com.pe','','','',0,'0','0','0','',NULL,NULL,NULL,NULL,NULL,NULL,NULL,NULL,NULL,NULL,NULL,NULL,NULL),(75,'ACC74','SHOUGANG HIERRO PERU S.A.A.',0,'Cliente','',0.00000000,'','','20100142989','','(1)7145200','','comercial@shp.com.pe','','','',0,'0','0','0','',NULL,NULL,NULL,NULL,NULL,NULL,NULL,NULL,NULL,NULL,NULL,NULL,NULL),(76,'ACC75','CBI PERUANA S.A.C.',0,'Cliente','',0.00000000,'','','20514075558','','(1)7059100','','','','','',0,'0','0','0','',NULL,NULL,NULL,NULL,NULL,NULL,NULL,NULL,NULL,NULL,NULL,NULL,NULL),(77,'ACC76','MIBANCO BANCO DE LA MICRO EMPRESA S.A.',0,'Cliente','',0.00000000,'','','20382036655','','(1)5138000','','servicios@mibanco.com.pe','','','',0,'0','0','0','',NULL,NULL,NULL,NULL,NULL,NULL,NULL,NULL,NULL,NULL,NULL,NULL,NULL),(78,'ACC77','REPSOL YPF COMERCIAL DEL PERU S.A.',0,'Cliente','',0.00000000,'','','20100176450','','(1)2157300','','agutierrez@repsolypf.com','','','',0,'0','0','0','',NULL,NULL,NULL,NULL,NULL,NULL,NULL,NULL,NULL,NULL,NULL,NULL,NULL),(79,'ACC78','TRANSPORTADORA DE GAS DEL PERU S.A.',0,'Cliente','',0.00000000,'','','20499432021','','(1)6177777','','informes@tgp.com.pe','','','',0,'0','0','0','',NULL,NULL,NULL,NULL,NULL,NULL,NULL,NULL,NULL,NULL,NULL,NULL,NULL),(80,'ACC79','FONDO NACIONAL DE FINANCIAMIENTO DE LA ACTIVIDAD EMPRESARIAL DEL ESTADO - FONAFE',0,'Cliente','',0.00000000,'','','20458605662','','(1)4404222','','','','','',0,'0','0','0','',NULL,NULL,NULL,NULL,NULL,NULL,NULL,NULL,NULL,NULL,NULL,NULL,NULL),(81,'ACC80','NEXTEL DEL PERU S.A.',0,'Cliente','',0.00000000,'','','20106897914','','(1)6111111','','milagros.avendano@nextel.com.pe','','','',0,'0','0','0','',NULL,NULL,NULL,NULL,NULL,NULL,NULL,NULL,NULL,NULL,NULL,NULL,NULL),(82,'ACC81','CIA. MINERA MILPO S.A.A.',0,'Cliente','',0.00000000,'','','20100110513','','(1)7105500','','comunicaciones@milpo.com.pe','','','',0,'0','0','0','',NULL,NULL,NULL,NULL,NULL,NULL,NULL,NULL,NULL,NULL,NULL,NULL,NULL),(83,'ACC82','MANU PERU HOLDING S.A.',0,'Cliente','',0.00000000,'','','20508615460','','(1)6128383','','','','','',0,'0','0','0','',NULL,NULL,NULL,NULL,NULL,NULL,NULL,NULL,NULL,NULL,NULL,NULL,NULL),(84,'ACC83','L. G. ELECTRONIC PERU S.A.',0,'Cliente','',0.00000000,'','','20375755344','','(1)4150000','','','','','',0,'0','0','0','',NULL,NULL,NULL,NULL,NULL,NULL,NULL,NULL,NULL,NULL,NULL,NULL,NULL),(85,'ACC84','CORPORACION PESQUERA INCA S.A.',0,'Cliente','',0.00000000,'','','20224748711','','(1)2134000','','sales@copeinca.com.pe','','','',0,'0','0','0','',NULL,NULL,NULL,NULL,NULL,NULL,NULL,NULL,NULL,NULL,NULL,NULL,NULL),(86,'ACC85','CREDISCOTIA FINANCIERA S.A.',0,'Cliente','',0.00000000,'','','20255993225','','(1)2119900','','postmaster@crediscotia.com.pe','','','',0,'0','0','0','',NULL,NULL,NULL,NULL,NULL,NULL,NULL,NULL,NULL,NULL,NULL,NULL,NULL),(87,'ACC86','CETCO S.A.',0,'Cliente','',0.00000000,'','','20100123763','','(1)2113300','','escribenos.pe@ebelinternational.com','','','',0,'0','0','0','',NULL,NULL,NULL,NULL,NULL,NULL,NULL,NULL,NULL,NULL,NULL,NULL,NULL),(88,'ACC87','SOCIEDAD MINERA EL BROCAL S.A.A.',0,'Prospecto','',0.00000000,'','','20100017572','','(1)6113900','','k_laserna@elbrocal.com.pe','','','',0,'0','0','0','',NULL,NULL,NULL,NULL,NULL,NULL,NULL,NULL,NULL,NULL,NULL,NULL,NULL),(89,'ACC88','INVERSIONES MINERAS KOPAKABANA S.C.R.L.',0,'Prospecto','',0.00000000,'','','20447759056','','','','','','','',0,'0','0','0','',NULL,NULL,NULL,NULL,NULL,NULL,NULL,NULL,NULL,NULL,NULL,NULL,NULL),(90,'ACC89','AUSTRAL GROUP S.A.A.',0,'Prospecto','',0.00000000,'','','20338054115','','(1)7107000','','sales@austral.com.pe','','','',0,'0','0','0','',NULL,NULL,NULL,NULL,NULL,NULL,NULL,NULL,NULL,NULL,NULL,NULL,NULL),(91,'ACC90','XSTRATA TINTAYA S.A.',0,'Prospecto','',0.00000000,'','','20114915026','','(1)3722233','','mbernaola@xstratacopper.com.pe','','','',0,'0','0','0','',NULL,NULL,NULL,NULL,NULL,NULL,NULL,NULL,NULL,NULL,NULL,NULL,NULL),(92,'ACC91','MAESTRO HOME CENTER S.A.',0,'Prospecto','',0.00000000,'','','20112273922','','(1)6111900','','maestro@maestro.com.pe','','','',0,'0','0','0','',NULL,NULL,NULL,NULL,NULL,NULL,NULL,NULL,NULL,NULL,NULL,NULL,NULL),(93,'ACC92','PLUSPETROL CAMISEA S.A.',0,'Prospecto','',0.00000000,'','','20510889135','','(1)4117100','','','','','',0,'0','0','0','',NULL,NULL,NULL,NULL,NULL,NULL,NULL,NULL,NULL,NULL,NULL,NULL,NULL),(94,'ACC93','SODIMAC PERU S.A.',0,'Prospecto','',0.00000000,'','','20389230724','','(1)6110400','','','','','',0,'0','0','0','',NULL,NULL,NULL,NULL,NULL,NULL,NULL,NULL,NULL,NULL,NULL,NULL,NULL),(95,'ACC94','UNIQUE S.A.',0,'Prospecto','',0.00000000,'','','20100102413','','(1)5134000','','gravago@unique-yanbal.com','','','',0,'0','0','0','',NULL,NULL,NULL,NULL,NULL,NULL,NULL,NULL,NULL,NULL,NULL,NULL,NULL),(96,'ACC95','KIMBERLY CLARK PERU S.A.',0,'Prospecto','',0.00000000,'','','20262648398','','(1)6181800','','instituciones@kcc.com','','','',0,'0','0','0','',NULL,NULL,NULL,NULL,NULL,NULL,NULL,NULL,NULL,NULL,NULL,NULL,NULL),(97,'ACC96','PESQUERA DIAMANTE S.A.',0,'Prospecto','',0.00000000,'','','20159473148','','(1)5132000','','pesquera@diamante.com.pe','','','',0,'0','0','0','',NULL,NULL,NULL,NULL,NULL,NULL,NULL,NULL,NULL,NULL,NULL,NULL,NULL),(98,'ACC97','CREDIBOLSA SOCIEDAD AGENTE DE BOLSA S.A.',0,'Prospecto','',0.00000000,'','','20101031340','','(1)3132916','','credibolsa@bcp.com.pe','','','',0,'0','0','0','',NULL,NULL,NULL,NULL,NULL,NULL,NULL,NULL,NULL,NULL,NULL,NULL,NULL),(99,'ACC98','EL PACIFICO VIDA CIA. DE SEGUROS Y REASEGUROS S.A.',0,'Prospecto','',0.00000000,'','','20332970411','','(1)5184500','','pacifico@vida.com.pe','','','',0,'0','0','0','',NULL,NULL,NULL,NULL,NULL,NULL,NULL,NULL,NULL,NULL,NULL,NULL,NULL),(100,'ACC99','CEMENTOS PACASMAYO S.A.A.',0,'Prospecto','',0.00000000,'','','20419387658','','(1)3176000','','','','','',0,'0','0','0','',NULL,NULL,NULL,NULL,NULL,NULL,NULL,NULL,NULL,NULL,NULL,NULL,NULL),(101,'ACC100','Pacasmayo Unidad Ica',0,'Prospecto','',0.00000000,'','','10083179550','','2345678','23435679','','','','',0,'0','0','0','',NULL,NULL,NULL,NULL,NULL,NULL,NULL,0.00000000,NULL,NULL,NULL,NULL,NULL),(102,'ACC101','ABC SA',0,'Prospecto','',0.00000000,'','','10083179550','','2430000','','','','','',0,'0','0','0','',NULL,NULL,NULL,NULL,NULL,NULL,NULL,NULL,NULL,NULL,NULL,NULL,NULL),(103,'ACC102','LIMBA SERVICES S.A.C.',0,'Prospecto','',0.00000000,'','','20605524126','','','','','','','',0,'0','0','0','',NULL,NULL,NULL,NULL,NULL,NULL,NULL,NULL,NULL,NULL,NULL,NULL,NULL),(104,'ACC103','SOCIEDAD ELECTRICA DEL SUR OESTE SA',0,'Prospecto','',0.00000000,'','','20100188628','','','','','','','',0,'0','0','0','',NULL,NULL,NULL,NULL,NULL,NULL,NULL,NULL,NULL,NULL,NULL,NULL,NULL),(105,'ACC104','AJEPER S. A.',0,'Prospecto','',0.00000000,'','','20331061655','','','','','','','',0,'0','0','0','',NULL,NULL,NULL,NULL,NULL,NULL,NULL,NULL,NULL,NULL,NULL,NULL,NULL),(106,'ACC105','UNIVERSIDAD TECNOLOGICA DEL PERU S.A.C.',0,'Prospecto','',0.00000000,'','','20462509236','','','','','','','',0,'0','0','0','',NULL,NULL,NULL,NULL,NULL,NULL,NULL,NULL,NULL,NULL,NULL,NULL,NULL);

--
-- Table structure for table `vtiger_accountbillads`
--

CREATE TABLE `vtiger_accountbillads` (
  `accountaddressid` int(19) NOT NULL DEFAULT 0,
  `bill_city` varchar(30) DEFAULT NULL,
  `bill_code` varchar(30) DEFAULT NULL,
  `bill_country` varchar(30) DEFAULT NULL,
  `bill_state` varchar(30) DEFAULT NULL,
  `bill_street` varchar(250) DEFAULT NULL,
  `bill_pobox` varchar(30) DEFAULT NULL,
  PRIMARY KEY (`accountaddressid`),
  CONSTRAINT `fk_1_vtiger_accountbillads` FOREIGN KEY (`accountaddressid`) REFERENCES `vtiger_account` (`accountid`) ON DELETE CASCADE
) ENGINE=InnoDB DEFAULT CHARSET=utf8 COLLATE=utf8_general_ci;

--
-- Dumping data for table `vtiger_accountbillads`
--

INSERT INTO `vtiger_accountbillads` VALUES (2,'','','','','',''),(3,'','','','','',''),(4,'','','','','',''),(5,'','','','','',''),(6,'','','','','',''),(7,'','','','','',''),(8,'','','','','',''),(9,'','','','','',''),(10,'','','','','',''),(11,'','','','','',''),(12,'','','','','',''),(13,'','','','','',''),(14,'','','','','',''),(15,'','','','','',''),(16,'','','','','',''),(17,'','','','','',''),(18,'','','','','',''),(19,'','','','','',''),(20,'','','','','',''),(21,'','','','','',''),(22,'','','','','',''),(23,'','','','','',''),(24,'','','','','',''),(25,'','','','','',''),(26,'','','','','',''),(27,'','','','','',''),(28,'','','','','',''),(29,'','','','','',''),(30,'','','','','',''),(31,'','','','','',''),(32,'','','','','',''),(33,'','','','','',''),(34,'','','','','',''),(35,'','','','','',''),(36,'','','','','',''),(37,'','','','','',''),(38,'','','','','',''),(39,'','','','','',''),(40,'','','','','',''),(41,'','','','','',''),(42,'','','','','',''),(43,'','','','','',''),(44,'','','','','',''),(45,'','','','','',''),(46,'','','','','',''),(47,'','','','','',''),(48,'','','','','',''),(49,'','','','','',''),(50,'','','','','',''),(51,'','','','','',''),(52,'','','','','',''),(53,'','','','','',''),(54,'','','','','',''),(55,'','','','','',''),(56,'','','','','',''),(57,'','','','','',''),(58,'','','','','',''),(59,'','','','','',''),(60,'','','','','',''),(61,'','','','','',''),(62,'','','','','',''),(63,'','','','','',''),(64,'','','','','',''),(65,'','','','','',''),(66,'','','','','',''),(67,'','','','','',''),(68,'','','','','',''),(69,'','','','','',''),(70,'','','','','',''),(71,'','','','','',''),(72,'','','','','',''),(73,'','','','','',''),(74,'','','','','',''),(75,'','','','','',''),(76,'','','','','',''),(77,'','','','','',''),(78,'','','','','',''),(79,'','','','','',''),(80,'','','','','',''),(81,'','','','','',''),(82,'','','','','',''),(83,'','','','','',''),(84,'','','','','',''),(85,'','','','','',''),(86,'','','','','',''),(87,'','','','','',''),(88,'','','','','',''),(89,'','','','','',''),(90,'','','','','',''),(91,'','','','','',''),(92,'','','','','',''),(93,'','','','','',''),(94,'','','','','',''),(95,'','','','','',''),(96,'','','','','',''),(97,'','','','','',''),(98,'','','','','',''),(99,'','','','','',''),(100,'','','','','',''),(101,'','','','','',''),(102,'','','','','',''),(103,'','','','','',''),(104,'','','','','',''),(105,'','','','','',''),(106,'','','','','','');

--
-- Table structure for table `vtiger_accountrating`
--

CREATE TABLE `vtiger_accountrating` (
  `accountratingid` int(19) NOT NULL AUTO_INCREMENT,
  `rating` varchar(200) NOT NULL,
  `sortorderid` int(19) NOT NULL DEFAULT 0,
  `presence` int(1) NOT NULL DEFAULT 1,
  PRIMARY KEY (`accountratingid`),
  UNIQUE KEY `accountrating_rating_idx` (`rating`)
) ENGINE=InnoDB DEFAULT CHARSET=utf8 COLLATE=utf8_general_ci;

--
-- Dumping data for table `vtiger_accountrating`
--


--
-- Table structure for table `vtiger_accountscf`
--

CREATE TABLE `vtiger_accountscf` (
  `accountid` int(19) NOT NULL DEFAULT 0,
  PRIMARY KEY (`accountid`),
  CONSTRAINT `fk_1_vtiger_accountscf` FOREIGN KEY (`accountid`) REFERENCES `vtiger_account` (`accountid`) ON DELETE CASCADE
) ENGINE=InnoDB DEFAULT CHARSET=utf8 COLLATE=utf8_general_ci;

--
-- Dumping data for table `vtiger_accountscf`
--

INSERT INTO `vtiger_accountscf` VALUES (2),(3),(4),(5),(6),(7),(8),(9),(10),(11),(12),(13),(14),(15),(16),(17),(18),(19),(20),(21),(22),(23),(24),(25),(26),(27),(28),(29),(30),(31),(32),(33),(34),(35),(36),(37),(38),(39),(40),(41),(42),(43),(44),(45),(46),(47),(48),(49),(50),(51),(52),(53),(54),(55),(56),(57),(58),(59),(60),(61),(62),(63),(64),(65),(66),(67),(68),(69),(70),(71),(72),(73),(74),(75),(76),(77),(78),(79),(80),(81),(82),(83),(84),(85),(86),(87),(88),(89),(90),(91),(92),(93),(94),(95),(96),(97),(98),(99),(100),(101),(102),(103),(104),(105),(106);

--
-- Table structure for table `vtiger_accountshipads`
--

CREATE TABLE `vtiger_accountshipads` (
  `accountaddressid` int(19) NOT NULL DEFAULT 0,
  `ship_city` varchar(30) DEFAULT NULL,
  `ship_code` varchar(30) DEFAULT NULL,
  `ship_country` varchar(30) DEFAULT NULL,
  `ship_state` varchar(30) DEFAULT NULL,
  `ship_pobox` varchar(30) DEFAULT NULL,
  `ship_street` varchar(250) DEFAULT NULL,
  PRIMARY KEY (`accountaddressid`),
  CONSTRAINT `fk_1_vtiger_accountshipads` FOREIGN KEY (`accountaddressid`) REFERENCES `vtiger_account` (`accountid`) ON DELETE CASCADE
) ENGINE=InnoDB DEFAULT CHARSET=utf8 COLLATE=utf8_general_ci;

--
-- Dumping data for table `vtiger_accountshipads`
--

INSERT INTO `vtiger_accountshipads` VALUES (2,'','','','','',''),(3,'','','','','',''),(4,'','','','','',''),(5,'','','','','',''),(6,'','','','','',''),(7,'','','','','',''),(8,'','','','','',''),(9,'','','','','',''),(10,'','','','','',''),(11,'','','','','',''),(12,'','','','','',''),(13,'','','','','',''),(14,'','','','','',''),(15,'','','','','',''),(16,'','','','','',''),(17,'','','','','',''),(18,'','','','','',''),(19,'','','','','',''),(20,'','','','','',''),(21,'','','','','',''),(22,'','','','','',''),(23,'','','','','',''),(24,'','','','','',''),(25,'','','','','',''),(26,'','','','','',''),(27,'','','','','',''),(28,'','','','','',''),(29,'','','','','',''),(30,'','','','','',''),(31,'','','','','',''),(32,'','','','','',''),(33,'','','','','',''),(34,'','','','','',''),(35,'','','','','',''),(36,'','','','','',''),(37,'','','','','',''),(38,'','','','','',''),(39,'','','','','',''),(40,'','','','','',''),(41,'','','','','',''),(42,'','','','','',''),(43,'','','','','',''),(44,'','','','','',''),(45,'','','','','',''),(46,'','','','','',''),(47,'','','','','',''),(48,'','','','','',''),(49,'','','','','',''),(50,'','','','','',''),(51,'','','','','',''),(52,'','','','','',''),(53,'','','','','',''),(54,'','','','','',''),(55,'','','','','',''),(56,'','','','','',''),(57,'','','','','',''),(58,'','','','','',''),(59,'','','','','',''),(60,'','','','','',''),(61,'','','','','',''),(62,'','','','','',''),(63,'','','','','',''),(64,'','','','','',''),(65,'','','','','',''),(66,'','','','','',''),(67,'','','','','',''),(68,'','','','','',''),(69,'','','','','',''),(70,'','','','','',''),(71,'','','','','',''),(72,'','','','','',''),(73,'','','','','',''),(74,'','','','','',''),(75,'','','','','',''),(76,'','','','','',''),(77,'','','','','',''),(78,'','','','','',''),(79,'','','','','',''),(80,'','','','','',''),(81,'','','','','',''),(82,'','','','','',''),(83,'','','','','',''),(84,'','','','','',''),(85,'','','','','',''),(86,'','','','','',''),(87,'','','','','',''),(88,'','','','','',''),(89,'','','','','',''),(90,'','','','','',''),(91,'','','','','',''),(92,'','','','','',''),(93,'','','','','',''),(94,'','','','','',''),(95,'','','','','',''),(96,'','','','','',''),(97,'','','','','',''),(98,'','','','','',''),(99,'','','','','',''),(100,'','','','','',''),(101,'','','','','',''),(102,'','','','','',''),(103,'','','','','',''),(104,'','','','','',''),(105,'','','','','',''),(106,'','','','','','');

--
-- Table structure for table `vtiger_accounttype`
--

CREATE TABLE `vtiger_accounttype` (
  `accounttypeid` int(19) NOT NULL AUTO_INCREMENT,
  `accounttype` varchar(200) NOT NULL,
  `presence` int(1) NOT NULL DEFAULT 1,
  `picklist_valueid` int(19) NOT NULL DEFAULT 0,
  `sortorderid` int(11) DEFAULT NULL,
  `color` varchar(10) DEFAULT NULL,
  PRIMARY KEY (`accounttypeid`),
  UNIQUE KEY `accounttype_accounttype_idx` (`accounttype`)
) ENGINE=InnoDB AUTO_INCREMENT=14 DEFAULT CHARSET=utf8 COLLATE=utf8_general_ci;

--
-- Dumping data for table `vtiger_accounttype`
--

INSERT INTO `vtiger_accounttype` VALUES (2,'Analyst',1,2,1,NULL),(3,'Competitor',1,3,6,NULL),(4,'Customer',1,4,8,NULL),(5,'Integrator',1,5,5,NULL),(6,'Investor',1,6,10,NULL),(7,'Partner',1,7,11,NULL),(8,'Press',1,8,9,NULL),(9,'-Ninguno-',1,9,3,'#ffffff'),(10,'Reseller',1,10,2,NULL),(11,'Other',1,11,12,NULL),(12,'Cliente',1,305,7,NULL),(13,'Prospecto',1,306,4,NULL);

--
-- Table structure for table `vtiger_accounttype_seq`
--

CREATE TABLE `vtiger_accounttype_seq` (
  `id` int(11) NOT NULL
) ENGINE=InnoDB DEFAULT CHARSET=utf8 COLLATE=utf8_general_ci;

--
-- Dumping data for table `vtiger_accounttype_seq`
--

INSERT INTO `vtiger_accounttype_seq` VALUES (13);

--
-- Table structure for table `vtiger_actionmapping`
--

CREATE TABLE `vtiger_actionmapping` (
  `actionid` int(19) NOT NULL,
  `actionname` varchar(200) NOT NULL,
  `securitycheck` int(19) DEFAULT NULL,
  PRIMARY KEY (`actionid`,`actionname`)
) ENGINE=InnoDB DEFAULT CHARSET=utf8 COLLATE=utf8_general_ci;

--
-- Dumping data for table `vtiger_actionmapping`
--

INSERT INTO `vtiger_actionmapping` VALUES (0,'Save',0),(0,'SavePriceBook',1),(0,'SaveVendor',1),(1,'DetailViewAjax',1),(1,'EditView',0),(1,'PriceBookEditView',1),(1,'QuickCreate',1),(1,'VendorEditView',1),(2,'Delete',0),(2,'DeletePriceBook',1),(2,'DeleteVendor',1),(3,'index',0),(3,'Popup',1),(4,'DetailView',0),(4,'PriceBookDetailView',1),(4,'TagCloud',1),(4,'VendorDetailView',1),(5,'Import',0),(6,'Export',0),(7,'CreateView',0),(8,'Merge',0),(9,'ConvertLead',0),(10,'DuplicatesHandling',0),(11,'ReceiveIncomingCalls',0),(12,'MakeOutgoingCalls',0),(13,'Print',0);

--
-- Table structure for table `vtiger_activity`
--

CREATE TABLE `vtiger_activity` (
  `activityid` int(19) NOT NULL DEFAULT 0,
  `subject` varchar(255) DEFAULT NULL,
  `semodule` varchar(20) DEFAULT NULL,
  `activitytype` varchar(200) NOT NULL,
  `date_start` date NOT NULL,
  `due_date` date DEFAULT NULL,
  `time_start` varchar(50) DEFAULT NULL,
  `time_end` varchar(50) DEFAULT NULL,
  `sendnotification` varchar(3) NOT NULL DEFAULT '0',
  `duration_hours` varchar(200) DEFAULT NULL,
  `duration_minutes` varchar(200) DEFAULT NULL,
  `status` varchar(200) DEFAULT NULL,
  `eventstatus` varchar(200) DEFAULT NULL,
  `priority` varchar(200) DEFAULT NULL,
  `location` varchar(150) DEFAULT NULL,
  `notime` varchar(3) NOT NULL DEFAULT '0',
  `visibility` varchar(50) NOT NULL DEFAULT 'all',
  `recurringtype` varchar(200) DEFAULT NULL,
  `tags` varchar(1) DEFAULT NULL,
  PRIMARY KEY (`activityid`),
  KEY `activity_activityid_subject_idx` (`activityid`,`subject`),
  KEY `activity_activitytype_date_start_idx` (`activitytype`,`date_start`),
  KEY `activity_date_start_due_date_idx` (`date_start`,`due_date`),
  KEY `activity_date_start_time_start_idx` (`date_start`,`time_start`),
  KEY `activity_eventstatus_idx` (`eventstatus`),
  KEY `activity_status_idx` (`status`),
  CONSTRAINT `fk_1_vtiger_activity` FOREIGN KEY (`activityid`) REFERENCES `vtiger_crmentity` (`crmid`) ON DELETE CASCADE
) ENGINE=InnoDB DEFAULT CHARSET=utf8 COLLATE=utf8_general_ci;

--
-- Dumping data for table `vtiger_activity`
--

INSERT INTO `vtiger_activity` VALUES (673,'Fwd: TEST','','Emails','2024-07-06',NULL,'06:46',NULL,'0',NULL,NULL,NULL,NULL,NULL,NULL,'0','all',NULL,''),(723,'hola',NULL,'Call','2024-07-12','2024-07-12','17:00:00','19:00:00','0','2','0',NULL,'Planned','','','0','Public','',''),(724,'chamo',NULL,'Call','2024-07-12','2024-07-12','05:00:00','05:05:00','0','0','5',NULL,'Planned','','','0','Public','',''),(725,'chamo 2',NULL,'Call','2024-07-12','2024-07-12','16:23:00','18:00:00','0','1','37',NULL,'Planned','','','0','Public','',''),(726,'chamo 3',NULL,'Call','2024-07-12','2024-07-12','16:25:00','16:30:00','0','0','5',NULL,'Planned','','','0','Public','',''),(727,'chamo 5',NULL,'Call','2024-07-12','2024-07-13','21:00:00','01:53:00','0','4','53',NULL,'Planned','','','0','Public','',''),(751,'Regarding Contact Assignment','','Emails','2024-07-18',NULL,'17:10:01',NULL,'0',NULL,NULL,NULL,NULL,NULL,NULL,'0','all',NULL,''),(752,'Regarding Contact Assignment','','Emails','2024-07-18',NULL,'17:10:01',NULL,'0',NULL,NULL,NULL,NULL,NULL,NULL,'0','all',NULL,''),(753,'Regarding Contact Assignment','','Emails','2024-07-18',NULL,'17:10:02',NULL,'0',NULL,NULL,NULL,NULL,NULL,NULL,'0','all',NULL,''),(754,'Regarding Contact Assignment','','Emails','2024-07-18',NULL,'17:10:02',NULL,'0',NULL,NULL,NULL,NULL,NULL,NULL,'0','all',NULL,''),(755,'Regarding Contact Assignment','','Emails','2024-07-18',NULL,'17:10:02',NULL,'0',NULL,NULL,NULL,NULL,NULL,NULL,'0','all',NULL,''),(756,'Regarding Contact Assignment','','Emails','2024-07-18',NULL,'17:10:03',NULL,'0',NULL,NULL,NULL,NULL,NULL,NULL,'0','all',NULL,''),(757,'Regarding Contact Assignment','','Emails','2024-07-18',NULL,'17:10:04',NULL,'0',NULL,NULL,NULL,NULL,NULL,NULL,'0','all',NULL,''),(758,'Regarding Contact Assignment','','Emails','2024-07-18',NULL,'17:10:04',NULL,'0',NULL,NULL,NULL,NULL,NULL,NULL,'0','all',NULL,''),(759,'Regarding Contact Assignment','','Emails','2024-07-18',NULL,'17:10:04',NULL,'0',NULL,NULL,NULL,NULL,NULL,NULL,'0','all',NULL,''),(760,'Regarding Contact Assignment','','Emails','2024-07-18',NULL,'17:10:04',NULL,'0',NULL,NULL,NULL,NULL,NULL,NULL,'0','all',NULL,''),(768,'Regarding Potential Assignment','','Emails','2024-07-30',NULL,'21:30:01',NULL,'0',NULL,NULL,NULL,NULL,NULL,NULL,'0','all',NULL,''),(769,'Regarding Contact Assignment','','Emails','2024-07-30',NULL,'21:30:02',NULL,'0',NULL,NULL,NULL,NULL,NULL,NULL,'0','all',NULL,''),(770,'Regarding Contact Assignment','','Emails','2024-07-30',NULL,'21:30:02',NULL,'0',NULL,NULL,NULL,NULL,NULL,NULL,'0','all',NULL,''),(771,'Regarding Contact Assignment','','Emails','2024-07-30',NULL,'21:30:04',NULL,'0',NULL,NULL,NULL,NULL,NULL,NULL,'0','all',NULL,''),(773,'Llamada de seguimiento para saber su compromiso de pago',NULL,'Call','2024-08-09','2024-08-09','16:00:00','16:30:00','0','0','30',NULL,'Planned','','','0','Public','',''),(775,'Regarding Contact Assignment','','Emails','2024-08-09',NULL,'14:30:02',NULL,'0',NULL,NULL,NULL,NULL,NULL,NULL,'0','all',NULL,''),(776,'Visita Guiada al Colegio',NULL,'Meeting','2024-08-14','2024-08-14','15:00:00','15:30:00','0','0','30',NULL,'Planned','','','0','Public','',''),(778,'Regarding Potential Assignment','','Emails','2024-08-14',NULL,'14:46:01',NULL,'0',NULL,NULL,NULL,NULL,NULL,NULL,'0','all',NULL,''),(780,'Seguimiento a matricula',NULL,'Call','2024-08-15','2024-08-15','14:49:00','14:54:00','0','0','5',NULL,'Planned','','','0','Public','',''),(787,'Ticket Number : TT1 Introducing Our Enhanced CRMTiger Mobile App for vTiger Version 8.x','','Emails','2024-08-21',NULL,'16:40:02',NULL,'0',NULL,NULL,NULL,NULL,NULL,NULL,'0','all',NULL,'');

--
-- Table structure for table `vtiger_activity_recurring_info`
--

CREATE TABLE `vtiger_activity_recurring_info` (
  `activityid` int(19) NOT NULL,
  `recurrenceid` int(19) NOT NULL
) ENGINE=InnoDB DEFAULT CHARSET=utf8 COLLATE=utf8_general_ci;

--
-- Dumping data for table `vtiger_activity_recurring_info`
--


--
-- Table structure for table `vtiger_activity_reminder`
--

CREATE TABLE `vtiger_activity_reminder` (
  `activity_id` int(11) NOT NULL,
  `reminder_time` int(11) NOT NULL,
  `reminder_sent` int(2) NOT NULL,
  `recurringid` int(19) NOT NULL,
  PRIMARY KEY (`activity_id`,`recurringid`),
  CONSTRAINT `fk_activityid_vtiger_activity_reminder` FOREIGN KEY (`activity_id`) REFERENCES `vtiger_activity` (`activityid`) ON DELETE CASCADE
) ENGINE=InnoDB DEFAULT CHARSET=utf8 COLLATE=utf8_general_ci;

--
-- Dumping data for table `vtiger_activity_reminder`
--

INSERT INTO `vtiger_activity_reminder` VALUES (723,0,0,0),(724,0,0,0),(725,0,0,0),(726,0,0,0),(727,0,0,0),(773,0,0,0),(776,0,0,0),(780,0,0,0);

--
-- Table structure for table `vtiger_activity_reminder_popup`
--

CREATE TABLE `vtiger_activity_reminder_popup` (
  `reminderid` int(19) NOT NULL AUTO_INCREMENT,
  `semodule` varchar(100) NOT NULL,
  `recordid` int(19) NOT NULL,
  `date_start` date NOT NULL,
  `time_start` varchar(100) NOT NULL,
  `status` int(2) NOT NULL,
  PRIMARY KEY (`reminderid`)
) ENGINE=InnoDB AUTO_INCREMENT=6 DEFAULT CHARSET=utf8 COLLATE=utf8_general_ci;

--
-- Dumping data for table `vtiger_activity_reminder_popup`
--

INSERT INTO `vtiger_activity_reminder_popup` VALUES (1,'Events',723,'2024-07-12','17:00:00',0),(2,'Events',727,'2024-07-12','21:00:00',1),(3,'Events',773,'2024-08-09','16:00:00',1),(4,'Events',776,'2024-08-14','15:00:00',1),(5,'Events',780,'2024-08-15','14:49:00',0);

--
-- Table structure for table `vtiger_activity_view`
--

CREATE TABLE `vtiger_activity_view` (
  `activity_viewid` int(19) NOT NULL AUTO_INCREMENT,
  `activity_view` varchar(200) NOT NULL,
  `sortorderid` int(19) NOT NULL DEFAULT 0,
  `presence` int(1) NOT NULL DEFAULT 1,
  PRIMARY KEY (`activity_viewid`)
) ENGINE=InnoDB AUTO_INCREMENT=6 DEFAULT CHARSET=utf8 COLLATE=utf8_general_ci;

--
-- Dumping data for table `vtiger_activity_view`
--

INSERT INTO `vtiger_activity_view` VALUES (1,'Today',0,1),(2,'This Week',1,1),(3,'This Month',2,1),(4,'This Year',3,1),(5,'Agenda',4,1);

--
-- Table structure for table `vtiger_activity_view_seq`
--

CREATE TABLE `vtiger_activity_view_seq` (
  `id` int(11) NOT NULL
) ENGINE=InnoDB DEFAULT CHARSET=utf8 COLLATE=utf8_general_ci;

--
-- Dumping data for table `vtiger_activity_view_seq`
--

INSERT INTO `vtiger_activity_view_seq` VALUES (5);

--
-- Table structure for table `vtiger_activitycf`
--

CREATE TABLE `vtiger_activitycf` (
  `activityid` int(19) NOT NULL DEFAULT 0,
  PRIMARY KEY (`activityid`),
  CONSTRAINT `fk_activityid_vtiger_activitycf` FOREIGN KEY (`activityid`) REFERENCES `vtiger_activity` (`activityid`) ON DELETE CASCADE
) ENGINE=InnoDB DEFAULT CHARSET=utf8 COLLATE=utf8_general_ci;

--
-- Dumping data for table `vtiger_activitycf`
--

INSERT INTO `vtiger_activitycf` VALUES (723),(724),(725),(726),(727),(773),(776),(780);

--
-- Table structure for table `vtiger_activityproductrel`
--

CREATE TABLE `vtiger_activityproductrel` (
  `activityid` int(19) NOT NULL DEFAULT 0,
  `productid` int(19) NOT NULL DEFAULT 0,
  PRIMARY KEY (`activityid`,`productid`),
  KEY `activityproductrel_activityid_idx` (`activityid`),
  KEY `activityproductrel_productid_idx` (`productid`),
  CONSTRAINT `fk_2_vtiger_activityproductrel` FOREIGN KEY (`productid`) REFERENCES `vtiger_products` (`productid`) ON DELETE CASCADE
) ENGINE=InnoDB DEFAULT CHARSET=utf8 COLLATE=utf8_general_ci;

--
-- Dumping data for table `vtiger_activityproductrel`
--


--
-- Table structure for table `vtiger_activitytype`
--

CREATE TABLE `vtiger_activitytype` (
  `activitytypeid` int(19) NOT NULL AUTO_INCREMENT,
  `activitytype` varchar(200) NOT NULL,
  `presence` int(1) NOT NULL DEFAULT 1,
  `picklist_valueid` int(19) NOT NULL DEFAULT 0,
  `sortorderid` int(11) DEFAULT NULL,
  `color` varchar(10) DEFAULT NULL,
  PRIMARY KEY (`activitytypeid`),
  UNIQUE KEY `activitytype_activitytype_idx` (`activitytype`)
) ENGINE=InnoDB AUTO_INCREMENT=4 DEFAULT CHARSET=utf8 COLLATE=utf8_general_ci;

--
-- Dumping data for table `vtiger_activitytype`
--

INSERT INTO `vtiger_activitytype` VALUES (1,'Call',0,12,0,NULL),(2,'Meeting',0,13,1,NULL),(3,'Mobile Call',0,295,1,NULL);

--
-- Table structure for table `vtiger_activitytype_seq`
--

CREATE TABLE `vtiger_activitytype_seq` (
  `id` int(11) NOT NULL
) ENGINE=InnoDB DEFAULT CHARSET=utf8 COLLATE=utf8_general_ci;

--
-- Dumping data for table `vtiger_activitytype_seq`
--

INSERT INTO `vtiger_activitytype_seq` VALUES (3);

--
-- Table structure for table `vtiger_announcement`
--

CREATE TABLE `vtiger_announcement` (
  `creatorid` int(19) NOT NULL,
  `announcement` text DEFAULT NULL,
  `title` varchar(255) DEFAULT NULL,
  `time` timestamp NOT NULL DEFAULT current_timestamp() ON UPDATE current_timestamp(),
  PRIMARY KEY (`creatorid`),
  KEY `announcement_creatorid_idx` (`creatorid`)
) ENGINE=InnoDB DEFAULT CHARSET=utf8 COLLATE=utf8_general_ci;

--
-- Dumping data for table `vtiger_announcement`
--


--
-- Table structure for table `vtiger_app2tab`
--

CREATE TABLE `vtiger_app2tab` (
  `tabid` int(11) DEFAULT NULL,
  `appname` varchar(20) DEFAULT NULL,
  `sequence` int(19) DEFAULT NULL,
  `visible` int(3) DEFAULT 1,
  KEY `vtiger_app2tab_fk_tab` (`tabid`),
  CONSTRAINT `vtiger_app2tab_fk_tab` FOREIGN KEY (`tabid`) REFERENCES `vtiger_tab` (`tabid`) ON DELETE CASCADE
) ENGINE=InnoDB DEFAULT CHARSET=utf8 COLLATE=utf8_general_ci;

--
-- Dumping data for table `vtiger_app2tab`
--

INSERT INTO `vtiger_app2tab` VALUES (31,'SUPPORT',3,1),(32,'INVENTORY',2,1),(37,'TOOLS',5,1),(39,'TOOLS',4,1),(45,'TOOLS',1,1),(49,'SETTINGS',1,1),(2,'SALES',1,1),(20,'SALES',2,1),(4,'SALES',6,1),(6,'SALES',7,1),(14,'SALES',3,1),(32,'SALES',4,1),(4,'MARKETING',3,1),(6,'MARKETING',4,1),(7,'MARKETING',2,1),(26,'MARKETING',1,1),(4,'INVENTORY',8,1),(6,'INVENTORY',9,1),(22,'INVENTORY',5,1),(23,'INVENTORY',4,1),(14,'INVENTORY',1,1),(18,'INVENTORY',7,1),(19,'INVENTORY',3,1),(21,'INVENTORY',6,1),(4,'SUPPORT',6,1),(6,'SUPPORT',7,1),(13,'SUPPORT',1,1),(15,'SUPPORT',2,1),(46,'SUPPORT',4,1),(44,'PROJECT',1,1),(43,'PROJECT',2,1),(42,'PROJECT',3,1),(4,'PROJECT',4,1),(6,'PROJECT',5,1),(47,'SALES',5,1),(47,'SUPPORT',5,1),(24,'TOOLS',2,1),(27,'TOOLS',3,1),(58,'TOOLS',6,1),(60,'COBRANZAS',3,1),(4,'COBRANZAS',2,1),(6,'COBRANZAS',1,1),(61,'COBRANZAS',4,1),(62,'SALES',8,1),(64,'SALES',9,1);

--
-- Table structure for table `vtiger_assets`
--

CREATE TABLE `vtiger_assets` (
  `assetsid` int(11) NOT NULL,
  `asset_no` varchar(30) NOT NULL,
  `account` int(19) DEFAULT NULL,
  `product` int(19) NOT NULL,
  `serialnumber` varchar(200) DEFAULT NULL,
  `datesold` date DEFAULT NULL,
  `dateinservice` date DEFAULT NULL,
  `assetstatus` varchar(200) DEFAULT 'In Service',
  `tagnumber` varchar(300) DEFAULT NULL,
  `invoiceid` int(19) DEFAULT NULL,
  `shippingmethod` varchar(200) DEFAULT NULL,
  `shippingtrackingnumber` varchar(200) DEFAULT NULL,
  `assetname` varchar(100) DEFAULT NULL,
  `contact` int(19) DEFAULT NULL,
  `tags` varchar(1) DEFAULT NULL,
  PRIMARY KEY (`assetsid`),
  CONSTRAINT `fk_1_vtiger_assets` FOREIGN KEY (`assetsid`) REFERENCES `vtiger_crmentity` (`crmid`) ON DELETE CASCADE
) ENGINE=InnoDB DEFAULT CHARSET=utf8 COLLATE=utf8_general_ci;

--
-- Dumping data for table `vtiger_assets`
--


--
-- Table structure for table `vtiger_assetscf`
--

CREATE TABLE `vtiger_assetscf` (
  `assetsid` int(19) NOT NULL,
  PRIMARY KEY (`assetsid`),
  CONSTRAINT `fk_assetsid_vtiger_assetscf` FOREIGN KEY (`assetsid`) REFERENCES `vtiger_assets` (`assetsid`) ON DELETE CASCADE
) ENGINE=InnoDB DEFAULT CHARSET=utf8 COLLATE=utf8_general_ci;

--
-- Dumping data for table `vtiger_assetscf`
--


--
-- Table structure for table `vtiger_assetstatus`
--

CREATE TABLE `vtiger_assetstatus` (
  `assetstatusid` int(11) NOT NULL AUTO_INCREMENT,
  `assetstatus` varchar(200) NOT NULL,
  `presence` int(1) NOT NULL DEFAULT 1,
  `picklist_valueid` int(11) NOT NULL DEFAULT 0,
  `sortorderid` int(11) DEFAULT 0,
  `color` varchar(10) DEFAULT NULL,
  PRIMARY KEY (`assetstatusid`)
) ENGINE=InnoDB AUTO_INCREMENT=3 DEFAULT CHARSET=utf8 COLLATE=utf8_general_ci;

--
-- Dumping data for table `vtiger_assetstatus`
--

INSERT INTO `vtiger_assetstatus` VALUES (1,'In Service',1,286,1,NULL),(2,'Out-of-service',1,287,2,NULL);

--
-- Table structure for table `vtiger_assetstatus_seq`
--

CREATE TABLE `vtiger_assetstatus_seq` (
  `id` int(11) NOT NULL
) ENGINE=InnoDB DEFAULT CHARSET=utf8 COLLATE=utf8_general_ci;

--
-- Dumping data for table `vtiger_assetstatus_seq`
--

INSERT INTO `vtiger_assetstatus_seq` VALUES (2);

--
-- Table structure for table `vtiger_asterisk`
--

CREATE TABLE `vtiger_asterisk` (
  `server` varchar(30) DEFAULT NULL,
  `port` varchar(30) DEFAULT NULL,
  `username` varchar(50) DEFAULT NULL,
  `password` varchar(50) DEFAULT NULL,
  `version` varchar(50) DEFAULT NULL
) ENGINE=InnoDB DEFAULT CHARSET=utf8 COLLATE=utf8_general_ci;

--
-- Dumping data for table `vtiger_asterisk`
--


--
-- Table structure for table `vtiger_asteriskextensions`
--

CREATE TABLE `vtiger_asteriskextensions` (
  `userid` int(11) DEFAULT NULL,
  `asterisk_extension` varchar(50) DEFAULT NULL,
  `use_asterisk` varchar(3) DEFAULT NULL
) ENGINE=InnoDB DEFAULT CHARSET=utf8 COLLATE=utf8_general_ci;

--
-- Dumping data for table `vtiger_asteriskextensions`
--

INSERT INTO `vtiger_asteriskextensions` VALUES (1,NULL,NULL),(5,NULL,NULL),(6,NULL,NULL),(7,NULL,NULL),(8,NULL,NULL),(9,NULL,NULL);

--
-- Table structure for table `vtiger_asteriskincomingcalls`
--

CREATE TABLE `vtiger_asteriskincomingcalls` (
  `from_number` varchar(50) DEFAULT NULL,
  `from_name` varchar(50) DEFAULT NULL,
  `to_number` varchar(50) DEFAULT NULL,
  `callertype` varchar(30) DEFAULT NULL,
  `flag` int(19) DEFAULT NULL,
  `timer` int(19) DEFAULT NULL,
  `refuid` varchar(255) DEFAULT NULL
) ENGINE=InnoDB DEFAULT CHARSET=utf8 COLLATE=utf8_general_ci;

--
-- Dumping data for table `vtiger_asteriskincomingcalls`
--


--
-- Table structure for table `vtiger_asteriskincomingevents`
--

CREATE TABLE `vtiger_asteriskincomingevents` (
  `uid` varchar(255) NOT NULL,
  `channel` varchar(100) DEFAULT NULL,
  `from_number` bigint(20) DEFAULT NULL,
  `from_name` varchar(100) DEFAULT NULL,
  `to_number` bigint(20) DEFAULT NULL,
  `callertype` varchar(100) DEFAULT NULL,
  `timer` int(20) DEFAULT NULL,
  `flag` varchar(3) DEFAULT NULL,
  `pbxrecordid` int(19) DEFAULT NULL,
  `relcrmid` int(19) DEFAULT NULL,
  PRIMARY KEY (`uid`)
) ENGINE=InnoDB DEFAULT CHARSET=utf8 COLLATE=utf8_general_ci;

--
-- Dumping data for table `vtiger_asteriskincomingevents`
--


--
-- Table structure for table `vtiger_attachments`
--

CREATE TABLE `vtiger_attachments` (
  `attachmentsid` int(19) NOT NULL,
  `name` varchar(255) NOT NULL,
  `description` text DEFAULT NULL,
  `type` varchar(100) DEFAULT NULL,
  `path` text DEFAULT NULL,
  `storedname` varchar(255) DEFAULT NULL,
  `subject` varchar(255) DEFAULT NULL,
  PRIMARY KEY (`attachmentsid`),
  KEY `attachments_attachmentsid_idx` (`attachmentsid`),
  CONSTRAINT `fk_1_vtiger_attachments` FOREIGN KEY (`attachmentsid`) REFERENCES `vtiger_crmentity` (`crmid`) ON DELETE CASCADE
) ENGINE=InnoDB DEFAULT CHARSET=utf8 COLLATE=utf8_general_ci;

--
-- Dumping data for table `vtiger_attachments`
--

INSERT INTO `vtiger_attachments` VALUES (451,'Max-R_Headshot_(1).jpg','','image/jpeg','storage/2024/June/week1/','a14cc4ce13945821ef025b509ea5027d.jpg',NULL),(658,'image001.png','image001.png','image/png','storage/2024/July/week1/',NULL,NULL),(659,'image002.png','image002.png','image/png','storage/2024/July/week1/',NULL,NULL),(660,'image003.jpg','image003.jpg','image/jpeg','storage/2024/July/week1/',NULL,NULL),(661,'image002.png','image002.png','image/png','storage/2024/July/week1/',NULL,NULL),(662,'logo.jpg','logo.jpg','image/jpeg','storage/2024/July/week1/',NULL,NULL),(663,'logo.jpg','logo.jpg','image/jpeg','storage/2024/July/week1/',NULL,NULL),(664,'logo.jpg','logo.jpg','image/jpeg','storage/2024/July/week1/',NULL,NULL),(665,'image001.jpg','image001.jpg','image/jpeg','storage/2024/July/week1/',NULL,NULL),(666,'image002.png','image002.png','image/png','storage/2024/July/week1/',NULL,NULL),(667,'image003.png','image003.png','image/png','storage/2024/July/week1/',NULL,NULL),(668,'image004.png','image004.png','image/png','storage/2024/July/week1/',NULL,NULL),(669,'image005.png','image005.png','image/png','storage/2024/July/week1/',NULL,NULL),(670,'image006.png','image006.png','image/png','storage/2024/July/week1/',NULL,NULL),(671,'image007.png','image007.png','image/png','storage/2024/July/week1/',NULL,NULL),(672,'image008.png','image008.png','image/png','storage/2024/July/week1/',NULL,NULL),(674,'image001.jpg','image001.jpg','image/jpeg','storage/2024/July/week1/',NULL,NULL),(676,'image002.png','image002.png','image/png','storage/2024/July/week1/',NULL,NULL),(678,'image003.png','image003.png','image/png','storage/2024/July/week1/',NULL,NULL),(680,'image004.png','image004.png','image/png','storage/2024/July/week1/',NULL,NULL),(682,'image005.png','image005.png','image/png','storage/2024/July/week1/',NULL,NULL),(684,'image006.png','image006.png','image/png','storage/2024/July/week1/',NULL,NULL),(686,'image007.png','image007.png','image/png','storage/2024/July/week1/',NULL,NULL),(688,'image008.png','image008.png','image/png','storage/2024/July/week1/',NULL,NULL),(764,'logo.jpg','logo.jpg','image/jpeg','storage/2024/July/week5/',NULL,NULL),(765,'logo.jpg','logo.jpg','image/jpeg','storage/2024/July/week5/',NULL,NULL),(766,'logo.jpg','logo.jpg','image/jpeg','storage/2024/July/week5/',NULL,NULL),(767,'logo.jpg','logo.jpg','image/jpeg','storage/2024/July/week5/',NULL,NULL),(781,'logo.jpg','logo.jpg','image/jpeg','storage/2024/August/week3/',NULL,NULL),(782,'logo.jpg','logo.jpg','image/jpeg','storage/2024/August/week3/',NULL,NULL),(783,'logo.jpg','logo.jpg','image/jpeg','storage/2024/August/week3/',NULL,NULL),(784,'logo.jpg','logo.jpg','image/jpeg','storage/2024/August/week3/',NULL,NULL),(785,'3683299876000.zip','3683299876000.zip','application/zip','storage/2024/August/week3/',NULL,NULL),(788,'logo.jpg','logo.jpg','image/jpeg','storage/2024/August/week3/',NULL,NULL),(789,'logo.jpg','logo.jpg','image/jpeg','storage/2024/August/week3/',NULL,NULL),(790,'logo.jpg','logo.jpg','image/jpeg','storage/2024/August/week3/',NULL,NULL),(791,'logo.jpg','logo.jpg','image/jpeg','storage/2024/August/week3/',NULL,NULL),(792,'3683299876000.zip','3683299876000.zip','application/zip','storage/2024/August/week3/',NULL,NULL),(793,'logo.jpg','logo.jpg','image/jpeg','storage/2024/August/week4/',NULL,NULL),(794,'logo.jpg','logo.jpg','image/jpeg','storage/2024/August/week4/',NULL,NULL),(795,'logo.jpg','logo.jpg','image/jpeg','storage/2024/August/week4/',NULL,NULL),(796,'logo.jpg','logo.jpg','image/jpeg','storage/2024/August/week4/',NULL,NULL),(797,'3683299876000.zip','3683299876000.zip','application/zip','storage/2024/August/week4/',NULL,NULL);

--
-- Table structure for table `vtiger_attachmentsfolder`
--

CREATE TABLE `vtiger_attachmentsfolder` (
  `folderid` int(19) NOT NULL AUTO_INCREMENT,
  `foldername` varchar(200) NOT NULL,
  `description` varchar(250) DEFAULT NULL,
  `createdby` int(19) NOT NULL,
  `sequence` int(19) DEFAULT NULL,
  PRIMARY KEY (`folderid`)
) ENGINE=InnoDB AUTO_INCREMENT=2 DEFAULT CHARSET=utf8 COLLATE=utf8_general_ci;

--
-- Dumping data for table `vtiger_attachmentsfolder`
--

INSERT INTO `vtiger_attachmentsfolder` VALUES (1,'Default','This is a Default Folder',1,1);

--
-- Table structure for table `vtiger_attachmentsfolder_seq`
--

CREATE TABLE `vtiger_attachmentsfolder_seq` (
  `id` int(11) NOT NULL
) ENGINE=InnoDB DEFAULT CHARSET=utf8 COLLATE=utf8_general_ci;

--
-- Dumping data for table `vtiger_attachmentsfolder_seq`
--

INSERT INTO `vtiger_attachmentsfolder_seq` VALUES (1);

--
-- Table structure for table `vtiger_attendance_status`
--

CREATE TABLE `vtiger_attendance_status` (
  `attendance_statusid` int(11) NOT NULL AUTO_INCREMENT,
  `attendance_status` varchar(200) NOT NULL,
  `presence` int(1) NOT NULL DEFAULT 1,
  `picklist_valueid` int(11) NOT NULL DEFAULT 0,
  `sortorderid` int(11) DEFAULT 0,
  `color` varchar(10) DEFAULT NULL,
  PRIMARY KEY (`attendance_statusid`)
) ENGINE=InnoDB AUTO_INCREMENT=3 DEFAULT CHARSET=utf8 COLLATE=utf8_general_ci;

--
-- Dumping data for table `vtiger_attendance_status`
--

INSERT INTO `vtiger_attendance_status` VALUES (1,'check_in',1,326,1,NULL),(2,'check_out',1,327,2,NULL);

--
-- Table structure for table `vtiger_attendance_status_seq`
--

CREATE TABLE `vtiger_attendance_status_seq` (
  `id` int(11) NOT NULL
) ENGINE=InnoDB DEFAULT CHARSET=utf8 COLLATE=utf8_general_ci;

--
-- Dumping data for table `vtiger_attendance_status_seq`
--

INSERT INTO `vtiger_attendance_status_seq` VALUES (2);

--
-- Table structure for table `vtiger_audit_trial`
--

CREATE TABLE `vtiger_audit_trial` (
  `auditid` int(19) NOT NULL,
  `userid` int(19) DEFAULT NULL,
  `module` varchar(255) DEFAULT NULL,
  `action` varchar(255) DEFAULT NULL,
  `recordid` varchar(20) DEFAULT NULL,
  `actiondate` datetime DEFAULT NULL,
  PRIMARY KEY (`auditid`)
) ENGINE=InnoDB DEFAULT CHARSET=utf8 COLLATE=utf8_general_ci;

--
-- Dumping data for table `vtiger_audit_trial`
--


--
-- Table structure for table `vtiger_blocks`
--

CREATE TABLE `vtiger_blocks` (
  `blockid` int(19) NOT NULL,
  `tabid` int(19) NOT NULL,
  `blocklabel` varchar(100) NOT NULL,
  `sequence` int(10) DEFAULT NULL,
  `show_title` int(2) DEFAULT NULL,
  `visible` int(2) NOT NULL DEFAULT 0,
  `create_view` int(2) NOT NULL DEFAULT 0,
  `edit_view` int(2) NOT NULL DEFAULT 0,
  `detail_view` int(2) NOT NULL DEFAULT 0,
  `display_status` int(1) NOT NULL DEFAULT 1,
  `iscustom` int(1) NOT NULL DEFAULT 0,
  PRIMARY KEY (`blockid`),
  UNIQUE KEY `name_block` (`tabid`,`blocklabel`),
  KEY `block_tabid_idx` (`tabid`),
  CONSTRAINT `fk_1_vtiger_blocks` FOREIGN KEY (`tabid`) REFERENCES `vtiger_tab` (`tabid`) ON DELETE CASCADE
) ENGINE=InnoDB DEFAULT CHARSET=utf8 COLLATE=utf8_general_ci;

--
-- Dumping data for table `vtiger_blocks`
--

INSERT INTO `vtiger_blocks` VALUES (1,2,'LBL_OPPORTUNITY_INFORMATION',1,0,0,0,0,0,1,0),(2,2,'LBL_CUSTOM_INFORMATION',2,0,0,0,0,0,1,0),(3,2,'LBL_DESCRIPTION_INFORMATION',3,0,0,0,0,0,1,0),(4,4,'LBL_CONTACT_INFORMATION',1,0,0,0,0,0,1,0),(5,4,'LBL_CUSTOM_INFORMATION',6,0,0,0,0,0,1,0),(6,4,'LBL_CUSTOMER_PORTAL_INFORMATION',4,0,0,0,0,0,1,0),(7,4,'LBL_ADDRESS_INFORMATION',5,0,0,0,0,0,1,0),(8,4,'LBL_DESCRIPTION_INFORMATION',7,0,0,0,0,0,1,0),(9,6,'LBL_ACCOUNT_INFORMATION',1,0,0,0,0,0,1,0),(10,6,'LBL_CUSTOM_INFORMATION',5,0,0,0,0,0,1,0),(11,6,'LBL_ADDRESS_INFORMATION',6,0,0,0,0,0,1,0),(12,6,'LBL_DESCRIPTION_INFORMATION',7,0,0,0,0,0,1,0),(13,7,'LBL_LEAD_INFORMATION',5,0,0,0,0,0,1,0),(14,7,'LBL_CUSTOM_INFORMATION',2,0,0,0,0,0,1,0),(15,7,'LBL_ADDRESS_INFORMATION',3,0,0,0,0,0,1,0),(16,7,'LBL_DESCRIPTION_INFORMATION',4,0,0,0,0,0,1,0),(17,8,'LBL_NOTE_INFORMATION',1,0,0,0,0,0,1,0),(18,8,'LBL_FILE_INFORMATION',3,1,0,0,0,0,1,0),(19,9,'LBL_TASK_INFORMATION',1,0,0,0,0,0,1,0),(20,9,'LBL_DESCRIPTION_INFORMATION',3,1,0,0,0,0,1,0),(21,10,'LBL_EMAIL_INFORMATION',1,0,0,0,0,0,1,0),(22,10,'Emails_Block1',2,1,0,0,0,0,1,0),(23,10,'Emails_Block2',3,1,0,0,0,0,1,0),(24,10,'Emails_Block3',4,1,0,0,0,0,1,0),(25,13,'LBL_TICKET_INFORMATION',1,0,0,0,0,0,1,0),(26,13,'',4,1,0,0,0,0,1,0),(27,13,'LBL_CUSTOM_INFORMATION',4,0,0,0,0,0,1,0),(28,13,'LBL_DESCRIPTION_INFORMATION',2,0,0,0,0,0,1,0),(29,13,'LBL_TICKET_RESOLUTION',5,0,0,1,0,0,1,0),(30,13,'LBL_COMMENTS',8,0,0,1,0,0,1,0),(31,14,'LBL_PRODUCT_INFORMATION',1,0,0,0,0,0,1,0),(32,14,'LBL_PRICING_INFORMATION',2,0,0,0,0,0,1,0),(33,14,'LBL_STOCK_INFORMATION',3,0,0,0,0,0,1,0),(34,14,'LBL_CUSTOM_INFORMATION',4,0,0,0,0,0,1,0),(35,14,'LBL_IMAGE_INFORMATION',5,0,0,0,0,0,1,0),(36,14,'LBL_DESCRIPTION_INFORMATION',6,0,0,0,0,0,1,0),(37,15,'LBL_FAQ_INFORMATION',1,0,0,0,0,0,1,0),(38,15,'LBL_COMMENT_INFORMATION',4,0,0,1,0,0,1,0),(39,16,'LBL_EVENT_INFORMATION',1,0,0,0,0,0,1,0),(40,16,'LBL_REMINDER_INFORMATION',2,0,0,0,0,0,1,0),(41,16,'LBL_DESCRIPTION_INFORMATION',5,0,0,0,0,0,1,0),(42,18,'LBL_VENDOR_INFORMATION',1,0,0,0,0,0,1,0),(43,18,'LBL_CUSTOM_INFORMATION',2,0,0,0,0,0,1,0),(44,18,'LBL_VENDOR_ADDRESS_INFORMATION',3,0,0,0,0,0,1,0),(45,18,'LBL_DESCRIPTION_INFORMATION',4,0,0,0,0,0,1,0),(46,19,'LBL_PRICEBOOK_INFORMATION',1,0,0,0,0,0,1,0),(47,19,'LBL_CUSTOM_INFORMATION',2,0,0,0,0,0,1,0),(48,19,'LBL_DESCRIPTION_INFORMATION',3,0,0,0,0,0,1,0),(49,20,'LBL_QUOTE_INFORMATION',1,0,0,0,0,0,1,0),(50,20,'LBL_CUSTOM_INFORMATION',2,0,0,0,0,0,1,0),(51,20,'LBL_ADDRESS_INFORMATION',3,0,0,0,0,0,1,0),(52,20,'LBL_RELATED_PRODUCTS',4,0,0,0,0,0,1,0),(53,20,'LBL_TERMS_INFORMATION',5,0,0,0,0,0,1,0),(54,20,'LBL_DESCRIPTION_INFORMATION',6,0,0,0,0,0,1,0),(55,21,'LBL_PO_INFORMATION',1,0,0,0,0,0,1,0),(56,21,'LBL_CUSTOM_INFORMATION',2,0,0,0,0,0,1,0),(57,21,'LBL_ADDRESS_INFORMATION',3,0,0,0,0,0,1,0),(58,21,'LBL_RELATED_PRODUCTS',4,0,0,0,0,0,1,0),(59,21,'LBL_TERMS_INFORMATION',5,0,0,0,0,0,1,0),(60,21,'LBL_DESCRIPTION_INFORMATION',6,0,0,0,0,0,1,0),(61,22,'LBL_SO_INFORMATION',1,0,0,0,0,0,1,0),(62,22,'LBL_CUSTOM_INFORMATION',3,0,0,0,0,0,1,0),(63,22,'LBL_ADDRESS_INFORMATION',4,0,0,0,0,0,1,0),(64,22,'LBL_RELATED_PRODUCTS',5,0,0,0,0,0,1,0),(65,22,'LBL_TERMS_INFORMATION',6,0,0,0,0,0,1,0),(66,22,'LBL_DESCRIPTION_INFORMATION',7,0,0,0,0,0,1,0),(67,23,'LBL_INVOICE_INFORMATION',1,0,0,0,0,0,1,0),(68,23,'LBL_CUSTOM_INFORMATION',2,0,0,0,0,0,1,0),(69,23,'LBL_ADDRESS_INFORMATION',3,0,0,0,0,0,1,0),(70,23,'LBL_RELATED_PRODUCTS',4,0,0,0,0,0,1,0),(71,23,'LBL_TERMS_INFORMATION',5,0,0,0,0,0,1,0),(72,23,'LBL_DESCRIPTION_INFORMATION',6,0,0,0,0,0,1,0),(73,4,'LBL_IMAGE_INFORMATION',8,0,0,0,0,0,1,0),(74,26,'LBL_CAMPAIGN_INFORMATION',1,0,0,0,0,0,1,0),(75,26,'LBL_CUSTOM_INFORMATION',2,0,0,0,0,0,1,0),(76,26,'LBL_EXPECTATIONS_AND_ACTUALS',3,0,0,0,0,0,1,0),(77,29,'LBL_USERLOGIN_ROLE',1,0,0,0,0,0,1,0),(78,29,'LBL_CURRENCY_CONFIGURATION',3,0,0,0,0,0,1,0),(79,29,'LBL_MORE_INFORMATION',4,0,0,0,0,0,1,0),(80,29,'LBL_ADDRESS_INFORMATION',5,0,0,0,0,0,1,0),(81,26,'LBL_DESCRIPTION_INFORMATION',4,0,0,0,0,0,1,0),(82,29,'LBL_USER_IMAGE_INFORMATION',5,0,0,0,0,0,1,0),(83,29,'LBL_USER_ADV_OPTIONS',6,0,0,0,0,0,1,0),(84,8,'LBL_DESCRIPTION',2,0,0,0,0,0,1,0),(85,22,'Recurring Invoice Information',2,0,0,0,0,0,1,0),(86,9,'LBL_CUSTOM_INFORMATION',4,0,0,0,0,0,1,0),(87,16,'LBL_CUSTOM_INFORMATION',6,0,0,0,0,0,1,0),(88,31,'LBL_SERVICE_CONTRACT_INFORMATION',1,0,0,0,0,0,1,0),(89,31,'LBL_CUSTOM_INFORMATION',2,0,0,0,0,0,1,0),(90,32,'LBL_SERVICE_INFORMATION',1,0,0,0,0,0,1,0),(91,32,'LBL_PRICING_INFORMATION',2,0,0,0,0,0,1,0),(92,32,'LBL_CUSTOM_INFORMATION',3,0,0,0,0,0,1,0),(93,32,'LBL_DESCRIPTION_INFORMATION',4,0,0,0,0,0,1,0),(94,37,'LBL_PBXMANAGER_INFORMATION',1,0,0,0,0,0,1,0),(95,38,'LBL_MODCOMMENTS_INFORMATION',1,0,0,0,0,0,1,0),(96,38,'LBL_OTHER_INFORMATION',2,0,0,0,0,0,1,0),(97,38,'LBL_CUSTOM_INFORMATION',3,0,0,0,0,0,1,0),(98,42,'LBL_PROJECT_MILESTONE_INFORMATION',1,0,0,0,0,0,1,0),(99,42,'LBL_CUSTOM_INFORMATION',2,0,0,0,0,0,1,0),(100,42,'LBL_DESCRIPTION_INFORMATION',3,0,0,0,0,0,1,0),(101,43,'LBL_PROJECT_TASK_INFORMATION',1,0,0,0,0,0,1,0),(102,43,'LBL_CUSTOM_INFORMATION',2,0,0,0,0,0,1,0),(103,43,'LBL_DESCRIPTION_INFORMATION',3,0,0,0,0,0,1,0),(104,44,'LBL_PROJECT_INFORMATION',1,0,0,0,0,0,1,0),(105,44,'LBL_CUSTOM_INFORMATION',2,0,0,0,0,0,1,0),(106,44,'LBL_DESCRIPTION_INFORMATION',3,0,0,0,0,0,1,0),(107,46,'LBL_ASSET_INFORMATION',1,0,0,0,0,0,1,0),(108,46,'LBL_CUSTOM_INFORMATION',2,0,0,0,0,0,1,0),(109,46,'LBL_DESCRIPTION_INFORMATION',3,0,0,0,0,0,1,0),(110,47,'LBL_SMSNOTIFIER_INFORMATION',1,0,0,0,0,0,1,0),(111,47,'LBL_CUSTOM_INFORMATION',2,0,0,0,0,0,1,0),(112,47,'StatusInformation',3,0,0,0,0,0,1,0),(113,23,'LBL_ITEM_DETAILS',5,0,0,0,0,0,1,0),(114,22,'LBL_ITEM_DETAILS',5,0,0,0,0,0,1,0),(115,21,'LBL_ITEM_DETAILS',5,0,0,0,0,0,1,0),(116,20,'LBL_ITEM_DETAILS',5,0,0,0,0,0,1,0),(117,16,'LBL_RECURRENCE_INFORMATION',3,0,0,0,0,0,1,0),(118,29,'LBL_CALENDAR_SETTINGS',2,0,0,0,0,0,1,0),(119,16,'LBL_RELATED_TO',4,0,0,0,0,0,1,0),(120,9,'LBL_REMINDER_INFORMATION',2,0,0,0,0,0,1,0),(121,2,'LBL_LEAD_INFORMATION',5,0,0,0,0,0,1,0),(122,3,'LBL_LEAD_INFORMATION',2,0,0,0,0,0,1,0),(123,4,'LBL_LEAD_INFORMATION',9,0,0,0,0,0,1,0),(124,6,'LBL_LEAD_INFORMATION',9,0,0,0,0,0,1,0),(126,8,'LBL_LEAD_INFORMATION',5,0,0,0,0,0,1,0),(127,9,'LBL_LEAD_INFORMATION',6,0,0,0,0,0,1,0),(128,10,'LBL_LEAD_INFORMATION',6,0,0,0,0,0,1,0),(129,13,'LBL_LEAD_INFORMATION',7,0,0,0,0,0,1,0),(130,14,'LBL_LEAD_INFORMATION',8,0,0,0,0,0,1,0),(131,15,'LBL_LEAD_INFORMATION',6,0,0,0,0,0,1,0),(132,16,'LBL_LEAD_INFORMATION',8,0,0,0,0,0,1,0),(133,18,'LBL_LEAD_INFORMATION',6,0,0,0,0,0,1,0),(134,19,'LBL_LEAD_INFORMATION',5,0,0,0,0,0,1,0),(135,20,'LBL_LEAD_INFORMATION',8,0,0,0,0,0,1,0),(136,21,'LBL_LEAD_INFORMATION',8,0,0,0,0,0,1,0),(137,22,'LBL_LEAD_INFORMATION',9,0,0,0,0,0,1,0),(138,23,'LBL_LEAD_INFORMATION',8,0,0,0,0,0,1,0),(139,24,'LBL_LEAD_INFORMATION',2,0,0,0,0,0,1,0),(140,25,'LBL_LEAD_INFORMATION',2,0,0,0,0,0,1,0),(141,26,'LBL_LEAD_INFORMATION',6,0,0,0,0,0,1,0),(142,27,'LBL_LEAD_INFORMATION',2,0,0,0,0,0,1,0),(143,28,'LBL_LEAD_INFORMATION',2,0,0,0,0,0,1,0),(144,29,'LBL_LEAD_INFORMATION',8,0,0,0,0,0,1,0),(145,30,'LBL_LEAD_INFORMATION',2,0,0,0,0,0,1,0),(146,31,'LBL_LEAD_INFORMATION',4,0,0,0,0,0,1,0),(147,32,'LBL_LEAD_INFORMATION',6,0,0,0,0,0,1,0),(148,33,'LBL_LEAD_INFORMATION',2,0,0,0,0,0,1,0),(149,34,'LBL_LEAD_INFORMATION',2,0,0,0,0,0,1,0),(150,35,'LBL_LEAD_INFORMATION',2,0,0,0,0,0,1,0),(151,36,'LBL_LEAD_INFORMATION',2,0,0,0,0,0,1,0),(152,37,'LBL_LEAD_INFORMATION',3,0,0,0,0,0,1,0),(153,38,'LBL_LEAD_INFORMATION',5,0,0,0,0,0,1,0),(154,39,'LBL_LEAD_INFORMATION',2,0,0,0,0,0,1,0),(155,40,'LBL_LEAD_INFORMATION',2,0,0,0,0,0,1,0),(156,41,'LBL_LEAD_INFORMATION',2,0,0,0,0,0,1,0),(157,42,'LBL_LEAD_INFORMATION',5,0,0,0,0,0,1,0),(158,43,'LBL_LEAD_INFORMATION',5,0,0,0,0,0,1,0),(159,44,'LBL_LEAD_INFORMATION',5,0,0,0,0,0,1,0),(160,45,'LBL_LEAD_INFORMATION',2,0,0,0,0,0,1,0),(161,46,'LBL_LEAD_INFORMATION',5,0,0,0,0,0,1,0),(162,47,'LBL_LEAD_INFORMATION',5,0,0,0,0,0,1,0),(163,48,'LBL_LEAD_INFORMATION',2,0,0,0,0,0,1,0),(164,49,'LBL_LEAD_INFORMATION',2,0,0,0,0,0,1,0),(166,52,'CTMobile Time Tracker Information',1,0,0,0,0,0,1,0),(167,53,'CTMobile Time Control Information',1,0,0,0,0,0,1,0),(168,54,'CTMobile RoutePlanning Information',1,0,0,0,0,0,1,0),(169,55,'CTMobile Attendance Information',1,0,0,0,0,0,1,0),(170,56,'CTMobile Attendance Information',1,0,0,0,0,0,1,0),(171,57,'CTMobile User Filter View Information',1,0,0,0,0,0,1,0),(172,58,'CTMobile Message Template',1,0,0,0,0,0,1,0),(173,59,'CTMobile Push Notification Information',1,0,0,0,0,0,1,0),(174,59,'Description',2,0,0,0,0,0,1,0),(221,50,'LBL_LEAD_INFORMATION',1,0,0,0,0,0,1,0),(222,51,'LBL_LEAD_INFORMATION',1,0,0,0,0,0,1,0),(223,52,'LBL_LEAD_INFORMATION',2,0,0,0,0,0,1,0),(224,53,'LBL_LEAD_INFORMATION',2,0,0,0,0,0,1,0),(225,54,'LBL_LEAD_INFORMATION',2,0,0,0,0,0,1,0),(226,55,'LBL_LEAD_INFORMATION',2,0,0,0,0,0,1,0),(227,56,'LBL_LEAD_INFORMATION',2,0,0,0,0,0,1,0),(228,57,'LBL_LEAD_INFORMATION',2,0,0,0,0,0,1,0),(229,58,'LBL_LEAD_INFORMATION',2,0,0,0,0,0,1,0),(230,59,'LBL_LEAD_INFORMATION',3,0,0,0,0,0,1,0),(235,60,'Encabezado de Factura',1,0,0,0,0,0,1,0),(237,60,'Detalles de Cobranza',3,0,0,0,0,0,1,1),(238,60,'Requisitos de Cobranza',5,0,0,0,0,0,1,1),(239,60,'Contacto de Cobranza',6,0,0,0,0,0,1,1),(240,60,'Información de Sistema',7,0,0,0,0,0,1,1),(242,13,'Atencion de Incidencia',3,0,0,0,0,0,1,1),(243,13,'Calidad de Servicio',6,0,0,0,0,0,1,1),(244,26,'Mailchimp',5,0,0,0,0,0,1,1),(245,4,'Informacion Laboral',3,0,0,0,0,0,1,1),(246,4,'Informacion de Segmentacion',2,0,0,0,0,0,1,1),(247,6,'Informacion de Segmentacion',4,0,0,0,0,0,1,1),(248,6,'Informacion Estrategica',3,0,0,0,0,0,1,1),(249,6,'Indicadores de Fidelizacion',2,0,0,0,0,0,1,1),(250,61,'Informacion general',1,0,0,0,0,0,1,0),(251,61,'Información de Sistema',3,0,0,0,0,0,1,1),(252,61,'Detalle del Pago',2,0,0,0,0,0,1,1),(253,62,'WhatsApp Msg Detail',1,0,0,0,0,0,1,0),(254,63,'WhatsApp Templates Information',1,0,0,0,0,0,1,0),(255,64,'WhatsAppLog Detail',1,0,0,0,0,0,1,0),(256,60,'Pagos Parciales',4,0,0,0,0,0,1,1),(257,60,'Gestión de la Cobranza',2,0,0,0,0,0,1,1);

--
-- Table structure for table `vtiger_blocks_seq`
--

CREATE TABLE `vtiger_blocks_seq` (
  `id` int(11) NOT NULL
) ENGINE=InnoDB DEFAULT CHARSET=utf8 COLLATE=utf8_general_ci;

--
-- Dumping data for table `vtiger_blocks_seq`
--

INSERT INTO `vtiger_blocks_seq` VALUES (257);

--
-- Table structure for table `vtiger_calendar_default_activitytypes`
--

CREATE TABLE `vtiger_calendar_default_activitytypes` (
  `id` int(19) NOT NULL,
  `module` varchar(50) DEFAULT NULL,
  `fieldname` varchar(50) DEFAULT NULL,
  `defaultcolor` varchar(50) DEFAULT NULL,
  `isdefault` int(11) DEFAULT 1,
  `conditions` varchar(255) DEFAULT '',
  PRIMARY KEY (`id`)
) ENGINE=InnoDB DEFAULT CHARSET=utf8 COLLATE=utf8_general_ci;

--
-- Dumping data for table `vtiger_calendar_default_activitytypes`
--

INSERT INTO `vtiger_calendar_default_activitytypes` VALUES (1,'Events','[\"date_start\",\"due_date\"]','#17309A',1,''),(2,'Calendar','[\"date_start\",\"due_date\"]','#3A87AD',1,''),(3,'Potentials','[\"closingdate\"]','#AA6705',1,''),(4,'Contacts','[\"support_end_date\"]','#953B39',1,''),(5,'Contacts','[\"birthday\"]','#545252',1,''),(6,'Invoice','[\"duedate\"]','#87865D',1,''),(7,'Project','[\"startdate\",\"targetenddate\"]','#C71585',1,''),(8,'ProjectTask','[\"startdate\",\"enddate\"]','#006400',1,'');

--
-- Table structure for table `vtiger_calendar_default_activitytypes_seq`
--

CREATE TABLE `vtiger_calendar_default_activitytypes_seq` (
  `id` int(11) NOT NULL
) ENGINE=InnoDB DEFAULT CHARSET=utf8 COLLATE=utf8_general_ci;

--
-- Dumping data for table `vtiger_calendar_default_activitytypes_seq`
--

INSERT INTO `vtiger_calendar_default_activitytypes_seq` VALUES (8);

--
-- Table structure for table `vtiger_calendar_user_activitytypes`
--

CREATE TABLE `vtiger_calendar_user_activitytypes` (
  `id` int(19) NOT NULL,
  `defaultid` int(19) DEFAULT NULL,
  `userid` int(19) DEFAULT NULL,
  `color` varchar(50) DEFAULT NULL,
  `visible` int(19) DEFAULT 1,
  PRIMARY KEY (`id`)
) ENGINE=InnoDB DEFAULT CHARSET=utf8 COLLATE=utf8_general_ci;

--
-- Dumping data for table `vtiger_calendar_user_activitytypes`
--

INSERT INTO `vtiger_calendar_user_activitytypes` VALUES (1,1,1,'#17309A',1),(2,2,1,'#3A87AD',1),(3,3,1,'#AA6705',1),(4,4,1,'#953B39',1),(5,5,1,'#545252',1),(6,6,1,'#87865D',1),(7,7,1,'#C71585',1),(8,8,1,'#006400',1),(9,1,5,'#17309A',1),(10,2,5,'#3A87AD',1),(11,3,5,'#AA6705',1),(12,4,5,'#953B39',1),(13,5,5,'#545252',1),(14,6,5,'#87865D',1),(15,7,5,'#C71585',1),(16,8,5,'#006400',1),(17,1,6,'#17309A',1),(18,2,6,'#3A87AD',1),(19,3,6,'#AA6705',1),(20,4,6,'#953B39',1),(21,5,6,'#545252',1),(22,6,6,'#87865D',1),(23,7,6,'#C71585',1),(24,8,6,'#006400',1),(25,1,7,'#17309A',1),(26,2,7,'#3A87AD',1),(27,3,7,'#AA6705',1),(28,4,7,'#953B39',1),(29,5,7,'#545252',1),(30,6,7,'#87865D',1),(31,7,7,'#C71585',1),(32,8,7,'#006400',1),(33,1,8,'#17309A',1),(34,2,8,'#3A87AD',1),(35,3,8,'#AA6705',1),(36,4,8,'#953B39',1),(37,5,8,'#545252',1),(38,6,8,'#87865D',1),(39,7,8,'#C71585',1),(40,8,8,'#006400',1),(41,1,9,'#17309A',1),(42,2,9,'#3A87AD',1),(43,3,9,'#AA6705',1),(44,4,9,'#953B39',1),(45,5,9,'#545252',1),(46,6,9,'#87865D',1),(47,7,9,'#C71585',1),(48,8,9,'#006400',1);

--
-- Table structure for table `vtiger_calendar_user_activitytypes_seq`
--

CREATE TABLE `vtiger_calendar_user_activitytypes_seq` (
  `id` int(11) NOT NULL
) ENGINE=InnoDB DEFAULT CHARSET=utf8 COLLATE=utf8_general_ci;

--
-- Dumping data for table `vtiger_calendar_user_activitytypes_seq`
--

INSERT INTO `vtiger_calendar_user_activitytypes_seq` VALUES (48);

--
-- Table structure for table `vtiger_calendarsharedtype`
--

CREATE TABLE `vtiger_calendarsharedtype` (
  `calendarsharedtypeid` int(11) NOT NULL AUTO_INCREMENT,
  `calendarsharedtype` varchar(200) NOT NULL,
  `sortorderid` int(11) DEFAULT NULL,
  `presence` int(11) NOT NULL DEFAULT 1,
  PRIMARY KEY (`calendarsharedtypeid`)
) ENGINE=InnoDB AUTO_INCREMENT=4 DEFAULT CHARSET=utf8 COLLATE=utf8_general_ci;

--
-- Dumping data for table `vtiger_calendarsharedtype`
--

INSERT INTO `vtiger_calendarsharedtype` VALUES (1,'public',0,1),(2,'private',1,1),(3,'seletedusers',2,1);

--
-- Table structure for table `vtiger_calendarsharedtype_seq`
--

CREATE TABLE `vtiger_calendarsharedtype_seq` (
  `id` int(11) NOT NULL
) ENGINE=InnoDB DEFAULT CHARSET=utf8 COLLATE=utf8_general_ci;

--
-- Dumping data for table `vtiger_calendarsharedtype_seq`
--

INSERT INTO `vtiger_calendarsharedtype_seq` VALUES (3);

--
-- Table structure for table `vtiger_callduration`
--

CREATE TABLE `vtiger_callduration` (
  `calldurationid` int(11) NOT NULL AUTO_INCREMENT,
  `callduration` varchar(200) NOT NULL,
  `sortorderid` int(11) DEFAULT NULL,
  `presence` int(11) NOT NULL DEFAULT 1,
  PRIMARY KEY (`calldurationid`)
) ENGINE=InnoDB AUTO_INCREMENT=6 DEFAULT CHARSET=utf8 COLLATE=utf8_general_ci;

--
-- Dumping data for table `vtiger_callduration`
--

INSERT INTO `vtiger_callduration` VALUES (1,'5',0,1),(2,'10',1,1),(3,'30',2,1),(4,'60',3,1),(5,'120',4,1);

--
-- Table structure for table `vtiger_callduration_seq`
--

CREATE TABLE `vtiger_callduration_seq` (
  `id` int(11) NOT NULL
) ENGINE=InnoDB DEFAULT CHARSET=utf8 COLLATE=utf8_general_ci;

--
-- Dumping data for table `vtiger_callduration_seq`
--

INSERT INTO `vtiger_callduration_seq` VALUES (5);

--
-- Table structure for table `vtiger_campaign`
--

CREATE TABLE `vtiger_campaign` (
  `campaign_no` varchar(100) NOT NULL,
  `campaignname` varchar(255) DEFAULT NULL,
  `campaigntype` varchar(200) DEFAULT NULL,
  `campaignstatus` varchar(200) DEFAULT NULL,
  `expectedrevenue` decimal(25,8) DEFAULT NULL,
  `budgetcost` decimal(25,8) DEFAULT NULL,
  `actualcost` decimal(25,8) DEFAULT NULL,
  `expectedresponse` varchar(200) DEFAULT NULL,
  `numsent` decimal(11,0) DEFAULT NULL,
  `product_id` int(19) DEFAULT NULL,
  `sponsor` varchar(255) DEFAULT NULL,
  `targetaudience` varchar(255) DEFAULT NULL,
  `targetsize` int(19) DEFAULT NULL,
  `expectedresponsecount` int(19) DEFAULT NULL,
  `expectedsalescount` int(19) DEFAULT NULL,
  `expectedroi` decimal(25,8) DEFAULT NULL,
  `actualresponsecount` int(19) DEFAULT NULL,
  `actualsalescount` int(19) DEFAULT NULL,
  `actualroi` decimal(25,8) DEFAULT NULL,
  `campaignid` int(19) NOT NULL,
  `closingdate` date DEFAULT NULL,
  `tags` varchar(1) DEFAULT NULL,
  `lb_mailchimplistid` text DEFAULT NULL,
  `lb_mailchimpcampaignid` text DEFAULT NULL,
  PRIMARY KEY (`campaignid`),
  KEY `campaign_campaignstatus_idx` (`campaignstatus`),
  KEY `campaign_campaignname_idx` (`campaignname`),
  KEY `campaign_campaignid_idx` (`campaignid`),
  CONSTRAINT `fk_crmid_vtiger_campaign` FOREIGN KEY (`campaignid`) REFERENCES `vtiger_crmentity` (`crmid`) ON DELETE CASCADE
) ENGINE=InnoDB DEFAULT CHARSET=utf8 COLLATE=utf8_general_ci;

--
-- Dumping data for table `vtiger_campaign`
--

INSERT INTO `vtiger_campaign` VALUES ('CAM1','Difusion Computacion 2015 Cono Norte','Conferencia','Completed',0.00000000,0.00000000,0.00000000,'',0,0,'','Jovenes...',0,0,0,0.00000000,0,0,0.00000000,583,'2015-05-15','','',''),('CAM2','Difusion Administracion 2015 Cono Norte','Conferencia','Planeada',0.00000000,0.00000000,0.00000000,'',0,0,'','Jovenes...',0,0,0,0.00000000,0,0,0.00000000,584,'2015-05-15','','',''),('CAM3','La chinita empresarial','Feria comercial','Planeada',0.00000000,0.00000000,0.00000000,'',0,0,'','microempresas informales',0,0,0,0.00000000,0,0,0.00000000,585,'2015-05-29','','',''),('CAM4','Lanzamiento nueva linea','Mailing','Activo',0.00000000,0.00000000,0.00000000,'Excelente',3,0,'','Papas con niños de 2 años',100,0,12000,0.00000000,0,15000,0.00000000,586,'2015-05-29','','',''),('CAM5','Black cumple en el mes','Correo','Activo',0.00000000,0.00000000,0.00000000,'',0,0,'','blakc ....',0,0,0,0.00000000,0,0,0.00000000,587,'2015-06-30','','',''),('CAM6','Nueva linea de edredones','Mailing','Planeada',0.00000000,0.00000000,0.00000000,'Excelente',0,588,'','',100,0,0,0.00000000,0,0,0.00000000,589,'2015-08-28','','',''),('CAM7','Campaña DSV','Publicidad','Planeada',0.00000000,0.00000000,0.00000000,'',0,588,'','',0,0,0,0.00000000,0,0,0.00000000,590,'2015-12-03','','',''),('CAM8','LANZAMIENTO SEGURO INTER JR','Mailing','Planeada',0.00000000,0.00000000,0.00000000,'',0,0,'','BLACK Y PLATINO',0,0,0,0.00000000,0,0,0.00000000,591,'2015-12-15','','',''),('CAM9','Lanzamiento Segmento Int','','',0.00000000,0.00000000,0.00000000,'',0,0,'','',0,0,0,0.00000000,0,0,0.00000000,592,'2015-12-17','','',''),('CAM10','Lanzamiento Seguro Internacional CR','','Planeada',0.00000000,0.00000000,0.00000000,'',0,0,'','Black y Platinum',0,0,0,0.00000000,0,0,0.00000000,593,'2015-12-03','','',''),('CAM11','Black Friday Seguros','Publicidad','',0.00000000,0.00000000,0.00000000,'Pobre',0,0,'','',0,0,0,0.00000000,0,0,0.00000000,594,'2015-12-23','','',''),('CAM12','Lanzamiento Seguro Internacional ECAM','Publicidad','Planeada',0.00000000,0.00000000,0.00000000,'',0,0,'','black y Platinum',0,0,0,0.00000000,0,0,0.00000000,595,'2015-12-10','','',''),('CAM13','Lanzamiento de segmento internacional','','',0.00000000,0.00000000,0.00000000,'',0,0,'','Black yPlatino',0,0,0,0.00000000,0,0,0.00000000,596,'2015-12-31','','',''),('CAM14','Lanzamiento seguro internacional KG','Publicidad','Planeada',0.00000000,0.00000000,0.00000000,'',0,597,'','Black y Platinium',0,0,0,0.00000000,0,0,0.00000000,598,'2016-01-29','','',''),('CAM15','segmento seguro internacional','Correo','Planeada',0.00000000,0.00000000,0.00000000,'',0,0,'','',0,0,0,0.00000000,0,0,0.00000000,599,'2015-12-03','','',''),('CAM16','lanzamiento segmento internacional','Correo','Planeada',0.00000000,0.00000000,0.00000000,'',0,0,'','',0,0,0,0.00000000,0,0,0.00000000,600,'2015-12-15','','',''),('CAM17','Conferencia sobre Tributacion NIIF','Conferencia','Planeada',0.00000000,0.00000000,0.00000000,'Excelente',0,0,'','gerentes de finanzas',20,0,120000,0.00000000,0,0,0.00000000,601,'2016-09-16','','',''),('CAM18','Lanzamiento de nueva version Contabilidad','Conferencia','Planeada',0.00000000,0.00000000,0.00000000,'Excelente',0,0,'','estudios contables',100,0,0,0.00000000,0,0,0.00000000,602,'2016-10-20','','',''),('CAM19','Gestion','','Planeada',0.00000000,0.00000000,0.00000000,'',0,0,'','',0,0,0,0.00000000,0,0,0.00000000,603,'2016-10-13','','',''),('CAM20','Visita a Norte Chico','','',0.00000000,0.00000000,0.00000000,'',0,0,'','',0,0,12000,0.00000000,0,0,0.00000000,604,'2017-02-15','','',''),('CAM21','Lanzamiento de nueva linea de estufas','Correo','Planeada',0.00000000,0.00000000,0.00000000,'',0,0,'','',0,0,0,0.00000000,0,0,0.00000000,605,'2017-02-27','','',''),('CAM22','Diplomado Calidad 2017','Mailing','Planeada',0.00000000,0.00000000,0.00000000,'',0,606,'','Campaña Trimestre I',0,0,0,0.00000000,0,0,0.00000000,607,'2017-03-31','','',''),('CAM23','Vcacines de JUlio','','Planeada',0.00000000,0.00000000,0.00000000,'',0,0,'','',0,0,0,0.00000000,0,0,0.00000000,608,'2017-04-20','','',''),('CAM24','Motorshow 2017','','Planeada',0.00000000,0.00000000,0.00000000,'',0,0,'','Clientes con antiguedad de 4 años',1000,350,300000,0.00000000,0,0,0.00000000,609,'2017-07-19','','',''),('CAM25','28 julio','Correo','Planeada',0.00000000,0.00000000,0.00000000,'Excelente',0,0,'','Fidelizacion de Black',0,0,0,0.00000000,0,0,0.00000000,610,'2017-07-19','','',''),('CAM26','Combo de paneles','Mailing','',0.00000000,0.00000000,0.00000000,'Buena',0,0,'propia','empresas de tecnologia',0,20,50000,0.00000000,0,0,0.00000000,611,'2018-06-30','','',''),('CAM27','Discos de almacenamiento','Telemarketing','',0.00000000,0.00000000,0.00000000,'Buena',0,0,'','empresas de tecnologia',0,0,60,0.00000000,0,0,0.00000000,612,'2018-06-30','','',''),('CAM28','Teclados inalambricos','Telemarketing','',0.00000000,0.00000000,0.00000000,'',0,0,'','',0,0,0,0.00000000,0,0,0.00000000,613,'2018-06-30','','',''),('CAM29','Campaña Black 630demo01','','',0.00000000,0.00000000,0.00000000,'',0,0,'','',0,0,0,0.00000000,0,0,0.00000000,614,'2018-05-25','','ae5611e81c',''),('CAM30','Campaña venta Notebooks','Mailing','Activo',0.00000000,0.00000000,0.00000000,'Buena',20,0,'','empresas de tecnologia',0,16,12,0.00000000,0,0,0.00000000,615,'2018-06-30','','aec1524',''),('CAM31','pantallas led','','',0.00000000,0.00000000,0.00000000,'',0,0,'','',0,0,0,0.00000000,0,0,0.00000000,616,'2018-05-31','','730504784b',''),('CAM32','Proyectores tamaño A','Mailing','',0.00000000,0.00000000,0.00000000,'Normal',0,617,'','empresas de comunicaciones',0,0,1000000,0.00000000,0,0,0.00000000,618,'2018-07-31','','',''),('CAM33','Lanzamiento Paneles Solares Tipo  A','Mailing','Activo',0.00000000,0.00000000,0.00000000,'Normal',0,619,'','todas las empresas que usen energia',0,0,200000,0.00000000,0,0,0.00000000,620,'2018-06-09','','contacto campaña paneles solares',''),('CAM34','celulares Z','Mailing','Activo',0.00000000,0.00000000,0.00000000,'',0,621,'','jovenes millenials',0,0,0,0.00000000,0,0,0.00000000,622,'2018-06-30','','',''),('CAM35','instalacion ISSO 090','Mailing','Activo',0.00000000,0.00000000,0.00000000,'Normal',20,623,'','pequeñas y medianas empresas',20,15,15,0.00000000,0,0,0.00000000,624,'2018-06-22','','',''),('CAM36','PRueba de Integracion demo630','','',0.00000000,0.00000000,0.00000000,'',0,0,'','',0,0,0,0.00000000,0,0,0.00000000,625,'2018-06-20','','ef1f99068b',''),('CAM37','Prueba 2018-10-03','','',0.00000000,0.00000000,0.00000000,'',0,0,'','',0,0,0,0.00000000,0,0,0.00000000,626,'2018-10-03','','798914f92b',''),('CAM38','Campaña de Halloween','','',0.00000000,0.00000000,0.00000000,'',0,0,'','',0,0,0,0.00000000,0,0,0.00000000,627,'2018-10-11','','c24677bada',''),('CAM39','Promocion Pilot Sport','Programa de referidos','Planeada',0.00000000,0.00000000,0.00000000,'',0,628,'','Black',0,0,150000,0.00000000,0,130000,0.00000000,629,'2022-09-02','','',''),('CAM40','Lanzamiento de Centrifugas','Correo','Planeada',0.00000000,0.00000000,0.00000000,'',0,0,'','Mineras',0,0,0,0.00000000,0,0,0.00000000,630,'2020-12-11','','',''),('CAM41','Regalo Black','','Completed',0.00000000,0.00000000,0.00000000,'',0,0,'','Segmento Black: activos',30,0,0,0.00000000,0,0,0.00000000,631,'2022-11-07','','aec1524',''),('CAM42','Feria Peru Digital','Feria comercial','Planeada',0.00000000,0.00000000,0.00000000,'Normal',0,0,'','Micro empresarios',300,0,15000,0.00000000,0,0,0.00000000,632,'2019-08-21','','',''),('CAM43','Leasing Vehiculos Set 2020','Banners','Planeada',0.00000000,0.00000000,0.00000000,'',0,0,'','',0,0,0,0.00000000,0,0,0.00000000,633,'2020-09-24','','',''),('CAM44','CAMPAÑA DE PRUEBA 02.06.2021','','',0.00000000,0.00000000,0.00000000,'',0,0,'','',0,0,0,0.00000000,0,0,0.00000000,634,'2021-06-02','','926e475569',''),('CAM45','LISTA PUREBE','','',0.00000000,0.00000000,0.00000000,'',0,0,'','',0,0,0,0.00000000,0,0,0.00000000,635,'2021-06-02','','5e93025adc',''),('CAM46','CAMPAÑA DE PRUEBA 03.06.2021','','',0.00000000,0.00000000,0.00000000,'',0,0,'','',0,0,0,0.00000000,0,0,0.00000000,636,'2021-06-03','','a074378a08',''),('CAM47','CAMPAÑA DE PRUEBA 23.07.2021','','',0.00000000,0.00000000,0.00000000,'',0,0,'','',0,0,0,0.00000000,0,0,0.00000000,637,'2021-07-23','','0091615b0a',''),('CAM48','LT Gerentes Comerciales','Webinar','Planeada',0.00000000,0.00000000,0.00000000,'',0,0,'','',300,100,0,0.00000000,0,0,0.00000000,638,'2022-03-25','','',''),('CAM49','Recuperacion de clientes segmento Black','Mailing','Planeada',0.00000000,0.00000000,0.00000000,'',0,0,'','Clientes de alto valor que no compra ....',0,0,0,0.00000000,0,0,0.00000000,639,'2023-03-17','','',''),('CAM50','Promoción de puntas','Mailing','Planeada',0.00000000,0.00000000,0.00000000,'',0,0,'','Clientes actuales del sector minero',0,0,12000,0.00000000,0,0,0.00000000,640,'2023-04-30','','','');

--
-- Table structure for table `vtiger_campaignaccountrel`
--

CREATE TABLE `vtiger_campaignaccountrel` (
  `campaignid` int(19) DEFAULT NULL,
  `accountid` int(19) DEFAULT NULL,
  `campaignrelstatusid` int(19) DEFAULT NULL
) ENGINE=InnoDB DEFAULT CHARSET=utf8 COLLATE=utf8_general_ci;

--
-- Dumping data for table `vtiger_campaignaccountrel`
--


--
-- Table structure for table `vtiger_campaigncontrel`
--

CREATE TABLE `vtiger_campaigncontrel` (
  `campaignid` int(19) NOT NULL DEFAULT 0,
  `contactid` int(19) NOT NULL DEFAULT 0,
  `campaignrelstatusid` int(19) NOT NULL DEFAULT 0,
  PRIMARY KEY (`campaignid`,`contactid`,`campaignrelstatusid`),
  KEY `campaigncontrel_contractid_idx` (`contactid`),
  CONSTRAINT `fk_2_vtiger_campaigncontrel` FOREIGN KEY (`contactid`) REFERENCES `vtiger_contactdetails` (`contactid`) ON DELETE CASCADE
) ENGINE=InnoDB DEFAULT CHARSET=utf8 COLLATE=utf8_general_ci;

--
-- Dumping data for table `vtiger_campaigncontrel`
--


--
-- Table structure for table `vtiger_campaignleadrel`
--

CREATE TABLE `vtiger_campaignleadrel` (
  `campaignid` int(19) NOT NULL DEFAULT 0,
  `leadid` int(19) NOT NULL DEFAULT 0,
  `campaignrelstatusid` int(19) NOT NULL DEFAULT 0,
  PRIMARY KEY (`campaignid`,`leadid`,`campaignrelstatusid`),
  KEY `campaignleadrel_leadid_campaignid_idx` (`leadid`,`campaignid`),
  CONSTRAINT `fk_2_vtiger_campaignleadrel` FOREIGN KEY (`leadid`) REFERENCES `vtiger_leaddetails` (`leadid`) ON DELETE CASCADE
) ENGINE=InnoDB DEFAULT CHARSET=utf8 COLLATE=utf8_general_ci;

--
-- Dumping data for table `vtiger_campaignleadrel`
--


--
-- Table structure for table `vtiger_campaignrelstatus`
--

CREATE TABLE `vtiger_campaignrelstatus` (
  `campaignrelstatusid` int(19) DEFAULT NULL,
  `campaignrelstatus` varchar(256) DEFAULT NULL,
  `sortorderid` int(19) DEFAULT NULL,
  `presence` int(19) DEFAULT NULL,
  `color` varchar(10) DEFAULT NULL
) ENGINE=InnoDB DEFAULT CHARSET=utf8 COLLATE=utf8_general_ci;

--
-- Dumping data for table `vtiger_campaignrelstatus`
--

INSERT INTO `vtiger_campaignrelstatus` VALUES (2,'Contacted - Successful',1,1,NULL),(3,'Contacted - Unsuccessful',2,1,NULL),(4,'Contacted - Never Contact Again',3,1,NULL);

--
-- Table structure for table `vtiger_campaignrelstatus_seq`
--

CREATE TABLE `vtiger_campaignrelstatus_seq` (
  `id` int(11) NOT NULL
) ENGINE=InnoDB DEFAULT CHARSET=utf8 COLLATE=utf8_general_ci;

--
-- Dumping data for table `vtiger_campaignrelstatus_seq`
--

INSERT INTO `vtiger_campaignrelstatus_seq` VALUES (4);

--
-- Table structure for table `vtiger_campaignscf`
--

CREATE TABLE `vtiger_campaignscf` (
  `campaignid` int(19) NOT NULL DEFAULT 0,
  PRIMARY KEY (`campaignid`),
  CONSTRAINT `fk_1_vtiger_campaignscf` FOREIGN KEY (`campaignid`) REFERENCES `vtiger_campaign` (`campaignid`) ON DELETE CASCADE
) ENGINE=InnoDB DEFAULT CHARSET=utf8 COLLATE=utf8_general_ci;

--
-- Dumping data for table `vtiger_campaignscf`
--

INSERT INTO `vtiger_campaignscf` VALUES (583),(584),(585),(586),(587),(589),(590),(591),(592),(593),(594),(595),(596),(598),(599),(600),(601),(602),(603),(604),(605),(607),(608),(609),(610),(611),(612),(613),(614),(615),(616),(618),(620),(622),(624),(625),(626),(627),(629),(630),(631),(632),(633),(634),(635),(636),(637),(638),(639),(640);

--
-- Table structure for table `vtiger_campaignstatus`
--

CREATE TABLE `vtiger_campaignstatus` (
  `campaignstatusid` int(19) NOT NULL AUTO_INCREMENT,
  `campaignstatus` varchar(200) NOT NULL,
  `presence` int(1) NOT NULL DEFAULT 1,
  `picklist_valueid` int(19) NOT NULL DEFAULT 0,
  `sortorderid` int(11) DEFAULT NULL,
  `color` varchar(10) DEFAULT NULL,
  PRIMARY KEY (`campaignstatusid`),
  KEY `campaignstatus_campaignstatus_idx` (`campaignstatus`)
) ENGINE=InnoDB AUTO_INCREMENT=9 DEFAULT CHARSET=utf8 COLLATE=utf8_general_ci;

--
-- Dumping data for table `vtiger_campaignstatus`
--

INSERT INTO `vtiger_campaignstatus` VALUES (2,'Planning',1,15,1,NULL),(3,'Active',1,16,2,NULL),(4,'Inactive',1,17,3,NULL),(5,'Completed',1,18,4,NULL),(6,'Cancelled',1,19,5,NULL),(7,'Planeada',1,485,1,NULL),(8,'Activo',1,487,1,NULL);

--
-- Table structure for table `vtiger_campaignstatus_seq`
--

CREATE TABLE `vtiger_campaignstatus_seq` (
  `id` int(11) NOT NULL
) ENGINE=InnoDB DEFAULT CHARSET=utf8 COLLATE=utf8_general_ci;

--
-- Dumping data for table `vtiger_campaignstatus_seq`
--

INSERT INTO `vtiger_campaignstatus_seq` VALUES (8);

--
-- Table structure for table `vtiger_campaigntype`
--

CREATE TABLE `vtiger_campaigntype` (
  `campaigntypeid` int(19) NOT NULL AUTO_INCREMENT,
  `campaigntype` varchar(200) NOT NULL,
  `presence` int(1) NOT NULL DEFAULT 1,
  `picklist_valueid` int(19) NOT NULL DEFAULT 0,
  `sortorderid` int(11) DEFAULT NULL,
  `color` varchar(10) DEFAULT NULL,
  PRIMARY KEY (`campaigntypeid`),
  UNIQUE KEY `campaigntype_campaigntype_idx` (`campaigntype`)
) ENGINE=InnoDB AUTO_INCREMENT=21 DEFAULT CHARSET=utf8 COLLATE=utf8_general_ci;

--
-- Dumping data for table `vtiger_campaigntype`
--

INSERT INTO `vtiger_campaigntype` VALUES (2,'Conference',1,21,1,NULL),(3,'Webinar',1,22,2,NULL),(4,'Trade Show',1,23,3,NULL),(5,'Public Relations',1,24,4,NULL),(6,'Partners',1,25,5,NULL),(7,'Referral Program',1,26,6,NULL),(8,'Advertisement',1,27,7,NULL),(9,'Banner Ads',1,28,8,NULL),(10,'Direct Mail',1,29,9,NULL),(11,'Email',1,30,10,NULL),(12,'Telemarketing',1,31,11,NULL),(13,'Others',1,32,12,NULL),(14,'Conferencia',1,484,1,NULL),(15,'Feria comercial',1,486,1,NULL),(16,'Mailing',1,488,1,NULL),(17,'Correo',1,490,1,NULL),(18,'Publicidad',1,491,1,NULL),(19,'Programa de referidos',1,495,1,NULL),(20,'Banners',1,496,1,NULL);

--
-- Table structure for table `vtiger_campaigntype_seq`
--

CREATE TABLE `vtiger_campaigntype_seq` (
  `id` int(11) NOT NULL
) ENGINE=InnoDB DEFAULT CHARSET=utf8 COLLATE=utf8_general_ci;

--
-- Dumping data for table `vtiger_campaigntype_seq`
--

INSERT INTO `vtiger_campaigntype_seq` VALUES (20);

--
-- Table structure for table `vtiger_carrier`
--

CREATE TABLE `vtiger_carrier` (
  `carrierid` int(19) NOT NULL AUTO_INCREMENT,
  `carrier` varchar(200) NOT NULL,
  `presence` int(1) NOT NULL DEFAULT 1,
  `picklist_valueid` int(19) NOT NULL DEFAULT 0,
  `sortorderid` int(11) DEFAULT NULL,
  `color` varchar(10) DEFAULT NULL,
  PRIMARY KEY (`carrierid`),
  UNIQUE KEY `carrier_carrier_idx` (`carrier`)
) ENGINE=InnoDB AUTO_INCREMENT=6 DEFAULT CHARSET=utf8 COLLATE=utf8_general_ci;

--
-- Dumping data for table `vtiger_carrier`
--

INSERT INTO `vtiger_carrier` VALUES (1,'FedEx',1,33,0,NULL),(2,'UPS',1,34,1,NULL),(3,'USPS',1,35,2,NULL),(4,'DHL',1,36,3,NULL),(5,'BlueDart',1,37,4,NULL);

--
-- Table structure for table `vtiger_carrier_seq`
--

CREATE TABLE `vtiger_carrier_seq` (
  `id` int(11) NOT NULL
) ENGINE=InnoDB DEFAULT CHARSET=utf8 COLLATE=utf8_general_ci;

--
-- Dumping data for table `vtiger_carrier_seq`
--

INSERT INTO `vtiger_carrier_seq` VALUES (5);

--
-- Table structure for table `vtiger_cf_953`
--

CREATE TABLE `vtiger_cf_953` (
  `cf_953id` int(11) NOT NULL AUTO_INCREMENT,
  `cf_953` varchar(200) NOT NULL,
  `sortorderid` int(11) DEFAULT NULL,
  `presence` int(11) NOT NULL DEFAULT 1,
  `color` varchar(10) DEFAULT NULL,
  PRIMARY KEY (`cf_953id`)
) ENGINE=InnoDB AUTO_INCREMENT=6 DEFAULT CHARSET=utf8 COLLATE=utf8_general_ci;

--
-- Dumping data for table `vtiger_cf_953`
--

INSERT INTO `vtiger_cf_953` VALUES (1,'Gold',4,1,'#ffe600'),(2,'Silver',5,1,NULL),(3,'Platinum',3,1,'#e6e6e6'),(4,'Black',2,1,'#000000'),(5,'Ninguna',1,1,'#ffffff');

--
-- Table structure for table `vtiger_cf_953_seq`
--

CREATE TABLE `vtiger_cf_953_seq` (
  `id` int(11) NOT NULL
) ENGINE=InnoDB DEFAULT CHARSET=utf8 COLLATE=utf8_general_ci;

--
-- Dumping data for table `vtiger_cf_953_seq`
--

INSERT INTO `vtiger_cf_953_seq` VALUES (5);

--
-- Table structure for table `vtiger_cntactivityrel`
--

CREATE TABLE `vtiger_cntactivityrel` (
  `contactid` int(19) NOT NULL DEFAULT 0,
  `activityid` int(19) NOT NULL DEFAULT 0,
  PRIMARY KEY (`contactid`,`activityid`),
  KEY `cntactivityrel_contactid_idx` (`contactid`),
  KEY `cntactivityrel_activityid_idx` (`activityid`),
  CONSTRAINT `fk_2_vtiger_cntactivityrel` FOREIGN KEY (`contactid`) REFERENCES `vtiger_contactdetails` (`contactid`) ON DELETE CASCADE
) ENGINE=InnoDB DEFAULT CHARSET=utf8 COLLATE=utf8_general_ci;

--
-- Dumping data for table `vtiger_cntactivityrel`
--

INSERT INTO `vtiger_cntactivityrel` VALUES (170,776);

--
-- Table structure for table `vtiger_cobranzas`
--

CREATE TABLE `vtiger_cobranzas` (
  `cobranzasid` int(11) NOT NULL,
  `cobranzasno` varchar(100) DEFAULT NULL,
  `cobranzas_tks_dummy` varchar(50) DEFAULT NULL,
  `tags` varchar(1) DEFAULT NULL,
  `lb_razonsocial` text DEFAULT NULL,
  `lb_numerofactura` text DEFAULT NULL,
  `lb_fechaemision` date DEFAULT NULL,
  `lb_fechadevencimiento` date DEFAULT NULL,
  `lb_montototal` decimal(25,8) DEFAULT NULL,
  `lb_diasvencidos` text DEFAULT NULL,
  `lb_conreclamos` int(1) DEFAULT NULL,
  `lb_estado` text DEFAULT NULL,
  `lb_etapa` text DEFAULT NULL,
  `lb_montofinalacordado` decimal(25,8) DEFAULT NULL,
  `lb_fechacompromisopa` date DEFAULT NULL,
  `lb_pagado` decimal(25,8) DEFAULT NULL,
  `lb_tipodepago` text DEFAULT NULL,
  `lb_motivopagoparcial` text DEFAULT NULL,
  `lb_cuerdodeagoarcial` text DEFAULT NULL,
  `lb_reportadoanfocorp` int(1) DEFAULT NULL,
  `lb_saldopag` decimal(25,8) DEFAULT NULL,
  `lb_requisitodepago` text DEFAULT NULL,
  `lb_diasdepago` text DEFAULT NULL,
  `lb_horarioss` time DEFAULT NULL,
  `lb_contactopag` text DEFAULT NULL,
  `lb_emailcxobra` varchar(100) DEFAULT NULL,
  `lb_telefonocobran` text DEFAULT NULL,
  `lb_activitirealizadacobran` text DEFAULT NULL,
  `lb_accionvocobran` text DEFAULT NULL,
  `lb_detalleccobran` text DEFAULT NULL,
  PRIMARY KEY (`cobranzasid`)
) ENGINE=InnoDB DEFAULT CHARSET=utf8 COLLATE=utf8_general_ci;

--
-- Dumping data for table `vtiger_cobranzas`
--

INSERT INTO `vtiger_cobranzas` VALUES (452,'CO0000002','n01','',NULL,NULL,NULL,NULL,NULL,NULL,0,NULL,NULL,NULL,NULL,NULL,NULL,NULL,NULL,0,NULL,NULL,NULL,NULL,NULL,NULL,NULL,NULL,NULL,NULL),(454,'CO0000001',NULL,'','104','N01','2024-06-12',NULL,0.00000000,'',0,'','',0.00000000,NULL,0.00000000,'','','',0,0.00000000,'','','00:00:00','','','',NULL,NULL,NULL),(456,'CO0000003',NULL,'','2','F3410019026','2024-01-29','2024-02-28',750.00000000,'128',0,'Pagado','',750.00000000,'2024-02-28',0.00000000,'Efectivo','','',0,0.00000000,'Presentar orden de compra y 3 copias de la factura','Viernes, Sabado','03:00:00','107','gventas@zapler.com','999999001',NULL,NULL,NULL),(457,'CO0000004',NULL,'','3','F3410019027','2024-02-12','2024-03-13',1344.00000000,'117',0,'En Seguimiento','',1344.00000000,'2024-03-13',0.00000000,'Efectivo','','',0,0.00000000,'-','Viernes, Sabado','05:00:00','108','osanchez@refineriala.com.pe','999999002',NULL,NULL,NULL),(458,'CO0000005',NULL,'','4','F3410019028','2024-05-08','2024-06-07',836.00000000,'0',0,'Pagado','',836.00000000,'2024-06-07',836.00000000,'Efectivo','','',0,0.00000000,'-','Viernes, Sabado','04:00:00','109','jrodriguez@southernper.com.pe','999999003',NULL,NULL,NULL),(459,'CO0000006',NULL,'','5','F3410019029','2024-04-12','2024-05-12',1262.00000000,'54',0,'Pagado','',1262.00000000,'2024-05-12',0.00000000,'Efectivo','','',0,0.00000000,'-','Lunes, Martes, Sabado','03:00:00','110','hperez@minerayanac.com.pe','999999004',NULL,NULL,NULL),(460,'CO0000007',NULL,'','6','F3410019030','2024-01-09','2024-02-08',1254.00000000,'148',0,'Pagado','',1254.00000000,'2024-02-08',1254.00000000,'Parcial','','',0,0.00000000,'-','Lunes, Martes, Sabado','05:00:00','111','fdiaz@cia.minera.com.pe','999999005',NULL,NULL,NULL),(461,'CO0000008',NULL,'','7','F3410019031','2024-03-01','2024-03-31',771.00000000,'0',0,'Pagado','',771.00000000,'2024-03-31',771.00000000,'Efectivo','','',0,0.00000000,'','Lunes, Martes, Sabado','04:00:00','112','dpolo@sociedadmin.com.pe','999999006',NULL,NULL,NULL),(462,'CO0000009',NULL,'','8','F3140030904','2024-05-05','2024-06-04',1124.00000000,'0',0,'Pagado','',1124.00000000,'2024-06-04',1124.00000000,'Parcial','Negociación','',0,0.00000000,'','Lunes, Martes, Sabado','03:00:00','113','mmanzanares@bancodecre.com.pe','999999007',NULL,NULL,NULL),(463,'CO0000010',NULL,'','9','F4570001512','2024-01-04','2024-02-03',925.00000000,'0',0,'Pagado','',925.00000000,'2024-02-03',925.00000000,'Parcial','Negociación','',0,0.00000000,'Presentar orden de compra y 3 copias de la factura','Lunes, Martes, Sabado','05:00:00','114','jrodriguez@segurosocia.com.pe','999999008',NULL,NULL,NULL),(464,'CO0000011',NULL,'','10','F3240039886','2024-03-22','2024-04-21',1406.00000000,'0',0,'Pagado','',1406.00000000,'2024-04-21',1406.00000000,'Parcial','Negociación','',0,0.00000000,'Presentar orden de compra y 3 copias de la factura','Viernes, Sabado','04:00:00','115','jrojas@telefonicad.com.pe','999999009',NULL,NULL,NULL),(465,'CO0000012',NULL,'','11','F3430024209','2024-05-14','2024-06-13',1040.00000000,'0',0,'Pagado','',1040.00000000,'2024-06-13',1040.00000000,'Parcial','Negociación','',0,0.00000000,'Presentar orden de compra y 3 copias de la factura','Viernes, Sabado','03:00:00','116','smendez@minerabarri.com.pe','999999010',NULL,NULL,NULL),(466,'CO0000013',NULL,'','12','F4280013135','2024-02-25','2024-03-26',1245.00000000,'104',0,'En Seguimiento','',1245.00000000,'2024-03-26',1245.00000000,'Parcial','Negociación','',0,0.00000000,'Presentar orden de compra y 3 copias de la factura','Viernes, Sabado','05:00:00','117','epacheco@consorciomi.com.pe','999999011',NULL,NULL,NULL),(467,'CO0000014',NULL,'','13','F3860022202','2024-01-26','2024-02-25',527.00000000,'0',0,'Pagado','',527.00000000,'2024-02-25',527.00000000,'Parcial','Negociación','',0,0.00000000,'Presentar orden de compra y 3 copias de la factura','Lunes, Martes, Sabado','04:00:00','118','cdelacruz@bancocentra.com.pe','999999012',NULL,NULL,NULL),(468,'CO0000015',NULL,'','14','F3520034550','2024-02-05','2024-03-06',1287.00000000,'0',0,'Pagado','',1287.00000000,'2024-03-06',1287.00000000,'Parcial','Negociación','',0,0.00000000,'Presentar orden de compra y 3 copias de la factura','Lunes, Martes, Sabado','03:00:00','119','mhernandez@bancocontin.com.pe','999999013',NULL,NULL,NULL),(469,'CO0000016',NULL,'','15','F3720023957','2024-01-11','2024-02-10',962.00000000,'0',0,'Pagado','',962.00000000,'2024-02-10',962.00000000,'Parcial','Negociación','',0,0.00000000,'Presentar orden de compra y 3 copias de la factura','Lunes, Martes, Sabado','05:00:00','120','acorrales@telefonicam.com.pe','999999014',NULL,NULL,NULL),(470,'CO0000017',NULL,'','16','F3210051080','2024-04-21','2024-05-21',605.00000000,'0',0,'Pagado','',605.00000000,'2024-05-21',605.00000000,'Parcial','Negociación','',0,0.00000000,'Presentar orden de compra y 3 copias de la factura','Lunes, Martes, Sabado','04:00:00','121','bdiaz@perupetros..com.pe','999999015',NULL,NULL,NULL),(471,'CO0000018',NULL,'','17','F3310039549','2024-01-23','2024-02-22',1465.00000000,'0',0,'Pagado','',1465.00000000,'2024-02-22',1465.00000000,'Parcial','Negociación','',0,0.00000000,'Presentar orden de compra y 3 copias de la factura','Lunes, Martes, Sabado','03:00:00','122','cmarcenaro@alicorps.a..com.pe','999999016',NULL,NULL,NULL),(472,'CO0000019',NULL,'','18','F3510042061','2024-07-08','2024-08-08',546.00000000,'0',0,'Registrada','',546.00000000,'2024-06-04',546.00000000,'Parcial','Negociación','',0,0.00000000,'Presentar orden de compra y 3 copias de la factura','Viernes, Sabado','05:00:00','123','dsolis@uniondecer.com.pe','999999017',NULL,NULL,NULL),(473,'CO0000020',NULL,'','19','F3530013017','2024-05-21','2024-06-20',1055.00000000,'0',0,'Pagado','',1055.00000000,'2024-06-20',1055.00000000,'Parcial','Negociación','',0,0.00000000,'Presentar orden de compra y 3 copias de la factura','Viernes, Sabado','04:00:00','124','ffoppiano@repsolcomer.com.pe','999999018',NULL,NULL,NULL),(474,'CO0000021',NULL,'','20','F3870020694','2024-05-23','2024-06-22',587.00000000,'0',0,'Pagado','',587.00000000,'2024-06-22',587.00000000,'Parcial','Negociación','',0,0.00000000,'Presentar orden de compra y 3 copias de la factura','Viernes, Sabado','03:00:00','125','grojas@peruanadec.com.pe','999999019',NULL,NULL,NULL),(475,'CO0000022',NULL,'','21','F4290014621','2024-04-22','2024-05-22',1135.00000000,'0',0,'Pagado','',1135.00000000,'2024-05-22',1135.00000000,'Parcial','Negociación','',0,0.00000000,'','Lunes, Martes, Sabado','05:00:00','126','hcampos@primaxs.a..com.pe','999999020',NULL,NULL,NULL),(476,'CO0000023',NULL,'','22','F3320035145','2024-04-17','2024-05-17',921.00000000,'0',0,'Pagado','',921.00000000,'2024-05-17',921.00000000,'Parcial','Negociación','',0,0.00000000,'','Lunes, Martes, Sabado','04:00:00','127','jallemant@bancointern.com.pe','999999021',NULL,NULL,NULL),(477,'CO0000024',NULL,'','23','F3130027103','2024-01-02','2024-02-01',638.00000000,'0',0,'Pagado','',638.00000000,'2024-02-01',638.00000000,'Parcial','Negociación','',0,0.00000000,'','Lunes, Martes, Sabado','03:00:00','128','kvillanes@scotiabankp.com.pe','999999022',NULL,NULL,NULL),(478,'CO0000025',NULL,'','24','F3230048777','2024-03-23','2024-04-22',1105.00000000,'77',0,'Anulada','',1105.00000000,'2024-04-22',0.00000000,'Efectivo','','',0,0.00000000,'','Lunes, Martes, Sabado','05:00:00','129','lgalvez@americamovi.com.pe','999999023',NULL,NULL,NULL),(479,'CO0000026',NULL,'','25','F3230048779','2024-04-30','2024-05-30',555.00000000,'0',0,'Pagado','',555.00000000,'2024-05-30',555.00000000,'Parcial','Negociación','',0,0.00000000,'','Lunes, Martes, Sabado','04:00:00','130','mquezada@hipermercado.com.pe','999999024',NULL,NULL,NULL),(480,'CO0000027',NULL,'','26','F4560004129','2024-05-14','2024-06-13',1214.00000000,'0',0,'Pagado','',1214.00000000,'2024-06-13',1214.00000000,'Parcial','Negociación','',0,0.00000000,'','Viernes, Sabado','03:00:00','131','npardo@procesadora.com.pe','999999025',NULL,NULL,NULL),(481,'CO0000028',NULL,'','27','F3710019317','2024-04-27','2024-05-27',725.00000000,'0',0,'Pagado','',725.00000000,'2024-05-27',725.00000000,'Parcial','Negociación','',0,0.00000000,'','Viernes, Sabado','05:00:00','132','ovillanueva@supermercado.com.pe','999999026',NULL,NULL,NULL),(482,'CO0000029',NULL,'','28','F3960021889','2024-03-28','2024-04-27',1212.00000000,'0',0,'Pagado','',1212.00000000,'2024-04-27',1212.00000000,'Parcial','Negociación','',0,0.00000000,'','Viernes, Sabado','04:00:00','133','pnaranjo@glorias.a..com.pe','999999027',NULL,NULL,NULL),(483,'CO0000030',NULL,'','29','F3040030375','2024-03-18','2024-04-17',1019.00000000,'0',0,'Pagado','',1019.00000000,'2024-04-17',1019.00000000,'Parcial','Negociación','',0,0.00000000,'','Lunes, Martes, Sabado','03:00:00','134','jcruz@rimacintern.com.pe','999999028',NULL,NULL,NULL),(484,'CO0000031',NULL,'','30','F4560004143','2024-03-11','2024-04-10',522.00000000,'0',0,'Pagado','',522.00000000,'2024-04-10',522.00000000,'Parcial','Negociación','',0,0.00000000,'','Lunes, Martes, Sabado','05:00:00','135','rescobedo@pluspetrolp.com.pe','999999029',NULL,NULL,NULL),(485,'CO0000032',NULL,'','31','F4250001014','2024-03-23','2024-04-22',501.00000000,'77',0,'En Seguimiento','',501.00000000,'2024-04-22',0.00000000,'Efectivo','','',0,0.00000000,'','Lunes, Martes, Sabado','04:00:00','136','oscarsc@hotmail.com','999999030',NULL,NULL,NULL),(486,'CO0000033',NULL,'','32','F3140030896','2024-01-06','2024-02-05',1421.00000000,'0',0,'Pagado','',1421.00000000,'2024-02-05',1421.00000000,'Parcial','Negociación','',0,0.00000000,'','Lunes, Martes, Sabado','03:00:00','137','vgutierrez@a.ys.s.a..com.pe','999999031',NULL,NULL,NULL),(487,'CO0000034',NULL,'','33','F3180012742','2024-01-05','2024-02-04',1117.00000000,'0',0,'Pagado','',1117.00000000,'2024-02-04',1117.00000000,'Parcial','Negociación','',0,0.00000000,'Presentar orden de compra y 3 copias de la factura','Lunes, Martes, Sabado','05:00:00','138','wzapata@corporacion.com.pe','999999032',NULL,NULL,NULL),(488,'CO0000035',NULL,'','34','F3210051110','2024-04-23','2024-05-23',770.00000000,'0',0,'Pagado','',770.00000000,'2024-05-23',770.00000000,'Parcial','Negociación','',0,0.00000000,'Presentar orden de compra y 3 copias de la factura','Viernes, Sabado','04:00:00','139','xbarrantes@luzdelsur.com.pe','999999033',NULL,NULL,NULL),(489,'CO0000036',NULL,'','35','F4280013134','2024-05-02','2024-06-01',937.00000000,'34',0,'Pagado','',937.00000000,'2024-06-01',0.00000000,'Efectivo','','',0,0.00000000,'Presentar orden de compra y 3 copias de la factura','Viernes, Sabado','03:00:00','140','ibarron@empresaded.com.pe','999999034',NULL,NULL,NULL),(490,'CO0000037',NULL,'','36','F4280013138','2024-05-12','2024-06-11',1465.00000000,'0',0,'Pagado','',1465.00000000,'2024-06-11',1465.00000000,'Parcial','','',0,0.00000000,'Presentar orden de compra y 3 copias de la factura','Viernes, Sabado','05:00:00','141','afernandez@saviaperus.com.pe','999999035',NULL,NULL,NULL),(491,'CO0000038',NULL,'','37','F3880009809','2024-05-16','2024-06-15',1422.00000000,'20',0,'Pagado','',1422.00000000,'2024-06-15',0.00000000,'Efectivo','','',0,0.00000000,'Presentar orden de compra y 3 copias de la factura','Lunes, Martes, Sabado','04:00:00','142','carellano@sagafalabel.com.pe','999999036',NULL,NULL,NULL),(492,'CO0000039',NULL,'','38','F3720023955','2024-05-09','2024-06-08',982.00000000,'30',0,'En Seguimiento','',982.00000000,'2024-06-08',0.00000000,'Efectivo','','',0,0.00000000,'Presentar orden de compra y 3 copias de la factura','Lunes, Martes, Sabado','03:00:00','143','dhurtado@universalme.com.pe','999999037',NULL,NULL,NULL),(493,'CO0000040',NULL,'','39','F3130027079','2024-03-30','2024-04-29',713.00000000,'67',0,'Pagado','',713.00000000,'2024-04-29',0.00000000,'Efectivo','','',0,0.00000000,'Presentar orden de compra y 3 copias de la factura','Lunes, Martes, Sabado','05:00:00','144','fpaez@volcancia..com.pe','999999038',NULL,NULL,NULL),(494,'CO0000041',NULL,'','40','F3170027812','2024-02-15','2024-03-16',693.00000000,'114',0,'En Seguimiento','',693.00000000,'2024-03-16',0.00000000,'Parcial','','',0,0.00000000,'Presentar orden de compra y 3 copias de la factura','Lunes, Martes, Sabado','04:00:00','145','gzevallos@bancodela.com.pe','999999039',NULL,NULL,NULL),(495,'CO0000042',NULL,'','41','F3170027824','2024-03-11','2024-04-10',972.00000000,'86',0,'Pagado','',972.00000000,'2024-04-10',0.00000000,'Efectivo','','',0,0.00000000,'Presentar orden de compra y 3 copias de la factura','Lunes, Martes, Sabado','03:00:00','146','hbenavente@minsurs.a..com.pe','999999040',NULL,NULL,NULL),(496,'CO0000043',NULL,'','42','F3860022201','2024-05-19','2024-06-18',760.00000000,'20',0,'En Seguimiento','',760.00000000,'2024-06-18',0.00000000,'Efectivo','','',0,0.00000000,'Presentar orden de compra y 3 copias de la factura','Viernes, Sabado','05:00:00','147','osantacruz@g.ym.s.a..com.pe','999999041',NULL,NULL,NULL),(497,'CO0000044',NULL,'','43','F3130027102','2024-01-08','2024-02-07',773.00000000,'149',0,'Pagado','',773.00000000,'2024-02-07',0.00000000,'Efectivo','','',0,0.00000000,'Presentar orden de compra y 3 copias de la factura','Viernes, Sabado','04:00:00','148','dlituma@corporacion.com.pe','999999042',NULL,NULL,NULL),(498,'CO0000045',NULL,'','44','F3240039885','2024-04-10','2024-05-10',1206.00000000,'56',0,'Pagado','',1206.00000000,'2024-05-10',0.00000000,'Efectivo','','',0,0.00000000,'Presentar orden de compra y 3 copias de la factura','Viernes, Sabado','03:00:00','149','acevasco@superintende.com.pe','999999043',NULL,NULL,NULL),(499,'CO0000046',NULL,'','45','F3510042054','2024-07-08','2024-08-08',960.00000000,'0',0,'Registrada','',960.00000000,'2024-04-30',0.00000000,'Efectivo','','',0,0.00000000,'','Lunes, Martes, Sabado','05:00:00','150','alima@sanfernando.com.pe','999999044',NULL,NULL,NULL),(500,'CO0000047',NULL,'','46','F4070019914','2024-03-20','2024-04-19',901.00000000,'77',0,'Pagado','',901.00000000,'2024-04-19',0.00000000,'Efectivo','','',0,0.00000000,'','Lunes, Martes, Sabado','04:00:00','151','aramos@tecnologica.com.pe','999999045',NULL,NULL,NULL),(501,'CO0000048',NULL,'','47','F3520034547','2024-04-25','2024-05-25',651.00000000,'41',0,'Pagado','',651.00000000,'2024-05-25',0.00000000,'Efectivo','','',0,0.00000000,'','Lunes, Martes, Sabado','03:00:00','152','avelasquez@cia.demina.com.pe','999999046',NULL,NULL,NULL),(502,'CO0000049',NULL,'','48','F3860022203','2024-04-18','2024-05-18',1470.00000000,'48',0,'Pagado','',1470.00000000,'2024-05-18',0.00000000,'Efectivo','','',0,0.00000000,'','Lunes, Martes, Sabado','05:00:00','153','mcuenca@tiendaspor.com.pe','999999047',NULL,NULL,NULL),(503,'CO0000050',NULL,'','49','F3710019323','2024-03-23','2024-04-22',835.00000000,'77',0,'En Seguimiento','',835.00000000,'2024-04-22',0.00000000,'Efectivo','','',0,0.00000000,'','Lunes, Martes, Sabado','04:00:00','154','pramirez@empresaside.com.pe','999999048',NULL,NULL,NULL),(504,'CO0000051',NULL,'','50','F3510042071','2024-02-16','2024-03-17',828.00000000,'113',0,'Con Compromiso de Pago','',828.00000000,'2024-03-17',0.00000000,'Efectivo','','',0,0.00000000,'','Viernes, Sabado','03:00:00','155','aabad@hipermercado.com.pe','999999049',NULL,NULL,NULL),(505,'CO0000052',NULL,'','51','F3130027091','2024-05-03','2024-06-02',1370.00000000,'33',0,'Pagado','',1370.00000000,'2024-06-02',0.00000000,'Efectivo','','',0,0.00000000,'','Viernes, Sabado','05:00:00','156','ginurritegui@empresaelec.com.pe','999999050',NULL,NULL,NULL),(506,'CO0000053',NULL,'','52','F4070019899','2024-03-12','2024-04-11',1040.00000000,'88',0,'En Seguimiento','',1040.00000000,'2024-04-11',0.00000000,'Efectivo','','',0,0.00000000,'','Viernes, Sabado','04:00:00','157','cmachado@e.wongs.a..com.pe','999999051',NULL,NULL,NULL),(507,'CO0000054',NULL,'','53','F3220044894','2024-03-23','2024-04-22',1196.00000000,'74',0,'Pagado','',1196.00000000,'2024-04-22',0.00000000,'Efectivo','','',0,0.00000000,'','Lunes, Martes, Sabado','03:00:00','158','scanales@huntoilcom.com.pe','999999052',NULL,NULL,NULL),(508,'CO0000055',NULL,'','54','F3340035195','2024-01-01','2024-01-31',945.00000000,'159',0,'En Seguimiento','',945.00000000,'2024-01-31',0.00000000,'Efectivo','','',0,0.00000000,'','Lunes, Martes, Sabado','05:00:00','159','pleon@peruanadep.com.pe','999999053',NULL,NULL,NULL),(509,'CO0000056',NULL,'','55','F3030034507','2024-05-27','2024-06-26',1265.00000000,'9',0,'Pagado','',1265.00000000,'2024-06-26',0.00000000,'Efectivo','','',0,0.00000000,'','Lunes, Martes, Sabado','04:00:00','160','sjayo@quimicasuiz.com.pe','999999054',NULL,NULL,NULL),(510,'CO0000057',NULL,'','56','F3720023954','2024-02-17','2024-03-18',821.00000000,'109',0,'Pagado','',821.00000000,'2024-03-18',821.00000000,'Parcial','','',0,0.00000000,'','Lunes, Martes, Sabado','03:00:00','161','lmiyagi@enersurs.a..com.pe','999999055',NULL,NULL,NULL),(511,'CO0000058',NULL,'','57','F3350034877','2024-02-05','2024-03-06',1402.00000000,'121',0,'Pagado','',1402.00000000,'2024-03-06',0.00000000,'Efectivo','','',0,0.00000000,'','Lunes, Martes, Sabado','05:00:00','162','hmedina@oricachemic.com.pe','999999056',NULL,NULL,NULL),(512,'CO0000059',NULL,'','58','F4320001715','2024-02-16','2024-03-17',905.00000000,'145',0,'Con Compromiso de Pago','',905.00000000,'2024-08-09',905.00000000,'Parcial','Negociación','',0,0.00000000,'','Viernes, Sabado','04:00:00','163','gdelatorre@serviciode.com.pe','999999057',NULL,NULL,NULL),(513,'CO0000060',NULL,'','59','F3860022204','2024-07-01','2024-08-01',1387.00000000,'0',0,'Registrada','',1387.00000000,'2024-04-19',1387.00000000,'Parcial','Negociación','',0,0.00000000,'','Viernes, Sabado','03:00:00','164','sperez@toyotadelp.com.pe','999999058',NULL,NULL,NULL),(514,'CO0000061',NULL,'','60','F3180012729','2024-01-20','2024-02-19',1130.00000000,'0',0,'Pagado','',1130.00000000,'2024-02-19',1130.00000000,'Parcial','Negociación','',0,0.00000000,'','Viernes, Sabado','05:00:00','165','psanchez@doerunperu.com.pe','999999059',NULL,NULL,NULL),(515,'CO0000062',NULL,'','61','F4250001017','2024-04-02','2024-05-02',1400.00000000,'64',0,'Pagado','',1400.00000000,'2024-05-02',1400.00000000,'Parcial','Negociación','',0,0.00000000,'','Lunes, Martes, Sabado','04:00:00','166','srodriguez@nestleperu.com.pe','999999060',NULL,NULL,NULL),(516,'CO0000063',NULL,'','62','F3860022205','2024-02-20','2024-03-21',1361.00000000,'109',0,'Con Compromiso de Pago','',1361.00000000,'2024-03-21',1361.00000000,'Efectivo','','',0,0.00000000,'','Lunes, Martes, Sabado','03:00:00','167','lperez@elpacifico.com.pe','999999061',NULL,NULL,NULL),(517,'CO0000064',NULL,'','63','F3030034501','2024-04-28','2024-05-28',1183.00000000,'0',0,'Pagado','',1183.00000000,'2024-05-28',1183.00000000,'Efectivo','','',0,0.00000000,'','Lunes, Martes, Sabado','05:00:00','168','hdiaz@conirsas.a..com.pe','999999062',NULL,NULL,NULL),(518,'CO0000065',NULL,'','64','F3630009775','2024-01-26','2024-02-25',1090.00000000,'0',0,'Pagado','',1090.00000000,'2024-02-25',1090.00000000,'Efectivo','','',0,0.00000000,'','Lunes, Martes, Sabado','04:00:00','169','gpolo@pluspetroln.com.pe','999999063',NULL,NULL,NULL),(519,'CO0000066',NULL,'','65','F3510042039','2024-07-08','2024-08-08',804.00000000,'1',0,'Con Compromiso de Pago','48 horas',804.00000000,'2024-08-16',804.00000000,'Efectivo','','Mande whatsapp y no me ha contestado',0,0.00000000,'','Lunes, Martes, Sabado','03:00:00','170','abarrantes@deprodecas.com.pe','51924985856',NULL,NULL,NULL),(520,'CO0000067',NULL,'','66','F4320001722','2024-04-24','2024-05-24',949.00000000,'0',0,'Pagado','',949.00000000,'2024-05-24',949.00000000,'Efectivo','','',0,0.00000000,'','Viernes, Sabado','05:00:00','171','mbarron@edegels.a.a.com.pe','999999065',NULL,NULL,NULL),(521,'CO0000068',NULL,'','67','F3410027460','2024-04-07','2024-05-07',1056.00000000,'0',0,'Pagado','',1056.00000000,'2024-05-07',1056.00000000,'Efectivo','','',0,0.00000000,'','Viernes, Sabado','04:00:00','172','pfernandez@lanperus.a.com.pe','999999066',NULL,NULL,NULL),(522,'CO0000069',NULL,'','68','F3040030363','2024-03-09','2024-04-08',1415.00000000,'0',0,'Pagado','',1415.00000000,'2024-04-08',1415.00000000,'Efectivo','','',0,0.00000000,'','Viernes, Sabado','03:00:00','173','aarellano@goldfields.com.pe','999999067',NULL,NULL,NULL),(523,'CO0000070',NULL,'','69','F4280013148','2024-01-09','2024-02-08',857.00000000,'151',0,'En Seguimiento','',857.00000000,'2024-02-08',0.00000000,'Efectivo','','',0,0.00000000,'','Lunes, Martes, Sabado','05:00:00','174','ghurtado@koriperus..com.pe','999999068',NULL,NULL,NULL),(524,'CO0000071',NULL,'','70','F4280013150','2024-05-03','2024-06-02',1316.00000000,'33',0,'Pagado','',1316.00000000,'2024-06-02',0.00000000,'Efectivo','','',0,0.00000000,'','Lunes, Martes, Sabado','04:00:00','175','cpaez@procter&ga.com.pe','999999069',NULL,NULL,NULL),(525,'CO0000072',NULL,'','71','F4280013153','2024-05-03','2024-06-02',738.00000000,'33',0,'Pagado','',738.00000000,'2024-06-02',0.00000000,'Efectivo','','',0,0.00000000,'','Lunes, Martes, Sabado','03:00:00','176','hdelacruz@eckerdperu.com.pe','999999070',NULL,NULL,NULL),(526,'CO0000073',NULL,'','72','F3870020702','2024-04-12','2024-05-12',1292.00000000,'0',0,'Pagado','',1292.00000000,'2024-05-12',1292.00000000,'Efectivo','','',0,0.00000000,'','Lunes, Martes, Sabado','05:00:00','177','ohernandez@techints.a..com.pe','999999071',NULL,NULL,NULL),(527,'CO0000074',NULL,'','73','F3160034342','2024-03-24','2024-04-23',1171.00000000,'0',0,'Pagado','',1171.00000000,'2024-04-23',1171.00000000,'Efectivo','','',0,0.00000000,'','Lunes, Martes, Sabado','04:00:00','178','dcorrales@petrobrasen.com.pe','999999072',NULL,NULL,NULL),(528,'CO0000075',NULL,'','74','F3040030371','2024-04-20','2024-05-20',1283.00000000,'0',0,'Pagado','',1283.00000000,'2024-05-20',1283.00000000,'Efectivo','','',0,0.00000000,'','Viernes, Sabado','03:00:00','179','adiaz@cia.minera.com.pe','999999073',NULL,NULL,NULL),(529,'CO0000076',NULL,'','75','F4280013133','2024-01-11','2024-02-10',630.00000000,'149',0,'En Seguimiento','',630.00000000,'2024-07-08',0.00000000,'Efectivo','','',0,0.00000000,'','Viernes, Sabado','05:00:00','180','amarcenaro@cementoslim.com.pe','999999074',NULL,NULL,NULL),(530,'CO0000077',NULL,'','76','F4290014631','2024-02-20','2024-03-21',1089.00000000,'0',0,'Pagado','',1089.00000000,'2024-03-21',1089.00000000,'Efectivo','','',0,0.00000000,'','Viernes, Sabado','04:00:00','181','asolis@shouganghie.com.pe','999999075',NULL,NULL,NULL),(531,'CO0000078',NULL,'','77','F3910026883','2024-05-09','2024-06-08',557.00000000,'0',0,'Pagado','',557.00000000,'2024-06-08',557.00000000,'Efectivo','','',0,0.00000000,'','Lunes, Martes, Sabado','03:00:00','182','iaservi@cbiperuana.com.pe','999999076',NULL,NULL,NULL),(532,'CO0000079',NULL,'','78','F4070019892','2024-03-02','2024-04-01',1195.00000000,'0',0,'Pagado','',1195.00000000,'2024-04-01',1195.00000000,'Efectivo','','',0,0.00000000,'','Lunes, Martes, Sabado','05:00:00','183','aregalado@mibancobanc.com.pe','999999077',NULL,NULL,NULL),(533,'CO0000080',NULL,'','79','F3120027136','2024-01-21','2024-02-20',1460.00000000,'0',0,'Pagado','',1460.00000000,'2024-02-20',1460.00000000,'Efectivo','','',0,0.00000000,'','Lunes, Martes, Sabado','04:00:00','184','csalazar@repsolypfc.com.pe','999999078',NULL,NULL,NULL),(534,'CO0000081',NULL,'','80','F3340035150','2024-05-16','2024-06-15',1086.00000000,'0',0,'Pagado','',1086.00000000,'2024-06-15',1086.00000000,'Efectivo','','',0,0.00000000,'','Lunes, Martes, Sabado','03:00:00','185','dzuniga@transportado.com.pe','999999079',NULL,NULL,NULL),(535,'CO0000082',NULL,'','81','F3150028752','2024-04-06','2024-05-06',1174.00000000,'0',0,'Pagado','',1174.00000000,'2024-05-06',1174.00000000,'Efectivo','','',0,0.00000000,'','Lunes, Martes, Sabado','05:00:00','186','fpachas@fondonacion.com.pe','999999080',NULL,NULL,NULL),(536,'CO0000083',NULL,'','82','F4570001529','2024-03-30','2024-04-29',638.00000000,'0',0,'Pagado','',638.00000000,'2024-04-29',638.00000000,'Efectivo','','',0,0.00000000,'','Viernes, Sabado','04:00:00','187','gmontes@nexteldelp.com.pe','999999081',NULL,NULL,NULL),(537,'CO0000084',NULL,'','83','F3710019318','2024-01-30','2024-02-29',1391.00000000,'0',0,'Pagado','',1391.00000000,'2024-02-29',1391.00000000,'Efectivo','','',0,0.00000000,'','Viernes, Sabado','03:00:00','188','jsegura@cia.minera.com.pe','999999082',NULL,NULL,NULL),(538,'CO0000085',NULL,'','84','F3030034502','2024-03-29','2024-04-28',1349.00000000,'0',0,'Pagado','',1349.00000000,'2024-04-28',1349.00000000,'Efectivo','','',0,0.00000000,'','Viernes, Sabado','05:00:00','189','rreyna@manuperuho.com.pe','999999083',NULL,NULL,NULL),(539,'CO0000086',NULL,'','85','F3510042045','2024-07-08','2024-08-08',999.00000000,'0',0,'Registrada','',999.00000000,'2024-06-02',999.00000000,'Efectivo','','',0,0.00000000,'','Lunes, Martes, Sabado','04:00:00','190','sruiz@l.g.electr.com.pe','999999084',NULL,NULL,NULL),(540,'CO0000087',NULL,'','86','F3870020690','2024-03-11','2024-04-10',929.00000000,'0',0,'Pagado','',929.00000000,'2024-04-10',929.00000000,'Efectivo','','',0,0.00000000,'','Lunes, Martes, Sabado','03:00:00','191','vcastilla@corporacion.com.pe','999999085',NULL,NULL,NULL),(541,'CO0000088',NULL,'','87','F3420025536','2024-01-19','2024-02-18',1122.00000000,'0',0,'Pagado','',1122.00000000,'2024-02-18',1122.00000000,'Efectivo','','',0,0.00000000,'','Lunes, Martes, Sabado','05:00:00','192','wpizarro@crediscotia.com.pe','999999086',NULL,NULL,NULL),(542,'CO0000089',NULL,'','88','F4280013147','2024-05-17','2024-06-16',785.00000000,'22',0,'En Seguimiento','',785.00000000,'2024-06-16',785.00000000,'Parcial','','',0,0.00000000,'','Lunes, Martes, Sabado','04:00:00','193','xcorcuera@cetcos.a..com.pe','999999087',NULL,NULL,NULL),(543,'CO0000090',NULL,'','89','F3130027077','2024-02-06','2024-03-07',1330.00000000,'123',0,'En Seguimiento','',1330.00000000,'2024-03-07',1330.00000000,'Efectivo','','',0,0.00000000,'','Lunes, Martes, Sabado','03:00:00','194','kzambrano@sociedadmin.com.pe','999999088',NULL,NULL,NULL),(544,'CO0000091',NULL,'','90','F3340035166','2024-05-27','2024-06-26',720.00000000,'0',0,'Pagado','',720.00000000,'2024-06-26',720.00000000,'Efectivo','','',0,0.00000000,'','Viernes, Sabado','05:00:00','195','lcarrera@inversiones.com.pe','999999089',NULL,NULL,NULL),(545,'CO0000092',NULL,'','91','F3340035167','2024-05-21','2024-06-20',625.00000000,'0',0,'Pagado','',625.00000000,'2024-06-20',625.00000000,'Efectivo','','',0,0.00000000,'','Viernes, Sabado','04:00:00','196','mvillar@australgrou.com.pe','999999090',NULL,NULL,NULL),(546,'CO0000093',NULL,'','92','F4210031083','2024-04-25','2024-05-25',1167.00000000,'41',0,'Pagado','',1167.00000000,'2024-05-25',1167.00000000,'Parcial','','',0,0.00000000,'','Viernes, Sabado','03:00:00','197','nsevillano@xstratatint.com.pe','999999091',NULL,NULL,NULL),(547,'CO0000094',NULL,'','93','F3420025548','2024-01-16','2024-02-15',1451.00000000,'0',0,'Pagado','',1451.00000000,'2024-02-15',1451.00000000,'Efectivo','','',0,0.00000000,'','Lunes, Martes, Sabado','05:00:00','198','oparedes@maestrohome.com.pe','999999092',NULL,NULL,NULL),(548,'CO0000095',NULL,'','94','F4560004142','2024-04-13','2024-05-13',1203.00000000,'88',0,'Con Compromiso de Pago','',1203.00000000,'2024-08-09',1203.00000000,'Efectivo','','',0,0.00000000,'','Lunes, Martes, Sabado','04:00:00','199','pmontes@pluspetrolc.com.pe','999999093',NULL,NULL,NULL),(549,'CO0000096',NULL,'','95','F3630009780','2024-03-27','2024-04-26',685.00000000,'0',0,'Pagado','',685.00000000,'2024-04-26',685.00000000,'Efectivo','','',0,0.00000000,'','Lunes, Martes, Sabado','03:00:00','200','csegura@sodimacperu.com.pe','999999094',NULL,NULL,NULL),(550,'CO0000097',NULL,'','96','F4510003329','2024-02-26','2024-03-27',1320.00000000,'103',0,'Con Compromiso de Pago','',1320.00000000,'2024-03-27',1320.00000000,'Efectivo','','',0,0.00000000,'','Lunes, Martes, Sabado','05:00:00','201','dreyna@uniques.a..com.pe','999999095',NULL,NULL,NULL),(551,'CO0000098',NULL,'','97','F3160034344','2024-03-27','2024-04-26',821.00000000,'0',0,'Pagado','',821.00000000,'2024-04-26',821.00000000,'Efectivo','','',0,0.00000000,'','Lunes, Martes, Sabado','04:00:00','202','fruiz@kimberlycla.com.pe','999999096',NULL,NULL,NULL),(552,'CO0000099',NULL,'','98','F3520034546','2024-03-19','2024-04-18',640.00000000,'81',0,'Con Compromiso de Pago','',640.00000000,'2024-04-18',640.00000000,'Efectivo','','',0,0.00000000,'','Viernes, Sabado','03:00:00','203','gcastilla@pesqueradia.com.pe','999999097',NULL,NULL,NULL),(553,'CO0000100',NULL,'','99','F3530013014','2024-02-17','2024-03-18',1431.00000000,'0',0,'Pagado','',1431.00000000,'2024-03-18',1431.00000000,'Efectivo','','',0,0.00000000,'','Viernes, Sabado','05:00:00','204','hpizarro@credibolsas.com.pe','999999098',NULL,NULL,NULL),(554,'CO0000101',NULL,'','100','F4290014630','2024-04-10','2024-05-10',870.00000000,'59',0,'Con Compromiso de Pago','',870.00000000,'2024-05-10',870.00000000,'Efectivo','','',0,0.00000000,'','Viernes, Sabado','04:00:00','205','jraez@elpacifico.com.pe','999999099',NULL,NULL,NULL),(555,'CO0000102',NULL,'','101','F4070019910','2024-01-31','2024-03-01',1164.00000000,'129',0,'Con Compromiso de Pago','',1164.00000000,'2024-03-01',1164.00000000,'Efectivo','','',0,0.00000000,'','Lunes, Martes, Sabado','03:00:00','206','oaltamirano@cementospac.com.pe','999999100',NULL,NULL,NULL),(556,'CO0000103',NULL,'','102','F3120027149','2024-01-04','2024-02-03',1135.00000000,'156',0,'Con Compromiso de Pago','',1135.00000000,'2024-02-03',1135.00000000,'Efectivo','','',0,0.00000000,'','Lunes, Martes, Sabado','05:00:00','107','jperez@petroleosde.com.pe','999999001',NULL,NULL,NULL),(557,'CO0000104',NULL,'','103','F3510042042','2024-07-08','2024-08-08',1402.00000000,'0',0,'Registrada','',1402.00000000,'2024-04-14',1402.00000000,'Efectivo','','',0,0.00000000,'','Lunes, Martes, Sabado','04:00:00','208','oscar@creantis.com','999999002',NULL,NULL,NULL),(558,'CO0000105',NULL,'','104','F3960021888','2024-05-23','2024-06-22',773.00000000,'48',0,'Con Compromiso de Pago','',773.00000000,'2024-08-09',773.00000000,'Efectivo','','',0,0.00000000,'','Lunes, Martes, Sabado','03:00:00','147','osantacruz@creantis.net','999999003',NULL,NULL,NULL),(559,'CO0000106',NULL,'','105','F3220044907','2024-05-27','2024-06-26',1237.00000000,'12',0,'Con Compromiso de Pago','',1237.00000000,'2024-06-26',1237.00000000,'Efectivo','','',0,0.00000000,'','Lunes, Martes, Sabado','05:00:00','107','jperez@pacasmayo.com','999999004',NULL,NULL,NULL),(560,'CO0000107',NULL,'','106','F4460002691','2024-03-19','2024-04-18',1488.00000000,'81',0,'Pagado','',1488.00000000,'2024-07-08',1488.00000000,'Efectivo','','',0,0.00000000,'','Viernes, Sabado','04:00:00','211','carlos@losvelasquez.net','999999005',NULL,NULL,NULL),(561,'CO0000108',NULL,'','100','F4440009818','2024-01-24','2024-02-23',878.00000000,'0',0,'Pagado','',878.00000000,'2024-02-23',878.00000000,'Efectivo','','',0,0.00000000,'','Viernes, Sabado','03:00:00','205','jraez@elpacifico.com.pe','999999099',NULL,NULL,NULL),(562,'CO0000109',NULL,'','101','F3520034519','2024-04-24','2024-05-24',1280.00000000,'45',0,'Con Compromiso de Pago','',1280.00000000,'2024-05-24',1280.00000000,'Efectivo','','',0,0.00000000,'','Viernes, Sabado','05:00:00','206','oaltamirano@cementospac.com.pe','999999100',NULL,NULL,NULL),(563,'CO0000110',NULL,'','102','F4070020407','2024-02-18','2024-03-19',1142.00000000,'111',0,'Con Compromiso de Pago','',1142.00000000,'2024-07-08',1142.00000000,'Efectivo','','',0,0.00000000,'','Lunes, Martes, Sabado','04:00:00','107','jperez@petroleosde.com.pe','999999001',NULL,NULL,NULL),(564,'CO0000111',NULL,'','103','F3020034562','2024-05-17','2024-06-16',763.00000000,'22',0,'Con Compromiso de Pago','',763.00000000,'2024-06-16',763.00000000,'Efectivo','','',0,0.00000000,'','Lunes, Martes, Sabado','03:00:00','208','oscar@creantis.com','999999002',NULL,NULL,NULL),(565,'CO0000112',NULL,'','104','F3720024542','2024-05-19','2024-06-18',913.00000000,'0',0,'Pagado','',913.00000000,'2024-06-18',913.00000000,'Efectivo','','',0,0.00000000,'','Lunes, Martes, Sabado','05:00:00','147','osantacruz@creantis.net','999999003',NULL,NULL,NULL),(566,'CO0000113',NULL,'','105','F3010027625','2024-03-13','2024-04-12',583.00000000,'0',0,'Pagado','',583.00000000,'2024-04-12',583.00000000,'Efectivo','','',0,0.00000000,'','Lunes, Martes, Sabado','04:00:00','107','jperez@pacasmayo.com','999999004',NULL,NULL,NULL),(567,'CO0000114',NULL,'','106','F3240041069','2024-05-27','2024-06-26',729.00000000,'0',0,'Pagado','',729.00000000,'2024-06-26',729.00000000,'Efectivo','','',0,0.00000000,'','Lunes, Martes, Sabado','03:00:00','211','carlos@losvelasquez.net','999999005',NULL,NULL,NULL),(568,'CO0000115',NULL,'','','F3010027626','2024-07-01','2024-08-01',1331.00000000,'0',0,'Registrada','',1331.00000000,'2024-04-23',1331.00000000,'Efectivo','','',0,0.00000000,'','Viernes, Sabado','05:00:00','','jose.zavaleta@kcc.com','999999006',NULL,NULL,NULL),(569,'CO0000116',NULL,'','106','F3230049910','2024-05-24','2024-06-23',760.00000000,'15',0,'Con Compromiso de Pago','',760.00000000,'2024-06-23',760.00000000,'Efectivo','','',0,0.00000000,'','Viernes, Sabado','04:00:00','211','carlos@losvelasquez.net','999999005',NULL,NULL,NULL),(570,'CO0000117',NULL,'','100','F3860022760','2024-07-01','2024-08-01',1395.00000000,'0',0,'Registrada','',1395.00000000,'2024-03-20',1395.00000000,'Efectivo','','',0,0.00000000,'','Viernes, Sabado','03:00:00','205','jraez@elpacifico.com.pe','999999099',NULL,NULL,NULL),(571,'CO0000118',NULL,'','101','F3160035352','2024-04-03','2024-05-03',1175.00000000,'0',0,'Pagado','',1175.00000000,'2024-05-03',1175.00000000,'Efectivo','','',0,0.00000000,'','Lunes, Martes, Sabado','05:00:00','206','oaltamirano@cementospac.com.pe','999999100',NULL,NULL,NULL),(572,'CO0000119',NULL,'','102','F3310040587','2024-07-01','2024-08-01',1395.00000000,'0',0,'Registrada','',1395.00000000,'2024-02-05',1395.00000000,'Efectivo','','',0,0.00000000,'','Lunes, Martes, Sabado','04:00:00','107','jperez@petroleosde.com.pe','999999001',NULL,NULL,NULL),(573,'CO0000120',NULL,'','103','F4340001411','2024-05-25','2024-06-24',621.00000000,'14',0,'Con Compromiso de Pago','',621.00000000,'2024-06-24',621.00000000,'Efectivo','','',0,0.00000000,'','Lunes, Martes, Sabado','03:00:00','208','oscar@creantis.com','999999002',NULL,NULL,NULL),(574,'CO0000121',NULL,'','104','F3310040588','2024-07-01','2024-08-01',1278.00000000,'0',0,'Registrada','',1278.00000000,'2024-02-12',1278.00000000,'Efectivo','','',0,0.00000000,'','Lunes, Martes, Sabado','05:00:00','147','osantacruz@creantis.net','999999003',NULL,NULL,NULL),(575,'CO0000122',NULL,'','105','F3160035344','2024-03-05','2024-04-04',1313.00000000,'0',0,'Pagado','',1313.00000000,'2024-04-04',1313.00000000,'Efectivo','','',0,0.00000000,'','Lunes, Martes, Sabado','04:00:00','107','jperez@pacasmayo.com','999999004',NULL,NULL,NULL),(576,'CO0000123',NULL,'','106','F3210052285','2024-06-08','2024-07-08',1398.00000000,'0',0,'Registrada','',1398.00000000,'2024-03-14',1398.00000000,'Efectivo','','',0,0.00000000,'','Viernes, Sabado','03:00:00','211','carlos@losvelasquez.net','999999005',NULL,NULL,NULL),(577,'CO0000124',NULL,'','106','F3220045827','2024-04-04','2024-05-04',1278.00000000,'65',0,'Con Compromiso de Pago','',1278.00000000,'2024-05-04',1278.00000000,'Efectivo','','',0,0.00000000,'','Viernes, Sabado','05:00:00','211','carlos@losvelasquez.net','999999005',NULL,NULL,NULL),(578,'CO0000125',NULL,'','100','F3410028252','2024-06-08','2024-07-08',774.00000000,'0',0,'Registrada','',774.00000000,'2024-06-05',774.00000000,'Efectivo','','',0,0.00000000,'','Viernes, Sabado','04:00:00','205','jraez@elpacifico.com.pe','999999099',NULL,NULL,NULL),(579,'CO0000126',NULL,'','101','F3160035350','2024-04-23','2024-05-23',1284.00000000,'0',0,'Pagado','',1284.00000000,'2024-05-23',1284.00000000,'Efectivo','','',0,0.00000000,'','Lunes, Martes, Sabado','03:00:00','206','oaltamirano@cementospac.com.pe','999999100',NULL,NULL,NULL),(580,'CO0000127',NULL,'','102','F3160035351','2024-06-08','2024-07-08',583.00000000,'0',0,'Registrada','',583.00000000,'2024-03-16',583.00000000,'Efectivo','','',0,0.00000000,'','Lunes, Martes, Sabado','03:00:00','107','jperez@petroleosde.com.pe','999999001',NULL,NULL,NULL),(581,'CO0000128',NULL,'','103','F3720024535','2024-05-21','2024-06-20',901.00000000,'18',0,'Con Compromiso de Pago','',901.00000000,'2024-06-20',901.00000000,'Efectivo','','',0,0.00000000,'','Lunes, Martes, Sabado','03:00:00','208','oscar@creantis.com','999999002',NULL,NULL,NULL),(582,'CO0000129',NULL,'','104','F3160035353','2024-06-08','2024-07-08',781.00000000,'0',0,'Registrada','',781.00000000,'2024-04-23',781.00000000,'Efectivo','','',0,0.00000000,'','Lunes, Martes, Sabado','03:00:00','147','osantacruz@creantis.net','999999003',NULL,NULL,NULL);

--
-- Table structure for table `vtiger_cobranzascf`
--

CREATE TABLE `vtiger_cobranzascf` (
  `cobranzasid` int(11) NOT NULL,
  PRIMARY KEY (`cobranzasid`)
) ENGINE=InnoDB DEFAULT CHARSET=utf8 COLLATE=utf8_general_ci;

--
-- Dumping data for table `vtiger_cobranzascf`
--

INSERT INTO `vtiger_cobranzascf` VALUES (452),(454),(456),(457),(458),(459),(460),(461),(462),(463),(464),(465),(466),(467),(468),(469),(470),(471),(472),(473),(474),(475),(476),(477),(478),(479),(480),(481),(482),(483),(484),(485),(486),(487),(488),(489),(490),(491),(492),(493),(494),(495),(496),(497),(498),(499),(500),(501),(502),(503),(504),(505),(506),(507),(508),(509),(510),(511),(512),(513),(514),(515),(516),(517),(518),(519),(520),(521),(522),(523),(524),(525),(526),(527),(528),(529),(530),(531),(532),(533),(534),(535),(536),(537),(538),(539),(540),(541),(542),(543),(544),(545),(546),(547),(548),(549),(550),(551),(552),(553),(554),(555),(556),(557),(558),(559),(560),(561),(562),(563),(564),(565),(566),(567),(568),(569),(570),(571),(572),(573),(574),(575),(576),(577),(578),(579),(580),(581),(582);

--
-- Table structure for table `vtiger_contactaddress`
--

CREATE TABLE `vtiger_contactaddress` (
  `contactaddressid` int(19) NOT NULL DEFAULT 0,
  `mailingcity` varchar(40) DEFAULT NULL,
  `mailingstreet` varchar(250) DEFAULT NULL,
  `mailingcountry` varchar(40) DEFAULT NULL,
  `othercountry` varchar(30) DEFAULT NULL,
  `mailingstate` varchar(30) DEFAULT NULL,
  `mailingpobox` varchar(30) DEFAULT NULL,
  `othercity` varchar(40) DEFAULT NULL,
  `otherstate` varchar(50) DEFAULT NULL,
  `mailingzip` varchar(30) DEFAULT NULL,
  `otherzip` varchar(30) DEFAULT NULL,
  `otherstreet` varchar(250) DEFAULT NULL,
  `otherpobox` varchar(30) DEFAULT NULL,
  PRIMARY KEY (`contactaddressid`),
  CONSTRAINT `fk_1_vtiger_contactaddress` FOREIGN KEY (`contactaddressid`) REFERENCES `vtiger_contactdetails` (`contactid`) ON DELETE CASCADE
) ENGINE=InnoDB DEFAULT CHARSET=utf8 COLLATE=utf8_general_ci;

--
-- Dumping data for table `vtiger_contactaddress`
--

INSERT INTO `vtiger_contactaddress` VALUES (107,'','','','','','','','','','','',''),(108,'','','','','','','','','','','',''),(109,'','','','','','','','','','','',''),(110,'','','','','','','','','','','',''),(111,'','','','','','','','','','','',''),(112,'','','','','','','','','','','',''),(113,'','','','','','','','','','','',''),(114,'','','','','','','','','','','',''),(115,'','','','','','','','','','','',''),(116,'','','','','','','','','','','',''),(117,'','','','','','','','','','','',''),(118,'','','','','','','','','','','',''),(119,'','','','','','','','','','','',''),(120,'','','','','','','','','','','',''),(121,'','','','','','','','','','','',''),(122,'','','','','','','','','','','',''),(123,'','','','','','','','','','','',''),(124,'','','','','','','','','','','',''),(125,'','','','','','','','','','','',''),(126,'','','','','','','','','','','',''),(127,'','','','','','','','','','','',''),(128,'','','','','','','','','','','',''),(129,'','','','','','','','','','','',''),(130,'','','','','','','','','','','',''),(131,'','','','','','','','','','','',''),(132,'','','','','','','','','','','',''),(133,'','','','','','','','','','','',''),(134,'','','','','','','','','','','',''),(135,'','','','','','','','','','','',''),(136,'','','','','','','','','','','',''),(137,'','','','','','','','','','','',''),(138,'','','','','','','','','','','',''),(139,'','','','','','','','','','','',''),(140,'','','','','','','','','','','',''),(141,'','','','','','','','','','','',''),(142,'','','','','','','','','','','',''),(143,'','','','','','','','','','','',''),(144,'','','','','','','','','','','',''),(145,'','','','','','','','','','','',''),(146,'','','','','','','','','','','',''),(147,'','','','','','','','','','','',''),(148,'','','','','','','','','','','',''),(149,'','','','','','','','','','','',''),(150,'','','','','','','','','','','',''),(151,'','','','','','','','','','','',''),(152,'','','','','','','','','','','',''),(153,'','','','','','','','','','','',''),(154,'','','','','','','','','','','',''),(155,'','','','','','','','','','','',''),(156,'','','','','','','','','','','',''),(157,'','','','','','','','','','','',''),(158,'','','','','','','','','','','',''),(159,'','','','','','','','','','','',''),(160,'','','','','','','','','','','',''),(161,'','','','','','','','','','','',''),(162,'','','','','','','','','','','',''),(163,'','','','','','','','','','','',''),(164,'','','','','','','','','','','',''),(165,'','','','','','','','','','','',''),(166,'','','','','','','','','','','',''),(167,'','','','','','','','','','','',''),(168,'','','','','','','','','','','',''),(169,'','','','','','','','','','','',''),(170,'','','','','','','','','','','',''),(171,'','','','','','','','','','','',''),(172,'','','','','','','','','','','',''),(173,'','','','','','','','','','','',''),(174,'','','','','','','','','','','',''),(175,'','','','','','','','','','','',''),(176,'','','','','','','','','','','',''),(177,'','','','','','','','','','','',''),(178,'','','','','','','','','','','',''),(179,'','','','','','','','','','','',''),(180,'','','','','','','','','','','',''),(181,'','','','','','','','','','','',''),(182,'','','','','','','','','','','',''),(183,'','','','','','','','','','','',''),(184,'','','','','','','','','','','',''),(185,'','','','','','','','','','','',''),(186,'','','','','','','','','','','',''),(187,'','','','','','','','','','','',''),(188,'','','','','','','','','','','',''),(189,'','','','','','','','','','','',''),(190,'','','','','','','','','','','',''),(191,'','','','','','','','','','','',''),(192,'','','','','','','','','','','',''),(193,'','','','','','','','','','','',''),(194,'','','','','','','','','','','',''),(195,'','','','','','','','','','','',''),(196,'','','','','','','','','','','',''),(197,'','','','','','','','','','','',''),(198,'','','','','','','','','','','',''),(199,'','','','','','','','','','','',''),(200,'','','','','','','','','','','',''),(201,'','','','','','','','','','','',''),(202,'','','','','','','','','','','',''),(203,'','','','','','','','','','','',''),(204,'','','','','','','','','','','',''),(205,'','','','','','','','','','','',''),(206,'','','','','','','','','','','',''),(207,'','','','','','','','','','','',''),(208,'','','','','','','','','','','',''),(209,'','','','','','','','','','','',''),(210,'','','','','','','','','','','',''),(211,'','','','','','','','','','','',''),(212,'','','','','','','','','','','',''),(747,'','','','','','','','','','','',''),(748,'','','','','','','','','','','',''),(763,'','','','','','','','','','','','');

--
-- Table structure for table `vtiger_contactdetails`
--

CREATE TABLE `vtiger_contactdetails` (
  `contactid` int(19) NOT NULL DEFAULT 0,
  `contact_no` varchar(100) NOT NULL,
  `accountid` int(19) DEFAULT NULL,
  `salutation` varchar(200) DEFAULT NULL,
  `firstname` varchar(40) DEFAULT NULL,
  `lastname` varchar(80) NOT NULL,
  `email` varchar(100) DEFAULT NULL,
  `phone` varchar(50) DEFAULT NULL,
  `mobile` varchar(50) DEFAULT NULL,
  `title` varchar(50) DEFAULT NULL,
  `department` varchar(30) DEFAULT NULL,
  `fax` varchar(50) DEFAULT NULL,
  `reportsto` varchar(30) DEFAULT NULL,
  `training` varchar(50) DEFAULT NULL,
  `usertype` varchar(50) DEFAULT NULL,
  `contacttype` varchar(50) DEFAULT NULL,
  `otheremail` varchar(100) DEFAULT NULL,
  `secondaryemail` varchar(100) DEFAULT NULL,
  `donotcall` varchar(3) DEFAULT NULL,
  `emailoptout` varchar(3) DEFAULT '0',
  `imagename` varchar(150) DEFAULT NULL,
  `reference` varchar(3) DEFAULT NULL,
  `notify_owner` varchar(3) DEFAULT '0',
  `isconvertedfromlead` varchar(3) DEFAULT '0',
  `tags` varchar(1) DEFAULT NULL,
  `lb_whatsappcontact` text DEFAULT NULL,
  `lb_dnicontact` text DEFAULT NULL,
  `lb_skypecontact` text DEFAULT NULL,
  `lb_departmentcontact` text DEFAULT NULL,
  `lb_ticketpromediocontact` decimal(25,8) DEFAULT NULL,
  `lb_compraacumuladacontact` decimal(25,8) DEFAULT NULL,
  `lb_ultimacompracontact` date DEFAULT NULL,
  `lb_frecuenciadecompracontact` int(50) DEFAULT NULL,
  `lb_sexocontact` text DEFAULT NULL,
  `lb_origendeprospectocontact` text DEFAULT NULL,
  `lb_kenjinkai` text DEFAULT NULL,
  `lb_estadocivil` text DEFAULT NULL,
  `lb_edadcontact` int(50) DEFAULT NULL,
  `lb_kenjikaidelamadre` text DEFAULT NULL,
  `lb_perfilcontact` text DEFAULT NULL,
  `lb_aceptodatoper` text DEFAULT NULL,
  `lb_mediodeaceptacion` text DEFAULT NULL,
  `lb_fechadeaceptacion` date DEFAULT NULL,
  PRIMARY KEY (`contactid`),
  KEY `contactdetails_accountid_idx` (`accountid`),
  KEY `email_idx` (`email`),
  CONSTRAINT `fk_1_vtiger_contactdetails` FOREIGN KEY (`contactid`) REFERENCES `vtiger_crmentity` (`crmid`) ON DELETE CASCADE
) ENGINE=InnoDB DEFAULT CHARSET=utf8 COLLATE=utf8_general_ci;

--
-- Dumping data for table `vtiger_contactdetails`
--

INSERT INTO `vtiger_contactdetails` VALUES (107,'CON1',2,'','Juan','Perez','gventas@zapler.com','999999001','','','','','0',NULL,NULL,NULL,NULL,'','0','0','','0','0','0','',NULL,NULL,NULL,NULL,NULL,NULL,NULL,NULL,NULL,NULL,NULL,NULL,NULL,NULL,NULL,NULL,NULL,NULL),(108,'CON2',3,'','Oscar','Sanchez','osanchez@refineriala.com.pe','999999002','','','','','0',NULL,NULL,NULL,NULL,'','0','0','','0','0','0','',NULL,NULL,NULL,NULL,NULL,NULL,NULL,NULL,NULL,NULL,NULL,NULL,NULL,NULL,NULL,NULL,NULL,NULL),(109,'CON3',4,'','Javier','Rodriguez','jrodriguez@southernper.com.pe','999999003','','','','','0',NULL,NULL,NULL,NULL,'','0','0','','0','0','0','',NULL,NULL,NULL,NULL,NULL,NULL,NULL,NULL,NULL,NULL,NULL,NULL,NULL,NULL,NULL,NULL,NULL,NULL),(110,'CON4',5,'','Hugo','Perez','hperez@minerayanac.com.pe','999999004','','','','','0',NULL,NULL,NULL,NULL,'','0','0','','0','0','0','',NULL,NULL,NULL,NULL,NULL,NULL,NULL,NULL,NULL,NULL,NULL,NULL,NULL,NULL,NULL,NULL,NULL,NULL),(111,'CON5',6,'','Francisco','Diaz','fdiaz@cia.minera.com.pe','999999005','','','','','0',NULL,NULL,NULL,NULL,'','0','0','','0','0','0','',NULL,NULL,NULL,NULL,NULL,NULL,NULL,NULL,NULL,NULL,NULL,NULL,NULL,NULL,NULL,NULL,NULL,NULL),(112,'CON6',7,'','Daniel','Polo','dpolo@sociedadmin.com.pe','999999006','','','','','0',NULL,NULL,NULL,NULL,'','0','0','','0','0','0','',NULL,NULL,NULL,NULL,NULL,NULL,NULL,NULL,NULL,NULL,NULL,NULL,NULL,NULL,NULL,NULL,NULL,NULL),(113,'CON7',8,'','Manuel','Manzanares','mmanzanares@bancodecre.com.pe','999999007','','','','','0',NULL,NULL,NULL,NULL,'','0','0','','0','0','0','',NULL,NULL,NULL,NULL,NULL,NULL,NULL,NULL,NULL,NULL,NULL,NULL,NULL,NULL,NULL,NULL,NULL,NULL),(114,'CON8',9,'','Jose','Rodriguez','jrodriguez@segurosocia.com.pe','999999008','','','','','0',NULL,NULL,NULL,NULL,'','0','0','','0','0','0','',NULL,NULL,NULL,NULL,NULL,NULL,NULL,NULL,NULL,NULL,NULL,NULL,NULL,NULL,NULL,NULL,NULL,NULL),(115,'CON9',10,'','Jorge','Rojas','jrojas@telefonicad.com.pe','999999009','','','','','0',NULL,NULL,NULL,NULL,'','0','0','','0','0','0','',NULL,NULL,NULL,NULL,NULL,NULL,NULL,NULL,NULL,NULL,NULL,NULL,NULL,NULL,NULL,NULL,NULL,NULL),(116,'CON10',11,'','Sandro','Mendez','smendez@minerabarri.com.pe','999999010','','','','','0',NULL,NULL,NULL,NULL,'','0','0','','0','0','0','',NULL,NULL,NULL,NULL,NULL,NULL,NULL,NULL,NULL,NULL,NULL,NULL,NULL,NULL,NULL,NULL,NULL,NULL),(117,'CON11',12,'','Eduardo','Pacheco','epacheco@consorciomi.com.pe','999999011','','','','','0',NULL,NULL,NULL,NULL,'','0','0','','0','0','0','',NULL,NULL,NULL,NULL,NULL,NULL,NULL,NULL,NULL,NULL,NULL,NULL,NULL,NULL,NULL,NULL,NULL,NULL),(118,'CON12',13,'','Christian','De la Cruz','cdelacruz@bancocentra.com.pe','999999012','','','','','0',NULL,NULL,NULL,NULL,'','0','0','','0','0','0','',NULL,NULL,NULL,NULL,NULL,NULL,NULL,NULL,NULL,NULL,NULL,NULL,NULL,NULL,NULL,NULL,NULL,NULL),(119,'CON13',14,'','Maria','Hernandez','mhernandez@bancocontin.com.pe','999999013','','','','','0',NULL,NULL,NULL,NULL,'','0','0','','0','0','0','',NULL,NULL,NULL,NULL,NULL,NULL,NULL,NULL,NULL,NULL,NULL,NULL,NULL,NULL,NULL,NULL,NULL,NULL),(120,'CON14',15,'','Alejandro','Corrales','acorrales@telefonicam.com.pe','999999014','','','','','0',NULL,NULL,NULL,NULL,'','0','0','','0','0','0','',NULL,NULL,NULL,NULL,NULL,NULL,NULL,NULL,NULL,NULL,NULL,NULL,NULL,NULL,NULL,NULL,NULL,NULL),(121,'CON15',16,'','Brenda','Diaz','bdiaz@perupetros..com.pe','999999015','','','','','0',NULL,NULL,NULL,NULL,'','0','0','','0','0','0','',NULL,NULL,NULL,NULL,NULL,NULL,NULL,NULL,NULL,NULL,NULL,NULL,NULL,NULL,NULL,NULL,NULL,NULL),(122,'CON16',17,'','Carolina','Marcenaro','cmarcenaro@alicorps.a..com.pe','999999016','','','','','0',NULL,NULL,NULL,NULL,'','0','0','','0','0','0','',NULL,NULL,NULL,NULL,NULL,NULL,NULL,NULL,NULL,NULL,NULL,NULL,NULL,NULL,NULL,NULL,NULL,NULL),(123,'CON17',18,'','Dante','Solis','dsolis@uniondecer.com.pe','999999017','','','','','0',NULL,NULL,NULL,NULL,'','0','0','','0','0','0','',NULL,NULL,NULL,NULL,NULL,NULL,NULL,NULL,NULL,NULL,NULL,NULL,NULL,NULL,NULL,NULL,NULL,NULL),(124,'CON18',19,'','Federico','Foppiano','ffoppiano@repsolcomer.com.pe','999999018','','','','','0',NULL,NULL,NULL,NULL,'','0','0','','0','0','0','',NULL,NULL,NULL,NULL,NULL,NULL,NULL,NULL,NULL,NULL,NULL,NULL,NULL,NULL,NULL,NULL,NULL,NULL),(125,'CON19',20,'','Guillermo','Rojas','grojas@peruanadec.com.pe','999999019','','','','','0',NULL,NULL,NULL,NULL,'','0','0','','0','0','0','',NULL,NULL,NULL,NULL,NULL,NULL,NULL,NULL,NULL,NULL,NULL,NULL,NULL,NULL,NULL,NULL,NULL,NULL),(126,'CON20',21,'','Hernan','Campos','hcampos@primaxs.a..com.pe','999999020','','','','','0',NULL,NULL,NULL,NULL,'','0','0','','0','0','0','',NULL,NULL,NULL,NULL,NULL,NULL,NULL,NULL,NULL,NULL,NULL,NULL,NULL,NULL,NULL,NULL,NULL,NULL),(127,'CON21',22,'','Juan','Allemant','jallemant@bancointern.com.pe','999999021','','','','','0',NULL,NULL,NULL,NULL,'','0','0','','0','0','0','',NULL,NULL,NULL,NULL,NULL,NULL,NULL,NULL,NULL,NULL,NULL,NULL,NULL,NULL,NULL,NULL,NULL,NULL),(128,'CON22',23,'','Karla','Villanes','kvillanes@scotiabankp.com.pe','999999022','','','','','0',NULL,NULL,NULL,NULL,'','0','0','','0','0','0','',NULL,NULL,NULL,NULL,NULL,NULL,NULL,NULL,NULL,NULL,NULL,NULL,NULL,NULL,NULL,NULL,NULL,NULL),(129,'CON23',24,'','Liliana','Galvez','lgalvez@americamovi.com.pe','999999023','','','','','0',NULL,NULL,NULL,NULL,'','0','0','','0','0','0','',NULL,NULL,NULL,NULL,NULL,NULL,NULL,NULL,NULL,NULL,NULL,NULL,NULL,NULL,NULL,NULL,NULL,NULL),(130,'CON24',25,'','Miluska','Quezada','mquezada@hipermercado.com.pe','999999024','','','','','0',NULL,NULL,NULL,NULL,'','0','0','','0','0','0','',NULL,NULL,NULL,NULL,NULL,NULL,NULL,NULL,NULL,NULL,NULL,NULL,NULL,NULL,NULL,NULL,NULL,NULL),(131,'CON25',26,'','Nancy','Pardo','npardo@procesadora.com.pe','999999025','','','','','0',NULL,NULL,NULL,NULL,'','0','0','','0','0','0','',NULL,NULL,NULL,NULL,NULL,NULL,NULL,NULL,NULL,NULL,NULL,NULL,NULL,NULL,NULL,NULL,NULL,NULL),(132,'CON26',27,'','Omar','Villanueva','ovillanueva@supermercado.com.pe','999999026','','','','','0',NULL,NULL,NULL,NULL,'','0','0','','0','0','0','',NULL,NULL,NULL,NULL,NULL,NULL,NULL,NULL,NULL,NULL,NULL,NULL,NULL,NULL,NULL,NULL,NULL,NULL),(133,'CON27',28,'','Patricia','Naranjo','pnaranjo@glorias.a..com.pe','999999027','','','','','0',NULL,NULL,NULL,NULL,'','0','0','','0','0','0','',NULL,NULL,NULL,NULL,NULL,NULL,NULL,NULL,NULL,NULL,NULL,NULL,NULL,NULL,NULL,NULL,NULL,NULL),(134,'CON28',29,'','Joaquin','Cruz','jcruz@rimacintern.com.pe','999999028','','','','','0',NULL,NULL,NULL,NULL,'','0','0','','0','0','0','',NULL,NULL,NULL,NULL,NULL,NULL,NULL,NULL,NULL,NULL,NULL,NULL,NULL,NULL,NULL,NULL,NULL,NULL),(135,'CON29',30,'','Renzo','Escobedo','rescobedo@pluspetrolp.com.pe','999999029','','','','','0',NULL,NULL,NULL,NULL,'','0','0','','0','0','0','',NULL,NULL,NULL,NULL,NULL,NULL,NULL,NULL,NULL,NULL,NULL,NULL,NULL,NULL,NULL,NULL,NULL,NULL),(136,'CON30',31,'','Samuel','Valderrama','oscarsc@hotmail.com','999999030','','','','','0',NULL,NULL,NULL,NULL,'','0','0','','0','0','0','',NULL,NULL,NULL,NULL,NULL,NULL,NULL,NULL,NULL,NULL,NULL,NULL,NULL,NULL,NULL,NULL,NULL,NULL),(137,'CON31',32,'','Victor','Gutierrez','vgutierrez@a.ys.s.a..com.pe','999999031','','','','','0',NULL,NULL,NULL,NULL,'','0','0','','0','0','0','',NULL,NULL,NULL,NULL,NULL,NULL,NULL,NULL,NULL,NULL,NULL,NULL,NULL,NULL,NULL,NULL,NULL,NULL),(138,'CON32',33,'','Wilbert','Zapata','wzapata@corporacion.com.pe','999999032','','','','','0',NULL,NULL,NULL,NULL,'','0','0','','0','0','0','',NULL,NULL,NULL,NULL,NULL,NULL,NULL,NULL,NULL,NULL,NULL,NULL,NULL,NULL,NULL,NULL,NULL,NULL),(139,'CON33',34,'','Xavier','Barrantes','xbarrantes@luzdelsur.com.pe','999999033','','','','','0',NULL,NULL,NULL,NULL,'','0','0','','0','0','0','',NULL,NULL,NULL,NULL,NULL,NULL,NULL,NULL,NULL,NULL,NULL,NULL,NULL,NULL,NULL,NULL,NULL,NULL),(140,'CON34',35,'','Ivan','Barron','ibarron@empresaded.com.pe','999999034','','','','','0',NULL,NULL,NULL,NULL,'','0','0','','0','0','0','',NULL,NULL,NULL,NULL,NULL,NULL,NULL,NULL,NULL,NULL,NULL,NULL,NULL,NULL,NULL,NULL,NULL,NULL),(141,'CON35',36,'','Ana','Fernandez','afernandez@saviaperus.com.pe','999999035','','','','','0',NULL,NULL,NULL,NULL,'','0','0','','0','0','0','',NULL,NULL,NULL,NULL,NULL,NULL,NULL,NULL,NULL,NULL,NULL,NULL,NULL,NULL,NULL,NULL,NULL,NULL),(142,'CON36',37,'','Carlos','Arellano','carellano@sagafalabel.com.pe','999999036','','','','','0',NULL,NULL,NULL,NULL,'','0','0','','0','0','0','',NULL,NULL,NULL,NULL,NULL,NULL,NULL,NULL,NULL,NULL,NULL,NULL,NULL,NULL,NULL,NULL,NULL,NULL),(143,'CON37',38,'','Diego','Hurtado','dhurtado@universalme.com.pe','999999037','','','','','0',NULL,NULL,NULL,NULL,'','0','0','','0','0','0','',NULL,NULL,NULL,NULL,NULL,NULL,NULL,NULL,NULL,NULL,NULL,NULL,NULL,NULL,NULL,NULL,NULL,NULL),(144,'CON38',39,'','Frank','Paez','fpaez@volcancia..com.pe','999999038','','','','','0',NULL,NULL,NULL,NULL,'','0','0','','0','0','0','',NULL,NULL,NULL,NULL,NULL,NULL,NULL,NULL,NULL,NULL,NULL,NULL,NULL,NULL,NULL,NULL,NULL,NULL),(145,'CON39',40,'','German','Zevallos','gzevallos@bancodela.com.pe','999999039','','','','','0',NULL,NULL,NULL,NULL,'','0','0','','0','0','0','',NULL,NULL,NULL,NULL,NULL,NULL,NULL,NULL,NULL,NULL,NULL,NULL,NULL,NULL,NULL,NULL,NULL,NULL),(146,'CON40',41,'','Horacio','Benavente','hbenavente@minsurs.a..com.pe','999999040','','','','','0',NULL,NULL,NULL,NULL,'','0','0','','0','0','0','',NULL,NULL,NULL,NULL,NULL,NULL,NULL,NULL,NULL,NULL,NULL,NULL,NULL,NULL,NULL,NULL,NULL,NULL),(147,'CON41',42,'','Oscar','Santa Cruz','osantacruz@g.ym.s.a..com.pe','999999041','','','','','0',NULL,NULL,NULL,NULL,'','0','0','','0','0','0','',NULL,NULL,NULL,NULL,NULL,NULL,NULL,NULL,NULL,NULL,NULL,NULL,NULL,NULL,NULL,NULL,NULL,NULL),(148,'CON42',43,'','David','Lituma','dlituma@corporacion.com.pe','999999042','','','','','0',NULL,NULL,NULL,NULL,'','0','0','','0','0','0','',NULL,NULL,NULL,NULL,NULL,NULL,NULL,NULL,NULL,NULL,NULL,NULL,NULL,NULL,NULL,NULL,NULL,NULL),(149,'CON43',44,'','Augusto','Cevasco','acevasco@superintende.com.pe','999999043','','','','','0',NULL,NULL,NULL,NULL,'','0','0','','0','0','0','',NULL,NULL,NULL,NULL,NULL,NULL,NULL,NULL,NULL,NULL,NULL,NULL,NULL,NULL,NULL,NULL,NULL,NULL),(150,'CON44',45,'','Alberto','Lima','alima@sanfernando.com.pe','999999044','','','','','0',NULL,NULL,NULL,NULL,'','0','0','','0','0','0','',NULL,NULL,NULL,NULL,NULL,NULL,NULL,NULL,NULL,NULL,NULL,NULL,NULL,NULL,NULL,NULL,NULL,NULL),(151,'CON45',46,'','Adrian','Ramos','aramos@tecnologica.com.pe','999999045','','','','','0',NULL,NULL,NULL,NULL,'','0','0','','0','0','0','',NULL,NULL,NULL,NULL,NULL,NULL,NULL,NULL,NULL,NULL,NULL,NULL,NULL,NULL,NULL,NULL,NULL,NULL),(152,'CON46',47,'','Adriana','Velasquez','avelasquez@cia.demina.com.pe','999999046','','','','','0',NULL,NULL,NULL,NULL,'','0','0','','0','0','0','',NULL,NULL,NULL,NULL,NULL,NULL,NULL,NULL,NULL,NULL,NULL,NULL,NULL,NULL,NULL,NULL,NULL,NULL),(153,'CON47',48,'','Marco','Cuenca','mcuenca@tiendaspor.com.pe','999999047','','','','','0',NULL,NULL,NULL,NULL,'','0','0','','0','0','0','',NULL,NULL,NULL,NULL,NULL,NULL,NULL,NULL,NULL,NULL,NULL,NULL,NULL,NULL,NULL,NULL,NULL,NULL),(154,'CON48',49,'','Percy','Ramirez','pramirez@empresaside.com.pe','999999048','','','','','0',NULL,NULL,NULL,NULL,'','0','0','','0','0','0','',NULL,NULL,NULL,NULL,NULL,NULL,NULL,NULL,NULL,NULL,NULL,NULL,NULL,NULL,NULL,NULL,NULL,NULL),(155,'CON49',50,'','Antonio','Abad','aabad@hipermercado.com.pe','999999049','','','','','0',NULL,NULL,NULL,NULL,'','0','0','','0','0','0','',NULL,NULL,NULL,NULL,NULL,NULL,NULL,NULL,NULL,NULL,NULL,NULL,NULL,NULL,NULL,NULL,NULL,NULL),(156,'CON50',51,'','Gianina','Inurritegui','ginurritegui@empresaelec.com.pe','999999050','','','','','0',NULL,NULL,NULL,NULL,'','0','0','','0','0','0','',NULL,NULL,NULL,NULL,NULL,NULL,NULL,NULL,NULL,NULL,NULL,NULL,NULL,NULL,NULL,NULL,NULL,NULL),(157,'CON51',52,'','Cesar','Machado','cmachado@e.wongs.a..com.pe','999999051','','','','','0',NULL,NULL,NULL,NULL,'','0','0','','0','0','0','',NULL,NULL,NULL,NULL,NULL,NULL,NULL,NULL,NULL,NULL,NULL,NULL,NULL,NULL,NULL,NULL,NULL,NULL),(158,'CON52',53,'','Silvia','Canales','scanales@huntoilcom.com.pe','999999052','','','','','0',NULL,NULL,NULL,NULL,'','0','0','','0','0','0','',NULL,NULL,NULL,NULL,NULL,NULL,NULL,NULL,NULL,NULL,NULL,NULL,NULL,NULL,NULL,NULL,NULL,NULL),(159,'CON53',54,'','Paola','Leon','pleon@peruanadep.com.pe','999999053','','','','','0',NULL,NULL,NULL,NULL,'','0','0','','0','0','0','',NULL,NULL,NULL,NULL,NULL,NULL,NULL,NULL,NULL,NULL,NULL,NULL,NULL,NULL,NULL,NULL,NULL,NULL),(160,'CON54',55,'','Silvana','Jayo','sjayo@quimicasuiz.com.pe','999999054','','','','','0',NULL,NULL,NULL,NULL,'','0','0','','0','0','0','',NULL,NULL,NULL,NULL,NULL,NULL,NULL,NULL,NULL,NULL,NULL,NULL,NULL,NULL,NULL,NULL,NULL,NULL),(161,'CON55',56,'','Luis','Miyagi','lmiyagi@enersurs.a..com.pe','999999055','','','','','0',NULL,NULL,NULL,NULL,'','0','0','','0','0','0','',NULL,NULL,NULL,NULL,NULL,NULL,NULL,NULL,NULL,NULL,NULL,NULL,NULL,NULL,NULL,NULL,NULL,NULL),(162,'CON56',57,'','Hans','Medina','hmedina@oricachemic.com.pe','999999056','','','','','0',NULL,NULL,NULL,NULL,'','0','0','','0','0','0','',NULL,NULL,NULL,NULL,NULL,NULL,NULL,NULL,NULL,NULL,NULL,NULL,NULL,NULL,NULL,NULL,NULL,NULL),(163,'CON57',58,'','Gregorio','de la Torre','gdelatorre@serviciode.com.pe','999999057','999705272','','','','0',NULL,NULL,NULL,NULL,'','0','0','','0','0','0','',NULL,NULL,NULL,NULL,0.00000000,0.00000000,NULL,NULL,NULL,NULL,NULL,NULL,NULL,NULL,NULL,NULL,NULL,NULL),(164,'CON58',59,'','Silvia','Perez','sperez@toyotadelp.com.pe','999999058','','','','','0',NULL,NULL,NULL,NULL,'','0','0','','0','0','0','',NULL,NULL,NULL,NULL,NULL,NULL,NULL,NULL,NULL,NULL,NULL,NULL,NULL,NULL,NULL,NULL,NULL,NULL),(165,'CON59',60,'','Paola','Sanchez','psanchez@doerunperu.com.pe','999999059','','','','','0',NULL,NULL,NULL,NULL,'','0','0','','0','0','0','',NULL,NULL,NULL,NULL,NULL,NULL,NULL,NULL,NULL,NULL,NULL,NULL,NULL,NULL,NULL,NULL,NULL,NULL),(166,'CON60',61,'','Silvana','Rodriguez','srodriguez@nestleperu.com.pe','999999060','','','','','0',NULL,NULL,NULL,NULL,'','0','0','','0','0','0','',NULL,NULL,NULL,NULL,NULL,NULL,NULL,NULL,NULL,NULL,NULL,NULL,NULL,NULL,NULL,NULL,NULL,NULL),(167,'CON61',62,'','Luis','Perez','lperez@elpacifico.com.pe','999999061','','','','','0',NULL,NULL,NULL,NULL,'','0','0','','0','0','0','',NULL,NULL,NULL,NULL,NULL,NULL,NULL,NULL,NULL,NULL,NULL,NULL,NULL,NULL,NULL,NULL,NULL,NULL),(168,'CON62',63,'','Hans','Diaz','hdiaz@conirsas.a..com.pe','999999062','','','','','0',NULL,NULL,NULL,NULL,'','0','0','','0','0','0','',NULL,NULL,NULL,NULL,NULL,NULL,NULL,NULL,NULL,NULL,NULL,NULL,NULL,NULL,NULL,NULL,NULL,NULL),(169,'CON63',64,'','Gregorio','Polo','gpolo@pluspetroln.com.pe','999999063','','','','','0',NULL,NULL,NULL,NULL,'','0','0','','0','0','0','',NULL,NULL,NULL,NULL,NULL,NULL,NULL,NULL,NULL,NULL,NULL,NULL,NULL,NULL,NULL,NULL,NULL,NULL),(170,'CON64',65,'','Adriana','Barrantes','abarrantes@deprodecas.com.pe','34644263345','34644263345','','','','0',NULL,NULL,NULL,NULL,'','0','0','','0','0','0','','34644263345',NULL,NULL,NULL,0.00000000,0.00000000,NULL,NULL,NULL,NULL,NULL,NULL,NULL,NULL,NULL,NULL,NULL,NULL),(171,'CON65',66,'','Marco','Barron','mbarron@edegels.a.a.com.pe','999999065','','','','','0',NULL,NULL,NULL,NULL,'','0','0','','0','0','0','',NULL,NULL,NULL,NULL,NULL,NULL,NULL,NULL,NULL,NULL,NULL,NULL,NULL,NULL,NULL,NULL,NULL,NULL),(172,'CON66',67,'','Percy','Fernandez','pfernandez@lanperus.a.com.pe','999999066','','','','','0',NULL,NULL,NULL,NULL,'','0','0','','0','0','0','',NULL,NULL,NULL,NULL,NULL,NULL,NULL,NULL,NULL,NULL,NULL,NULL,NULL,NULL,NULL,NULL,NULL,NULL),(173,'CON67',68,'','Antonio','Arellano','aarellano@goldfields.com.pe','999999067','','','','','0',NULL,NULL,NULL,NULL,'','0','0','','0','0','0','',NULL,NULL,NULL,NULL,NULL,NULL,NULL,NULL,NULL,NULL,NULL,NULL,NULL,NULL,NULL,NULL,NULL,NULL),(174,'CON68',69,'','Gianina','Hurtado','ghurtado@koriperus..com.pe','999999068','','','','','0',NULL,NULL,NULL,NULL,'','0','0','','0','0','0','',NULL,NULL,NULL,NULL,NULL,NULL,NULL,NULL,NULL,NULL,NULL,NULL,NULL,NULL,NULL,NULL,NULL,NULL),(175,'CON69',70,'','Cesar','Paez','cpaez@procter&ga.com.pe','999999069','','','','','0',NULL,NULL,NULL,NULL,'','0','0','','0','0','0','',NULL,NULL,NULL,NULL,NULL,NULL,NULL,NULL,NULL,NULL,NULL,NULL,NULL,NULL,NULL,NULL,NULL,NULL),(176,'CON70',71,'','Horacio','De la Cruz','hdelacruz@eckerdperu.com.pe','999999070','','','','','0',NULL,NULL,NULL,NULL,'','0','0','','0','0','0','',NULL,NULL,NULL,NULL,NULL,NULL,NULL,NULL,NULL,NULL,NULL,NULL,NULL,NULL,NULL,NULL,NULL,NULL),(177,'CON71',72,'','Oscar','Hernandez','ohernandez@techints.a..com.pe','999999071','','','','','0',NULL,NULL,NULL,NULL,'','0','0','','0','0','0','',NULL,NULL,NULL,NULL,NULL,NULL,NULL,NULL,NULL,NULL,NULL,NULL,NULL,NULL,NULL,NULL,NULL,NULL),(178,'CON72',73,'','David','Corrales','dcorrales@petrobrasen.com.pe','999999072','','','','','0',NULL,NULL,NULL,NULL,'','0','0','','0','0','0','',NULL,NULL,NULL,NULL,NULL,NULL,NULL,NULL,NULL,NULL,NULL,NULL,NULL,NULL,NULL,NULL,NULL,NULL),(179,'CON73',74,'','Augusto','Diaz','adiaz@cia.minera.com.pe','999999073','','','','','0',NULL,NULL,NULL,NULL,'','0','0','','0','0','0','',NULL,NULL,NULL,NULL,NULL,NULL,NULL,NULL,NULL,NULL,NULL,NULL,NULL,NULL,NULL,NULL,NULL,NULL),(180,'CON74',75,'','Alberto','Marcenaro','amarcenaro@cementoslim.com.pe','999999074','','','','','0',NULL,NULL,NULL,NULL,'','0','0','','0','0','0','',NULL,NULL,NULL,NULL,NULL,NULL,NULL,NULL,NULL,NULL,NULL,NULL,NULL,NULL,NULL,NULL,NULL,NULL),(181,'CON75',76,'','Adrian','Solis','asolis@shouganghie.com.pe','999999075','','','','','0',NULL,NULL,NULL,NULL,'','0','0','','0','0','0','',NULL,NULL,NULL,NULL,NULL,NULL,NULL,NULL,NULL,NULL,NULL,NULL,NULL,NULL,NULL,NULL,NULL,NULL),(182,'CON76',77,'','Ivan','Aservi','iaservi@cbiperuana.com.pe','999999076','','','','','0',NULL,NULL,NULL,NULL,'','0','0','','0','0','0','',NULL,NULL,NULL,NULL,NULL,NULL,NULL,NULL,NULL,NULL,NULL,NULL,NULL,NULL,NULL,NULL,NULL,NULL),(183,'CON77',78,'','Ana','Regalado','aregalado@mibancobanc.com.pe','999999077','','','','','0',NULL,NULL,NULL,NULL,'','0','0','','0','0','0','',NULL,NULL,NULL,NULL,NULL,NULL,NULL,NULL,NULL,NULL,NULL,NULL,NULL,NULL,NULL,NULL,NULL,NULL),(184,'CON78',79,'','Carlos','Salazar','csalazar@repsolypfc.com.pe','999999078','','','','','0',NULL,NULL,NULL,NULL,'','0','0','','0','0','0','',NULL,NULL,NULL,NULL,NULL,NULL,NULL,NULL,NULL,NULL,NULL,NULL,NULL,NULL,NULL,NULL,NULL,NULL),(185,'CON79',80,'','Diego','Zuniga','dzuniga@transportado.com.pe','999999079','','','','','0',NULL,NULL,NULL,NULL,'','0','0','','0','0','0','',NULL,NULL,NULL,NULL,NULL,NULL,NULL,NULL,NULL,NULL,NULL,NULL,NULL,NULL,NULL,NULL,NULL,NULL),(186,'CON80',81,'','Frank','Pachas','fpachas@fondonacion.com.pe','999999080','','','','','0',NULL,NULL,NULL,NULL,'','0','0','','0','0','0','',NULL,NULL,NULL,NULL,NULL,NULL,NULL,NULL,NULL,NULL,NULL,NULL,NULL,NULL,NULL,NULL,NULL,NULL),(187,'CON81',82,'','German','Montes','gmontes@nexteldelp.com.pe','999999081','','','','','0',NULL,NULL,NULL,NULL,'','0','0','','0','0','0','',NULL,NULL,NULL,NULL,NULL,NULL,NULL,NULL,NULL,NULL,NULL,NULL,NULL,NULL,NULL,NULL,NULL,NULL),(188,'CON82',83,'','Joaquin','Segura','jsegura@cia.minera.com.pe','999999082','','','','','0',NULL,NULL,NULL,NULL,'','0','0','','0','0','0','',NULL,NULL,NULL,NULL,NULL,NULL,NULL,NULL,NULL,NULL,NULL,NULL,NULL,NULL,NULL,NULL,NULL,NULL),(189,'CON83',84,'','Renzo','Reyna','rreyna@manuperuho.com.pe','999999083','','','','','0',NULL,NULL,NULL,NULL,'','0','0','','0','0','0','',NULL,NULL,NULL,NULL,NULL,NULL,NULL,NULL,NULL,NULL,NULL,NULL,NULL,NULL,NULL,NULL,NULL,NULL),(190,'CON84',85,'','Samuel','Ruiz','sruiz@l.g.electr.com.pe','999999084','','','','','0',NULL,NULL,NULL,NULL,'','0','0','','0','0','0','',NULL,NULL,NULL,NULL,NULL,NULL,NULL,NULL,NULL,NULL,NULL,NULL,NULL,NULL,NULL,NULL,NULL,NULL),(191,'CON85',86,'','Victor','Castilla','vcastilla@corporacion.com.pe','999999085','','','','','0',NULL,NULL,NULL,NULL,'','0','0','','0','0','0','',NULL,NULL,NULL,NULL,NULL,NULL,NULL,NULL,NULL,NULL,NULL,NULL,NULL,NULL,NULL,NULL,NULL,NULL),(192,'CON86',87,'','Wilbert','Pizarro','wpizarro@crediscotia.com.pe','999999086','','','','','0',NULL,NULL,NULL,NULL,'','0','0','','0','0','0','',NULL,NULL,NULL,NULL,NULL,NULL,NULL,NULL,NULL,NULL,NULL,NULL,NULL,NULL,NULL,NULL,NULL,NULL),(193,'CON87',88,'','Xavier','Corcuera','xcorcuera@cetcos.a..com.pe','999999087','','','','','0',NULL,NULL,NULL,NULL,'','0','0','','0','0','0','',NULL,NULL,NULL,NULL,NULL,NULL,NULL,NULL,NULL,NULL,NULL,NULL,NULL,NULL,NULL,NULL,NULL,NULL),(194,'CON88',89,'','Karla','Zambrano','kzambrano@sociedadmin.com.pe','999999088','','','','','0',NULL,NULL,NULL,NULL,'','0','0','','0','0','0','',NULL,NULL,NULL,NULL,NULL,NULL,NULL,NULL,NULL,NULL,NULL,NULL,NULL,NULL,NULL,NULL,NULL,NULL),(195,'CON89',90,'','Liliana','Carrera','lcarrera@inversiones.com.pe','999999089','','','','','0',NULL,NULL,NULL,NULL,'','0','0','','0','0','0','',NULL,NULL,NULL,NULL,NULL,NULL,NULL,NULL,NULL,NULL,NULL,NULL,NULL,NULL,NULL,NULL,NULL,NULL),(196,'CON90',91,'','Miluska','Villar','mvillar@australgrou.com.pe','999999090','','','','','0',NULL,NULL,NULL,NULL,'','0','0','','0','0','0','',NULL,NULL,NULL,NULL,NULL,NULL,NULL,NULL,NULL,NULL,NULL,NULL,NULL,NULL,NULL,NULL,NULL,NULL),(197,'CON91',92,'','Nancy','Sevillano','nsevillano@xstratatint.com.pe','999999091','','','','','0',NULL,NULL,NULL,NULL,'','0','0','','0','0','0','',NULL,NULL,NULL,NULL,NULL,NULL,NULL,NULL,NULL,NULL,NULL,NULL,NULL,NULL,NULL,NULL,NULL,NULL),(198,'CON92',93,'','Omar','Paredes','oparedes@maestrohome.com.pe','999999092','','','','','0',NULL,NULL,NULL,NULL,'','0','0','','0','0','0','',NULL,NULL,NULL,NULL,NULL,NULL,NULL,NULL,NULL,NULL,NULL,NULL,NULL,NULL,NULL,NULL,NULL,NULL),(199,'CON93',94,'','Patricia','Montes','pmontes@pluspetrolc.com.pe','999999093','','','','','0',NULL,NULL,NULL,NULL,'','0','0','','0','0','0','',NULL,NULL,NULL,NULL,NULL,NULL,NULL,NULL,NULL,NULL,NULL,NULL,NULL,NULL,NULL,NULL,NULL,NULL),(200,'CON94',95,'','Carolina','Segura','csegura@sodimacperu.com.pe','999999094','','','','','0',NULL,NULL,NULL,NULL,'','0','0','','0','0','0','',NULL,NULL,NULL,NULL,NULL,NULL,NULL,NULL,NULL,NULL,NULL,NULL,NULL,NULL,NULL,NULL,NULL,NULL),(201,'CON95',96,'','Dante','Reyna','dreyna@uniques.a..com.pe','999999095','','','','','0',NULL,NULL,NULL,NULL,'','0','0','','0','0','0','',NULL,NULL,NULL,NULL,NULL,NULL,NULL,NULL,NULL,NULL,NULL,NULL,NULL,NULL,NULL,NULL,NULL,NULL),(202,'CON96',97,'','Federico','Ruiz','fruiz@kimberlycla.com.pe','999999096','','','','','0',NULL,NULL,NULL,NULL,'','0','0','','0','0','0','',NULL,NULL,NULL,NULL,NULL,NULL,NULL,NULL,NULL,NULL,NULL,NULL,NULL,NULL,NULL,NULL,NULL,NULL),(203,'CON97',98,'','Guillermo','Castilla','gcastilla@pesqueradia.com.pe','999999097','','','','','0',NULL,NULL,NULL,NULL,'','0','0','','0','0','0','',NULL,NULL,NULL,NULL,NULL,NULL,NULL,NULL,NULL,NULL,NULL,NULL,NULL,NULL,NULL,NULL,NULL,NULL),(204,'CON98',99,'','Hernan','Pizarro','hpizarro@credibolsas.com.pe','999999098','','','','','0',NULL,NULL,NULL,NULL,'','0','0','','0','0','0','',NULL,NULL,NULL,NULL,NULL,NULL,NULL,NULL,NULL,NULL,NULL,NULL,NULL,NULL,NULL,NULL,NULL,NULL),(205,'CON99',100,'','Juan','Raez','jraez@elpacifico.com.pe','999999099','','','','','0',NULL,NULL,NULL,NULL,'','0','0','','0','0','0','',NULL,NULL,NULL,NULL,NULL,NULL,NULL,NULL,NULL,NULL,NULL,NULL,NULL,NULL,NULL,NULL,NULL,NULL),(206,'CON100',101,'','Oscar','Altamirano','oaltamirano@cementospac.com.pe','999999100','','','','','0',NULL,NULL,NULL,NULL,'','0','0','','0','0','0','',NULL,NULL,NULL,NULL,NULL,NULL,NULL,NULL,NULL,NULL,NULL,NULL,NULL,NULL,NULL,NULL,NULL,NULL),(207,'CON101',102,'','Juan','Perez','jperez@petroleosde.com.pe','999999001','','','','','0',NULL,NULL,NULL,NULL,'','0','0','','0','0','0','',NULL,NULL,NULL,NULL,NULL,NULL,NULL,NULL,NULL,NULL,NULL,NULL,NULL,NULL,NULL,NULL,NULL,NULL),(208,'CON102',103,'','Manuel','Cigaran','oscar@creantis.com','999999002','','','','','0',NULL,NULL,NULL,NULL,'','0','0','','0','0','0','',NULL,NULL,NULL,NULL,NULL,NULL,NULL,NULL,NULL,NULL,NULL,NULL,NULL,NULL,NULL,NULL,NULL,NULL),(209,'CON103',104,'','Oscar','Santa Cruz','osantacruz@creantis.net','999999003','','','','','0',NULL,NULL,NULL,NULL,'','0','0','','0','0','0','',NULL,NULL,NULL,NULL,NULL,NULL,NULL,NULL,NULL,NULL,NULL,NULL,NULL,NULL,NULL,NULL,NULL,NULL),(210,'CON104',105,'','Juan','Perez','jperez@pacasmayo.com','999999004','','','','','0',NULL,NULL,NULL,NULL,'','0','0','','0','0','0','',NULL,NULL,NULL,NULL,NULL,NULL,NULL,NULL,NULL,NULL,NULL,NULL,NULL,NULL,NULL,NULL,NULL,NULL),(211,'CON105',106,'','Carlos','Velasquez','carlos@losvelasquez.net','999999005','','','','','0',NULL,NULL,NULL,NULL,'','0','0','','0','0','0','',NULL,NULL,NULL,NULL,NULL,NULL,NULL,NULL,NULL,NULL,NULL,NULL,NULL,NULL,NULL,NULL,NULL,NULL),(212,'CON106',0,'','Jose Santiago','Zavaleta Cortijo','jose.zavaleta@kcc.com','999999006','','','','','0',NULL,NULL,NULL,NULL,'','0','0','','0','0','0','',NULL,NULL,NULL,NULL,NULL,NULL,NULL,NULL,NULL,NULL,NULL,NULL,NULL,NULL,NULL,NULL,NULL,NULL),(747,'CON115',0,'','','TEST','','','9284685','',NULL,'','0',NULL,NULL,NULL,NULL,'','0','0','','0','0','0','','','','','',0.00000000,0.00000000,NULL,0,'','','','',0,'','','','',NULL),(748,'CON116',0,'','Creantis','TEST  41','','','1414','',NULL,'','0',NULL,NULL,NULL,NULL,'','0','0','','0','0','0','','','','','',0.00000000,0.00000000,NULL,0,'','','','',0,'','','','',NULL),(763,'CON117',4,'','Felipe','Soto','','','985862569','',NULL,'','0',NULL,NULL,NULL,NULL,'','0','0','','0','0','0','','985862569','','','',0.00000000,0.00000000,NULL,0,'','','','',0,'','','','',NULL);

--
-- Table structure for table `vtiger_contactscf`
--

CREATE TABLE `vtiger_contactscf` (
  `contactid` int(19) NOT NULL DEFAULT 0,
  `cf_953` varchar(255) DEFAULT '',
  PRIMARY KEY (`contactid`),
  CONSTRAINT `fk_1_vtiger_contactscf` FOREIGN KEY (`contactid`) REFERENCES `vtiger_contactdetails` (`contactid`) ON DELETE CASCADE
) ENGINE=InnoDB DEFAULT CHARSET=utf8 COLLATE=utf8_general_ci;

--
-- Dumping data for table `vtiger_contactscf`
--

INSERT INTO `vtiger_contactscf` VALUES (107,'Black'),(108,'Platinum'),(109,'Gold'),(110,'Silver'),(111,'Black'),(112,'Platinum'),(113,'Gold'),(114,'Silver'),(115,'Black'),(116,'Platinum'),(117,'Gold'),(118,'Silver'),(119,'Black'),(120,'Platinum'),(121,'Gold'),(122,'Silver'),(123,'Black'),(124,'Platinum'),(125,'Gold'),(126,'Silver'),(127,'Black'),(128,'Platinum'),(129,'Gold'),(130,'Silver'),(131,'Black'),(132,'Platinum'),(133,'Gold'),(134,'Silver'),(135,'Black'),(136,'Platinum'),(137,'Gold'),(138,'Silver'),(139,'Black'),(140,'Platinum'),(141,'Gold'),(142,'Silver'),(143,'Black'),(144,'Platinum'),(145,'Gold'),(146,'Silver'),(147,'Black'),(148,'Platinum'),(149,'Gold'),(150,'Silver'),(151,'Black'),(152,'Platinum'),(153,'Gold'),(154,'Silver'),(155,'Black'),(156,'Platinum'),(157,'Gold'),(158,'Silver'),(159,'Black'),(160,'Platinum'),(161,'Gold'),(162,'Silver'),(163,'Black'),(164,'Platinum'),(165,'Gold'),(166,'Silver'),(167,'Black'),(168,'Platinum'),(169,'Gold'),(170,'Silver'),(171,'Black'),(172,'Platinum'),(173,'Gold'),(174,'Silver'),(175,'Black'),(176,'Platinum'),(177,'Gold'),(178,'Silver'),(179,'Black'),(180,'Platinum'),(181,'Gold'),(182,'Silver'),(183,'Black'),(184,'Platinum'),(185,'Gold'),(186,'Silver'),(187,'Black'),(188,'Platinum'),(189,'Gold'),(190,'Black'),(191,'Black'),(192,'Platinum'),(193,'Gold'),(194,'Silver'),(195,'Black'),(196,'Platinum'),(197,'Gold'),(198,'Silver'),(199,'Black'),(200,'Platinum'),(201,'Gold'),(202,'Silver'),(203,'Black'),(204,'Platinum'),(205,'Gold'),(206,'Silver'),(207,'Black'),(208,'Silver'),(209,'Silver'),(210,'Silver'),(211,'Silver'),(212,'Silver'),(747,''),(748,''),(763,'');

--
-- Table structure for table `vtiger_contactsubdetails`
--

CREATE TABLE `vtiger_contactsubdetails` (
  `contactsubscriptionid` int(19) NOT NULL DEFAULT 0,
  `homephone` varchar(50) DEFAULT NULL,
  `otherphone` varchar(50) DEFAULT NULL,
  `assistant` varchar(30) DEFAULT NULL,
  `assistantphone` varchar(50) DEFAULT NULL,
  `birthday` date DEFAULT NULL,
  `laststayintouchrequest` int(30) DEFAULT 0,
  `laststayintouchsavedate` int(19) DEFAULT 0,
  `leadsource` varchar(200) DEFAULT NULL,
  PRIMARY KEY (`contactsubscriptionid`),
  CONSTRAINT `fk_1_vtiger_contactsubdetails` FOREIGN KEY (`contactsubscriptionid`) REFERENCES `vtiger_contactdetails` (`contactid`) ON DELETE CASCADE
) ENGINE=InnoDB DEFAULT CHARSET=utf8 COLLATE=utf8_general_ci;

--
-- Dumping data for table `vtiger_contactsubdetails`
--

INSERT INTO `vtiger_contactsubdetails` VALUES (107,'','(1)6145000','','','2020-09-04',0,0,''),(108,'','(1)2156225','','','2020-09-04',0,0,''),(109,'','(1)5120440,,321','','','2020-09-04',0,0,''),(110,'','(1)2152600','','','2020-09-04',0,0,''),(111,'','(1)2173000','','','2020-09-04',0,0,''),(112,'','(54)283363','','','2020-09-04',0,0,''),(113,'','(1)3132000','','','2020-09-04',0,0,''),(114,'','(1)2656000','','','2020-09-04',0,0,''),(115,'','(1)2101342','','','2020-09-04',0,0,''),(116,'','(1)6124100','','','2020-09-04',0,0,''),(117,'','(1)2159900','','','2020-09-04',0,0,''),(118,'','(1)6132000','','','2020-09-04',0,0,''),(119,'','(1)2111000','','','2020-09-04',0,0,''),(120,'','(1)2157400','','','2020-09-04',0,0,''),(121,'','(1)6171800','','','2020-09-04',0,0,''),(122,'','(1)3150800','','','2020-09-04',0,0,''),(123,'','(1)3113000','','','2020-09-04',0,0,''),(124,'','(1)2156225','','','2020-09-04',0,0,''),(125,'','(1)4114600','','','2020-09-04',0,0,''),(126,'','(1)2033100','','','2020-09-04',0,0,''),(127,'','(1)2192000','','','2020-09-04',0,0,''),(128,'','(1)2116000','','','2020-09-04',0,0,''),(129,'','(1)6131000','','','2020-09-04',0,0,''),(130,'','(1)6260000','','','2020-09-04',0,0,''),(131,'','(1)3261414','','','2020-09-04',0,0,''),(132,'','(1)6188000','','','2020-09-04',0,0,''),(133,'','(1)4707170','','','2020-09-04',0,0,''),(134,'','(1)4113000','','','2020-09-04',0,0,''),(135,'','(1)4117100','','','2020-09-04',0,0,''),(136,'','(1)6264000','','','2020-09-04',0,0,''),(137,'','(1)2178060','','','2020-09-04',0,0,''),(138,'','(1)5171800','','','2020-09-04',0,0,''),(139,'','(1)2719090','','','2020-09-04',0,0,''),(140,'','(1)5612001','','','2020-09-04',0,0,''),(141,'','(1)5137500','','','2020-09-04',0,0,''),(142,'','(1)6161000','','','2020-09-04',0,0,''),(143,'','(1)2260031','','','2020-09-04',0,0,''),(144,'','(1)2194000','','','2020-09-04',0,0,''),(145,'','(1)5192000','','','2020-09-04',0,0,''),(146,'','(1)2158330','','','2020-09-04',0,0,''),(147,'','(1)2130444','','','2020-09-04',0,0,''),(148,'','(1)4812070','','','2020-09-04',0,0,''),(149,'','(1)3153306','','','2020-09-04',0,0,''),(150,'','(1)2417555','','','2020-09-04',0,0,''),(151,'','(1)6111400','','','2020-09-04',0,0,''),(152,'','(1)4192500','','','2020-09-04',0,0,''),(153,'','(1)6115700','','','2020-09-04',0,0,''),(154,'','(1)6186868','','','2020-09-04',0,0,''),(155,'','(1)5139400','','','2020-09-04',0,0,''),(156,'','(1)7154600','','','2020-09-04',0,0,''),(157,'','(1)6260000','','','2020-09-04',0,0,''),(158,'','(1)7074000','','','2020-09-04',0,0,''),(159,'','(1)4114600','','','2020-09-04',0,0,''),(160,'','(1)2114000','','','2020-09-04',0,0,''),(161,'','(1)6167979','','','2020-09-04',0,0,''),(162,'','(1)6113500','','','2020-09-04',0,0,''),(163,'','(1)3173000','','','2020-09-04',0,0,''),(164,'','(1)2159090','','','2020-09-04',0,0,''),(165,'','(1)2151200','','','2020-09-04',0,0,''),(166,'','(1)4364040','','','2020-09-04',0,0,''),(167,'','(1)5184000','','','2020-09-04',0,0,''),(168,'','(1)2172800','','','2020-09-04',0,0,''),(169,'','(1)4117100','','','2020-09-04',0,0,''),(170,'','','','','2020-09-04',0,0,''),(171,'','(1)2156300','','','2020-09-04',0,0,''),(172,'','(1)2138300','','','2020-09-04',0,0,''),(173,'','(1)7060400','','','2020-09-04',0,0,''),(174,'','(1)2212596','','','2020-09-04',0,0,''),(175,'','(1)2153300','','','2020-09-04',0,0,''),(176,'','(1)3159000','','','2020-09-04',0,0,''),(177,'','(1)2135555','','','2020-09-04',0,0,''),(178,'','(1)7062000','','','2020-09-04',0,0,''),(179,'','(1)3172000','','','2020-09-04',0,0,''),(180,'','(1)2170200','','','2020-09-04',0,0,''),(181,'','(1)7145200','','','2020-09-04',0,0,''),(182,'','(1)7059100','','','2020-09-04',0,0,''),(183,'','(1)5138000','','','2020-09-04',0,0,''),(184,'','(1)2157300','','','2020-09-04',0,0,''),(185,'','(1)6177777','','','2020-09-04',0,0,''),(186,'','(1)4404222','','','2020-09-04',0,0,''),(187,'','(1)6111111','','','2020-09-04',0,0,''),(188,'','(1)7105500','','','2020-09-04',0,0,''),(189,'','(1)6128383','','','2020-09-04',0,0,''),(190,'','(1)4150000','','','2020-09-04',0,0,''),(191,'','(1)2134000','','','2020-09-04',0,0,''),(192,'','(1)2119900','','','2020-09-04',0,0,''),(193,'','(1)2113300','','','2020-09-04',0,0,''),(194,'','(1)6113900','','','2020-09-04',0,0,''),(195,'','(1)6113901','','','2020-09-04',0,0,''),(196,'','(1)7107000','','','2020-09-04',0,0,''),(197,'','(1)3722233','','','2020-09-04',0,0,''),(198,'','(1)6111900','','','2020-09-04',0,0,''),(199,'','(1)4117100','','','2020-09-04',0,0,''),(200,'','(1)6110400','','','2020-09-04',0,0,''),(201,'','(1)5134000','','','2020-09-04',0,0,''),(202,'','(1)6181800','','','2020-09-04',0,0,''),(203,'','(1)5132000','','','2020-09-04',0,0,''),(204,'','(1)3132916','','','2020-09-04',0,0,''),(205,'','(1)5184500','','','2020-09-04',0,0,''),(206,'','(1)3176000','','','2020-09-04',0,0,''),(207,'','(1)6145000','','','2020-09-04',0,0,''),(208,'','612-0000','','','2020-09-04',0,0,''),(209,'','612-0001','','','2020-09-04',0,0,''),(210,'','612-0002','','','2020-09-04',0,0,''),(211,'','612-0003','','','2020-09-04',0,0,''),(212,'','2134568','','','2020-09-04',0,0,''),(747,'','','','',NULL,0,0,''),(748,'','','','',NULL,0,0,''),(763,'','','','',NULL,0,0,'');

--
-- Table structure for table `vtiger_contpotentialrel`
--

CREATE TABLE `vtiger_contpotentialrel` (
  `contactid` int(19) NOT NULL DEFAULT 0,
  `potentialid` int(19) NOT NULL DEFAULT 0,
  PRIMARY KEY (`contactid`,`potentialid`),
  KEY `contpotentialrel_potentialid_idx` (`potentialid`),
  KEY `contpotentialrel_contactid_idx` (`contactid`),
  CONSTRAINT `fk_2_vtiger_contpotentialrel` FOREIGN KEY (`potentialid`) REFERENCES `vtiger_potential` (`potentialid`) ON DELETE CASCADE
) ENGINE=InnoDB DEFAULT CHARSET=utf8 COLLATE=utf8_general_ci;

--
-- Dumping data for table `vtiger_contpotentialrel`
--


--
-- Table structure for table `vtiger_contract_priority`
--

CREATE TABLE `vtiger_contract_priority` (
  `contract_priorityid` int(11) NOT NULL AUTO_INCREMENT,
  `contract_priority` varchar(200) NOT NULL,
  `presence` int(1) NOT NULL DEFAULT 1,
  `picklist_valueid` int(11) NOT NULL DEFAULT 0,
  `sortorderid` int(11) DEFAULT 0,
  `color` varchar(10) DEFAULT NULL,
  PRIMARY KEY (`contract_priorityid`)
) ENGINE=InnoDB AUTO_INCREMENT=4 DEFAULT CHARSET=utf8 COLLATE=utf8_general_ci;

--
-- Dumping data for table `vtiger_contract_priority`
--

INSERT INTO `vtiger_contract_priority` VALUES (1,'Low',1,220,1,NULL),(2,'Normal',1,221,2,NULL),(3,'High',1,222,3,NULL);

--
-- Table structure for table `vtiger_contract_priority_seq`
--

CREATE TABLE `vtiger_contract_priority_seq` (
  `id` int(11) NOT NULL
) ENGINE=InnoDB DEFAULT CHARSET=utf8 COLLATE=utf8_general_ci;

--
-- Dumping data for table `vtiger_contract_priority_seq`
--

INSERT INTO `vtiger_contract_priority_seq` VALUES (3);

--
-- Table structure for table `vtiger_contract_status`
--

CREATE TABLE `vtiger_contract_status` (
  `contract_statusid` int(11) NOT NULL AUTO_INCREMENT,
  `contract_status` varchar(200) NOT NULL,
  `presence` int(1) NOT NULL DEFAULT 1,
  `picklist_valueid` int(11) NOT NULL DEFAULT 0,
  `sortorderid` int(11) DEFAULT 0,
  `color` varchar(10) DEFAULT NULL,
  PRIMARY KEY (`contract_statusid`)
) ENGINE=InnoDB AUTO_INCREMENT=7 DEFAULT CHARSET=utf8 COLLATE=utf8_general_ci;

--
-- Dumping data for table `vtiger_contract_status`
--

INSERT INTO `vtiger_contract_status` VALUES (1,'Undefined',1,214,1,NULL),(2,'In Planning',1,215,2,NULL),(3,'In Progress',1,216,3,NULL),(4,'On Hold',1,217,4,NULL),(5,'Complete',0,218,5,NULL),(6,'Archived',1,219,6,NULL);

--
-- Table structure for table `vtiger_contract_status_seq`
--

CREATE TABLE `vtiger_contract_status_seq` (
  `id` int(11) NOT NULL
) ENGINE=InnoDB DEFAULT CHARSET=utf8 COLLATE=utf8_general_ci;

--
-- Dumping data for table `vtiger_contract_status_seq`
--

INSERT INTO `vtiger_contract_status_seq` VALUES (6);

--
-- Table structure for table `vtiger_contract_type`
--

CREATE TABLE `vtiger_contract_type` (
  `contract_typeid` int(11) NOT NULL AUTO_INCREMENT,
  `contract_type` varchar(200) NOT NULL,
  `presence` int(1) NOT NULL DEFAULT 1,
  `picklist_valueid` int(11) NOT NULL DEFAULT 0,
  `sortorderid` int(11) DEFAULT 0,
  `color` varchar(10) DEFAULT NULL,
  PRIMARY KEY (`contract_typeid`)
) ENGINE=InnoDB AUTO_INCREMENT=4 DEFAULT CHARSET=utf8 COLLATE=utf8_general_ci;

--
-- Dumping data for table `vtiger_contract_type`
--

INSERT INTO `vtiger_contract_type` VALUES (1,'Support',1,223,1,NULL),(2,'Services',1,224,2,NULL),(3,'Administrative',1,225,3,NULL);

--
-- Table structure for table `vtiger_contract_type_seq`
--

CREATE TABLE `vtiger_contract_type_seq` (
  `id` int(11) NOT NULL
) ENGINE=InnoDB DEFAULT CHARSET=utf8 COLLATE=utf8_general_ci;

--
-- Dumping data for table `vtiger_contract_type_seq`
--

INSERT INTO `vtiger_contract_type_seq` VALUES (3);

--
-- Table structure for table `vtiger_convertleadmapping`
--

CREATE TABLE `vtiger_convertleadmapping` (
  `cfmid` int(19) NOT NULL AUTO_INCREMENT,
  `leadfid` int(19) NOT NULL,
  `accountfid` int(19) DEFAULT NULL,
  `contactfid` int(19) DEFAULT NULL,
  `potentialfid` int(19) DEFAULT NULL,
  `editable` int(19) DEFAULT 1,
  PRIMARY KEY (`cfmid`)
) ENGINE=InnoDB AUTO_INCREMENT=31 DEFAULT CHARSET=utf8 COLLATE=utf8_general_ci;

--
-- Dumping data for table `vtiger_convertleadmapping`
--

INSERT INTO `vtiger_convertleadmapping` VALUES (1,43,1,0,110,0),(2,49,14,0,0,1),(3,40,3,69,0,1),(4,44,5,77,0,1),(5,52,13,0,0,1),(6,46,9,80,0,0),(7,48,4,0,0,1),(8,61,26,98,0,1),(9,60,30,0,0,1),(10,62,32,104,0,1),(11,63,28,100,0,1),(12,59,24,96,0,1),(13,64,34,106,0,1),(14,61,27,0,0,1),(15,60,31,0,0,1),(16,62,33,0,0,1),(17,63,29,0,0,1),(18,59,25,0,0,1),(19,64,35,0,0,1),(20,65,36,109,125,1),(21,37,0,66,0,1),(22,38,0,67,0,0),(23,41,0,70,0,0),(24,42,0,71,0,1),(25,45,0,76,0,1),(26,55,0,83,0,1),(27,47,0,74,117,1),(28,50,0,0,0,1),(29,53,10,0,0,1),(30,51,17,0,0,1);

--
-- Table structure for table `vtiger_convertpotentialmapping`
--

CREATE TABLE `vtiger_convertpotentialmapping` (
  `cfmid` int(19) NOT NULL AUTO_INCREMENT,
  `potentialfid` int(19) NOT NULL,
  `projectfid` int(19) DEFAULT NULL,
  `editable` int(11) DEFAULT 1,
  PRIMARY KEY (`cfmid`)
) ENGINE=InnoDB AUTO_INCREMENT=3 DEFAULT CHARSET=utf8 COLLATE=utf8_general_ci;

--
-- Dumping data for table `vtiger_convertpotentialmapping`
--

INSERT INTO `vtiger_convertpotentialmapping` VALUES (1,110,627,1),(2,125,643,1);

--
-- Table structure for table `vtiger_crmentity`
--

CREATE TABLE `vtiger_crmentity` (
  `crmid` int(19) NOT NULL,
  `smcreatorid` int(19) NOT NULL DEFAULT 0,
  `smownerid` int(19) NOT NULL DEFAULT 0,
  `modifiedby` int(19) NOT NULL DEFAULT 0,
  `setype` varchar(100) DEFAULT NULL,
  `description` mediumtext DEFAULT NULL,
  `createdtime` datetime NOT NULL,
  `modifiedtime` datetime NOT NULL,
  `viewedtime` datetime DEFAULT NULL,
  `status` varchar(50) DEFAULT NULL,
  `version` int(19) NOT NULL DEFAULT 0,
  `presence` int(1) DEFAULT 1,
  `deleted` int(1) NOT NULL DEFAULT 0,
  `smgroupid` int(19) DEFAULT NULL,
  `source` varchar(100) DEFAULT NULL,
  `label` varchar(255) DEFAULT NULL,
  PRIMARY KEY (`crmid`),
  KEY `crmentity_smcreatorid_idx` (`smcreatorid`),
  KEY `crmentity_modifiedby_idx` (`modifiedby`),
  KEY `crmentity_deleted_idx` (`deleted`),
  KEY `crm_ownerid_del_setype_idx` (`smownerid`,`deleted`,`setype`),
  KEY `vtiger_crmentity_labelidx` (`label`)
) ENGINE=InnoDB DEFAULT CHARSET=utf8 COLLATE=utf8_general_ci;

--
-- Dumping data for table `vtiger_crmentity`
--

INSERT INTO `vtiger_crmentity` VALUES (2,1,5,1,'Accounts','','2024-05-17 22:01:57','2024-05-17 22:01:57',NULL,NULL,0,1,0,0,'IMPORT','PETROLEOS DEL PERU PETROPERU S.A.'),(3,1,5,1,'Accounts','','2024-05-17 22:01:57','2024-05-17 22:01:57',NULL,NULL,0,1,0,0,'IMPORT','REFINERIA LA PAMPILLA S.A.A'),(4,1,7,1,'Accounts','','2024-05-17 22:01:57','2024-05-17 22:01:57',NULL,NULL,0,1,0,0,'IMPORT','SOUTHERN PERU COPPER CORPORATION SUC. DEL PERU'),(5,1,5,1,'Accounts','','2024-05-17 22:01:57','2024-05-17 22:01:57',NULL,NULL,0,1,0,0,'IMPORT','MINERA YANACOCHA S.R.L.'),(6,1,7,1,'Accounts','','2024-05-17 22:01:57','2024-05-17 22:01:57',NULL,NULL,0,1,0,0,'IMPORT','CIA. MINERA ANTAMINA S.A.'),(7,1,8,1,'Accounts','','2024-05-17 22:01:57','2024-05-17 22:01:57',NULL,NULL,0,1,0,0,'IMPORT','SOCIEDAD MINERA CERRO VERDE S.A.A.'),(8,1,7,1,'Accounts','','2024-05-17 22:01:57','2024-05-17 22:01:57',NULL,NULL,0,1,0,0,'IMPORT','BANCO DE CREDITO DEL PERU SA'),(9,1,7,1,'Accounts','','2024-05-17 22:01:57','2024-05-17 22:01:57',NULL,NULL,0,1,0,0,'IMPORT','SEGURO SOCIAL DE SALUD - ESSALUD'),(10,1,7,1,'Accounts','','2024-05-17 22:01:57','2024-05-17 22:01:57',NULL,NULL,0,1,0,0,'IMPORT','TELEFONICA DEL PERU S.A.A.'),(11,1,5,1,'Accounts','','2024-05-17 22:01:57','2024-05-17 22:01:57',NULL,NULL,0,1,0,0,'IMPORT','CONSORCIO MINERO S.A.'),(12,1,7,1,'Accounts','','2024-05-17 22:01:57','2024-05-17 22:01:57',NULL,NULL,0,1,0,0,'IMPORT','BANCO CENTRAL DE RESERVA DEL PERU'),(13,1,7,1,'Accounts','','2024-05-17 22:01:57','2024-05-17 22:01:57',NULL,NULL,0,1,0,0,'IMPORT','BANCO CONTINENTAL'),(14,1,7,1,'Accounts','','2024-05-17 22:01:57','2024-05-17 22:01:57',NULL,NULL,0,1,0,0,'IMPORT','TELEFONICA MOVILES S.A.'),(15,1,5,1,'Accounts','','2024-05-17 22:01:57','2024-05-17 22:01:57',NULL,NULL,0,1,0,0,'IMPORT','PERUPETRO S.A.'),(16,1,5,1,'Accounts','','2024-05-17 22:01:57','2024-05-17 22:01:57',NULL,NULL,0,1,0,0,'IMPORT','ALICORP S.A.A.'),(17,1,5,1,'Accounts','','2024-05-17 22:01:57','2024-05-17 22:01:57',NULL,NULL,0,1,0,0,'IMPORT','UNION DE CERVECERIAS PERUANAS BACKUS Y JOHNSTON S.A.A.'),(18,1,5,1,'Accounts','','2024-05-17 22:01:57','2024-05-17 22:01:57',NULL,NULL,0,1,0,0,'IMPORT','REPSOL COMERCIAL S.A.C.'),(19,1,5,1,'Accounts','','2024-05-17 22:01:57','2024-05-17 22:01:57',NULL,NULL,0,1,0,0,'IMPORT','PERUANA DE COMBUSTIBLES S.A.'),(20,1,5,1,'Accounts','','2024-05-17 22:01:57','2024-05-17 22:01:57',NULL,NULL,0,1,0,0,'IMPORT','PRIMAX S.A.'),(21,1,7,1,'Accounts','','2024-05-17 22:01:57','2024-05-17 22:01:57',NULL,NULL,0,1,0,0,'IMPORT','INTERBANK'),(22,1,7,1,'Accounts','','2024-05-17 22:01:57','2024-05-17 22:01:57',NULL,NULL,0,1,0,0,'IMPORT','SCOTIABANK PERU S.A.A.'),(23,1,7,1,'Accounts','','2024-05-17 22:01:57','2024-05-17 22:01:57',NULL,NULL,0,1,0,0,'IMPORT','AMERICA MOVIL PERU S.A.C.'),(24,1,7,1,'Accounts','','2024-05-17 22:01:57','2024-05-17 22:01:57',NULL,NULL,0,1,0,0,'IMPORT','HIPERMERCADOS METRO S.A.'),(25,1,5,1,'Accounts','','2024-05-17 22:01:57','2024-05-17 22:01:57',NULL,NULL,0,1,0,0,'IMPORT','PROCESADORA SUDAMERICANA S.R.L.'),(26,1,7,1,'Accounts','','2024-05-17 22:01:57','2024-05-17 22:01:57',NULL,NULL,0,1,0,0,'IMPORT','SUPERMERCADOS PERUANOS S.A.'),(27,1,5,1,'Accounts','','2024-05-17 22:01:57','2024-05-17 22:01:57',NULL,NULL,0,1,0,0,'IMPORT','GLORIA S.A.'),(28,1,7,1,'Accounts','','2024-05-17 22:01:58','2024-05-17 22:01:58',NULL,NULL,0,1,0,0,'IMPORT','RIMAC INTERNACIONAL CIA. DE SEGUROS Y REASEGUROS'),(29,1,5,1,'Accounts','','2024-05-17 22:01:58','2024-05-17 22:01:58',NULL,NULL,0,1,0,0,'IMPORT','PLUSPETROL PERU CORPORATION S.A.'),(30,1,5,1,'Accounts','','2024-05-17 22:01:58','2024-05-17 22:01:58',NULL,NULL,0,1,0,0,'IMPORT','FERREYROS S.A.A.'),(31,1,5,1,'Accounts','','2024-05-17 22:01:58','2024-05-17 22:01:58',NULL,NULL,0,1,0,0,'IMPORT','A. Y S. S.A.'),(32,1,5,1,'Accounts','','2024-05-17 22:01:58','2024-05-17 22:01:58',NULL,NULL,0,1,0,0,'IMPORT','CORPORACION ACEROS AREQUIPA S.A.'),(33,1,7,1,'Accounts','','2024-05-17 22:01:58','2024-05-17 22:01:58',NULL,NULL,0,1,0,0,'IMPORT','LUZ DEL SUR S.A.A.'),(34,1,7,1,'Accounts','','2024-05-17 22:01:58','2024-05-17 22:01:58',NULL,NULL,0,1,0,0,'IMPORT','EMPRESA DE DISTRIBUCION ELECTRICA DE LIMA NORTE S.A.A.'),(35,1,5,1,'Accounts','','2024-05-17 22:01:58','2024-05-17 22:01:58',NULL,NULL,0,1,0,0,'IMPORT','SAVIA PERU S.A. (EX PETRO-TECH PERUANA S.A.)'),(36,1,7,1,'Accounts','','2024-05-17 22:01:58','2024-05-17 22:01:58',NULL,NULL,0,1,0,0,'IMPORT','SAGA FALABELLA S.A.'),(37,1,5,1,'Accounts','','2024-05-17 22:01:58','2024-05-17 22:01:58',NULL,NULL,0,1,0,0,'IMPORT','UNIVERSAL METAL TRADING S.A.C.'),(38,1,8,1,'Accounts','','2024-05-17 22:01:58','2024-05-17 22:01:58',NULL,NULL,0,1,0,0,'IMPORT','VOLCAN CIA. MINERA S.A.A.'),(39,1,7,1,'Accounts','','2024-05-17 22:01:58','2024-05-17 22:01:58',NULL,NULL,0,1,0,0,'IMPORT','BANCO DE LA NACION'),(40,1,8,1,'Accounts','','2024-05-17 22:01:58','2024-05-17 22:01:58',NULL,NULL,0,1,0,0,'IMPORT','MINSUR S.A.'),(41,1,5,1,'Accounts','','2024-05-17 22:01:58','2024-05-17 22:01:58',NULL,NULL,0,1,0,0,'IMPORT','G. Y M. S.A.'),(42,1,5,1,'Accounts','','2024-05-17 22:01:58','2024-05-17 22:01:58',NULL,NULL,0,1,0,0,'IMPORT','CORPORACION JOSE R. LINDLEY S.A.'),(43,1,5,1,'Accounts','','2024-05-17 22:01:58','2024-05-17 22:01:58',NULL,NULL,0,1,0,0,'IMPORT','SUPERINTENDENCIA NACIONAL DE ADMINISTRACION TRIBUTARIA'),(44,1,5,1,'Accounts','','2024-05-17 22:01:58','2024-05-17 22:01:58',NULL,NULL,0,1,0,0,'IMPORT','SAN FERNANDO S.A.'),(45,1,5,1,'Accounts','','2024-05-17 22:01:58','2024-05-17 22:01:58',NULL,NULL,0,1,0,0,'IMPORT','TECNOLOGICA DE ALIMENTOS S.A.'),(46,1,8,1,'Accounts','','2024-05-17 22:01:58','2024-05-17 22:01:58',NULL,NULL,0,1,0,0,'IMPORT','CIA. DE MINAS BUENAVENTURA S.A.A.'),(47,1,7,1,'Accounts','','2024-05-17 22:01:58','2024-05-17 22:01:58',NULL,NULL,0,1,0,0,'IMPORT','TIENDAS POR DEPARTAMENTO RIPLEY S.A.'),(48,1,5,1,'Accounts','','2024-05-17 22:01:58','2024-05-17 22:01:58',NULL,NULL,0,1,0,0,'IMPORT','EMPRESA SIDERURGICA DEL PERU S.A.A.'),(49,1,7,1,'Accounts','','2024-05-17 22:01:58','2024-05-17 22:01:58',NULL,NULL,0,1,0,0,'IMPORT','HIPERMERCADOS TOTTUS S.A.'),(50,1,7,1,'Accounts','','2024-05-17 22:01:58','2024-05-17 22:01:58',NULL,NULL,0,1,0,0,'IMPORT','EMPRESA ELECTRICIDAD DEL PERU - ELECTROPERU S.A.'),(51,1,7,1,'Accounts','','2024-05-17 22:01:58','2024-05-17 22:01:58',NULL,NULL,0,1,0,0,'IMPORT','E. WONG S.A.'),(52,1,5,1,'Accounts','','2024-05-17 22:01:58','2024-05-17 22:01:58',NULL,NULL,0,1,0,0,'IMPORT','HUNT OIL COMPANY OF PERU LLC SUC. DEL PERU'),(53,1,5,1,'Accounts','','2024-05-17 22:01:58','2024-05-17 22:01:58',NULL,NULL,0,1,0,0,'IMPORT','PERUANA DE PETROLEO S.A.C.'),(54,1,5,1,'Accounts','','2024-05-17 22:01:58','2024-05-17 22:01:58',NULL,NULL,0,1,0,0,'IMPORT','QUIMICA SUIZA S.A.'),(55,1,7,1,'Accounts','','2024-05-17 22:01:58','2024-05-17 22:01:58',NULL,NULL,0,1,0,0,'IMPORT','ENERSUR S.A.'),(56,1,5,1,'Accounts','','2024-05-17 22:01:58','2024-05-17 22:01:58',NULL,NULL,0,1,0,0,'IMPORT','ORICA CHEMICALS PERU S.A.C.'),(57,1,7,1,'Accounts','','2024-05-17 22:01:58','2024-05-17 22:01:58',NULL,NULL,0,1,0,0,'IMPORT','SERVICIO DE AGUA POTABLE Y ALCANTARILLADO DE LIMA - SEDAPAL S.A.'),(58,1,5,1,'Accounts','','2024-05-17 22:01:58','2024-05-17 22:01:58',NULL,NULL,0,1,0,0,'IMPORT','TOYOTA DEL PERU S.A.'),(59,1,8,1,'Accounts','','2024-05-17 22:01:58','2024-05-17 22:01:58',NULL,NULL,0,1,0,0,'IMPORT','DOE RUN PERU S.R.L.'),(60,1,5,1,'Accounts','','2024-05-17 22:01:58','2024-05-17 22:01:58',NULL,NULL,0,1,0,0,'IMPORT','NESTLE PERU S.A.'),(61,1,6,1,'Accounts','','2024-05-17 22:01:58','2024-05-17 22:01:58',NULL,NULL,0,1,0,0,'IMPORT','EL PACIFICO PERUANO SUIZA CIA. DE SEGUROS Y REASEGUROS'),(62,1,5,1,'Accounts','','2024-05-17 22:01:58','2024-05-17 22:01:58',NULL,NULL,0,1,0,0,'IMPORT','CONIRSA S.A.'),(63,1,5,1,'Accounts','','2024-05-17 22:01:58','2024-05-17 22:01:58',NULL,NULL,0,1,0,0,'IMPORT','PLUSPETROL NORTE S.A.'),(64,1,5,1,'Accounts','','2024-05-17 22:01:58','2024-05-17 22:01:58',NULL,NULL,0,1,0,0,'IMPORT','DEPRODECA S.A.C.'),(65,1,6,1,'Accounts','','2024-05-17 22:01:58','2024-05-17 22:01:58',NULL,NULL,0,1,0,0,'IMPORT','EDEGEL S.A.A.'),(66,1,5,1,'Accounts','','2024-05-17 22:01:58','2024-05-17 22:01:58',NULL,NULL,0,1,0,0,'IMPORT','LAN PERU S.A.'),(67,1,8,1,'Accounts','','2024-05-17 22:01:58','2024-05-17 22:01:58',NULL,NULL,0,1,0,0,'IMPORT','GOLD FIELDS LA CIMA S.A.'),(68,1,5,1,'Accounts','','2024-05-17 22:01:58','2024-05-17 22:01:58',NULL,NULL,0,1,0,0,'IMPORT','KORI PERU S.A.C.'),(69,1,5,1,'Accounts','','2024-05-17 22:01:59','2024-05-17 22:01:59',NULL,NULL,0,1,0,0,'IMPORT','PROCTER & GAMBLE PERU S.R.L.'),(70,1,5,1,'Accounts','','2024-05-17 22:01:59','2024-05-17 22:01:59',NULL,NULL,0,1,0,0,'IMPORT','ECKERD PERU S.A.'),(71,1,5,1,'Accounts','','2024-05-17 22:01:59','2024-05-17 22:01:59',NULL,NULL,0,1,0,0,'IMPORT','TECHINT S.A.C.'),(72,1,5,1,'Accounts','','2024-05-17 22:01:59','2024-05-17 22:01:59',NULL,NULL,0,1,0,0,'IMPORT','PETROBRAS ENERGIA PERU S.A.'),(73,1,8,1,'Accounts','','2024-05-17 22:01:59','2024-05-17 22:01:59',NULL,NULL,0,1,0,0,'IMPORT','CIA. MINERA ARES S.A.C.'),(74,1,5,1,'Accounts','','2024-05-17 22:01:59','2024-05-17 22:01:59',NULL,NULL,0,1,0,0,'IMPORT','CEMENTOS LIMA S.A.'),(75,1,8,1,'Accounts','','2024-05-17 22:01:59','2024-05-17 22:01:59',NULL,NULL,0,1,0,0,'IMPORT','SHOUGANG HIERRO PERU S.A.A.'),(76,1,5,1,'Accounts','','2024-05-17 22:01:59','2024-05-17 22:01:59',NULL,NULL,0,1,0,0,'IMPORT','CBI PERUANA S.A.C.'),(77,1,6,1,'Accounts','','2024-05-17 22:01:59','2024-05-17 22:01:59',NULL,NULL,0,1,0,0,'IMPORT','MIBANCO BANCO DE LA MICRO EMPRESA S.A.'),(78,1,5,1,'Accounts','','2024-05-17 22:01:59','2024-05-17 22:01:59',NULL,NULL,0,1,0,0,'IMPORT','REPSOL YPF COMERCIAL DEL PERU S.A.'),(79,1,6,1,'Accounts','','2024-05-17 22:01:59','2024-05-17 22:01:59',NULL,NULL,0,1,0,0,'IMPORT','TRANSPORTADORA DE GAS DEL PERU S.A.'),(80,1,5,1,'Accounts','','2024-05-17 22:01:59','2024-05-17 22:01:59',NULL,NULL,0,1,0,0,'IMPORT','FONDO NACIONAL DE FINANCIAMIENTO DE LA ACTIVIDAD EMPRESARIAL DEL ESTADO - FONAFE'),(81,1,6,1,'Accounts','','2024-05-17 22:01:59','2024-05-17 22:01:59',NULL,NULL,0,1,0,0,'IMPORT','NEXTEL DEL PERU S.A.'),(82,1,5,1,'Accounts','','2024-05-17 22:01:59','2024-05-17 22:01:59',NULL,NULL,0,1,0,0,'IMPORT','CIA. MINERA MILPO S.A.A.'),(83,1,5,1,'Accounts','','2024-05-17 22:01:59','2024-05-17 22:01:59',NULL,NULL,0,1,0,0,'IMPORT','MANU PERU HOLDING S.A.'),(84,1,5,1,'Accounts','','2024-05-17 22:01:59','2024-05-17 22:01:59',NULL,NULL,0,1,0,0,'IMPORT','L. G. ELECTRONIC PERU S.A.'),(85,1,5,1,'Accounts','','2024-05-17 22:01:59','2024-05-17 22:01:59',NULL,NULL,0,1,0,0,'IMPORT','CORPORACION PESQUERA INCA S.A.'),(86,1,6,1,'Accounts','','2024-05-17 22:01:59','2024-05-17 22:01:59',NULL,NULL,0,1,0,0,'IMPORT','CREDISCOTIA FINANCIERA S.A.'),(87,1,5,1,'Accounts','','2024-05-17 22:01:59','2024-05-17 22:01:59',NULL,NULL,0,1,0,0,'IMPORT','CETCO S.A.'),(88,1,5,1,'Accounts','','2024-05-17 22:01:59','2024-05-17 22:01:59',NULL,NULL,0,1,0,0,'IMPORT','SOCIEDAD MINERA EL BROCAL S.A.A.'),(89,1,5,1,'Accounts','','2024-05-17 22:01:59','2024-05-17 22:01:59',NULL,NULL,0,1,0,0,'IMPORT','INVERSIONES MINERAS KOPAKABANA S.C.R.L.'),(90,1,8,1,'Accounts','','2024-05-17 22:01:59','2024-05-17 22:01:59',NULL,NULL,0,1,0,0,'IMPORT','AUSTRAL GROUP S.A.A.'),(91,1,8,1,'Accounts','','2024-05-17 22:01:59','2024-05-17 22:01:59',NULL,NULL,0,1,0,0,'IMPORT','XSTRATA TINTAYA S.A.'),(92,1,6,1,'Accounts','','2024-05-17 22:01:59','2024-05-17 22:01:59',NULL,NULL,0,1,0,0,'IMPORT','MAESTRO HOME CENTER S.A.'),(93,1,5,1,'Accounts','','2024-05-17 22:01:59','2024-05-17 22:01:59',NULL,NULL,0,1,0,0,'IMPORT','PLUSPETROL CAMISEA S.A.'),(94,1,6,1,'Accounts','','2024-05-17 22:01:59','2024-05-17 22:01:59',NULL,NULL,0,1,0,0,'IMPORT','SODIMAC PERU S.A.'),(95,1,5,1,'Accounts','','2024-05-17 22:01:59','2024-05-17 22:01:59',NULL,NULL,0,1,0,0,'IMPORT','UNIQUE S.A.'),(96,1,6,1,'Accounts','','2024-05-17 22:01:59','2024-05-17 22:01:59',NULL,NULL,0,1,0,0,'IMPORT','KIMBERLY CLARK PERU S.A.'),(97,1,5,1,'Accounts','','2024-05-17 22:01:59','2024-05-17 22:01:59',NULL,NULL,0,1,0,0,'IMPORT','PESQUERA DIAMANTE S.A.'),(98,1,6,1,'Accounts','','2024-05-17 22:01:59','2024-05-17 22:01:59',NULL,NULL,0,1,0,0,'IMPORT','CREDIBOLSA SOCIEDAD AGENTE DE BOLSA S.A.'),(99,1,6,1,'Accounts','','2024-05-17 22:01:59','2024-05-17 22:01:59',NULL,NULL,0,1,0,0,'IMPORT','EL PACIFICO VIDA CIA. DE SEGUROS Y REASEGUROS S.A.'),(100,1,5,1,'Accounts','','2024-05-17 22:01:59','2024-05-17 22:01:59',NULL,NULL,0,1,0,0,'IMPORT','CEMENTOS PACASMAYO S.A.A.'),(101,1,6,1,'Accounts','','2024-05-17 22:01:59','2024-07-12 16:23:38',NULL,NULL,0,1,0,0,'IMPORT','Pacasmayo Unidad Ica'),(102,1,6,1,'Accounts','','2024-05-17 22:01:59','2024-05-17 22:01:59',NULL,NULL,0,1,0,0,'IMPORT','ABC SA'),(103,1,6,1,'Accounts','','2024-05-17 22:01:59','2024-05-17 22:01:59',NULL,NULL,0,1,0,0,'IMPORT','LIMBA SERVICES S.A.C.'),(104,1,6,1,'Accounts','','2024-05-17 22:01:59','2024-05-17 22:01:59',NULL,NULL,0,1,0,0,'IMPORT','SOCIEDAD ELECTRICA DEL SUR OESTE SA'),(105,1,6,1,'Accounts','','2024-05-17 22:01:59','2024-05-17 22:01:59',NULL,NULL,0,1,0,0,'IMPORT','AJEPER S. A.'),(106,1,6,1,'Accounts','','2024-05-17 22:01:59','2024-05-17 22:01:59',NULL,NULL,0,1,0,0,'IMPORT','UNIVERSIDAD TECNOLOGICA DEL PERU S.A.C.'),(107,1,5,1,'Contacts','','2024-05-17 22:12:52','2024-05-17 22:12:52',NULL,NULL,0,1,0,0,'IMPORT','Juan Perez'),(108,1,5,1,'Contacts','','2024-05-17 22:12:52','2024-05-17 22:12:52',NULL,NULL,0,1,0,0,'IMPORT','Oscar Sanchez'),(109,1,7,1,'Contacts','','2024-05-17 22:12:52','2024-05-17 22:12:52',NULL,NULL,0,1,0,0,'IMPORT','Javier Rodriguez'),(110,1,5,1,'Contacts','','2024-05-17 22:12:52','2024-05-17 22:12:52',NULL,NULL,0,1,0,0,'IMPORT','Hugo Perez'),(111,1,7,1,'Contacts','','2024-05-17 22:12:52','2024-05-17 22:12:52',NULL,NULL,0,1,0,0,'IMPORT','Francisco Diaz'),(112,1,8,1,'Contacts','','2024-05-17 22:12:52','2024-05-17 22:12:52',NULL,NULL,0,1,0,0,'IMPORT','Daniel Polo'),(113,1,7,1,'Contacts','','2024-05-17 22:12:52','2024-05-17 22:12:52',NULL,NULL,0,1,0,0,'IMPORT','Manuel Manzanares'),(114,1,7,1,'Contacts','','2024-05-17 22:12:52','2024-05-17 22:12:52',NULL,NULL,0,1,0,0,'IMPORT','Jose Rodriguez'),(115,1,7,1,'Contacts','','2024-05-17 22:12:52','2024-05-17 22:12:52',NULL,NULL,0,1,0,0,'IMPORT','Jorge Rojas'),(116,1,5,1,'Contacts','','2024-05-17 22:12:52','2024-05-17 22:12:52',NULL,NULL,0,1,0,0,'IMPORT','Sandro Mendez'),(117,1,7,1,'Contacts','','2024-05-17 22:12:52','2024-05-17 22:12:52',NULL,NULL,0,1,0,0,'IMPORT','Eduardo Pacheco'),(118,1,7,1,'Contacts','','2024-05-17 22:12:52','2024-05-17 22:12:52',NULL,NULL,0,1,0,0,'IMPORT','Christian De la Cruz'),(119,1,7,1,'Contacts','','2024-05-17 22:12:52','2024-05-17 22:12:52',NULL,NULL,0,1,0,0,'IMPORT','Maria Hernandez'),(120,1,5,1,'Contacts','','2024-05-17 22:12:52','2024-05-17 22:12:52',NULL,NULL,0,1,0,0,'IMPORT','Alejandro Corrales'),(121,1,5,1,'Contacts','','2024-05-17 22:12:52','2024-05-17 22:12:52',NULL,NULL,0,1,0,0,'IMPORT','Brenda Diaz'),(122,1,5,1,'Contacts','','2024-05-17 22:12:52','2024-05-17 22:12:52',NULL,NULL,0,1,0,0,'IMPORT','Carolina Marcenaro'),(123,1,5,1,'Contacts','','2024-05-17 22:12:52','2024-05-17 22:12:52',NULL,NULL,0,1,0,0,'IMPORT','Dante Solis'),(124,1,5,1,'Contacts','','2024-05-17 22:12:52','2024-05-17 22:12:52',NULL,NULL,0,1,0,0,'IMPORT','Federico Foppiano'),(125,1,5,1,'Contacts','','2024-05-17 22:12:52','2024-05-17 22:12:52',NULL,NULL,0,1,0,0,'IMPORT','Guillermo Rojas'),(126,1,7,1,'Contacts','','2024-05-17 22:12:52','2024-05-17 22:12:52',NULL,NULL,0,1,0,0,'IMPORT','Hernan Campos'),(127,1,7,1,'Contacts','','2024-05-17 22:12:52','2024-05-17 22:12:52',NULL,NULL,0,1,0,0,'IMPORT','Juan Allemant'),(128,1,7,1,'Contacts','','2024-05-17 22:12:52','2024-05-17 22:12:52',NULL,NULL,0,1,0,0,'IMPORT','Karla Villanes'),(129,1,7,1,'Contacts','','2024-05-17 22:12:52','2024-05-17 22:12:52',NULL,NULL,0,1,0,0,'IMPORT','Liliana Galvez'),(130,1,5,1,'Contacts','','2024-05-17 22:12:53','2024-05-17 22:12:53',NULL,NULL,0,1,0,0,'IMPORT','Miluska Quezada'),(131,1,7,1,'Contacts','','2024-05-17 22:12:53','2024-05-17 22:12:53',NULL,NULL,0,1,0,0,'IMPORT','Nancy Pardo'),(132,1,5,1,'Contacts','','2024-05-17 22:12:53','2024-05-17 22:12:53',NULL,NULL,0,1,0,0,'IMPORT','Omar Villanueva'),(133,1,7,1,'Contacts','','2024-05-17 22:12:53','2024-05-17 22:12:53',NULL,NULL,0,1,0,0,'IMPORT','Patricia Naranjo'),(134,1,5,1,'Contacts','','2024-05-17 22:12:53','2024-05-17 22:12:53',NULL,NULL,0,1,0,0,'IMPORT','Joaquin Cruz'),(135,1,5,1,'Contacts','','2024-05-17 22:12:53','2024-05-17 22:12:53',NULL,NULL,0,1,0,0,'IMPORT','Renzo Escobedo'),(136,1,5,1,'Contacts','','2024-05-17 22:12:53','2024-05-17 22:12:53',NULL,NULL,0,1,0,0,'IMPORT','Samuel Valderrama'),(137,1,5,1,'Contacts','','2024-05-17 22:12:53','2024-05-17 22:12:53',NULL,NULL,0,1,0,0,'IMPORT','Victor Gutierrez'),(138,1,7,1,'Contacts','','2024-05-17 22:12:53','2024-05-17 22:12:53',NULL,NULL,0,1,0,0,'IMPORT','Wilbert Zapata'),(139,1,7,1,'Contacts','','2024-05-17 22:12:53','2024-05-17 22:12:53',NULL,NULL,0,1,0,0,'IMPORT','Xavier Barrantes'),(140,1,5,1,'Contacts','','2024-05-17 22:12:53','2024-05-17 22:12:53',NULL,NULL,0,1,0,0,'IMPORT','Ivan Barron'),(141,1,7,1,'Contacts','','2024-05-17 22:12:53','2024-05-17 22:12:53',NULL,NULL,0,1,0,0,'IMPORT','Ana Fernandez'),(142,1,5,1,'Contacts','','2024-05-17 22:12:53','2024-05-17 22:12:53',NULL,NULL,0,1,0,0,'IMPORT','Carlos Arellano'),(143,1,8,1,'Contacts','','2024-05-17 22:12:53','2024-05-17 22:12:53',NULL,NULL,0,1,0,0,'IMPORT','Diego Hurtado'),(144,1,7,1,'Contacts','','2024-05-17 22:12:53','2024-05-17 22:12:53',NULL,NULL,0,1,0,0,'IMPORT','Frank Paez'),(145,1,8,1,'Contacts','','2024-05-17 22:12:53','2024-05-17 22:12:53',NULL,NULL,0,1,0,0,'IMPORT','German Zevallos'),(146,1,5,1,'Contacts','','2024-05-17 22:12:53','2024-05-17 22:12:53',NULL,NULL,0,1,0,0,'IMPORT','Horacio Benavente'),(147,1,5,1,'Contacts','','2024-05-17 22:12:53','2024-05-17 22:12:53',NULL,NULL,0,1,0,0,'IMPORT','Oscar Santa Cruz'),(148,1,5,1,'Contacts','','2024-05-17 22:12:53','2024-05-17 22:12:53',NULL,NULL,0,1,0,0,'IMPORT','David Lituma'),(149,1,5,1,'Contacts','','2024-05-17 22:12:53','2024-05-17 22:12:53',NULL,NULL,0,1,0,0,'IMPORT','Augusto Cevasco'),(150,1,5,1,'Contacts','','2024-05-17 22:12:53','2024-05-17 22:12:53',NULL,NULL,0,1,0,0,'IMPORT','Alberto Lima'),(151,1,8,1,'Contacts','','2024-05-17 22:12:53','2024-05-17 22:12:53',NULL,NULL,0,1,0,0,'IMPORT','Adrian Ramos'),(152,1,7,1,'Contacts','','2024-05-17 22:12:53','2024-05-17 22:12:53',NULL,NULL,0,1,0,0,'IMPORT','Adriana Velasquez'),(153,1,5,1,'Contacts','','2024-05-17 22:12:53','2024-05-17 22:12:53',NULL,NULL,0,1,0,0,'IMPORT','Marco Cuenca'),(154,1,7,1,'Contacts','','2024-05-17 22:12:53','2024-05-17 22:12:53',NULL,NULL,0,1,0,0,'IMPORT','Percy Ramirez'),(155,1,7,1,'Contacts','','2024-05-17 22:12:53','2024-05-17 22:12:53',NULL,NULL,0,1,0,0,'IMPORT','Antonio Abad'),(156,1,7,1,'Contacts','','2024-05-17 22:12:53','2024-05-17 22:12:53',NULL,NULL,0,1,0,0,'IMPORT','Gianina Inurritegui'),(157,1,5,1,'Contacts','','2024-05-17 22:12:53','2024-05-17 22:12:53',NULL,NULL,0,1,0,0,'IMPORT','Cesar Machado'),(158,1,5,1,'Contacts','','2024-05-17 22:12:53','2024-05-17 22:12:53',NULL,NULL,0,1,0,0,'IMPORT','Silvia Canales'),(159,1,5,1,'Contacts','','2024-05-17 22:12:53','2024-05-17 22:12:53',NULL,NULL,0,1,0,0,'IMPORT','Paola Leon'),(160,1,7,1,'Contacts','','2024-05-17 22:12:53','2024-05-17 22:12:53',NULL,NULL,0,1,0,0,'IMPORT','Silvana Jayo'),(161,1,5,1,'Contacts','','2024-05-17 22:12:53','2024-05-17 22:12:53',NULL,NULL,0,1,0,0,'IMPORT','Luis Miyagi'),(162,1,7,1,'Contacts','','2024-05-17 22:12:53','2024-05-17 22:12:53',NULL,NULL,0,1,0,0,'IMPORT','Hans Medina'),(163,1,5,1,'Contacts','','2024-05-17 22:12:53','2024-08-09 14:30:03',NULL,NULL,0,1,0,0,'IMPORT','Gregorio de la Torre'),(164,1,8,1,'Contacts','','2024-05-17 22:12:53','2024-05-17 22:12:53',NULL,NULL,0,1,0,0,'IMPORT','Silvia Perez'),(165,1,5,1,'Contacts','','2024-05-17 22:12:53','2024-05-17 22:12:53',NULL,NULL,0,1,0,0,'IMPORT','Paola Sanchez'),(166,1,6,1,'Contacts','','2024-05-17 22:12:53','2024-05-17 22:12:53',NULL,NULL,0,1,0,0,'IMPORT','Silvana Rodriguez'),(167,1,5,1,'Contacts','','2024-05-17 22:12:53','2024-05-17 22:12:53',NULL,NULL,0,1,0,0,'IMPORT','Luis Perez'),(168,1,5,1,'Contacts','','2024-05-17 22:12:53','2024-05-17 22:12:53',NULL,NULL,0,1,0,0,'IMPORT','Hans Diaz'),(169,1,5,1,'Contacts','','2024-05-17 22:12:53','2024-05-17 22:12:53',NULL,NULL,0,1,0,0,'IMPORT','Gregorio Polo'),(170,1,6,1,'Contacts','','2024-05-17 22:12:53','2024-08-14 14:43:03',NULL,NULL,0,1,0,0,'IMPORT','Adriana Barrantes'),(171,1,5,1,'Contacts','','2024-05-17 22:12:53','2024-05-17 22:12:53',NULL,NULL,0,1,0,0,'IMPORT','Marco Barron'),(172,1,8,1,'Contacts','','2024-05-17 22:12:53','2024-05-17 22:12:53',NULL,NULL,0,1,0,0,'IMPORT','Percy Fernandez'),(173,1,5,1,'Contacts','','2024-05-17 22:12:53','2024-05-17 22:12:53',NULL,NULL,0,1,0,0,'IMPORT','Antonio Arellano'),(174,1,5,1,'Contacts','','2024-05-17 22:12:53','2024-05-17 22:12:53',NULL,NULL,0,1,0,0,'IMPORT','Gianina Hurtado'),(175,1,5,1,'Contacts','','2024-05-17 22:12:53','2024-05-17 22:12:53',NULL,NULL,0,1,0,0,'IMPORT','Cesar Paez'),(176,1,5,1,'Contacts','','2024-05-17 22:12:54','2024-05-17 22:12:54',NULL,NULL,0,1,0,0,'IMPORT','Horacio De la Cruz'),(177,1,5,1,'Contacts','','2024-05-17 22:12:54','2024-05-17 22:12:54',NULL,NULL,0,1,0,0,'IMPORT','Oscar Hernandez'),(178,1,8,1,'Contacts','','2024-05-17 22:12:54','2024-05-17 22:12:54',NULL,NULL,0,1,0,0,'IMPORT','David Corrales'),(179,1,5,1,'Contacts','','2024-05-17 22:12:54','2024-05-17 22:12:54',NULL,NULL,0,1,0,0,'IMPORT','Augusto Diaz'),(180,1,8,1,'Contacts','','2024-05-17 22:12:54','2024-05-17 22:12:54',NULL,NULL,0,1,0,0,'IMPORT','Alberto Marcenaro'),(181,1,5,1,'Contacts','','2024-05-17 22:12:54','2024-05-17 22:12:54',NULL,NULL,0,1,0,0,'IMPORT','Adrian Solis'),(182,1,6,1,'Contacts','','2024-05-17 22:12:55','2024-05-17 22:12:55',NULL,NULL,0,1,0,0,'IMPORT','Ivan Aservi'),(183,1,5,1,'Contacts','','2024-05-17 22:12:55','2024-05-17 22:12:55',NULL,NULL,0,1,0,0,'IMPORT','Ana Regalado'),(184,1,6,1,'Contacts','','2024-05-17 22:12:55','2024-05-17 22:12:55',NULL,NULL,0,1,0,0,'IMPORT','Carlos Salazar'),(185,1,5,1,'Contacts','','2024-05-17 22:12:55','2024-05-17 22:12:55',NULL,NULL,0,1,0,0,'IMPORT','Diego Zuniga'),(186,1,6,1,'Contacts','','2024-05-17 22:12:55','2024-05-17 22:12:55',NULL,NULL,0,1,0,0,'IMPORT','Frank Pachas'),(187,1,5,1,'Contacts','','2024-05-17 22:12:55','2024-05-17 22:12:55',NULL,NULL,0,1,0,0,'IMPORT','German Montes'),(188,1,5,1,'Contacts','','2024-05-17 22:12:55','2024-05-17 22:12:55',NULL,NULL,0,1,0,0,'IMPORT','Joaquin Segura'),(189,1,5,1,'Contacts','','2024-05-17 22:12:55','2024-05-17 22:12:55',NULL,NULL,0,1,0,0,'IMPORT','Renzo Reyna'),(190,1,5,1,'Contacts','','2024-05-17 22:12:55','2024-05-17 22:12:55',NULL,NULL,0,1,0,0,'IMPORT','Samuel Ruiz'),(191,1,6,1,'Contacts','','2024-05-17 22:12:55','2024-05-17 22:12:55',NULL,NULL,0,1,0,0,'IMPORT','Victor Castilla'),(192,1,5,1,'Contacts','','2024-05-17 22:12:55','2024-05-17 22:12:55',NULL,NULL,0,1,0,0,'IMPORT','Wilbert Pizarro'),(193,1,5,1,'Contacts','','2024-05-17 22:12:55','2024-05-17 22:12:55',NULL,NULL,0,1,0,0,'IMPORT','Xavier Corcuera'),(194,1,5,1,'Contacts','','2024-05-17 22:12:55','2024-05-17 22:12:55',NULL,NULL,0,1,0,0,'IMPORT','Karla Zambrano'),(195,1,8,1,'Contacts','','2024-05-17 22:12:55','2024-05-17 22:12:55',NULL,NULL,0,1,0,0,'IMPORT','Liliana Carrera'),(196,1,8,1,'Contacts','','2024-05-17 22:12:55','2024-05-17 22:12:55',NULL,NULL,0,1,0,0,'IMPORT','Miluska Villar'),(197,1,6,1,'Contacts','','2024-05-17 22:12:55','2024-05-17 22:12:55',NULL,NULL,0,1,0,0,'IMPORT','Nancy Sevillano'),(198,1,5,1,'Contacts','','2024-05-17 22:12:55','2024-05-17 22:12:55',NULL,NULL,0,1,0,0,'IMPORT','Omar Paredes'),(199,1,6,1,'Contacts','','2024-05-17 22:12:55','2024-05-17 22:12:55',NULL,NULL,0,1,0,0,'IMPORT','Patricia Montes'),(200,1,5,1,'Contacts','','2024-05-17 22:12:55','2024-05-17 22:12:55',NULL,NULL,0,1,0,0,'IMPORT','Carolina Segura'),(201,1,6,1,'Contacts','','2024-05-17 22:12:55','2024-05-17 22:12:55',NULL,NULL,0,1,0,0,'IMPORT','Dante Reyna'),(202,1,5,1,'Contacts','','2024-05-17 22:12:55','2024-05-17 22:12:55',NULL,NULL,0,1,0,0,'IMPORT','Federico Ruiz'),(203,1,6,1,'Contacts','','2024-05-17 22:12:55','2024-05-17 22:12:55',NULL,NULL,0,1,0,0,'IMPORT','Guillermo Castilla'),(204,1,6,1,'Contacts','','2024-05-17 22:12:55','2024-05-17 22:12:55',NULL,NULL,0,1,0,0,'IMPORT','Hernan Pizarro'),(205,1,5,1,'Contacts','','2024-05-17 22:12:55','2024-05-17 22:12:55',NULL,NULL,0,1,0,0,'IMPORT','Juan Raez'),(206,1,6,1,'Contacts','','2024-05-17 22:12:55','2024-05-17 22:12:55',NULL,NULL,0,1,0,0,'IMPORT','Oscar Altamirano'),(207,1,6,1,'Contacts','','2024-05-17 22:12:55','2024-05-17 22:12:55',NULL,NULL,0,1,0,0,'IMPORT','Juan Perez'),(208,1,6,1,'Contacts','','2024-05-17 22:12:55','2024-05-17 22:12:55',NULL,NULL,0,1,0,0,'IMPORT','Manuel Cigaran'),(209,1,6,1,'Contacts','','2024-05-17 22:12:55','2024-05-17 22:12:55',NULL,NULL,0,1,0,0,'IMPORT','Oscar Santa Cruz'),(210,1,6,1,'Contacts','','2024-05-17 22:12:55','2024-05-17 22:12:55',NULL,NULL,0,1,0,0,'IMPORT','Juan Perez'),(211,1,6,1,'Contacts','','2024-05-17 22:12:55','2024-05-17 22:12:55',NULL,NULL,0,1,0,0,'IMPORT','Carlos Velasquez'),(212,1,1,1,'Contacts','','2024-05-17 22:12:55','2024-05-17 22:12:55',NULL,NULL,0,1,0,0,'IMPORT','Jose Santiago Zavaleta Cortijo'),(213,1,5,1,'Potentials','','2024-05-17 22:28:47','2024-05-17 22:29:02',NULL,NULL,0,1,1,0,'IMPORT','Tax & Legal'),(214,1,5,1,'Potentials','','2024-05-17 22:28:47','2024-05-17 22:29:02',NULL,NULL,0,1,1,0,'IMPORT','Auditoria Financiera'),(215,1,7,1,'Potentials','','2024-05-17 22:28:47','2024-05-17 22:29:02',NULL,NULL,0,1,1,0,'IMPORT','Outsourcing'),(216,1,5,1,'Potentials','','2024-05-17 22:28:47','2024-05-17 22:29:02',NULL,NULL,0,1,1,0,'IMPORT','Proyecto Carretera de Acceso'),(217,1,7,1,'Potentials','','2024-05-17 22:28:47','2024-05-17 22:29:02',NULL,NULL,0,1,1,0,'IMPORT','Tax & Legal'),(218,1,8,1,'Potentials','','2024-05-17 22:28:47','2024-05-17 22:29:02',NULL,NULL,0,1,1,0,'IMPORT','Auditoria Financiera'),(219,1,7,1,'Potentials','','2024-05-17 22:28:47','2024-05-17 22:29:02',NULL,NULL,0,1,1,0,'IMPORT','Outsourcing'),(220,1,7,1,'Potentials','','2024-05-17 22:28:47','2024-05-17 22:29:02',NULL,NULL,0,1,1,0,'IMPORT','Precios de Transferencia'),(221,1,7,1,'Potentials','','2024-05-17 22:28:47','2024-05-17 22:29:02',NULL,NULL,0,1,1,0,'IMPORT','110 Termostatos'),(222,1,5,1,'Potentials','','2024-05-17 22:28:47','2024-05-17 22:29:02',NULL,NULL,0,1,1,0,'IMPORT','Educacion Segura'),(223,1,7,1,'Potentials','','2024-05-17 22:28:47','2024-05-17 22:29:02',NULL,NULL,0,1,1,0,'IMPORT','Auditoria Financiera'),(224,1,7,1,'Potentials','','2024-05-17 22:28:47','2024-05-17 22:29:02',NULL,NULL,0,1,1,0,'IMPORT','Outsourcing'),(225,1,7,1,'Potentials','','2024-05-17 22:28:47','2024-05-17 22:29:02',NULL,NULL,0,1,1,0,'IMPORT','Precios de Transferencia'),(226,1,5,1,'Potentials','','2024-05-17 22:28:47','2024-05-17 22:29:02',NULL,NULL,0,1,1,0,'IMPORT','90 Termostatos'),(227,1,5,1,'Potentials','','2024-05-17 22:28:47','2024-05-17 22:29:02',NULL,NULL,0,1,1,0,'IMPORT','Tax & Legal'),(228,1,5,1,'Potentials','','2024-05-17 22:28:47','2024-05-17 22:29:02',NULL,NULL,0,1,1,0,'IMPORT','Auditoria Financiera'),(229,1,5,1,'Potentials','','2024-05-17 22:28:47','2024-05-17 22:29:02',NULL,NULL,0,1,1,0,'IMPORT','Outsourcing'),(230,1,5,1,'Potentials','','2024-05-17 22:28:47','2024-05-17 22:29:02',NULL,NULL,0,1,1,0,'IMPORT','Precios de Transferencia'),(231,1,5,1,'Potentials','','2024-05-17 22:28:47','2024-05-17 22:29:02',NULL,NULL,0,1,1,0,'IMPORT','200 Termostatos'),(232,1,7,1,'Potentials','','2024-05-17 22:28:47','2024-05-17 22:29:02',NULL,NULL,0,1,1,0,'IMPORT','Tax & Legal'),(233,1,7,1,'Potentials','','2024-05-17 22:28:47','2024-05-17 22:29:02',NULL,NULL,0,1,1,0,'IMPORT','Outsourcing'),(234,1,7,1,'Potentials','','2024-05-17 22:28:47','2024-05-17 22:29:02',NULL,NULL,0,1,1,0,'IMPORT','Auditoria Financiera'),(235,1,7,1,'Potentials','','2024-05-17 22:28:47','2024-05-17 22:29:02',NULL,NULL,0,1,1,0,'IMPORT','Outsourcing'),(236,1,5,1,'Potentials','','2024-05-17 22:28:47','2024-05-17 22:29:02',NULL,NULL,0,1,1,0,'IMPORT','Precios de Transferencia'),(237,1,7,1,'Potentials','','2024-05-17 22:28:47','2024-05-17 22:29:02',NULL,NULL,0,1,1,0,'IMPORT','40 Termostatos'),(238,1,5,1,'Potentials','','2024-05-17 22:28:47','2024-05-17 22:29:02',NULL,NULL,0,1,1,0,'IMPORT','Tax & Legal'),(239,1,7,1,'Potentials','','2024-05-17 22:28:47','2024-05-17 22:29:02',NULL,NULL,0,1,1,0,'IMPORT','Outsourcing'),(240,1,5,1,'Potentials','','2024-05-17 22:28:47','2024-05-17 22:29:02',NULL,NULL,0,1,1,0,'IMPORT','Auditoria Financiera'),(241,1,5,1,'Potentials','','2024-05-17 22:28:47','2024-05-17 22:29:02',NULL,NULL,0,1,1,0,'IMPORT','Outsourcing'),(242,1,5,1,'Potentials','','2024-05-17 22:28:48','2024-05-17 22:29:02',NULL,NULL,0,1,1,0,'IMPORT','Precios de Transferencia'),(243,1,5,1,'Potentials','','2024-05-17 22:28:48','2024-05-17 22:29:02',NULL,NULL,0,1,1,0,'IMPORT','30 Termostatos'),(244,1,7,1,'Potentials','','2024-05-17 22:28:48','2024-05-17 22:29:02',NULL,NULL,0,1,1,0,'IMPORT','Tax & Legal'),(245,1,7,1,'Potentials','','2024-05-17 22:28:48','2024-05-17 22:29:02',NULL,NULL,0,1,1,0,'IMPORT','Outsourcing'),(246,1,5,1,'Potentials','','2024-05-17 22:28:48','2024-05-17 22:29:02',NULL,NULL,0,1,1,0,'IMPORT','virtualizacion de desktop'),(247,1,7,1,'Potentials','','2024-05-17 22:28:48','2024-05-17 22:29:02',NULL,NULL,0,1,1,0,'IMPORT','Programa de Liderazgo Transformacional - CXO'),(248,1,5,1,'Potentials','','2024-05-17 22:28:48','2024-05-17 22:29:02',NULL,NULL,0,1,1,0,'IMPORT','Diplomado'),(249,1,8,1,'Potentials','','2024-05-17 22:28:48','2024-05-17 22:29:02',NULL,NULL,0,1,1,0,'IMPORT','Videoconferencia'),(250,1,7,1,'Potentials','','2024-05-17 22:28:48','2024-05-17 22:29:02',NULL,NULL,0,1,1,0,'IMPORT','Flota de Gruas para Toquepal'),(251,1,8,1,'Potentials','','2024-05-17 22:28:48','2024-05-17 22:29:02',NULL,NULL,0,1,1,0,'IMPORT','Alquiler de Gruas - 3 años'),(252,1,5,1,'Potentials','','2024-05-17 22:28:48','2024-05-17 22:29:02',NULL,NULL,0,1,1,0,'IMPORT','Programa Primeros Auxilios G1'),(253,1,5,1,'Potentials','','2024-05-17 22:28:48','2024-05-17 22:29:02',NULL,NULL,0,1,1,0,'IMPORT','Programa Primeros Auxilios G2'),(254,1,5,1,'Potentials','','2024-05-17 22:28:48','2024-05-17 22:29:02',NULL,NULL,0,1,1,0,'IMPORT','Carta Fianza'),(255,1,5,1,'Potentials','','2024-05-17 22:28:48','2024-05-17 22:29:02',NULL,NULL,0,1,1,0,'IMPORT','Planta de Lurin - Acceso a Internet'),(256,1,5,1,'Potentials','','2024-05-17 22:28:48','2024-05-17 22:29:02',NULL,NULL,0,1,1,0,'IMPORT','Proyecto Costos - Hyperion'),(257,1,8,1,'Potentials','','2024-05-17 22:28:48','2024-05-17 22:29:02',NULL,NULL,0,1,1,0,'IMPORT','Convenio 100 personas'),(258,1,7,1,'Potentials','','2024-05-17 22:28:48','2024-05-17 22:29:02',NULL,NULL,0,1,1,0,'IMPORT','Limpieza de planta con Powerboss'),(259,1,5,1,'Potentials','','2024-05-17 22:28:48','2024-05-17 22:29:02',NULL,NULL,0,1,1,0,'IMPORT','Flota de 10 uni   - modelo'),(260,1,7,1,'Potentials','','2024-05-17 22:28:48','2024-05-17 22:29:02',NULL,NULL,0,1,1,0,'IMPORT','Outsourcing impresion'),(261,1,7,1,'Potentials','','2024-05-17 22:28:48','2024-05-17 22:29:02',NULL,NULL,0,1,1,0,'IMPORT','Proyecto de Cocina - Linea Sarten Vocable'),(262,1,7,1,'Potentials','','2024-05-17 22:28:48','2024-05-17 22:29:02',NULL,NULL,0,1,1,0,'IMPORT','Proyecto de Cocina - Linea Sarten Vocable'),(263,1,5,1,'Potentials','','2024-05-17 22:28:48','2024-05-17 22:29:02',NULL,NULL,0,1,1,0,'IMPORT','Proyecto Cocina Campamento..'),(264,1,5,1,'Potentials','','2024-05-17 22:28:48','2024-05-17 22:29:02',NULL,NULL,0,1,1,0,'IMPORT','Proyecto Cocina Campamento..'),(265,1,5,1,'Potentials','','2024-05-17 22:28:48','2024-05-17 22:29:02',NULL,NULL,0,1,1,0,'IMPORT','Proyecto Automatizacion -  Labcel'),(266,1,7,1,'Potentials','','2024-05-17 22:28:48','2024-05-17 22:29:02',NULL,NULL,0,1,1,0,'IMPORT','Proyecto de Perforacion - Jumbo'),(267,1,5,1,'Potentials','','2024-05-17 22:28:48','2024-05-17 22:29:02',NULL,NULL,0,1,1,0,'IMPORT','Camion grua para cambio de postes'),(268,1,7,1,'Potentials','','2024-05-17 22:28:48','2024-05-17 22:29:02',NULL,NULL,0,1,1,0,'IMPORT','Control de Asistencia 4 locales'),(269,1,5,1,'Potentials','','2024-05-17 22:28:48','2024-05-17 22:29:02',NULL,NULL,0,1,1,0,'IMPORT','10 VM - 4 locales'),(270,1,8,1,'Potentials','','2024-05-17 22:28:48','2024-05-17 22:29:02',NULL,NULL,0,1,1,0,'IMPORT','Letrero Lumino Entrada XYZ 10x24'),(271,1,5,1,'Potentials','','2024-05-17 22:28:48','2024-05-17 22:29:02',NULL,NULL,0,1,1,0,'IMPORT','Proyecto De Seguridad - Cableado de Fibra'),(272,1,6,1,'Potentials','','2024-05-17 22:28:48','2024-05-17 22:29:02',NULL,NULL,0,1,1,0,'IMPORT','Proyecto de impermiabilizacion'),(273,1,5,1,'Potentials','','2024-05-17 22:28:48','2024-05-17 22:29:02',NULL,NULL,0,1,1,0,'IMPORT','Proyecto Seguridad Perimetral'),(274,1,5,1,'Potentials','','2024-05-17 22:28:48','2024-05-17 22:29:02',NULL,NULL,0,1,1,0,'IMPORT','Internet dedicado 8 MB'),(275,1,5,1,'Potentials','','2024-05-17 22:28:48','2024-05-17 22:29:02',NULL,NULL,0,1,1,0,'IMPORT','Servicio de Exportacion'),(276,1,6,1,'Potentials','','2024-05-17 22:28:48','2024-05-17 22:29:02',NULL,NULL,0,1,1,0,'IMPORT','Montacarga'),(277,1,5,1,'Potentials','','2024-05-17 22:28:48','2024-05-17 22:29:02',NULL,NULL,0,1,1,0,'IMPORT','Auditoria Financiera'),(278,1,8,1,'Potentials','','2024-05-17 22:28:48','2024-05-17 22:29:02',NULL,NULL,0,1,1,0,'IMPORT','Tax & Legal'),(279,1,5,1,'Potentials','','2024-05-17 22:28:48','2024-05-17 22:29:02',NULL,NULL,0,1,1,0,'IMPORT','Nueva oficina en Surco 100 puestos'),(280,1,5,1,'Potentials','','2024-05-17 22:28:48','2024-05-17 22:29:02',NULL,NULL,0,1,1,0,'IMPORT','nueva estufa'),(281,1,5,1,'Potentials','','2024-05-17 22:28:48','2024-05-17 22:29:02',NULL,NULL,0,1,1,0,'IMPORT','Flete Martimo Exportacion'),(282,1,5,1,'Potentials','','2024-05-17 22:28:48','2024-05-17 22:29:02',NULL,NULL,0,1,1,0,'IMPORT','Flete Martimo Exportacion'),(283,1,5,1,'Potentials','','2024-05-17 22:28:48','2024-05-17 22:29:02',NULL,NULL,0,1,1,0,'IMPORT','Refrigerador Vertical'),(284,1,8,1,'Potentials','','2024-05-17 22:28:48','2024-05-17 22:29:02',NULL,NULL,0,1,1,0,'IMPORT','Computacion 105'),(285,1,5,1,'Potentials','','2024-05-17 22:28:48','2024-05-17 22:29:02',NULL,NULL,0,1,1,0,'IMPORT','Fumigadora'),(286,1,8,1,'Potentials','','2024-05-17 22:28:48','2024-05-17 22:29:02',NULL,NULL,0,1,1,0,'IMPORT','Ventas'),(287,1,5,1,'Potentials','','2024-05-17 22:28:48','2024-05-17 22:29:02',NULL,NULL,0,1,1,0,'IMPORT','tarjetas bingo 10 millares'),(288,1,6,1,'Potentials','','2024-05-17 22:28:48','2024-05-17 22:29:02',NULL,NULL,0,1,1,0,'IMPORT','Uniformes de Primavera'),(289,1,5,1,'Potentials','','2024-05-17 22:28:48','2024-05-17 22:29:02',NULL,NULL,0,1,1,0,'IMPORT','Mallas'),(290,1,6,1,'Potentials','','2024-05-17 22:28:48','2024-05-17 22:29:02',NULL,NULL,0,1,1,0,'IMPORT','Convertirse en mayorista'),(291,1,5,1,'Potentials','','2024-05-17 22:28:48','2024-05-17 22:29:02',NULL,NULL,0,1,1,0,'IMPORT','Storage'),(292,1,6,1,'Potentials','','2024-05-17 22:28:48','2024-05-17 22:29:02',NULL,NULL,0,1,1,0,'IMPORT','Campamento'),(293,1,5,1,'Potentials','','2024-05-17 22:28:48','2024-05-17 22:29:02',NULL,NULL,0,1,1,0,'IMPORT','Campamento'),(294,1,5,1,'Potentials','','2024-05-17 22:28:48','2024-05-17 22:29:02',NULL,NULL,0,1,1,0,'IMPORT','Sistema Contable'),(295,1,5,1,'Potentials','','2024-05-17 22:28:48','2024-05-17 22:29:02',NULL,NULL,0,1,1,0,'IMPORT','ISO 9001'),(296,1,5,1,'Potentials','','2024-05-17 22:28:48','2024-05-17 22:29:02',NULL,NULL,0,1,1,0,'IMPORT','100 mil envases del nuevo modelo'),(297,1,6,1,'Potentials','','2024-05-17 22:28:48','2024-05-17 22:29:02',NULL,NULL,0,1,1,0,'IMPORT','100 lts alcohol'),(298,1,5,1,'Potentials','','2024-05-17 22:28:48','2024-05-17 22:29:02',NULL,NULL,0,1,1,0,'IMPORT','Repuestos para su planta de Cuajone'),(299,1,5,1,'Potentials','','2024-05-17 22:28:48','2024-05-17 22:29:02',NULL,NULL,0,1,1,0,'IMPORT','Herramienta Llave Stillson (10 un)'),(300,1,5,1,'Potentials','','2024-05-17 22:28:48','2024-05-17 22:29:02',NULL,NULL,0,1,1,0,'IMPORT','M&A'),(301,1,8,1,'Potentials','','2024-05-17 22:28:49','2024-05-17 22:29:02',NULL,NULL,0,1,1,0,'IMPORT','Proyecto Aliaga'),(302,1,8,1,'Potentials','','2024-05-17 22:28:49','2024-05-17 22:29:02',NULL,NULL,0,1,1,0,'IMPORT','Piloto Privado Feb 2017'),(303,1,6,1,'Potentials','','2024-05-17 22:28:49','2024-05-17 22:29:02',NULL,NULL,0,1,1,0,'IMPORT','Datacenter'),(304,1,5,1,'Potentials','','2024-05-17 22:28:49','2024-05-17 22:29:02',NULL,NULL,0,1,1,0,'IMPORT','Libro'),(305,1,6,1,'Potentials','','2024-05-17 22:28:49','2024-05-17 22:29:02',NULL,NULL,0,1,1,0,'IMPORT','Proyecto Nueva Oficina San Isidro'),(306,1,5,1,'Potentials','','2024-05-17 22:28:49','2024-05-17 22:29:02',NULL,NULL,0,1,1,0,'IMPORT','Coleccion de Verano'),(307,1,6,1,'Potentials','','2024-05-17 22:28:49','2024-05-17 22:29:02',NULL,NULL,0,1,1,0,'IMPORT','Seguridad perimetral local Callao'),(308,1,5,1,'Potentials','','2024-05-17 22:28:49','2024-05-17 22:29:02',NULL,NULL,0,1,1,0,'IMPORT','Gestion Logistica 2017 - 1 semestre'),(309,1,6,1,'Potentials','','2024-05-17 22:28:49','2024-05-17 22:29:02',NULL,NULL,0,1,1,0,'IMPORT','Vacaciones de JUlio'),(310,1,6,1,'Potentials','','2024-05-17 22:28:49','2024-05-17 22:29:02',NULL,NULL,0,1,1,0,'IMPORT','Postgrado'),(311,1,5,1,'Potentials','','2024-05-17 22:28:49','2024-05-17 22:29:02',NULL,NULL,0,1,1,0,'IMPORT','Implementacion Data Center'),(312,1,6,1,'Potentials','','2024-05-17 22:28:49','2024-05-17 22:29:02',NULL,NULL,0,1,1,0,'IMPORT','Nuevo embalaje con cinta xyz'),(313,1,6,1,'Potentials','','2024-05-17 22:28:49','2024-05-17 22:29:02',NULL,NULL,0,1,1,0,'IMPORT','Venta Cruzada - Campaña Junio'),(314,1,6,1,'Potentials','','2024-05-17 22:28:49','2024-05-17 22:29:03',NULL,NULL,0,1,1,0,'IMPORT','Gruas Campamnto XYZ'),(315,1,6,1,'Potentials','','2024-05-17 22:28:49','2024-05-17 22:29:03',NULL,NULL,0,1,1,0,'IMPORT','Pollos para toda la cadena'),(316,1,6,1,'Potentials','','2024-05-17 22:28:49','2024-05-17 22:29:03',NULL,NULL,0,1,1,0,'IMPORT','prueba mobile hn'),(317,1,6,1,'Potentials','','2024-05-17 22:28:49','2024-05-17 22:29:03',NULL,NULL,0,1,1,0,'IMPORT','Cancha de Futbol 7'),(318,1,5,1,'Potentials','','2024-05-17 22:30:10','2024-05-17 22:30:10',NULL,NULL,0,1,0,0,'IMPORT','Tax & Legal'),(319,1,5,1,'Potentials','','2024-05-17 22:30:10','2024-05-17 22:30:10',NULL,NULL,0,1,0,0,'IMPORT','Auditoria Financiera'),(320,1,7,1,'Potentials','','2024-05-17 22:30:10','2024-05-17 22:30:10',NULL,NULL,0,1,0,0,'IMPORT','Outsourcing'),(321,1,5,1,'Potentials','','2024-05-17 22:30:10','2024-05-17 22:30:10',NULL,NULL,0,1,0,0,'IMPORT','Proyecto Carretera de Acceso'),(322,1,7,1,'Potentials','','2024-05-17 22:30:10','2024-05-17 22:30:10',NULL,NULL,0,1,0,0,'IMPORT','Tax & Legal'),(323,1,8,1,'Potentials','','2024-05-17 22:30:10','2024-05-17 22:30:10',NULL,NULL,0,1,0,0,'IMPORT','Auditoria Financiera'),(324,1,7,1,'Potentials','','2024-05-17 22:30:10','2024-05-17 22:30:10',NULL,NULL,0,1,0,0,'IMPORT','Outsourcing'),(325,1,7,1,'Potentials','','2024-05-17 22:30:10','2024-05-17 22:30:10',NULL,NULL,0,1,0,0,'IMPORT','Precios de Transferencia'),(326,1,7,1,'Potentials','','2024-05-17 22:30:10','2024-05-17 22:30:10',NULL,NULL,0,1,0,0,'IMPORT','110 Termostatos'),(327,1,5,1,'Potentials','','2024-05-17 22:30:10','2024-05-17 22:30:10',NULL,NULL,0,1,0,0,'IMPORT','Educacion Segura'),(328,1,7,1,'Potentials','','2024-05-17 22:30:10','2024-05-17 22:30:10',NULL,NULL,0,1,0,0,'IMPORT','Auditoria Financiera'),(329,1,7,1,'Potentials','','2024-05-17 22:30:10','2024-05-17 22:30:10',NULL,NULL,0,1,0,0,'IMPORT','Outsourcing'),(330,1,7,1,'Potentials','','2024-05-17 22:30:10','2024-05-17 22:30:10',NULL,NULL,0,1,0,0,'IMPORT','Precios de Transferencia'),(331,1,5,1,'Potentials','','2024-05-17 22:30:10','2024-05-17 22:30:10',NULL,NULL,0,1,0,0,'IMPORT','90 Termostatos'),(332,1,5,1,'Potentials','','2024-05-17 22:30:11','2024-05-17 22:30:11',NULL,NULL,0,1,0,0,'IMPORT','Tax & Legal'),(333,1,5,1,'Potentials','','2024-05-17 22:30:11','2024-05-17 22:30:11',NULL,NULL,0,1,0,0,'IMPORT','Auditoria Financiera'),(334,1,5,1,'Potentials','','2024-05-17 22:30:11','2024-05-17 22:30:11',NULL,NULL,0,1,0,0,'IMPORT','Outsourcing'),(335,1,5,1,'Potentials','','2024-05-17 22:30:11','2024-05-17 22:30:11',NULL,NULL,0,1,0,0,'IMPORT','Precios de Transferencia'),(336,1,5,1,'Potentials','','2024-05-17 22:30:11','2024-05-17 22:30:11',NULL,NULL,0,1,0,0,'IMPORT','200 Termostatos'),(337,1,7,1,'Potentials','','2024-05-17 22:30:11','2024-05-17 22:30:11',NULL,NULL,0,1,0,0,'IMPORT','Tax & Legal'),(338,1,7,1,'Potentials','','2024-05-17 22:30:11','2024-05-17 22:30:11',NULL,NULL,0,1,0,0,'IMPORT','Outsourcing'),(339,1,7,1,'Potentials','','2024-05-17 22:30:11','2024-05-17 22:30:11',NULL,NULL,0,1,0,0,'IMPORT','Auditoria Financiera'),(340,1,7,1,'Potentials','','2024-05-17 22:30:11','2024-05-17 22:30:11',NULL,NULL,0,1,0,0,'IMPORT','Outsourcing'),(341,1,5,1,'Potentials','','2024-05-17 22:30:11','2024-05-17 22:30:11',NULL,NULL,0,1,0,0,'IMPORT','Precios de Transferencia'),(342,1,7,1,'Potentials','','2024-05-17 22:30:11','2024-05-17 22:30:11',NULL,NULL,0,1,0,0,'IMPORT','40 Termostatos'),(343,1,5,1,'Potentials','','2024-05-17 22:30:11','2024-05-17 22:30:11',NULL,NULL,0,1,0,0,'IMPORT','Tax & Legal'),(344,1,7,1,'Potentials','','2024-05-17 22:30:11','2024-05-17 22:30:11',NULL,NULL,0,1,0,0,'IMPORT','Outsourcing'),(345,1,5,1,'Potentials','','2024-05-17 22:30:11','2024-05-17 22:30:11',NULL,NULL,0,1,0,0,'IMPORT','Auditoria Financiera'),(346,1,5,1,'Potentials','','2024-05-17 22:30:11','2024-05-17 22:30:11',NULL,NULL,0,1,0,0,'IMPORT','Outsourcing'),(347,1,5,1,'Potentials','','2024-05-17 22:30:11','2024-05-17 22:30:11',NULL,NULL,0,1,0,0,'IMPORT','Precios de Transferencia'),(348,1,5,1,'Potentials','','2024-05-17 22:30:11','2024-05-17 22:30:11',NULL,NULL,0,1,0,0,'IMPORT','30 Termostatos'),(349,1,7,1,'Potentials','','2024-05-17 22:30:11','2024-05-17 22:30:11',NULL,NULL,0,1,0,0,'IMPORT','Tax & Legal'),(350,1,7,1,'Potentials','','2024-05-17 22:30:11','2024-05-17 22:30:11',NULL,NULL,0,1,0,0,'IMPORT','Outsourcing'),(351,1,5,1,'Potentials','','2024-05-17 22:30:11','2024-05-17 22:30:11',NULL,NULL,0,1,0,0,'IMPORT','virtualizacion de desktop'),(352,1,7,1,'Potentials','','2024-05-17 22:30:11','2024-05-17 22:30:11',NULL,NULL,0,1,0,0,'IMPORT','Programa de Liderazgo Transformacional - CXO'),(353,1,5,1,'Potentials','','2024-05-17 22:30:11','2024-05-17 22:30:11',NULL,NULL,0,1,0,0,'IMPORT','Diplomado'),(354,1,8,1,'Potentials','','2024-05-17 22:30:11','2024-05-17 22:30:11',NULL,NULL,0,1,0,0,'IMPORT','Videoconferencia'),(355,1,7,1,'Potentials','','2024-05-17 22:30:11','2024-05-17 22:30:11',NULL,NULL,0,1,0,0,'IMPORT','Flota de Gruas para Toquepal'),(356,1,8,1,'Potentials','','2024-05-17 22:30:11','2024-05-17 22:30:11',NULL,NULL,0,1,0,0,'IMPORT','Alquiler de Gruas - 3 años'),(357,1,5,1,'Potentials','','2024-05-17 22:30:11','2024-05-17 22:30:11',NULL,NULL,0,1,0,0,'IMPORT','Programa Primeros Auxilios G1'),(358,1,5,1,'Potentials','','2024-05-17 22:30:11','2024-05-17 22:30:11',NULL,NULL,0,1,0,0,'IMPORT','Programa Primeros Auxilios G2'),(359,1,5,1,'Potentials','','2024-05-17 22:30:11','2024-05-17 22:30:11',NULL,NULL,0,1,0,0,'IMPORT','Carta Fianza'),(360,1,5,1,'Potentials','','2024-05-17 22:30:11','2024-05-17 22:30:11',NULL,NULL,0,1,0,0,'IMPORT','Planta de Lurin - Acceso a Internet'),(361,1,5,1,'Potentials','','2024-05-17 22:30:11','2024-05-17 22:30:11',NULL,NULL,0,1,0,0,'IMPORT','Proyecto Costos - Hyperion'),(362,1,8,1,'Potentials','','2024-05-17 22:30:11','2024-05-17 22:30:11',NULL,NULL,0,1,0,0,'IMPORT','Convenio 100 personas'),(363,1,7,1,'Potentials','','2024-05-17 22:30:11','2024-05-17 22:30:11',NULL,NULL,0,1,0,0,'IMPORT','Limpieza de planta con Powerboss'),(364,1,5,1,'Potentials','','2024-05-17 22:30:11','2024-05-17 22:30:11',NULL,NULL,0,1,0,0,'IMPORT','Flota de 10 uni   - modelo'),(365,1,7,1,'Potentials','','2024-05-17 22:30:11','2024-05-17 22:30:11',NULL,NULL,0,1,0,0,'IMPORT','Outsourcing impresion'),(366,1,7,1,'Potentials','','2024-05-17 22:30:11','2024-05-17 22:30:11',NULL,NULL,0,1,0,0,'IMPORT','Proyecto de Cocina - Linea Sarten Vocable'),(367,1,7,1,'Potentials','','2024-05-17 22:30:11','2024-05-17 22:30:11',NULL,NULL,0,1,0,0,'IMPORT','Proyecto de Cocina - Linea Sarten Vocable'),(368,1,5,1,'Potentials','','2024-05-17 22:30:11','2024-05-17 22:30:11',NULL,NULL,0,1,0,0,'IMPORT','Proyecto Cocina Campamento..'),(369,1,5,1,'Potentials','','2024-05-17 22:30:11','2024-05-17 22:30:11',NULL,NULL,0,1,0,0,'IMPORT','Proyecto Cocina Campamento..'),(370,1,5,1,'Potentials','','2024-05-17 22:30:11','2024-05-17 22:30:11',NULL,NULL,0,1,0,0,'IMPORT','Proyecto Automatizacion -  Labcel'),(371,1,7,1,'Potentials','','2024-05-17 22:30:11','2024-08-14 14:49:27',NULL,NULL,0,1,0,0,'IMPORT','Proyecto de Perforacion - Jumbo'),(372,1,5,1,'Potentials','','2024-05-17 22:30:11','2024-05-17 22:30:11',NULL,NULL,0,1,0,0,'IMPORT','Camion grua para cambio de postes'),(373,1,7,1,'Potentials','','2024-05-17 22:30:11','2024-05-17 22:30:11',NULL,NULL,0,1,0,0,'IMPORT','Control de Asistencia 4 locales'),(374,1,5,1,'Potentials','','2024-05-17 22:30:11','2024-05-17 22:30:11',NULL,NULL,0,1,0,0,'IMPORT','10 VM - 4 locales'),(375,1,8,1,'Potentials','','2024-05-17 22:30:11','2024-05-17 22:30:11',NULL,NULL,0,1,0,0,'IMPORT','Letrero Lumino Entrada XYZ 10x24'),(376,1,5,1,'Potentials','','2024-05-17 22:30:11','2024-05-17 22:30:11',NULL,NULL,0,1,0,0,'IMPORT','Proyecto De Seguridad - Cableado de Fibra'),(377,1,6,1,'Potentials','','2024-05-17 22:30:12','2024-05-17 22:30:12',NULL,NULL,0,1,0,0,'IMPORT','Proyecto de impermiabilizacion'),(378,1,5,1,'Potentials','','2024-05-17 22:30:12','2024-05-17 22:30:12',NULL,NULL,0,1,0,0,'IMPORT','Proyecto Seguridad Perimetral'),(379,1,5,1,'Potentials','','2024-05-17 22:30:12','2024-05-17 22:30:12',NULL,NULL,0,1,0,0,'IMPORT','Internet dedicado 8 MB'),(380,1,5,1,'Potentials','','2024-05-17 22:30:12','2024-05-17 22:30:12',NULL,NULL,0,1,0,0,'IMPORT','Servicio de Exportacion'),(381,1,6,1,'Potentials','','2024-05-17 22:30:12','2024-05-17 22:30:12',NULL,NULL,0,1,0,0,'IMPORT','Montacarga'),(382,1,5,1,'Potentials','','2024-05-17 22:30:12','2024-05-17 22:30:12',NULL,NULL,0,1,0,0,'IMPORT','Auditoria Financiera'),(383,1,8,1,'Potentials','','2024-05-17 22:30:12','2024-05-17 22:30:12',NULL,NULL,0,1,0,0,'IMPORT','Tax & Legal'),(384,1,5,1,'Potentials','','2024-05-17 22:30:12','2024-05-17 22:30:12',NULL,NULL,0,1,0,0,'IMPORT','Nueva oficina en Surco 100 puestos'),(385,1,5,1,'Potentials','','2024-05-17 22:30:12','2024-05-17 22:30:12',NULL,NULL,0,1,0,0,'IMPORT','nueva estufa'),(386,1,5,1,'Potentials','','2024-05-17 22:30:12','2024-05-17 22:30:12',NULL,NULL,0,1,0,0,'IMPORT','Flete Martimo Exportacion'),(387,1,5,1,'Potentials','','2024-05-17 22:30:12','2024-05-17 22:30:12',NULL,NULL,0,1,0,0,'IMPORT','Flete Martimo Exportacion'),(388,1,5,1,'Potentials','','2024-05-17 22:30:12','2024-05-17 22:30:12',NULL,NULL,0,1,0,0,'IMPORT','Refrigerador Vertical'),(389,1,8,1,'Potentials','','2024-05-17 22:30:12','2024-05-17 22:30:12',NULL,NULL,0,1,0,0,'IMPORT','Computacion 105'),(390,1,5,1,'Potentials','','2024-05-17 22:30:12','2024-05-17 22:30:12',NULL,NULL,0,1,0,0,'IMPORT','Fumigadora'),(391,1,8,1,'Potentials','','2024-05-17 22:30:12','2024-05-17 22:30:12',NULL,NULL,0,1,0,0,'IMPORT','Ventas'),(392,1,5,1,'Potentials','','2024-05-17 22:30:12','2024-05-17 22:30:12',NULL,NULL,0,1,0,0,'IMPORT','tarjetas bingo 10 millares'),(393,1,6,1,'Potentials','','2024-05-17 22:30:12','2024-05-17 22:30:12',NULL,NULL,0,1,0,0,'IMPORT','Uniformes de Primavera'),(394,1,5,1,'Potentials','','2024-05-17 22:30:12','2024-05-17 22:30:12',NULL,NULL,0,1,0,0,'IMPORT','Mallas'),(395,1,6,1,'Potentials','','2024-05-17 22:30:12','2024-05-17 22:30:12',NULL,NULL,0,1,0,0,'IMPORT','Convertirse en mayorista'),(396,1,5,1,'Potentials','','2024-05-17 22:30:12','2024-05-17 22:30:12',NULL,NULL,0,1,0,0,'IMPORT','Storage'),(397,1,6,1,'Potentials','','2024-05-17 22:30:12','2024-05-17 22:30:12',NULL,NULL,0,1,0,0,'IMPORT','Campamento'),(398,1,5,1,'Potentials','','2024-05-17 22:30:12','2024-05-17 22:30:12',NULL,NULL,0,1,0,0,'IMPORT','Campamento'),(399,1,5,1,'Potentials','','2024-05-17 22:30:12','2024-05-17 22:30:12',NULL,NULL,0,1,0,0,'IMPORT','Sistema Contable'),(400,1,5,1,'Potentials','','2024-05-17 22:30:12','2024-05-17 22:30:12',NULL,NULL,0,1,0,0,'IMPORT','ISO 9001'),(401,1,5,1,'Potentials','','2024-05-17 22:30:12','2024-05-17 22:30:12',NULL,NULL,0,1,0,0,'IMPORT','100 mil envases del nuevo modelo'),(402,1,6,1,'Potentials','','2024-05-17 22:30:12','2024-05-17 22:30:12',NULL,NULL,0,1,0,0,'IMPORT','100 lts alcohol'),(403,1,5,1,'Potentials','','2024-05-17 22:30:12','2024-05-17 22:30:12',NULL,NULL,0,1,0,0,'IMPORT','Repuestos para su planta de Cuajone'),(404,1,5,1,'Potentials','','2024-05-17 22:30:12','2024-05-17 22:30:12',NULL,NULL,0,1,0,0,'IMPORT','Herramienta Llave Stillson (10 un)'),(405,1,5,1,'Potentials','','2024-05-17 22:30:12','2024-05-17 22:30:12',NULL,NULL,0,1,0,0,'IMPORT','M&A'),(406,1,8,1,'Potentials','','2024-05-17 22:30:12','2024-07-30 21:16:43',NULL,NULL,0,1,0,0,'IMPORT','Proyecto Aliaga'),(407,1,8,1,'Potentials','','2024-05-17 22:30:12','2024-05-17 22:30:12',NULL,NULL,0,1,0,0,'IMPORT','Piloto Privado Feb 2017'),(408,1,6,1,'Potentials','','2024-05-17 22:30:12','2024-05-17 22:30:12',NULL,NULL,0,1,0,0,'IMPORT','Datacenter'),(409,1,5,1,'Potentials','','2024-05-17 22:30:12','2024-05-17 22:30:12',NULL,NULL,0,1,0,0,'IMPORT','Libro'),(410,1,6,1,'Potentials','','2024-05-17 22:30:12','2024-05-17 22:30:12',NULL,NULL,0,1,0,0,'IMPORT','Proyecto Nueva Oficina San Isidro'),(411,1,5,1,'Potentials','','2024-05-17 22:30:12','2024-05-17 22:30:12',NULL,NULL,0,1,0,0,'IMPORT','Coleccion de Verano'),(412,1,6,1,'Potentials','','2024-05-17 22:30:12','2024-05-17 22:30:12',NULL,NULL,0,1,0,0,'IMPORT','Seguridad perimetral local Callao'),(413,1,5,1,'Potentials','','2024-05-17 22:30:12','2024-05-17 22:30:12',NULL,NULL,0,1,0,0,'IMPORT','Gestion Logistica 2017 - 1 semestre'),(414,1,6,1,'Potentials','','2024-05-17 22:30:12','2024-05-17 22:30:12',NULL,NULL,0,1,0,0,'IMPORT','Vacaciones de JUlio'),(415,1,6,1,'Potentials','','2024-05-17 22:30:12','2024-05-17 22:30:12',NULL,NULL,0,1,0,0,'IMPORT','Postgrado'),(416,1,5,1,'Potentials','','2024-05-17 22:30:12','2024-05-17 22:30:12',NULL,NULL,0,1,0,0,'IMPORT','Implementacion Data Center'),(417,1,6,1,'Potentials','','2024-05-17 22:30:12','2024-05-17 22:30:12',NULL,NULL,0,1,0,0,'IMPORT','Nuevo embalaje con cinta xyz'),(418,1,6,1,'Potentials','','2024-05-17 22:30:12','2024-05-17 22:30:12',NULL,NULL,0,1,0,0,'IMPORT','Venta Cruzada - Campaña Junio'),(419,1,6,1,'Potentials','','2024-05-17 22:30:12','2024-05-17 22:30:12',NULL,NULL,0,1,0,0,'IMPORT','Gruas Campamnto XYZ'),(420,1,6,1,'Potentials','','2024-05-17 22:30:12','2024-05-17 22:30:12',NULL,NULL,0,1,0,0,'IMPORT','Pollos para toda la cadena'),(421,1,6,1,'Potentials','','2024-05-17 22:30:12','2024-05-17 22:30:12',NULL,NULL,0,1,0,0,'IMPORT','prueba mobile hn'),(422,1,6,1,'Potentials','','2024-05-17 22:30:12','2024-05-17 22:30:12',NULL,NULL,0,1,0,0,'IMPORT','Cancha de Futbol 7'),(423,1,1,1,'Leads','','2024-06-05 17:24:19','2024-06-05 17:27:15',NULL,NULL,0,1,0,0,'IMPORT','Victor Ortiz'),(424,1,1,1,'Leads','','2024-06-05 17:24:19','2024-06-05 17:27:16',NULL,NULL,0,1,0,0,'IMPORT','Jhonatan -'),(425,1,1,1,'Leads','','2024-06-05 17:24:20','2024-06-05 17:27:17',NULL,NULL,0,1,0,0,'IMPORT','Henry -'),(426,1,1,1,'Leads','','2024-06-05 17:24:20','2024-06-05 17:27:17',NULL,NULL,0,1,0,0,'IMPORT','Estimado usuario -'),(427,1,1,1,'Leads','','2024-06-05 17:24:20','2024-06-05 17:27:17',NULL,NULL,0,1,0,0,'IMPORT','Maria -'),(428,1,1,1,'Leads','','2024-06-05 17:24:20','2024-06-05 17:27:17',NULL,NULL,0,1,0,0,'IMPORT','Oscar -'),(429,1,1,1,'Leads','','2024-06-05 17:24:20','2024-06-05 17:27:17',NULL,NULL,0,1,0,0,'IMPORT','Jose -'),(430,1,1,1,'Leads','','2024-06-05 17:24:20','2024-06-05 17:27:16',NULL,NULL,0,1,0,0,'IMPORT','-'),(431,1,1,1,'Leads','','2024-06-05 17:24:20','2024-06-05 17:27:17',NULL,NULL,0,1,0,0,'IMPORT','Daniel -'),(432,1,1,1,'Leads','','2024-06-05 17:24:20','2024-06-05 17:27:16',NULL,NULL,0,1,0,0,'IMPORT','Manuel -'),(433,1,1,1,'Leads','','2024-06-05 17:24:20','2024-06-05 17:27:17',NULL,NULL,0,1,0,0,'IMPORT','Juan -'),(434,1,1,1,'Leads','','2024-06-05 17:24:20','2024-06-05 17:27:17',NULL,NULL,0,1,0,0,'IMPORT','Rosa -'),(435,1,1,1,'Leads','','2024-06-05 17:24:20','2024-06-05 17:27:17',NULL,NULL,0,1,0,0,'IMPORT','David -'),(436,1,1,1,'Leads','','2024-06-05 17:24:20','2024-06-05 17:27:17',NULL,NULL,0,1,0,0,'IMPORT','Henry -rts'),(437,1,1,1,'Leads','','2024-06-05 17:24:20','2024-06-05 17:27:17',NULL,NULL,0,1,0,0,'IMPORT','test testd'),(438,1,1,1,'Leads','','2024-06-05 17:24:20','2024-06-05 17:27:17',NULL,NULL,0,1,0,0,'IMPORT','Rosa Vigil'),(439,1,1,1,'Leads','','2024-06-05 17:24:20','2024-06-05 17:27:17',NULL,NULL,0,1,0,0,'IMPORT','Pedro -'),(440,1,1,1,'Leads','','2024-06-05 17:24:20','2024-06-05 17:27:17',NULL,NULL,0,1,0,0,'IMPORT','test'),(441,1,1,1,'Leads','','2024-06-05 17:24:20','2024-06-05 17:27:17',NULL,NULL,0,1,0,0,'IMPORT','Prueba de Analytics 1'),(442,1,1,1,'Leads','','2024-06-05 17:24:20','2024-06-05 17:27:17',NULL,NULL,0,1,0,0,'IMPORT','collao'),(443,1,1,1,'Leads','','2024-06-05 17:24:20','2024-06-05 17:27:17',NULL,NULL,0,1,0,0,'IMPORT','collao2'),(444,1,1,1,'Leads','','2024-06-05 17:24:20','2024-06-05 17:27:17',NULL,NULL,0,1,0,0,'IMPORT','nueva prueba de conversion'),(445,1,1,1,'Leads','','2024-06-05 17:24:20','2024-06-05 17:27:17',NULL,NULL,0,1,0,0,'IMPORT','Fernanda -'),(446,1,1,1,'Leads','','2024-06-05 17:24:20','2024-06-05 17:27:17',NULL,NULL,0,1,0,0,'IMPORT','Paty Levanova'),(447,1,1,1,'Leads','','2024-06-05 17:24:20','2024-06-05 17:27:17',NULL,NULL,0,1,0,0,'IMPORT','Roberto Prado'),(448,1,1,1,'Leads','','2024-06-05 17:24:20','2024-06-05 17:27:17',NULL,NULL,0,1,0,0,'IMPORT','Renzo Canales'),(449,1,1,1,'Leads','','2024-06-05 17:24:20','2024-06-05 17:27:17',NULL,NULL,0,1,0,0,'IMPORT','Hernan Osorio'),(450,1,1,1,'Leads','','2024-06-05 17:24:20','2024-06-05 17:27:17',NULL,NULL,0,1,0,0,'IMPORT','Rita Zapata'),(451,1,1,0,'Users Image','','2024-06-05 17:31:55','2024-06-05 17:31:55',NULL,NULL,0,1,0,NULL,NULL,NULL),(452,1,1,1,'Cobranzas',NULL,'2024-06-06 19:49:17','2024-07-05 20:30:31',NULL,NULL,0,1,1,0,'CRM','n01'),(453,1,1,1,'Pagosparciales',NULL,'2024-06-06 20:00:47','2024-06-12 16:34:28',NULL,NULL,0,1,1,0,'CRM','dfb'),(454,1,1,1,'Cobranzas',NULL,'2024-06-12 16:34:01','2024-07-05 20:30:31',NULL,NULL,0,1,1,0,'CRM',''),(455,1,7,1,'Pagos',NULL,'2024-07-04 23:30:14','2024-07-07 17:02:24',NULL,NULL,0,1,1,0,'CRM',''),(456,1,5,1,'Cobranzas',NULL,'2024-07-05 20:35:44','2024-07-05 20:41:28',NULL,NULL,0,1,0,0,'IMPORT',''),(457,1,5,1,'Cobranzas',NULL,'2024-07-05 20:35:44','2024-07-08 10:55:13',NULL,NULL,0,1,0,0,'IMPORT',''),(458,1,7,1,'Cobranzas',NULL,'2024-07-05 20:35:45','2024-07-05 20:39:16',NULL,NULL,0,1,0,0,'IMPORT',''),(459,1,5,1,'Cobranzas',NULL,'2024-07-05 20:35:45','2024-07-05 20:41:28',NULL,NULL,0,1,0,0,'IMPORT',''),(460,1,7,1,'Cobranzas',NULL,'2024-07-05 20:35:45','2024-07-07 18:41:38',NULL,NULL,0,1,0,0,'IMPORT',''),(461,1,8,1,'Cobranzas',NULL,'2024-07-05 20:35:45','2024-07-05 20:39:16',NULL,NULL,0,1,0,0,'IMPORT',''),(462,1,7,1,'Cobranzas',NULL,'2024-07-05 20:35:45','2024-07-05 20:39:16',NULL,NULL,0,1,0,0,'IMPORT',''),(463,1,7,1,'Cobranzas',NULL,'2024-07-05 20:35:45','2024-07-05 20:39:16',NULL,NULL,0,1,0,0,'IMPORT',''),(464,1,7,1,'Cobranzas',NULL,'2024-07-05 20:35:45','2024-07-05 20:39:16',NULL,NULL,0,1,0,0,'IMPORT',''),(465,1,5,1,'Cobranzas',NULL,'2024-07-05 20:35:45','2024-07-05 20:39:16',NULL,NULL,0,1,0,0,'IMPORT',''),(466,1,7,1,'Cobranzas',NULL,'2024-07-05 20:35:45','2024-07-08 14:24:09',NULL,NULL,0,1,0,0,'IMPORT',''),(467,1,7,1,'Cobranzas',NULL,'2024-07-05 20:35:45','2024-07-05 20:39:16',NULL,NULL,0,1,0,0,'IMPORT',''),(468,1,7,1,'Cobranzas',NULL,'2024-07-05 20:35:45','2024-07-05 20:39:16',NULL,NULL,0,1,0,0,'IMPORT',''),(469,1,5,1,'Cobranzas',NULL,'2024-07-05 20:35:45','2024-07-05 20:39:16',NULL,NULL,0,1,0,0,'IMPORT',''),(470,1,5,1,'Cobranzas',NULL,'2024-07-05 20:35:45','2024-07-05 20:39:16',NULL,NULL,0,1,0,0,'IMPORT',''),(471,1,5,1,'Cobranzas',NULL,'2024-07-05 20:35:45','2024-07-05 20:39:16',NULL,NULL,0,1,0,0,'IMPORT',''),(472,1,5,1,'Cobranzas',NULL,'2024-07-05 20:35:45','2024-07-08 10:35:51',NULL,NULL,0,1,0,0,'IMPORT',''),(473,1,5,1,'Cobranzas',NULL,'2024-07-05 20:35:45','2024-07-05 20:39:16',NULL,NULL,0,1,0,0,'IMPORT',''),(474,1,5,1,'Cobranzas',NULL,'2024-07-05 20:35:45','2024-07-05 20:39:16',NULL,NULL,0,1,0,0,'IMPORT',''),(475,1,7,1,'Cobranzas',NULL,'2024-07-05 20:35:45','2024-07-05 20:39:16',NULL,NULL,0,1,0,0,'IMPORT',''),(476,1,7,1,'Cobranzas',NULL,'2024-07-05 20:35:45','2024-07-05 20:39:16',NULL,NULL,0,1,0,0,'IMPORT',''),(477,1,7,1,'Cobranzas',NULL,'2024-07-05 20:35:45','2024-07-05 20:39:16',NULL,NULL,0,1,0,0,'IMPORT',''),(478,1,7,1,'Cobranzas',NULL,'2024-07-05 20:35:45','2024-07-08 10:55:13',NULL,NULL,0,1,0,0,'IMPORT',''),(479,1,5,1,'Cobranzas',NULL,'2024-07-05 20:35:45','2024-07-05 20:39:16',NULL,NULL,0,1,0,0,'IMPORT',''),(480,1,7,1,'Cobranzas',NULL,'2024-07-05 20:35:45','2024-07-05 20:39:16',NULL,NULL,0,1,0,0,'IMPORT',''),(481,1,5,1,'Cobranzas',NULL,'2024-07-05 20:35:45','2024-07-05 20:39:16',NULL,NULL,0,1,0,0,'IMPORT',''),(482,1,7,1,'Cobranzas',NULL,'2024-07-05 20:35:45','2024-07-05 20:39:16',NULL,NULL,0,1,0,0,'IMPORT',''),(483,1,5,1,'Cobranzas',NULL,'2024-07-05 20:35:45','2024-07-05 20:39:16',NULL,NULL,0,1,0,0,'IMPORT',''),(484,1,5,1,'Cobranzas',NULL,'2024-07-05 20:35:45','2024-07-05 20:39:16',NULL,NULL,0,1,0,0,'IMPORT',''),(485,1,5,1,'Cobranzas',NULL,'2024-07-05 20:35:45','2024-07-08 10:55:13',NULL,NULL,0,1,0,0,'IMPORT',''),(486,1,5,1,'Cobranzas',NULL,'2024-07-05 20:35:45','2024-07-05 20:39:16',NULL,NULL,0,1,0,0,'IMPORT',''),(487,1,7,1,'Cobranzas',NULL,'2024-07-05 20:35:45','2024-07-05 20:39:16',NULL,NULL,0,1,0,0,'IMPORT',''),(488,1,7,1,'Cobranzas',NULL,'2024-07-05 20:35:45','2024-07-05 20:39:16',NULL,NULL,0,1,0,0,'IMPORT',''),(489,1,5,1,'Cobranzas',NULL,'2024-07-05 20:35:45','2024-07-05 20:41:28',NULL,NULL,0,1,0,0,'IMPORT',''),(490,1,7,1,'Cobranzas',NULL,'2024-07-05 20:35:45','2024-07-07 18:53:12',NULL,NULL,0,1,0,0,'IMPORT',''),(491,1,5,1,'Cobranzas',NULL,'2024-07-05 20:35:45','2024-07-05 20:41:28',NULL,NULL,0,1,0,0,'IMPORT',''),(492,1,8,1,'Cobranzas',NULL,'2024-07-05 20:35:45','2024-07-08 10:55:13',NULL,NULL,0,1,0,0,'IMPORT',''),(493,1,7,1,'Cobranzas',NULL,'2024-07-05 20:35:45','2024-07-05 20:41:28',NULL,NULL,0,1,0,0,'IMPORT',''),(494,1,8,1,'Cobranzas',NULL,'2024-07-05 20:35:46','2024-07-08 10:55:14',NULL,NULL,0,1,0,0,'IMPORT',''),(495,1,5,1,'Cobranzas',NULL,'2024-07-05 20:35:46','2024-07-05 20:41:28',NULL,NULL,0,1,0,0,'IMPORT',''),(496,1,5,1,'Cobranzas',NULL,'2024-07-05 20:35:46','2024-07-08 10:55:14',NULL,NULL,0,1,0,0,'IMPORT',''),(497,1,5,1,'Cobranzas',NULL,'2024-07-05 20:35:46','2024-07-05 20:41:28',NULL,NULL,0,1,0,0,'IMPORT',''),(498,1,5,1,'Cobranzas',NULL,'2024-07-05 20:35:46','2024-07-05 20:41:28',NULL,NULL,0,1,0,0,'IMPORT',''),(499,1,5,1,'Cobranzas',NULL,'2024-07-05 20:35:46','2024-07-08 10:41:13',NULL,NULL,0,1,0,0,'IMPORT',''),(500,1,8,1,'Cobranzas',NULL,'2024-07-05 20:35:46','2024-07-05 20:41:28',NULL,NULL,0,1,0,0,'IMPORT',''),(501,1,7,1,'Cobranzas',NULL,'2024-07-05 20:35:46','2024-07-05 20:41:28',NULL,NULL,0,1,0,0,'IMPORT',''),(502,1,5,1,'Cobranzas',NULL,'2024-07-05 20:35:46','2024-07-05 20:41:28',NULL,NULL,0,1,0,0,'IMPORT',''),(503,1,7,1,'Cobranzas',NULL,'2024-07-05 20:35:46','2024-07-08 10:55:14',NULL,NULL,0,1,0,0,'IMPORT',''),(504,1,7,1,'Cobranzas',NULL,'2024-07-05 20:35:46','2024-07-08 10:55:14',NULL,NULL,0,1,0,0,'IMPORT',''),(505,1,7,1,'Cobranzas',NULL,'2024-07-05 20:35:46','2024-07-05 20:41:28',NULL,NULL,0,1,0,0,'IMPORT',''),(506,1,5,1,'Cobranzas',NULL,'2024-07-05 20:35:46','2024-07-08 10:55:14',NULL,NULL,0,1,0,0,'IMPORT',''),(507,1,5,1,'Cobranzas',NULL,'2024-07-05 20:35:46','2024-07-05 20:41:28',NULL,NULL,0,1,0,0,'IMPORT',''),(508,1,5,1,'Cobranzas',NULL,'2024-07-05 20:35:46','2024-07-08 10:55:14',NULL,NULL,0,1,0,0,'IMPORT',''),(509,1,7,1,'Cobranzas',NULL,'2024-07-05 20:35:46','2024-07-05 20:41:28',NULL,NULL,0,1,0,0,'IMPORT',''),(510,1,5,1,'Cobranzas',NULL,'2024-07-05 20:35:46','2024-07-07 18:38:04',NULL,NULL,0,1,0,0,'IMPORT',''),(511,1,7,1,'Cobranzas',NULL,'2024-07-05 20:35:46','2024-07-05 20:41:29',NULL,NULL,0,1,0,0,'IMPORT',''),(512,1,5,1,'Cobranzas',NULL,'2024-07-05 20:35:46','2024-08-09 14:15:39',NULL,NULL,0,1,0,0,'IMPORT',''),(513,1,8,1,'Cobranzas',NULL,'2024-07-05 20:35:46','2024-07-08 10:42:50',NULL,NULL,0,1,0,0,'IMPORT',''),(514,1,5,1,'Cobranzas',NULL,'2024-07-05 20:35:46','2024-07-05 20:39:17',NULL,NULL,0,1,0,0,'IMPORT',''),(515,1,6,1,'Cobranzas',NULL,'2024-07-05 20:35:46','2024-07-07 17:09:35',NULL,NULL,0,1,0,0,'IMPORT',''),(516,1,5,1,'Cobranzas',NULL,'2024-07-05 20:35:46','2024-07-08 10:55:14',NULL,NULL,0,1,0,0,'IMPORT',''),(517,1,5,1,'Cobranzas',NULL,'2024-07-05 20:35:46','2024-07-05 20:39:17',NULL,NULL,0,1,0,0,'IMPORT',''),(518,1,5,1,'Cobranzas',NULL,'2024-07-05 20:35:46','2024-07-05 20:39:17',NULL,NULL,0,1,0,0,'IMPORT',''),(519,1,6,1,'Cobranzas',NULL,'2024-07-05 20:35:46','2024-08-09 14:13:34',NULL,NULL,0,1,0,0,'IMPORT',''),(520,1,5,1,'Cobranzas',NULL,'2024-07-05 20:35:46','2024-07-05 20:39:17',NULL,NULL,0,1,0,0,'IMPORT',''),(521,1,8,1,'Cobranzas',NULL,'2024-07-05 20:35:46','2024-07-05 20:39:17',NULL,NULL,0,1,0,0,'IMPORT',''),(522,1,5,1,'Cobranzas',NULL,'2024-07-05 20:35:46','2024-07-05 20:39:17',NULL,NULL,0,1,0,0,'IMPORT',''),(523,1,5,1,'Cobranzas',NULL,'2024-07-05 20:35:46','2024-07-08 10:55:14',NULL,NULL,0,1,0,0,'IMPORT',''),(524,1,5,1,'Cobranzas',NULL,'2024-07-05 20:35:46','2024-07-05 20:41:29',NULL,NULL,0,1,0,0,'IMPORT',''),(525,1,5,1,'Cobranzas',NULL,'2024-07-05 20:35:46','2024-07-05 20:41:29',NULL,NULL,0,1,0,0,'IMPORT',''),(526,1,5,1,'Cobranzas',NULL,'2024-07-05 20:35:46','2024-07-05 20:39:17',NULL,NULL,0,1,0,0,'IMPORT',''),(527,1,8,1,'Cobranzas',NULL,'2024-07-05 20:35:46','2024-07-05 20:39:17',NULL,NULL,0,1,0,0,'IMPORT',''),(528,1,5,1,'Cobranzas',NULL,'2024-07-05 20:35:46','2024-07-05 20:39:17',NULL,NULL,0,1,0,0,'IMPORT',''),(529,1,8,1,'Cobranzas',NULL,'2024-07-05 20:35:46','2024-07-08 14:20:03',NULL,NULL,0,1,0,0,'IMPORT',''),(530,1,5,1,'Cobranzas',NULL,'2024-07-05 20:35:46','2024-07-05 20:39:17',NULL,NULL,0,1,0,0,'IMPORT',''),(531,1,6,1,'Cobranzas',NULL,'2024-07-05 20:35:46','2024-07-05 20:39:17',NULL,NULL,0,1,0,0,'IMPORT',''),(532,1,5,1,'Cobranzas',NULL,'2024-07-05 20:35:46','2024-07-05 20:39:17',NULL,NULL,0,1,0,0,'IMPORT',''),(533,1,6,1,'Cobranzas',NULL,'2024-07-05 20:35:46','2024-07-05 20:39:17',NULL,NULL,0,1,0,0,'IMPORT',''),(534,1,5,1,'Cobranzas',NULL,'2024-07-05 20:35:46','2024-07-05 20:39:17',NULL,NULL,0,1,0,0,'IMPORT',''),(535,1,6,1,'Cobranzas',NULL,'2024-07-05 20:35:46','2024-07-05 20:39:17',NULL,NULL,0,1,0,0,'IMPORT',''),(536,1,5,1,'Cobranzas',NULL,'2024-07-05 20:35:46','2024-07-05 20:39:17',NULL,NULL,0,1,0,0,'IMPORT',''),(537,1,5,1,'Cobranzas',NULL,'2024-07-05 20:35:47','2024-07-05 20:39:17',NULL,NULL,0,1,0,0,'IMPORT',''),(538,1,5,1,'Cobranzas',NULL,'2024-07-05 20:35:47','2024-07-05 20:39:17',NULL,NULL,0,1,0,0,'IMPORT',''),(539,1,5,1,'Cobranzas',NULL,'2024-07-05 20:35:47','2024-07-08 10:35:51',NULL,NULL,0,1,0,0,'IMPORT',''),(540,1,6,1,'Cobranzas',NULL,'2024-07-05 20:35:47','2024-07-05 20:39:17',NULL,NULL,0,1,0,0,'IMPORT',''),(541,1,5,1,'Cobranzas',NULL,'2024-07-05 20:35:47','2024-07-05 20:39:17',NULL,NULL,0,1,0,0,'IMPORT',''),(542,1,5,1,'Cobranzas',NULL,'2024-07-05 20:35:47','2024-07-08 10:55:14',NULL,NULL,0,1,0,0,'IMPORT',''),(543,1,5,1,'Cobranzas',NULL,'2024-07-05 20:35:47','2024-07-08 10:55:14',NULL,NULL,0,1,0,0,'IMPORT',''),(544,1,8,1,'Cobranzas',NULL,'2024-07-05 20:35:47','2024-07-05 20:39:18',NULL,NULL,0,1,0,0,'IMPORT',''),(545,1,8,1,'Cobranzas',NULL,'2024-07-05 20:35:47','2024-07-05 20:39:18',NULL,NULL,0,1,0,0,'IMPORT',''),(546,1,6,1,'Cobranzas',NULL,'2024-07-05 20:35:47','2024-07-07 18:32:42',NULL,NULL,0,1,0,0,'IMPORT',''),(547,1,5,1,'Cobranzas',NULL,'2024-07-05 20:35:47','2024-07-05 20:39:18',NULL,NULL,0,1,0,0,'IMPORT',''),(548,1,6,1,'Cobranzas',NULL,'2024-07-05 20:35:47','2024-08-09 14:15:39',NULL,NULL,0,1,0,0,'IMPORT',''),(549,1,5,1,'Cobranzas',NULL,'2024-07-05 20:35:47','2024-07-05 20:39:18',NULL,NULL,0,1,0,0,'IMPORT',''),(550,1,6,1,'Cobranzas',NULL,'2024-07-05 20:35:47','2024-07-08 10:55:14',NULL,NULL,0,1,0,0,'IMPORT',''),(551,1,5,1,'Cobranzas',NULL,'2024-07-05 20:35:47','2024-07-05 20:39:18',NULL,NULL,0,1,0,0,'IMPORT',''),(552,1,6,1,'Cobranzas',NULL,'2024-07-05 20:35:47','2024-07-08 10:55:14',NULL,NULL,0,1,0,0,'IMPORT',''),(553,1,6,1,'Cobranzas',NULL,'2024-07-05 20:35:47','2024-07-05 20:39:18',NULL,NULL,0,1,0,0,'IMPORT',''),(554,1,5,1,'Cobranzas',NULL,'2024-07-05 20:35:47','2024-07-08 10:55:14',NULL,NULL,0,1,0,0,'IMPORT',''),(555,1,6,1,'Cobranzas',NULL,'2024-07-05 20:35:47','2024-07-08 10:55:14',NULL,NULL,0,1,0,0,'IMPORT',''),(556,1,6,1,'Cobranzas',NULL,'2024-07-05 20:35:47','2024-07-08 10:55:14',NULL,NULL,0,1,0,0,'IMPORT',''),(557,1,6,1,'Cobranzas',NULL,'2024-07-05 20:35:47','2024-07-08 10:35:51',NULL,NULL,0,1,0,0,'IMPORT',''),(558,1,6,1,'Cobranzas',NULL,'2024-07-05 20:35:47','2024-08-09 14:15:39',NULL,NULL,0,1,0,0,'IMPORT',''),(559,1,6,1,'Cobranzas',NULL,'2024-07-05 20:35:47','2024-07-08 10:55:14',NULL,NULL,0,1,0,0,'IMPORT',''),(560,1,6,1,'Cobranzas',NULL,'2024-07-05 20:35:47','2024-07-08 14:14:33',NULL,NULL,0,1,0,0,'IMPORT',''),(561,1,6,1,'Cobranzas',NULL,'2024-07-05 20:35:47','2024-07-05 20:39:18',NULL,NULL,0,1,0,0,'IMPORT',''),(562,1,5,1,'Cobranzas',NULL,'2024-07-05 20:35:47','2024-07-08 10:55:14',NULL,NULL,0,1,0,0,'IMPORT',''),(563,1,5,1,'Cobranzas',NULL,'2024-07-05 20:35:47','2024-07-08 10:57:48',NULL,NULL,0,1,0,0,'IMPORT',''),(564,1,5,1,'Cobranzas',NULL,'2024-07-05 20:35:47','2024-07-08 10:55:14',NULL,NULL,0,1,0,0,'IMPORT',''),(565,1,5,1,'Cobranzas',NULL,'2024-07-05 20:35:47','2024-07-05 20:39:18',NULL,NULL,0,1,0,0,'IMPORT',''),(566,1,5,1,'Cobranzas',NULL,'2024-07-05 20:35:47','2024-07-05 20:39:18',NULL,NULL,0,1,0,0,'IMPORT',''),(567,1,5,1,'Cobranzas',NULL,'2024-07-05 20:35:47','2024-07-05 20:39:18',NULL,NULL,0,1,0,0,'IMPORT',''),(568,1,5,1,'Cobranzas',NULL,'2024-07-05 20:35:47','2024-07-08 10:42:50',NULL,NULL,0,1,0,0,'IMPORT',''),(569,1,5,1,'Cobranzas',NULL,'2024-07-05 20:35:47','2024-07-08 10:55:15',NULL,NULL,0,1,0,0,'IMPORT',''),(570,1,5,1,'Cobranzas',NULL,'2024-07-05 20:35:47','2024-07-08 10:42:50',NULL,NULL,0,1,0,0,'IMPORT',''),(571,1,5,1,'Cobranzas',NULL,'2024-07-05 20:35:47','2024-07-05 20:39:18',NULL,NULL,0,1,0,0,'IMPORT',''),(572,1,5,1,'Cobranzas',NULL,'2024-07-05 20:35:47','2024-07-08 10:42:50',NULL,NULL,0,1,0,0,'IMPORT',''),(573,1,5,1,'Cobranzas',NULL,'2024-07-05 20:35:47','2024-07-08 10:55:15',NULL,NULL,0,1,0,0,'IMPORT',''),(574,1,5,1,'Cobranzas',NULL,'2024-07-05 20:35:47','2024-07-08 10:42:50',NULL,NULL,0,1,0,0,'IMPORT',''),(575,1,5,1,'Cobranzas',NULL,'2024-07-05 20:35:47','2024-07-05 20:39:18',NULL,NULL,0,1,0,0,'IMPORT',''),(576,1,5,1,'Cobranzas',NULL,'2024-07-05 20:35:47','2024-07-08 10:43:39',NULL,NULL,0,1,0,0,'IMPORT',''),(577,1,5,1,'Cobranzas',NULL,'2024-07-05 20:35:47','2024-07-08 10:55:15',NULL,NULL,0,1,0,0,'IMPORT',''),(578,1,5,1,'Cobranzas',NULL,'2024-07-05 20:35:47','2024-07-08 10:43:40',NULL,NULL,0,1,0,0,'IMPORT',''),(579,1,5,1,'Cobranzas',NULL,'2024-07-05 20:35:48','2024-07-05 20:39:18',NULL,NULL,0,1,0,0,'IMPORT',''),(580,1,5,1,'Cobranzas',NULL,'2024-07-05 20:35:48','2024-07-08 10:43:40',NULL,NULL,0,1,0,0,'IMPORT',''),(581,1,5,1,'Cobranzas',NULL,'2024-07-05 20:35:48','2024-07-08 10:55:15',NULL,NULL,0,1,0,0,'IMPORT',''),(582,1,5,1,'Cobranzas',NULL,'2024-07-05 20:35:48','2024-07-08 10:43:40',NULL,NULL,0,1,0,0,'IMPORT',''),(583,1,1,1,'Campaigns','','2024-07-05 22:18:16','2024-07-05 22:18:16',NULL,NULL,0,1,0,0,'IMPORT','Difusion Computacion 2015 Cono Norte'),(584,1,1,1,'Campaigns','','2024-07-05 22:18:16','2024-07-05 22:18:16',NULL,NULL,0,1,0,0,'IMPORT','Difusion Administracion 2015 Cono Norte'),(585,1,1,1,'Campaigns','','2024-07-05 22:18:16','2024-07-05 22:18:16',NULL,NULL,0,1,0,0,'IMPORT','La chinita empresarial'),(586,1,1,1,'Campaigns','','2024-07-05 22:18:16','2024-07-05 22:18:16',NULL,NULL,0,1,0,0,'IMPORT','Lanzamiento nueva linea'),(587,1,1,1,'Campaigns','','2024-07-05 22:18:16','2024-07-05 22:18:16',NULL,NULL,0,1,0,0,'IMPORT','Black cumple en el mes'),(588,1,1,1,'Products','','2024-07-05 22:18:16','2024-07-05 22:18:16',NULL,NULL,0,1,0,0,'WEBSERVICE','Posavasos'),(589,1,1,1,'Campaigns','','2024-07-05 22:18:16','2024-07-05 22:18:16',NULL,NULL,0,1,0,0,'IMPORT','Nueva linea de edredones'),(590,1,1,1,'Campaigns','','2024-07-05 22:18:16','2024-07-05 22:18:16',NULL,NULL,0,1,0,0,'IMPORT','Campaña DSV'),(591,1,3,1,'Campaigns','','2024-07-05 22:18:16','2024-07-05 22:18:16',NULL,NULL,0,1,0,0,'IMPORT','LANZAMIENTO SEGURO INTER JR'),(592,1,1,1,'Campaigns','','2024-07-05 22:18:16','2024-07-05 22:18:16',NULL,NULL,0,1,0,0,'IMPORT','Lanzamiento Segmento Int'),(593,1,1,1,'Campaigns','','2024-07-05 22:18:17','2024-07-05 22:18:17',NULL,NULL,0,1,0,0,'IMPORT','Lanzamiento Seguro Internacional CR'),(594,1,1,1,'Campaigns','','2024-07-05 22:18:17','2024-07-05 22:18:17',NULL,NULL,0,1,0,0,'IMPORT','Black Friday Seguros'),(595,1,1,1,'Campaigns','','2024-07-05 22:18:17','2024-07-05 22:18:17',NULL,NULL,0,1,0,0,'IMPORT','Lanzamiento Seguro Internacional ECAM'),(596,1,1,1,'Campaigns','','2024-07-05 22:18:17','2024-07-05 22:18:17',NULL,NULL,0,1,0,0,'IMPORT','Lanzamiento de segmento internacional'),(597,1,1,1,'Products','','2024-07-05 22:18:17','2024-07-05 22:18:17',NULL,NULL,0,1,0,0,'WEBSERVICE','Seguro de vida'),(598,1,1,1,'Campaigns','','2024-07-05 22:18:17','2024-07-05 22:18:17',NULL,NULL,0,1,0,0,'IMPORT','Lanzamiento seguro internacional KG'),(599,1,1,1,'Campaigns','','2024-07-05 22:18:17','2024-07-05 22:18:17',NULL,NULL,0,1,0,0,'IMPORT','segmento seguro internacional'),(600,1,1,1,'Campaigns','','2024-07-05 22:18:17','2024-07-05 22:18:17',NULL,NULL,0,1,0,0,'IMPORT','lanzamiento segmento internacional'),(601,1,1,1,'Campaigns','','2024-07-05 22:18:17','2024-07-05 22:18:17',NULL,NULL,0,1,0,0,'IMPORT','Conferencia sobre Tributacion NIIF'),(602,1,1,1,'Campaigns','','2024-07-05 22:18:17','2024-07-05 22:18:17',NULL,NULL,0,1,0,0,'IMPORT','Lanzamiento de nueva version Contabilidad'),(603,1,1,1,'Campaigns','','2024-07-05 22:18:17','2024-07-05 22:18:17',NULL,NULL,0,1,0,0,'IMPORT','Gestion'),(604,1,1,1,'Campaigns','','2024-07-05 22:18:17','2024-07-05 22:18:17',NULL,NULL,0,1,0,0,'IMPORT','Visita a Norte Chico'),(605,1,1,1,'Campaigns','','2024-07-05 22:18:17','2024-07-05 22:18:17',NULL,NULL,0,1,0,0,'IMPORT','Lanzamiento de nueva linea de estufas'),(606,1,1,1,'Products','','2024-07-05 22:18:17','2024-07-05 22:18:17',NULL,NULL,0,1,0,0,'WEBSERVICE','ISO 9000'),(607,1,1,1,'Campaigns','','2024-07-05 22:18:17','2024-07-05 22:18:17',NULL,NULL,0,1,0,0,'IMPORT','Diplomado Calidad 2017'),(608,1,1,1,'Campaigns','','2024-07-05 22:18:17','2024-07-05 22:18:17',NULL,NULL,0,1,0,0,'IMPORT','Vcacines de JUlio'),(609,1,1,1,'Campaigns','','2024-07-05 22:18:17','2024-07-05 22:18:17',NULL,NULL,0,1,0,0,'IMPORT','Motorshow 2017'),(610,1,1,1,'Campaigns','','2024-07-05 22:18:17','2024-07-05 22:18:17',NULL,NULL,0,1,0,0,'IMPORT','28 julio'),(611,1,1,1,'Campaigns','Esta campaña busca aumentar las ventas al final del mes','2024-07-05 22:18:17','2024-07-05 22:18:17',NULL,NULL,0,1,0,0,'IMPORT','Combo de paneles'),(612,1,1,1,'Campaigns','','2024-07-05 22:18:17','2024-07-05 22:18:17',NULL,NULL,0,1,0,0,'IMPORT','Discos de almacenamiento'),(613,1,1,1,'Campaigns','','2024-07-05 22:18:17','2024-07-05 22:18:17',NULL,NULL,0,1,0,0,'IMPORT','Teclados inalambricos'),(614,1,1,1,'Campaigns','','2024-07-05 22:18:17','2024-07-05 22:18:17',NULL,NULL,0,1,0,0,'IMPORT','Campaña Black 630demo01'),(615,1,1,1,'Campaigns','esta campaña tiene como objetivo lograr la venta de notebooks en clientes que suelen comprar otros producto de tecnología relacionados.','2024-07-05 22:18:17','2024-07-05 22:18:17',NULL,NULL,0,1,0,0,'IMPORT','Campaña venta Notebooks'),(616,1,1,1,'Campaigns','','2024-07-05 22:18:17','2024-07-05 22:18:17',NULL,NULL,0,1,0,0,'IMPORT','pantallas led'),(617,1,1,1,'Products','','2024-07-05 22:18:17','2024-07-05 22:18:17',NULL,NULL,0,1,0,0,'WEBSERVICE','Proyector tamaño A'),(618,1,1,1,'Campaigns','','2024-07-05 22:18:17','2024-07-05 22:18:17',NULL,NULL,0,1,0,0,'IMPORT','Proyectores tamaño A'),(619,1,1,1,'Products','','2024-07-05 22:18:17','2024-07-05 22:18:17',NULL,NULL,0,1,0,0,'WEBSERVICE','Paneles Solares Tipo A'),(620,1,1,1,'Campaigns','la campaña involucrara a todos los clientes que se hayan mostrado interesados en invertir en energía renovable.','2024-07-05 22:18:17','2024-07-05 22:18:17',NULL,NULL,0,1,0,0,'IMPORT','Lanzamiento Paneles Solares Tipo  A'),(621,1,1,1,'Products','','2024-07-05 22:18:17','2024-07-05 22:18:17',NULL,NULL,0,1,0,0,'WEBSERVICE','celulares Z'),(622,1,1,1,'Campaigns','','2024-07-05 22:18:17','2024-07-05 22:18:17',NULL,NULL,0,1,0,0,'IMPORT','celulares Z'),(623,1,1,1,'Products','','2024-07-05 22:18:17','2024-07-05 22:18:17',NULL,NULL,0,1,0,0,'WEBSERVICE','Software integrador de restaurantes'),(624,1,1,1,'Campaigns','','2024-07-05 22:18:17','2024-07-05 22:18:17',NULL,NULL,0,1,0,0,'IMPORT','instalacion ISSO 090'),(625,1,1,1,'Campaigns','','2024-07-05 22:18:17','2024-07-05 22:18:17',NULL,NULL,0,1,0,0,'IMPORT','PRueba de Integracion demo630'),(626,1,1,1,'Campaigns','','2024-07-05 22:18:17','2024-07-05 22:18:17',NULL,NULL,0,1,0,0,'IMPORT','Prueba 2018-10-03'),(627,1,1,1,'Campaigns','','2024-07-05 22:18:17','2024-07-05 22:18:17',NULL,NULL,0,1,0,0,'IMPORT','Campaña de Halloween'),(628,1,1,1,'Products','','2024-07-05 22:18:17','2024-07-05 22:18:17',NULL,NULL,0,1,0,0,'WEBSERVICE','CIVIC ACCORD 1.5 TURBO'),(629,1,1,1,'Campaigns','','2024-07-05 22:18:17','2024-07-05 22:18:17',NULL,NULL,0,1,0,0,'IMPORT','Promocion Pilot Sport'),(630,1,1,1,'Campaigns','','2024-07-05 22:18:17','2024-07-05 22:18:17',NULL,NULL,0,1,0,0,'IMPORT','Lanzamiento de Centrifugas'),(631,1,1,1,'Campaigns','','2024-07-05 22:18:17','2024-07-05 22:18:17',NULL,NULL,0,1,0,0,'IMPORT','Regalo Black'),(632,1,1,1,'Campaigns','','2024-07-05 22:18:17','2024-07-05 22:18:17',NULL,NULL,0,1,0,0,'IMPORT','Feria Peru Digital'),(633,1,1,1,'Campaigns','Descripción ejemplo','2024-07-05 22:18:17','2024-07-05 22:18:17',NULL,NULL,0,1,0,0,'IMPORT','Leasing Vehiculos Set 2020'),(634,1,1,1,'Campaigns','','2024-07-05 22:18:17','2024-07-05 22:18:17',NULL,NULL,0,1,0,0,'IMPORT','CAMPAÑA DE PRUEBA 02.06.2021'),(635,1,1,1,'Campaigns','','2024-07-05 22:18:17','2024-07-05 22:18:17',NULL,NULL,0,1,0,0,'IMPORT','LISTA PUREBE'),(636,1,1,1,'Campaigns','','2024-07-05 22:18:17','2024-07-05 22:18:17',NULL,NULL,0,1,0,0,'IMPORT','CAMPAÑA DE PRUEBA 03.06.2021'),(637,1,1,1,'Campaigns','','2024-07-05 22:18:17','2024-07-05 22:18:17',NULL,NULL,0,1,0,0,'IMPORT','CAMPAÑA DE PRUEBA 23.07.2021'),(638,1,1,1,'Campaigns','','2024-07-05 22:18:17','2024-07-05 22:18:17',NULL,NULL,0,1,0,0,'IMPORT','LT Gerentes Comerciales'),(639,1,1,1,'Campaigns','','2024-07-05 22:18:17','2024-07-05 22:18:17',NULL,NULL,0,1,0,0,'IMPORT','Recuperacion de clientes segmento Black'),(640,1,1,1,'Campaigns','','2024-07-05 22:18:17','2024-07-05 22:18:17',NULL,NULL,0,1,0,0,'IMPORT','Promoción de puntas'),(641,1,1,1,'Products','','2016-10-07 17:55:32','2024-07-05 22:48:00',NULL,NULL,0,1,0,0,'IMPORT','BOMBA CAVIDAD PROGRESIVA'),(642,1,1,1,'Products','','2016-11-10 15:39:01','2024-07-05 22:48:00',NULL,NULL,0,1,0,0,'IMPORT','Cadena de 44 pasos'),(643,1,1,1,'Products','','2018-04-12 20:23:14','2024-07-05 22:48:00',NULL,NULL,0,1,0,0,'IMPORT','rollos de acero'),(644,1,1,1,'Products','','2018-05-22 17:36:32','2024-07-05 22:48:00',NULL,NULL,0,1,0,0,'IMPORT','Disco de almacenamiento tipo A'),(645,1,1,1,'Vendors','','2024-07-05 22:48:00','2024-07-05 22:48:00',NULL,NULL,0,1,0,0,'WEBSERVICE','Pantallas Tipo A'),(646,1,1,1,'Products','','2018-05-22 18:49:44','2024-07-05 22:48:00',NULL,NULL,0,1,0,0,'IMPORT','Pantallas A'),(647,1,1,1,'Vendors','','2024-07-05 22:48:00','2024-07-05 22:48:00',NULL,NULL,0,1,0,0,'WEBSERVICE','TECNA S.A.'),(648,1,1,1,'Products','','2018-05-24 20:13:10','2024-07-05 22:48:00',NULL,NULL,0,1,0,0,'IMPORT','Teclado inalambrico'),(649,1,1,1,'Vendors','','2024-07-05 22:48:00','2024-07-05 22:48:00',NULL,NULL,0,1,0,0,'WEBSERVICE','MICRONET ANDINA S.A.C'),(650,1,1,1,'Products','','2018-05-25 15:58:06','2024-07-05 22:48:00',NULL,NULL,0,1,0,0,'IMPORT','KB USB COMBO TEROS 136'),(651,1,1,1,'Vendors','','2024-07-05 22:48:00','2024-07-05 22:48:00',NULL,NULL,0,1,0,0,'WEBSERVICE','GRUPO VENTURA PERU S.A.C.'),(652,1,1,1,'Products','','2018-05-25 15:58:07','2024-07-05 22:48:00',NULL,NULL,0,1,0,0,'IMPORT','NOTEBOOK LENOVO V330 I7-8AUG-1TB-V2G'),(653,1,1,1,'Products','','2018-10-11 03:40:10','2024-07-05 22:48:00',NULL,NULL,0,1,0,0,'IMPORT','Mini Stereo'),(654,1,1,1,'Products','-  Potencia :   155/6500 (HP/rpm)\n -  Combustible :   Sistema de Inyeccion de Combustible PGM-FI\n -  Motor :   2.0 | 4 cilindros en línea DOHC i-VTEC\n -  Transmisión :   CVT\n -  Suspension:   Delantera Tipo McPherson | Posterior Multi-link','2019-04-15 18:14:40','2024-07-05 22:48:00',NULL,NULL,0,1,0,0,'IMPORT','CIVIC SEDAN LX'),(655,1,1,1,'Products','-  Potencia :   170/6500 (HP/rpm)\n -  Combustible :   Sistema de Inyeccion Directa\n -  Motor :   1.5 L 4 cilindros en línea DI DOHC i-VTEC Turbocargado\n -  Transmisión :   CVT\n -  Suspension:   Delantera Tipo McPherson | Posterior Multi-link','2019-04-15 18:18:31','2024-07-05 22:48:00',NULL,NULL,0,1,0,0,'IMPORT','CIVIC SEDAN EXT'),(656,1,1,1,'Products','-  Potencia :   247/6500 (HP/rpm)\n -  Combustible :   Sistema de Inyeccion Directa\n -  Motor :   2.0 Turbo DOHC \n -  Transmisión :   AT\n -  Suspension:   Delantera Tipo McPherson | Posterior Multi-link','2019-04-15 18:24:25','2024-07-05 22:48:00',NULL,NULL,0,1,0,0,'IMPORT','CIVIC ACCORD 2.0 TURBO'),(657,1,1,1,'Products','-  Potencia :   141/6500 (HP/rpm)\n -  Combustible :   Sistema de Inyeccion PGM-FI\n -  Motor :   1.8 Litros SOHC i-VTEC \n -  Transmisión :   MT\n -  Suspension:   Delantera Tipo McPherson | Barra de Torsion Tipo H','2019-04-15 18:27:10','2024-07-05 22:48:00',NULL,NULL,0,1,0,0,'IMPORT','HR-V LX MT'),(658,1,1,1,'MailManager Attachment','image001.png','2024-07-06 06:44:05','2024-07-06 06:44:05',NULL,NULL,0,1,1,NULL,NULL,NULL),(659,1,1,1,'MailManager Attachment','image002.png','2024-07-06 06:44:05','2024-07-06 06:44:05',NULL,NULL,0,1,1,NULL,NULL,NULL),(660,1,1,1,'MailManager Attachment','image003.jpg','2024-07-06 06:44:05','2024-07-06 06:44:05',NULL,NULL,0,1,1,NULL,NULL,NULL),(661,1,1,1,'MailManager Attachment','image002.png','2024-07-06 06:44:05','2024-07-06 06:44:05',NULL,NULL,0,1,1,NULL,NULL,NULL),(662,1,1,1,'MailManager Attachment','logo.jpg','2024-07-06 06:44:06','2024-07-06 06:44:06',NULL,NULL,0,1,1,NULL,NULL,NULL),(663,1,1,1,'MailManager Attachment','logo.jpg','2024-07-06 06:44:06','2024-07-06 06:44:06',NULL,NULL,0,1,1,NULL,NULL,NULL),(664,1,1,1,'MailManager Attachment','logo.jpg','2024-07-06 06:44:06','2024-07-06 06:44:06',NULL,NULL,0,1,1,NULL,NULL,NULL),(665,1,1,1,'MailManager Attachment','image001.jpg','2024-07-06 06:45:37','2024-07-06 06:45:37',NULL,NULL,0,1,1,NULL,NULL,NULL),(666,1,1,1,'MailManager Attachment','image002.png','2024-07-06 06:45:37','2024-07-06 06:45:37',NULL,NULL,0,1,1,NULL,NULL,NULL),(667,1,1,1,'MailManager Attachment','image003.png','2024-07-06 06:45:37','2024-07-06 06:45:37',NULL,NULL,0,1,1,NULL,NULL,NULL),(668,1,1,1,'MailManager Attachment','image004.png','2024-07-06 06:45:37','2024-07-06 06:45:37',NULL,NULL,0,1,1,NULL,NULL,NULL),(669,1,1,1,'MailManager Attachment','image005.png','2024-07-06 06:45:37','2024-07-06 06:45:37',NULL,NULL,0,1,1,NULL,NULL,NULL),(670,1,1,1,'MailManager Attachment','image006.png','2024-07-06 06:45:37','2024-07-06 06:45:37',NULL,NULL,0,1,1,NULL,NULL,NULL),(671,1,1,1,'MailManager Attachment','image007.png','2024-07-06 06:45:37','2024-07-06 06:45:37',NULL,NULL,0,1,1,NULL,NULL,NULL),(672,1,1,1,'MailManager Attachment','image008.png','2024-07-06 06:45:37','2024-07-06 06:45:37',NULL,NULL,0,1,1,NULL,NULL,NULL),(673,1,1,1,'Emails','<p></p><p>---------- Mensaje reenviado ----------<br/>De:malmeyda@creantis.com<br/>Fecha:06-07-2024 01:44 AM<br/>Asunto:TEST<br/>A:soporte@creantis.com<br/></p><head></head><body><div class=\"WordSection1\"><p class=\"MsoNormal\"><a>Mensaje de prueba</a></p><p class=\"MsoNormal\"><span style=\"mso-bookmark:_Hlk18436588\">&nbsp;</span></p><span style=\"mso-bookmark:_Hlk18436588\"></span><span style=\"mso-bookmark:_Hlk18436588\"></span><span style=\"mso-bookmark:_Hlk18436588\"></span><span style=\"mso-bookmark:_Hlk18436588\"></span><span style=\"mso-bookmark:_Hlk18436588\"></span><span style=\"mso-bookmark:_Hlk18436588\"></span><span style=\"mso-bookmark:_Hlk18436588\"></span><span style=\"mso-bookmark:_Hlk18436588\"></span><span style=\"mso-bookmark:_Hlk18436588\"></span><span style=\"mso-bookmark:_Hlk18436588\"></span><table class=\"MsoNormalTable\" border=\"0\" cellspacing=\"0\" cellpadding=\"0\" width=\"1189\" style=\"margin-left:-21.3pt\"><tbody><tr><td width=\"189\" rowspan=\"3\" valign=\"top\" style=\"width:141.7pt;padding:0cm 0cm 0cm 0cm\"><p class=\"MsoNormal\" align=\"center\" style=\"text-align:center;line-height:105%\"><span style=\"mso-bookmark:_Hlk18436588\"><span style=\"font-size:13.5pt;line-height:105%;font-family:&quot;Arial&quot;,sans-serif;color:#F7751F\"><img width=\"160\" height=\"132\" style=\"width:1.6666in;height:1.375in\" src=\"cid:image001.jpg@01DACF46.16D29210\"></span></span><span style=\"mso-bookmark:_Hlk18436588\"><span style=\"font-size:12.0pt;line-height:105%;font-family:&quot;Times New Roman&quot;,serif\"></span></span></p></td><td width=\"19\" rowspan=\"3\" valign=\"top\" style=\"width:14.1pt;border:none;border-left:solid #A6A6A6 1.0pt;padding:0cm 0cm 0cm 0cm\"><span style=\"mso-bookmark:_Hlk18436588\"></span><p class=\"MsoNormal\" style=\"line-height:105%\"><span style=\"mso-bookmark:_Hlk18436588\"><span style=\"font-size:12.0pt;line-height:105%;font-family:&quot;Times New Roman&quot;,serif\">&nbsp;</span></span></p></td><td width=\"199\" style=\"width:149.0pt;padding:0cm 5.25pt 3.75pt 0cm\"><p class=\"MsoNormal\" style=\"line-height:105%\"><span style=\"mso-bookmark:_Hlk18436588\"><span style=\"font-size:12.0pt;line-height:105%;font-family:&quot;Times New Roman&quot;,serif\"><img width=\"180\" height=\"49\" style=\"width:1.875in;height:.5104in\" src=\"cid:image002.png@01DACF46.16D29210\"></span></span></p></td><td width=\"19\" rowspan=\"3\" style=\"width:14.2pt;border:none;border-left:solid #A6A6A6 1.0pt;padding:0cm 0cm 0cm 9.0pt\"><span style=\"mso-bookmark:_Hlk18436588\"></span></td><td width=\"569\" rowspan=\"3\" style=\"width:426.8pt;padding:0cm 0cm 0cm 0cm\"><span style=\"mso-bookmark:_Hlk18436588\"></span><span style=\"mso-bookmark:_Hlk18436588\"></span><span style=\"mso-bookmark:_Hlk18436588\"></span><span style=\"mso-bookmark:_Hlk18436588\"></span><span style=\"mso-bookmark:_Hlk18436588\"></span><span style=\"mso-bookmark:_Hlk18436588\"></span><span style=\"mso-bookmark:_Hlk18436588\"></span><span style=\"mso-bookmark:_Hlk18436588\"></span><span style=\"mso-bookmark:_Hlk18436588\"></span><span style=\"mso-bookmark:_Hlk18436588\"></span><span style=\"mso-bookmark:_Hlk18436588\"></span><table class=\"MsoNormalTable\" border=\"0\" cellspacing=\"0\" cellpadding=\"0\"><tbody><tr><td width=\"316\" colspan=\"2\" valign=\"top\" style=\"width:237.25pt;padding:0cm 0cm 3.75pt 0cm\"><p class=\"MsoNormal\" style=\"line-height:105%\"><span style=\"mso-bookmark:_Hlk18436588\"><span style=\"font-size:13.5pt;line-height:105%;font-family:&quot;Arial&quot;,sans-serif;color:#F7751F\">Miguel Angel Almeyda Segura</span></span></p></td></tr><tr><td width=\"316\" colspan=\"2\" valign=\"top\" style=\"width:237.25pt;padding:0cm 0cm 0cm 0cm\"><p class=\"MsoNormal\" style=\"line-height:105%\"><span style=\"mso-bookmark:_Hlk18436588\"><b><span style=\"font-size:10.5pt;line-height:105%;font-family:&quot;Arial&quot;,sans-serif;color:#333333\">Creantis | vtiger Perú</span></b></span><span style=\"mso-bookmark:_Hlk18436588\"><span style=\"font-size:10.5pt;line-height:105%;font-family:&quot;Arial&quot;,sans-serif;color:#333333\"></span></span></p></td></tr><tr><td width=\"316\" colspan=\"2\" valign=\"top\" style=\"width:237.25pt;padding:0cm 0cm 3.75pt 0cm\"><p class=\"MsoNormal\" style=\"line-height:105%\"><span style=\"mso-bookmark:_Hlk18436588\"><span style=\"font-size:10.5pt;line-height:105%;font-family:&quot;Arial&quot;,sans-serif;color:#333333\">Software CRM rápido y económico</span></span></p></td></tr><tr><td width=\"20\" valign=\"top\" style=\"width:15.0pt;padding:0cm 0cm 0cm 0cm\"><p class=\"MsoNormal\" style=\"line-height:105%\"><span style=\"mso-bookmark:_Hlk18436588\"><span style=\"font-size:10.5pt;line-height:105%;font-family:&quot;Arial&quot;,sans-serif;color:#F7751F\">in:</span></span></p></td><td width=\"296\" valign=\"top\" style=\"width:222.25pt;padding:0cm 0cm 0cm 0cm\"><p class=\"MsoNormal\" style=\"line-height:105%\"><span style=\"mso-bookmark:_Hlk18436588\"></span><a href=\"https://www.linkedin.com/in/oscarsc\"><span style=\"mso-bookmark:_Hlk18436588\"><span style=\"font-size:10.5pt;line-height:105%;font-family:&quot;Arial&quot;,sans-serif;color:#767171\">https://www.linkedin.com/company/creantis</span></span><span style=\"mso-bookmark:_Hlk18436588\"></span></a><span style=\"mso-bookmark:_Hlk18436588\"><span style=\"font-size:10.5pt;line-height:105%;font-family:&quot;Arial&quot;,sans-serif;color:#767171\"></span></span></p></td></tr><tr><td width=\"20\" valign=\"top\" style=\"width:15.0pt;padding:0cm 0cm 0cm 0cm\"><p class=\"MsoNormal\" style=\"line-height:105%\"><span style=\"mso-bookmark:_Hlk18436588\"><span style=\"font-size:10.5pt;line-height:105%;font-family:&quot;Arial&quot;,sans-serif;color:#F7751F\">m:</span></span></p></td><td width=\"296\" valign=\"top\" style=\"width:222.25pt;padding:0cm 0cm 0cm 0cm\"><p class=\"MsoNormal\" style=\"line-height:105%\"><span style=\"mso-bookmark:_Hlk18436588\"><span style=\"font-size:10.5pt;line-height:105%;font-family:&quot;Arial&quot;,sans-serif;color:#767171\">+51 985 862 569</span></span></p></td></tr><tr><td width=\"20\" valign=\"top\" style=\"width:15.0pt;padding:0cm 0cm 0cm 0cm\"><p class=\"MsoNormal\" style=\"line-height:105%\"><span style=\"mso-bookmark:_Hlk18436588\"><span style=\"font-size:10.5pt;line-height:105%;font-family:&quot;Arial&quot;,sans-serif;color:#F7751F\">e:</span></span></p></td><td width=\"296\" valign=\"top\" style=\"width:222.25pt;padding:0cm 0cm 0cm 0cm\"><p class=\"MsoNormal\" style=\"line-height:105%\"><span style=\"mso-bookmark:_Hlk18436588\"></span><a href=\"mailto:malmeyda@creantis.com\"><span style=\"mso-bookmark:_Hlk18436588\"><span style=\"font-size:10.5pt;line-height:105%;font-family:&quot;Arial&quot;,sans-serif;color:#767171\">malmeyda@creantis.com</span></span><span style=\"mso-bookmark:_Hlk18436588\"></span></a><span style=\"mso-bookmark:_Hlk18436588\"><span style=\"font-size:10.5pt;line-height:105%;font-family:&quot;Arial&quot;,sans-serif;color:#767171\"></span></span></p></td></tr><tr><td width=\"20\" valign=\"top\" style=\"width:15.0pt;padding:0cm 0cm 3.75pt 0cm\"><p class=\"MsoNormal\" style=\"line-height:105%\"><span style=\"mso-bookmark:_Hlk18436588\"><span style=\"font-size:10.5pt;line-height:105%;font-family:&quot;Arial&quot;,sans-serif;color:#F7751F\">w:</span></span></p></td><td width=\"296\" valign=\"top\" style=\"width:222.25pt;padding:0cm 0cm 0cm 0cm\"><p class=\"MsoNormal\" style=\"line-height:105%\"><span style=\"mso-bookmark:_Hlk18436588\"></span><a href=\"http://www.creantis.com/\"><span style=\"mso-bookmark:_Hlk18436588\"><span style=\"font-size:10.5pt;line-height:105%;font-family:&quot;Arial&quot;,sans-serif;color:#767171\">www.creantis.com</span></span><span style=\"mso-bookmark:_Hlk18436588\"></span></a><span style=\"mso-bookmark:_Hlk18436588\"><span style=\"font-size:10.5pt;line-height:105%;font-family:&quot;Arial&quot;,sans-serif;color:#767171\"></span></span></p></td></tr></tbody></table><span style=\"mso-bookmark:_Hlk18436588\"></span></td><td width=\"185\" rowspan=\"3\" valign=\"top\" style=\"width:138.5pt;padding:0cm 0cm 0cm 0cm\"><p class=\"MsoNormal\" style=\"line-height:105%\"><span style=\"mso-bookmark:_Hlk18436588\"><span style=\"font-size:13.5pt;line-height:105%;font-family:&quot;Arial&quot;,sans-serif;color:#F7751F\">&nbsp;</span></span></p><span style=\"mso-bookmark:_Hlk18436588\"></span><p class=\"MsoNormal\" style=\"line-height:105%\"><span style=\"mso-bookmark:_Hlk18436588\"><span style=\"font-size:13.5pt;line-height:105%;font-family:&quot;Arial&quot;,sans-serif;color:#F7751F\">&nbsp;</span></span></p></td></tr><tr><td width=\"199\" valign=\"top\" style=\"width:149.0pt;padding:9.0pt 5.25pt 0cm 0cm\"><p class=\"MsoNormal\" style=\"line-height:105%\"><span style=\"mso-bookmark:_Hlk18436588\"><span style=\"font-size:13.5pt;line-height:105%;font-family:&quot;Arial&quot;,sans-serif;color:#F7751F\"><img border=\"0\" width=\"151\" height=\"35\" style=\"width:1.5729in;height:.3645in\" src=\"cid:image003.png@01DACF46.16D29210\"></span></span><span style=\"mso-bookmark:_Hlk18436588\"><span style=\"font-size:12.0pt;line-height:105%;font-family:&quot;Times New Roman&quot;,serif;color:blue;border:none windowtext 1.0pt;padding:0cm\"></span></span></p></td></tr><tr><td width=\"199\" valign=\"top\" style=\"width:149.0pt;padding:9.0pt 5.25pt 0cm 0cm\"><p class=\"MsoNormal\" style=\"line-height:105%\"><span style=\"mso-bookmark:_Hlk18436588\"></span><a href=\"https://www.linkedin.com/company/creantis\"><span style=\"mso-bookmark:_Hlk18436588\"><span style=\"font-size:12.0pt;line-height:105%;font-family:&quot;Times New Roman&quot;,serif;color:blue;border:none windowtext 1.0pt;padding:0cm;text-decoration:none\"><img border=\"0\" width=\"25\" height=\"25\" style=\"width:.2604in;height:.2604in\" src=\"cid:image004.png@01DACF46.16D29210\"></span></span><span style=\"mso-bookmark:_Hlk18436588\"></span></a><span style=\"mso-bookmark:_Hlk18436588\"><span style=\"font-size:12.0pt;line-height:105%;font-family:&quot;Times New Roman&quot;,serif\">&nbsp;&nbsp;</span></span><a href=\"https://youtube.com/creantis\"><span style=\"mso-bookmark:_Hlk18436588\"><span style=\"font-size:12.0pt;line-height:105%;font-family:&quot;Times New Roman&quot;,serif;color:blue;border:none windowtext 1.0pt;padding:0cm;text-decoration:none\"><img border=\"0\" width=\"25\" height=\"25\" style=\"width:.2604in;height:.2604in\" src=\"cid:image005.png@01DACF46.16D29210\"></span></span><span style=\"mso-bookmark:_Hlk18436588\"></span></a><span style=\"mso-bookmark:_Hlk18436588\"><span style=\"font-size:12.0pt;line-height:105%;font-family:&quot;Times New Roman&quot;,serif\">&nbsp;&nbsp;</span></span><a href=\"https://www.twitter.com/creantis\"><span style=\"mso-bookmark:_Hlk18436588\"><span style=\"font-size:12.0pt;line-height:105%;font-family:&quot;Times New Roman&quot;,serif;color:blue;border:none windowtext 1.0pt;padding:0cm;text-decoration:none\"><img border=\"0\" width=\"25\" height=\"25\" style=\"width:.2604in;height:.2604in\" src=\"cid:image006.png@01DACF46.16D29210\"></span></span><span style=\"mso-bookmark:_Hlk18436588\"></span></a><span style=\"mso-bookmark:_Hlk18436588\"><span style=\"font-size:12.0pt;line-height:105%;font-family:&quot;Times New Roman&quot;,serif\">&nbsp;&nbsp;</span></span><a href=\"https://www.facebook.com/creantis.pe/\"><span style=\"mso-bookmark:_Hlk18436588\"><span style=\"font-size:12.0pt;line-height:105%;font-family:&quot;Times New Roman&quot;,serif;color:blue;border:none windowtext 1.0pt;padding:0cm;text-decoration:none\"><img border=\"0\" width=\"25\" height=\"25\" style=\"width:.2604in;height:.2604in\" src=\"cid:image007.png@01DACF46.16D29210\"></span></span><span style=\"mso-bookmark:_Hlk18436588\"></span></a><span style=\"mso-bookmark:_Hlk18436588\"><span style=\"font-size:12.0pt;line-height:105%;font-family:&quot;Times New Roman&quot;,serif\">&nbsp;&nbsp;</span></span><a href=\"https://www.instagram.com/creantis/\"><span style=\"mso-bookmark:_Hlk18436588\"><span style=\"font-size:12.0pt;line-height:105%;font-family:&quot;Times New Roman&quot;,serif;color:blue;border:none windowtext 1.0pt;padding:0cm;text-decoration:none\"><img border=\"0\" width=\"25\" height=\"25\" style=\"width:.2604in;height:.2604in\" src=\"cid:image008.png@01DACF46.16D29210\"></span></span><span style=\"mso-bookmark:_Hlk18436588\"></span></a><span style=\"mso-bookmark:_Hlk18436588\"><span style=\"font-size:12.0pt;line-height:105%;font-family:&quot;Times New Roman&quot;,serif\"></span></span></p></td></tr></tbody></table><p class=\"MsoNormal\"><span style=\"mso-fareast-language:ES-PE\">&nbsp;</span></p><p class=\"MsoNormal\">&nbsp;</p></div><br><br></body>','2024-07-06 06:46:00','2024-07-06 06:46:00',NULL,NULL,0,1,0,0,'CRM','Fwd: TEST'),(674,1,1,1,'MailManager Attachment','image001.jpg','2024-07-06 06:46:00','2024-07-06 06:46:00',NULL,NULL,0,1,0,NULL,NULL,NULL),(675,1,1,1,'Documents',NULL,'2024-07-06 06:46:00','2024-07-06 06:46:00',NULL,NULL,0,1,0,0,'CRM','image001.jpg'),(676,1,1,1,'MailManager Attachment','image002.png','2024-07-06 06:46:00','2024-07-06 06:46:00',NULL,NULL,0,1,0,NULL,NULL,NULL),(677,1,1,1,'Documents',NULL,'2024-07-06 06:46:00','2024-07-06 06:46:00',NULL,NULL,0,1,0,0,'CRM','image002.png'),(678,1,1,1,'MailManager Attachment','image003.png','2024-07-06 06:46:00','2024-07-06 06:46:00',NULL,NULL,0,1,0,NULL,NULL,NULL),(679,1,1,1,'Documents',NULL,'2024-07-06 06:46:00','2024-07-06 06:46:00',NULL,NULL,0,1,0,0,'CRM','image003.png'),(680,1,1,1,'MailManager Attachment','image004.png','2024-07-06 06:46:01','2024-07-06 06:46:01',NULL,NULL,0,1,0,NULL,NULL,NULL),(681,1,1,1,'Documents',NULL,'2024-07-06 06:46:01','2024-07-06 06:46:01',NULL,NULL,0,1,0,0,'CRM','image004.png'),(682,1,1,1,'MailManager Attachment','image005.png','2024-07-06 06:46:01','2024-07-06 06:46:01',NULL,NULL,0,1,0,NULL,NULL,NULL),(683,1,1,1,'Documents',NULL,'2024-07-06 06:46:01','2024-07-06 06:46:01',NULL,NULL,0,1,0,0,'CRM','image005.png'),(684,1,1,1,'MailManager Attachment','image006.png','2024-07-06 06:46:01','2024-07-06 06:46:01',NULL,NULL,0,1,0,NULL,NULL,NULL),(685,1,1,1,'Documents',NULL,'2024-07-06 06:46:01','2024-07-06 06:46:01',NULL,NULL,0,1,0,0,'CRM','image006.png'),(686,1,1,1,'MailManager Attachment','image007.png','2024-07-06 06:46:01','2024-07-06 06:46:01',NULL,NULL,0,1,0,NULL,NULL,NULL),(687,1,1,1,'Documents',NULL,'2024-07-06 06:46:01','2024-07-06 06:46:01',NULL,NULL,0,1,0,0,'CRM','image007.png'),(688,1,1,1,'MailManager Attachment','image008.png','2024-07-06 06:46:01','2024-07-06 06:46:01',NULL,NULL,0,1,0,NULL,NULL,NULL),(689,1,1,1,'Documents',NULL,'2024-07-06 06:46:01','2024-07-06 06:46:01',NULL,NULL,0,1,0,0,'CRM','image008.png'),(690,1,6,1,'Pagos',NULL,'2024-07-07 17:05:35','2024-07-07 17:06:28',NULL,NULL,0,1,0,0,'CRM','PAG000002'),(691,1,6,1,'Pagos',NULL,'2024-07-07 17:06:58','2024-07-07 17:07:19',NULL,NULL,0,1,0,0,'CRM','PAG000003'),(692,1,6,1,'Pagos',NULL,'2024-07-07 17:07:42','2024-07-07 17:08:43',NULL,NULL,0,1,0,0,'CRM','PAG000004'),(693,1,6,1,'Pagos',NULL,'2024-07-07 17:09:04','2024-07-07 17:09:18',NULL,NULL,0,1,0,0,'CRM','PAG000005'),(694,1,7,1,'Pagos',NULL,'2024-07-07 17:12:56','2024-07-07 17:13:52',NULL,NULL,0,1,0,0,'CRM','PAG000006'),(695,1,7,1,'Pagos',NULL,'2024-07-07 17:13:41','2024-07-07 17:13:41',NULL,NULL,0,1,0,0,'CRM','PAG000007'),(696,1,7,1,'Pagos',NULL,'2024-07-07 17:14:10','2024-07-07 17:14:52',NULL,NULL,0,1,0,0,'CRM','PAG000008'),(697,1,7,1,'Pagos',NULL,'2024-07-07 17:15:29','2024-07-07 17:16:08',NULL,NULL,0,1,0,0,'CRM','PAG000009'),(698,1,6,1,'Pagos',NULL,'2024-07-07 17:18:59','2024-07-07 17:19:09',NULL,NULL,0,1,0,0,'CRM','PAG000010'),(699,1,6,1,'Pagos',NULL,'2024-07-07 17:19:38','2024-07-07 17:19:38',NULL,NULL,0,1,0,0,'CRM','PAG000011'),(700,1,6,1,'Pagos',NULL,'2024-07-07 18:31:47','2024-07-07 18:31:47',NULL,NULL,0,1,0,0,'CRM','PAG000012'),(701,1,5,1,'Pagos',NULL,'2024-07-07 18:34:45','2024-07-07 18:34:54',NULL,NULL,0,1,0,0,'CRM','PAG000013'),(702,1,5,1,'Pagos',NULL,'2024-07-07 18:35:29','2024-07-07 18:35:29',NULL,NULL,0,1,0,0,'CRM','PAG000014'),(703,1,5,1,'Pagos',NULL,'2024-07-07 18:36:08','2024-07-07 18:36:08',NULL,NULL,0,1,0,0,'CRM','PAG000015'),(704,1,5,1,'Pagos',NULL,'2024-07-07 18:36:44','2024-07-07 18:36:44',NULL,NULL,0,1,0,0,'CRM','PAG000016'),(705,1,7,1,'Pagos',NULL,'2024-07-07 18:39:41','2024-07-07 18:42:32',NULL,NULL,0,1,0,0,'CRM','PAG000017'),(706,1,7,1,'Pagos',NULL,'2024-07-07 18:40:15','2024-07-07 18:40:15',NULL,NULL,0,1,0,0,'CRM','PAG000018'),(707,1,7,1,'Pagos',NULL,'2024-07-07 18:40:52','2024-07-07 18:40:52',NULL,NULL,0,1,0,0,'CRM','PAG000019'),(708,1,7,1,'Pagos',NULL,'2024-07-07 18:41:38','2024-07-07 18:41:38',NULL,NULL,0,1,0,0,'CRM','PAG000020'),(709,1,5,1,'Pagos',NULL,'2024-07-07 18:47:32','2024-07-07 18:47:32',NULL,NULL,0,1,0,0,'CRM','PAG000021'),(710,1,5,1,'Pagos',NULL,'2024-07-07 18:48:06','2024-07-07 18:48:06',NULL,NULL,0,1,0,0,'CRM','PAG000022'),(711,1,5,1,'Pagos',NULL,'2024-07-07 18:48:31','2024-07-07 18:48:31',NULL,NULL,0,1,0,0,'CRM','PAG000023'),(712,1,5,1,'Pagos',NULL,'2024-07-07 18:49:13','2024-07-07 18:49:13',NULL,NULL,0,1,0,0,'CRM','PAG000024'),(713,1,7,1,'Pagos',NULL,'2024-07-07 18:51:36','2024-07-07 18:54:07',NULL,NULL,0,1,0,0,'CRM','PAG000025'),(714,1,7,1,'Pagos',NULL,'2024-07-07 18:52:06','2024-07-07 18:52:06',NULL,NULL,0,1,0,0,'CRM','PAG000026'),(715,1,7,1,'Pagos',NULL,'2024-07-07 18:52:27','2024-07-07 18:52:40',NULL,NULL,0,1,0,0,'CRM','PAG000027'),(716,1,7,1,'Pagos',NULL,'2024-07-07 18:53:12','2024-07-07 18:53:12',NULL,NULL,0,1,0,0,'CRM','PAG000028'),(717,1,8,1,'Pagos',NULL,'2024-07-07 18:55:38','2024-07-07 18:55:38',NULL,NULL,0,1,0,0,'CRM','PAG000029'),(718,1,8,1,'Pagos',NULL,'2024-07-07 18:56:19','2024-07-07 18:56:19',NULL,NULL,0,1,0,0,'CRM','PAG000030'),(719,1,8,1,'Pagos',NULL,'2024-07-07 18:57:01','2024-07-07 18:57:01',NULL,NULL,0,1,0,0,'CRM','PAG000031'),(720,1,1,1,'ModComments',NULL,'2024-07-08 14:22:25','2024-07-08 14:22:25',NULL,NULL,0,1,0,0,'CRM','El cliente comentó que ha tenido retrasos en su facturacion. Es algo extraordinario.'),(721,1,1,1,'Pagos',NULL,'2024-07-08 14:23:53','2024-07-08 14:23:53',NULL,NULL,0,1,0,0,'CRM','PAG000032'),(722,1,1,1,'Pagos',NULL,'2024-07-08 14:24:09','2024-07-12 17:16:24',NULL,NULL,0,1,0,0,'CRM','PAG000033'),(723,1,7,1,'Calendar','','2024-07-12 16:12:57','2024-07-12 16:12:57',NULL,NULL,0,1,0,0,'CRM','hola'),(724,1,1,1,'Calendar','','2024-07-12 16:21:35','2024-07-12 16:21:35',NULL,NULL,0,1,0,0,'CRM','chamo'),(725,1,1,1,'Calendar','','2024-07-12 16:23:38','2024-07-12 16:23:38',NULL,NULL,0,1,0,0,'CRM','chamo 2'),(726,1,1,1,'Calendar','','2024-07-12 16:25:49','2024-07-12 16:25:49',NULL,NULL,0,1,0,0,'CRM','chamo 3'),(727,1,1,1,'Calendar','','2024-07-12 16:37:20','2024-07-12 16:37:20',NULL,NULL,0,1,0,0,'CRM','chamo 5'),(728,1,1,1,'WhatsAppLog',NULL,'2024-07-12 16:51:23','2024-07-12 16:51:58',NULL,NULL,0,1,0,0,'CRM',''),(729,1,1,1,'CTWhatsApp',NULL,'2024-07-12 16:51:23','2024-07-12 16:51:58',NULL,NULL,0,1,0,0,'CRM',''),(730,1,6,1,'CTWhatsApp',NULL,'2024-07-12 16:51:58','2024-07-12 16:51:58',NULL,NULL,0,1,0,0,'CRM',''),(731,1,1,1,'WhatsAppLog',NULL,'2024-07-12 16:52:24','2024-07-12 16:52:24',NULL,NULL,0,1,0,0,'CRM',''),(732,1,1,1,'CTWhatsApp',NULL,'2024-07-12 16:52:24','2024-07-12 16:52:24',NULL,NULL,0,1,0,0,'CRM',''),(733,1,1,1,'ModComments',NULL,'2024-07-12 17:25:18','2024-07-12 17:25:18',NULL,NULL,0,1,0,0,'CRM','hola'),(734,1,1,1,'Contacts','','2024-07-18 10:25:42','2024-07-18 17:10:02',NULL,NULL,0,1,0,0,'CRM','Enrique EMG'),(735,1,1,1,'Contacts','','2024-07-18 10:26:40','2024-07-18 17:10:03',NULL,NULL,0,1,0,0,'CRM','enrique ABCDEF'),(736,1,1,1,'WhatsAppLog',NULL,'2024-07-18 10:27:51','2024-07-18 10:44:10',NULL,NULL,0,1,0,0,'CRM',''),(737,1,1,1,'CTWhatsApp',NULL,'2024-07-18 10:27:51','2024-07-18 10:27:55',NULL,NULL,0,1,0,0,'CRM',''),(738,1,1,1,'CTWhatsApp',NULL,'2024-07-18 10:28:15','2024-07-18 10:28:25',NULL,NULL,0,1,0,0,'CRM',''),(739,1,1,1,'CTWhatsApp',NULL,'2024-07-18 10:28:27','2024-07-18 10:28:35',NULL,NULL,0,1,0,0,'CRM',''),(740,1,1,1,'CTWhatsApp',NULL,'2024-07-18 10:28:49','2024-07-18 10:28:56',NULL,NULL,0,1,0,0,'CRM',''),(741,1,1,1,'CTWhatsApp',NULL,'2024-07-18 10:44:03','2024-07-18 10:44:13',NULL,NULL,0,1,0,0,'CRM',''),(742,1,1,1,'ModComments',NULL,'2024-07-18 10:54:36','2024-07-18 10:54:36',NULL,NULL,0,1,0,0,'CRM','No recibi los mensajes que el cliente me respondió'),(743,1,1,1,'Contacts','','2024-07-18 15:13:26','2024-07-18 17:10:04',NULL,NULL,0,1,0,0,'CRM','Christian Daniel Garcia'),(744,1,1,1,'Leads','','2024-07-18 15:14:27','2024-07-18 15:14:27',NULL,NULL,0,1,0,0,'CRM','chris garcia'),(745,1,1,1,'Contacts','','2024-07-18 16:12:23','2024-07-18 17:10:04',NULL,NULL,0,1,0,0,'CRM','Test'),(746,1,1,1,'Contacts','','2024-07-18 16:13:22','2024-07-18 17:10:04',NULL,NULL,0,1,0,0,'CRM','asdasd'),(747,1,1,1,'Contacts','','2024-07-18 16:14:57','2024-07-18 16:20:16',NULL,NULL,0,1,1,0,'CRM','TEST'),(748,1,1,1,'Contacts','','2024-07-18 16:20:02','2024-07-18 16:20:10',NULL,NULL,0,1,1,0,'CRM','Creantis TEST  41'),(749,1,1,1,'WhatsAppLog',NULL,'2024-07-18 17:04:10','2024-07-18 17:17:03',NULL,NULL,0,1,0,0,'CRM',''),(750,1,1,1,'CTWhatsApp',NULL,'2024-07-18 17:04:10','2024-07-18 17:04:47',NULL,NULL,0,1,0,0,'CRM',''),(751,1,1,1,'Emails','An Contact has been assigned to you on vtigerCRM<br>Details of Contact are :<br><br>Contact Id:<b>CON64</b><br>LastName:<b>Barrantes</b><br>FirstName:<b>Adriana</b><br>Lead Source:<b></b><br>Department:<b></b><br>Description:<b></b><br><br><br>And <b>CustomerPortal Login Details</b> is sent to the EmailID :-abarrantes@deprodecas.com.pe<br><br>Thank You<br>Admin<br><br>','2024-07-18 17:10:01','2024-07-18 17:10:01',NULL,NULL,0,1,0,0,'CRM','Regarding Contact Assignment'),(752,1,1,1,'Emails','An Contact has been assigned to you on vtigerCRM<br>Details of Contact are :<br><br>Contact Id:<b>CON64</b><br>LastName:<b>Barrantes</b><br>FirstName:<b>Adriana</b><br>Lead Source:<b></b><br>Department:<b></b><br>Description:<b></b><br><br><br>And <b>CustomerPortal Login Details</b> is sent to the EmailID :-abarrantes@deprodecas.com.pe<br><br>Thank You<br>Admin<br><br>','2024-07-18 17:10:01','2024-07-18 17:10:01',NULL,NULL,0,1,0,0,'CRM','Regarding Contact Assignment'),(753,1,1,1,'Emails','An Contact has been assigned to you on vtigerCRM<br>Details of Contact are :<br><br>Contact Id:<b></b><br>LastName:<b></b><br>FirstName:<b></b><br>Lead Source:<b></b><br>Department:<b></b><br>Description:<b></b><br><br><br>And <b>CustomerPortal Login Details</b> is sent to the EmailID :-<br><br>Thank You<br>Admin<br><br>','2024-07-18 17:10:02','2024-07-18 17:10:02',NULL,NULL,0,1,0,0,'CRM','Regarding Contact Assignment'),(754,1,1,1,'Emails','An Contact has been assigned to you on vtigerCRM<br>Details of Contact are :<br><br>Contact Id:<b></b><br>LastName:<b></b><br>FirstName:<b></b><br>Lead Source:<b></b><br>Department:<b></b><br>Description:<b></b><br><br><br>And <b>CustomerPortal Login Details</b> is sent to the EmailID :-<br><br>Thank You<br>Admin<br><br>','2024-07-18 17:10:02','2024-07-18 17:10:02',NULL,NULL,0,1,0,0,'CRM','Regarding Contact Assignment'),(755,1,1,1,'Emails','An Contact has been assigned to you on vtigerCRM<br>Details of Contact are :<br><br>Contact Id:<b></b><br>LastName:<b></b><br>FirstName:<b></b><br>Lead Source:<b></b><br>Department:<b></b><br>Description:<b></b><br><br><br>And <b>CustomerPortal Login Details</b> is sent to the EmailID :-<br><br>Thank You<br>Admin<br><br>','2024-07-18 17:10:02','2024-07-18 17:10:02',NULL,NULL,0,1,0,0,'CRM','Regarding Contact Assignment'),(756,1,1,1,'Emails','An Contact has been assigned to you on vtigerCRM<br>Details of Contact are :<br><br>Contact Id:<b>CON64</b><br>LastName:<b>Barrantes</b><br>FirstName:<b>Adriana</b><br>Lead Source:<b></b><br>Department:<b></b><br>Description:<b></b><br><br><br>And <b>CustomerPortal Login Details</b> is sent to the EmailID :-abarrantes@deprodecas.com.pe<br><br>Thank You<br>Admin<br><br>','2024-07-18 17:10:03','2024-07-18 17:10:03',NULL,NULL,0,1,0,0,'CRM','Regarding Contact Assignment'),(757,1,1,1,'Emails','An Contact has been assigned to you on vtigerCRM<br>Details of Contact are :<br><br>Contact Id:<b>CON64</b><br>LastName:<b>Barrantes</b><br>FirstName:<b>Adriana</b><br>Lead Source:<b></b><br>Department:<b></b><br>Description:<b></b><br><br><br>And <b>CustomerPortal Login Details</b> is sent to the EmailID :-abarrantes@deprodecas.com.pe<br><br>Thank You<br>Admin<br><br>','2024-07-18 17:10:04','2024-07-18 17:10:04',NULL,NULL,0,1,0,0,'CRM','Regarding Contact Assignment'),(758,1,1,1,'Emails','An Contact has been assigned to you on vtigerCRM<br>Details of Contact are :<br><br>Contact Id:<b></b><br>LastName:<b></b><br>FirstName:<b></b><br>Lead Source:<b></b><br>Department:<b></b><br>Description:<b></b><br><br><br>And <b>CustomerPortal Login Details</b> is sent to the EmailID :-<br><br>Thank You<br>Admin<br><br>','2024-07-18 17:10:04','2024-07-18 17:10:04',NULL,NULL,0,1,0,0,'CRM','Regarding Contact Assignment'),(759,1,1,1,'Emails','An Contact has been assigned to you on vtigerCRM<br>Details of Contact are :<br><br>Contact Id:<b></b><br>LastName:<b></b><br>FirstName:<b></b><br>Lead Source:<b></b><br>Department:<b></b><br>Description:<b></b><br><br><br>And <b>CustomerPortal Login Details</b> is sent to the EmailID :-<br><br>Thank You<br>Admin<br><br>','2024-07-18 17:10:04','2024-07-18 17:10:04',NULL,NULL,0,1,0,0,'CRM','Regarding Contact Assignment'),(760,1,1,1,'Emails','An Contact has been assigned to you on vtigerCRM<br>Details of Contact are :<br><br>Contact Id:<b></b><br>LastName:<b></b><br>FirstName:<b></b><br>Lead Source:<b></b><br>Department:<b></b><br>Description:<b></b><br><br><br>And <b>CustomerPortal Login Details</b> is sent to the EmailID :-<br><br>Thank You<br>Admin<br><br>','2024-07-18 17:10:04','2024-07-18 17:10:04',NULL,NULL,0,1,0,0,'CRM','Regarding Contact Assignment'),(761,1,1,1,'CTWhatsApp',NULL,'2024-07-18 17:16:26','2024-07-18 17:17:03',NULL,NULL,0,1,0,0,'CRM',''),(762,1,7,1,'Potentials','','2024-07-30 21:16:06','2024-07-30 21:30:01',NULL,NULL,0,1,0,0,'CRM','Implementacion de CRM'),(763,1,1,1,'Contacts','','2024-07-30 21:18:20','2024-07-30 21:30:04',NULL,NULL,0,1,0,0,'CRM','Felipe Soto'),(764,1,1,1,'MailManager Attachment','logo.jpg','2024-07-30 21:25:41','2024-07-30 21:25:41',NULL,NULL,0,1,1,NULL,NULL,NULL),(765,1,1,1,'MailManager Attachment','logo.jpg','2024-07-30 21:25:41','2024-07-30 21:25:41',NULL,NULL,0,1,1,NULL,NULL,NULL),(766,1,1,1,'MailManager Attachment','logo.jpg','2024-07-30 21:25:41','2024-07-30 21:25:41',NULL,NULL,0,1,1,NULL,NULL,NULL),(767,1,1,1,'MailManager Attachment','logo.jpg','2024-07-30 21:25:43','2024-07-30 21:25:43',NULL,NULL,0,1,1,NULL,NULL,NULL),(768,1,1,1,'Emails','An Potential has been assigned to you on vtigerCRM<br>Details of Potential are :<br><br>Potential No:<b>POT211</b><br>Potential Name:<b>Implementacion de CRM</b><br>Amount:<b>S/.10,000.00</b><br>Expected Close Date:<b>2024-08-22 (yyyy-mm-dd)</b><br>Type:<b></b><br><br><br>Description :<br><br>Thank You<br>Admin<br><br>','2024-07-30 21:30:01','2024-07-30 21:30:01',NULL,NULL,0,1,0,0,'CRM','Regarding Potential Assignment'),(769,1,1,1,'Emails','An Contact has been assigned to you on vtigerCRM<br>Details of Contact are :<br><br>Contact Id:<b>CON117</b><br>LastName:<b>Soto</b><br>FirstName:<b>Felipe</b><br>Lead Source:<b></b><br>Department:<b></b><br>Description:<b></b><br><br><br>And <b>CustomerPortal Login Details</b> is sent to the EmailID :-<br><br>Thank You<br>Admin<br><br>','2024-07-30 21:30:02','2024-07-30 21:30:02',NULL,NULL,0,1,0,0,'CRM','Regarding Contact Assignment'),(770,1,1,1,'Emails','An Contact has been assigned to you on vtigerCRM<br>Details of Contact are :<br><br>Contact Id:<b>CON117</b><br>LastName:<b>Soto</b><br>FirstName:<b>Felipe</b><br>Lead Source:<b></b><br>Department:<b></b><br>Description:<b></b><br><br><br>And <b>CustomerPortal Login Details</b> is sent to the EmailID :-<br><br>Thank You<br>Admin<br><br>','2024-07-30 21:30:02','2024-07-30 21:30:02',NULL,NULL,0,1,0,0,'CRM','Regarding Contact Assignment'),(771,1,1,1,'Emails','An Contact has been assigned to you on vtigerCRM<br>Details of Contact are :<br><br>Contact Id:<b>CON117</b><br>LastName:<b>Soto</b><br>FirstName:<b>Felipe</b><br>Lead Source:<b></b><br>Department:<b></b><br>Description:<b></b><br><br><br>And <b>CustomerPortal Login Details</b> is sent to the EmailID :-<br><br>Thank You<br>Admin<br><br>','2024-07-30 21:30:04','2024-07-30 21:30:04',NULL,NULL,0,1,0,0,'CRM','Regarding Contact Assignment'),(772,1,1,1,'ModComments',NULL,'2024-08-09 14:12:40','2024-08-09 14:12:40',NULL,NULL,0,1,0,0,'CRM','Llamé al cliente y manifestó que esta semana tuvieron pocos ingresos ...'),(773,1,1,1,'Calendar','','2024-08-09 14:13:34','2024-08-09 14:13:34',NULL,NULL,0,1,0,0,'CRM','Llamada de seguimiento para saber su compromiso de pago'),(774,1,1,1,'CTWhatsAppTemplates',NULL,'2024-08-09 14:25:39','2024-08-09 14:25:39',NULL,NULL,0,1,0,0,'CRM',''),(775,1,1,1,'Emails','An Contact has been assigned to you on vtigerCRM<br>Details of Contact are :<br><br>Contact Id:<b>CON57</b><br>LastName:<b>de la Torre</b><br>FirstName:<b>Gregorio</b><br>Lead Source:<b></b><br>Department:<b></b><br>Description:<b></b><br><br><br>And <b>CustomerPortal Login Details</b> is sent to the EmailID :-gdelatorre@serviciode.com.pe<br><br>Thank You<br>Admin<br><br>','2024-08-09 14:30:02','2024-08-09 14:30:02',NULL,NULL,0,1,0,0,'CRM','Regarding Contact Assignment'),(776,1,1,1,'Calendar','','2024-08-14 14:34:20','2024-08-14 14:34:20',NULL,NULL,0,1,0,0,'CRM','Visita Guiada al Colegio'),(777,1,1,1,'Potentials','','2024-08-14 14:43:03','2024-08-14 14:46:01',NULL,NULL,0,1,0,0,'CRM','Matricula inicial'),(778,1,1,1,'Emails','An Potential has been assigned to you on vtigerCRM<br>Details of Potential are :<br><br>Potential No:<b>POT212</b><br>Potential Name:<b>Matricula inicial</b><br>Amount:<b>S/.300</b><br>Expected Close Date:<b>24-08-2024 (dd-mm-yyyy)</b><br>Type:<b></b><br><br><br>Description :<br><br>Thank You<br>Admin<br><br>','2024-08-14 14:46:01','2024-08-14 14:46:01',NULL,NULL,0,1,0,0,'CRM','Regarding Potential Assignment'),(779,1,1,1,'ModComments',NULL,'2024-08-14 14:48:56','2024-08-14 14:48:56',NULL,NULL,0,1,0,0,'CRM','El padre se va de viaje y pide que lo llamemos el 30 de agosto'),(780,1,7,1,'Calendar','','2024-08-14 14:49:27','2024-08-14 14:49:27',NULL,NULL,0,1,0,0,'CRM','Seguimiento a matricula'),(781,1,1,1,'MailManager Attachment','logo.jpg','2024-08-20 17:02:56','2024-08-20 17:02:56',NULL,NULL,0,1,1,NULL,NULL,NULL),(782,1,1,1,'MailManager Attachment','logo.jpg','2024-08-20 17:02:56','2024-08-20 17:02:56',NULL,NULL,0,1,1,NULL,NULL,NULL),(783,1,1,1,'MailManager Attachment','logo.jpg','2024-08-20 17:02:56','2024-08-20 17:02:56',NULL,NULL,0,1,1,NULL,NULL,NULL),(784,1,1,1,'MailManager Attachment','logo.jpg','2024-08-20 17:02:56','2024-08-20 17:02:56',NULL,NULL,0,1,1,NULL,NULL,NULL),(785,1,1,1,'MailManager Attachment','3683299876000.zip','2024-08-20 17:02:57','2024-08-20 17:02:57',NULL,NULL,0,1,1,NULL,NULL,NULL),(786,1,1,1,'HelpDesk','Esta listo','2024-08-21 16:30:45','2024-08-21 16:40:02',NULL,NULL,0,1,0,0,'CRM','Introducing Our Enhanced CRMTiger Mobile App for vTiger Version 8.x'),(787,1,1,1,'Emails','Ticket ID : 786<br>Ticket Title : Introducing Our Enhanced CRMTiger Mobile App for vTiger Version 8.x<br><br>\n								Dear Administrator Crm,<br><br>\n								The Ticket is replied the details are :<br><br>\n								Ticket No : TT1<br>\n								Status : Abierta<br>\n								Category : Servicio Adicional Sin Partes<br>\n								Severity : <br>\n								Priority : Normal<br><br>\n								Description : <br>Esta listo<br><br>\n								Solution : <br>\n								<br><br>\n								Regards<br>Support Administrator<br><br>','2024-08-21 16:40:02','2024-08-21 16:40:02',NULL,NULL,0,1,0,0,'CRM','Ticket Number : TT1 Introducing Our Enhanced CRMTiger Mobile App for vTiger Version 8.x'),(788,1,1,1,'MailManager Attachment','logo.jpg','2024-08-21 18:31:11','2024-08-21 18:31:11',NULL,NULL,0,1,1,NULL,NULL,NULL),(789,1,1,1,'MailManager Attachment','logo.jpg','2024-08-21 18:31:11','2024-08-21 18:31:11',NULL,NULL,0,1,1,NULL,NULL,NULL),(790,1,1,1,'MailManager Attachment','logo.jpg','2024-08-21 18:31:12','2024-08-21 18:31:12',NULL,NULL,0,1,1,NULL,NULL,NULL),(791,1,1,1,'MailManager Attachment','logo.jpg','2024-08-21 18:31:12','2024-08-21 18:31:12',NULL,NULL,0,1,1,NULL,NULL,NULL),(792,1,1,1,'MailManager Attachment','3683299876000.zip','2024-08-21 18:31:12','2024-08-21 18:31:12',NULL,NULL,0,1,1,NULL,NULL,NULL),(793,1,1,1,'MailManager Attachment','logo.jpg','2024-08-22 20:35:15','2024-08-22 20:35:15',NULL,NULL,0,1,0,NULL,NULL,NULL),(794,1,1,1,'MailManager Attachment','logo.jpg','2024-08-22 20:35:15','2024-08-22 20:35:15',NULL,NULL,0,1,0,NULL,NULL,NULL),(795,1,1,1,'MailManager Attachment','logo.jpg','2024-08-22 20:35:15','2024-08-22 20:35:15',NULL,NULL,0,1,0,NULL,NULL,NULL),(796,1,1,1,'MailManager Attachment','logo.jpg','2024-08-22 20:35:15','2024-08-22 20:35:15',NULL,NULL,0,1,0,NULL,NULL,NULL),(797,1,1,1,'MailManager Attachment','3683299876000.zip','2024-08-22 20:35:16','2024-08-22 20:35:16',NULL,NULL,0,1,0,NULL,NULL,NULL);

--
