-- Table structure for table `vtiger_modcomments`
--

CREATE TABLE `vtiger_modcomments` (
  `modcommentsid` int(11) DEFAULT NULL,
  `commentcontent` text DEFAULT NULL,
  `related_to` int(19) DEFAULT NULL,
  `parent_comments` int(19) DEFAULT NULL,
  `customer` int(19) DEFAULT NULL,
  `userid` int(19) DEFAULT NULL,
  `reasontoedit` varchar(100) DEFAULT NULL,
  `is_private` int(1) DEFAULT 0,
  `filename` varchar(255) DEFAULT NULL,
  `related_email_id` int(11) DEFAULT NULL,
  KEY `relatedto_idx` (`related_to`),
  KEY `fk_crmid_vtiger_modcomments` (`modcommentsid`),
  CONSTRAINT `fk_crmid_vtiger_modcomments` FOREIGN KEY (`modcommentsid`) REFERENCES `vtiger_crmentity` (`crmid`) ON DELETE CASCADE
) ENGINE=InnoDB DEFAULT CHARSET=utf8 COLLATE=utf8_general_ci;

--
-- Dumping data for table `vtiger_modcomments`
--

INSERT INTO `vtiger_modcomments` VALUES (720,'El cliente comentó que ha tenido retrasos en su facturacion. Es algo extraordinario.',101,0,0,1,'',0,'0',0),(733,'hola',519,0,0,1,'',0,'0',0),(742,'No recibi los mensajes que el cliente me respondió',170,0,0,1,'',0,'',0),(772,'Llamé al cliente y manifestó que esta semana tuvieron pocos ingresos ...',519,0,0,1,'',0,'0',0),(779,'El padre se va de viaje y pide que lo llamemos el 30 de agosto',371,0,0,1,'',0,'0',0);

--
-- Table structure for table `vtiger_modcommentscf`
--

CREATE TABLE `vtiger_modcommentscf` (
  `modcommentsid` int(11) NOT NULL,
  PRIMARY KEY (`modcommentsid`),
  CONSTRAINT `fk_modcommentsid_vtiger_modcommentscf` FOREIGN KEY (`modcommentsid`) REFERENCES `vtiger_modcomments` (`modcommentsid`) ON DELETE CASCADE
) ENGINE=InnoDB DEFAULT CHARSET=utf8 COLLATE=utf8_general_ci;

--
-- Dumping data for table `vtiger_modcommentscf`
--

INSERT INTO `vtiger_modcommentscf` VALUES (720),(733),(742),(772),(779);

--
-- Table structure for table `vtiger_modentity_num`
--

CREATE TABLE `vtiger_modentity_num` (
  `num_id` int(19) NOT NULL,
  `semodule` varchar(100) DEFAULT NULL,
  `prefix` varchar(50) NOT NULL DEFAULT '',
  `start_id` varchar(50) NOT NULL,
  `cur_id` varchar(50) NOT NULL,
  `active` varchar(2) NOT NULL,
  PRIMARY KEY (`num_id`),
  UNIQUE KEY `num_idx` (`num_id`),
  KEY `semodule_active_idx` (`semodule`,`active`)
) ENGINE=InnoDB DEFAULT CHARSET=utf8 COLLATE=utf8_general_ci;

--
-- Dumping data for table `vtiger_modentity_num`
--

INSERT INTO `vtiger_modentity_num` VALUES (1,'Leads','LEA','1','30','1'),(2,'Accounts','ACC','1','106','1'),(3,'Campaigns','CAM','1','51','1'),(4,'Contacts','CON','1','118','1'),(5,'Potentials','POT','1','213','1'),(6,'HelpDesk','TT','1','2','1'),(7,'Quotes','QUO','1','1','1'),(8,'SalesOrder','SO','1','1','1'),(9,'PurchaseOrder','PO','1','1','1'),(10,'Invoice','INV','1','1','1'),(11,'Products','PRO','1','22','1'),(12,'Vendors','VEN','1','5','1'),(13,'PriceBooks','PB','1','1','1'),(14,'Faq','FAQ','1','1','1'),(15,'Documents','DOC','1','9','1'),(16,'ServiceContracts','SERCON','1','1','1'),(17,'Services','SER','1','1','1'),(18,'ProjectMilestone','PM','1','1','1'),(19,'ProjectTask','PT','1','1','1'),(20,'Project','PROJ','1','1','1'),(21,'Assets','ASSET','1','1','1'),(22,'Cobranzas','CO','0000001','0000130','1'),(23,'Pagosparciales','PAG','00001','00001','1'),(24,'Pagos','PAG','000001','000034','1');

--
-- Table structure for table `vtiger_modentity_num_seq`
--

CREATE TABLE `vtiger_modentity_num_seq` (
  `id` int(11) NOT NULL
) ENGINE=InnoDB DEFAULT CHARSET=utf8 COLLATE=utf8_general_ci;

--
-- Dumping data for table `vtiger_modentity_num_seq`
--

INSERT INTO `vtiger_modentity_num_seq` VALUES (24);

--
-- Table structure for table `vtiger_modtracker_basic`
--

CREATE TABLE `vtiger_modtracker_basic` (
  `id` int(20) NOT NULL,
  `crmid` int(20) DEFAULT NULL,
  `module` varchar(50) DEFAULT NULL,
  `whodid` int(20) DEFAULT NULL,
  `changedon` datetime DEFAULT NULL,
  `status` int(1) DEFAULT 0,
  PRIMARY KEY (`id`),
  KEY `crmidx` (`crmid`),
  KEY `idx` (`id`)
) ENGINE=InnoDB DEFAULT CHARSET=utf8 COLLATE=utf8_general_ci;

--
-- Dumping data for table `vtiger_modtracker_basic`
--

INSERT INTO `vtiger_modtracker_basic` VALUES (1,673,'Emails',1,'2024-07-06 06:46:00',2),(2,675,'Documents',1,'2024-07-06 06:46:00',2),(3,677,'Documents',1,'2024-07-06 06:46:00',2),(4,679,'Documents',1,'2024-07-06 06:46:00',2),(5,681,'Documents',1,'2024-07-06 06:46:01',2),(6,683,'Documents',1,'2024-07-06 06:46:01',2),(7,685,'Documents',1,'2024-07-06 06:46:01',2),(8,687,'Documents',1,'2024-07-06 06:46:01',2),(9,689,'Documents',1,'2024-07-06 06:46:01',2),(10,515,'Cobranzas',1,'2024-07-07 17:05:35',4),(11,515,'Cobranzas',1,'2024-07-07 17:06:58',4),(12,515,'Cobranzas',1,'2024-07-07 17:07:42',4),(13,515,'Cobranzas',1,'2024-07-07 17:09:04',4),(14,466,'Cobranzas',1,'2024-07-07 17:12:56',4),(15,466,'Cobranzas',1,'2024-07-07 17:13:41',4),(16,466,'Cobranzas',1,'2024-07-07 17:14:10',4),(17,466,'Cobranzas',1,'2024-07-07 17:15:30',4),(18,546,'Cobranzas',1,'2024-07-07 17:19:00',4),(19,546,'Cobranzas',1,'2024-07-07 17:19:38',4),(20,546,'Cobranzas',1,'2024-07-07 18:31:47',4),(21,546,'Cobranzas',1,'2024-07-07 18:31:55',5),(22,510,'Cobranzas',1,'2024-07-07 18:34:45',4),(23,510,'Cobranzas',1,'2024-07-07 18:35:29',4),(24,510,'Cobranzas',1,'2024-07-07 18:36:08',4),(25,510,'Cobranzas',1,'2024-07-07 18:36:44',4),(26,460,'Cobranzas',1,'2024-07-07 18:39:41',4),(27,460,'Cobranzas',1,'2024-07-07 18:40:15',4),(28,460,'Cobranzas',1,'2024-07-07 18:40:52',4),(29,460,'Cobranzas',1,'2024-07-07 18:41:38',4),(30,542,'Cobranzas',1,'2024-07-07 18:47:32',4),(31,542,'Cobranzas',1,'2024-07-07 18:48:06',4),(32,542,'Cobranzas',1,'2024-07-07 18:48:31',4),(33,542,'Cobranzas',1,'2024-07-07 18:49:13',4),(34,490,'Cobranzas',1,'2024-07-07 18:51:36',4),(35,490,'Cobranzas',1,'2024-07-07 18:52:06',4),(36,490,'Cobranzas',1,'2024-07-07 18:52:27',4),(37,490,'Cobranzas',1,'2024-07-07 18:53:12',4),(38,494,'Cobranzas',1,'2024-07-07 18:55:38',4),(39,494,'Cobranzas',1,'2024-07-07 18:56:19',4),(40,494,'Cobranzas',1,'2024-07-07 18:57:01',4),(41,101,'Accounts',1,'2024-07-08 14:21:04',0),(42,101,'Accounts',1,'2024-07-08 14:22:25',4),(43,720,'ModComments',1,'2024-07-08 14:22:25',2),(44,466,'Cobranzas',1,'2024-07-08 14:23:53',4),(45,466,'Cobranzas',1,'2024-07-08 14:24:09',4),(46,519,'Cobranzas',1,'2024-07-12 15:41:34',0),(47,723,'Events',1,'2024-07-12 16:12:57',2),(48,519,'Cobranzas',1,'2024-07-12 16:12:57',4),(49,724,'Events',1,'2024-07-12 16:21:35',2),(50,725,'Events',1,'2024-07-12 16:23:38',2),(51,101,'Accounts',1,'2024-07-12 16:23:38',4),(52,726,'Events',1,'2024-07-12 16:25:49',2),(53,519,'Cobranzas',1,'2024-07-12 16:25:50',4),(54,727,'Events',1,'2024-07-12 16:37:20',2),(55,519,'Cobranzas',1,'2024-07-12 16:37:20',4),(56,170,'Contacts',1,'2024-07-12 16:46:44',0),(57,519,'Cobranzas',1,'2024-07-12 16:47:08',0),(58,170,'Contacts',1,'2024-07-12 16:51:11',0),(59,722,'Pagos',1,'2024-07-12 17:16:24',0),(60,519,'Cobranzas',1,'2024-07-12 17:25:18',4),(61,733,'ModComments',1,'2024-07-12 17:25:18',2),(62,734,'Contacts',1,'2024-07-18 10:25:42',2),(63,735,'Contacts',1,'2024-07-18 10:26:40',2),(64,735,'Contacts',1,'2024-07-18 10:27:06',0),(65,170,'Contacts',1,'2024-07-18 10:27:26',0),(66,170,'Contacts',1,'2024-07-18 10:42:49',0),(67,170,'Contacts',1,'2024-07-18 10:54:36',4),(68,742,'ModComments',1,'2024-07-18 10:54:36',2),(69,743,'Contacts',1,'2024-07-18 15:13:26',2),(70,744,'Leads',1,'2024-07-18 15:14:27',2),(71,745,'Contacts',1,'2024-07-18 16:12:23',2),(72,746,'Contacts',1,'2024-07-18 16:13:22',2),(73,747,'Contacts',1,'2024-07-18 16:14:57',2),(74,747,'Contacts',1,'2024-07-18 16:19:42',0),(75,748,'Contacts',1,'2024-07-18 16:20:02',2),(76,748,'Contacts',1,'2024-07-18 16:20:10',1),(77,747,'Contacts',1,'2024-07-18 16:20:16',1),(78,751,'Emails',1,'2024-07-18 17:10:01',2),(79,170,'Contacts',1,'2024-07-18 17:10:01',4),(80,752,'Emails',1,'2024-07-18 17:10:01',2),(81,170,'Contacts',1,'2024-07-18 17:10:02',4),(82,753,'Emails',1,'2024-07-18 17:10:02',2),(83,734,'Contacts',1,'2024-07-18 17:10:02',4),(84,754,'Emails',1,'2024-07-18 17:10:02',2),(85,735,'Contacts',1,'2024-07-18 17:10:02',4),(86,755,'Emails',1,'2024-07-18 17:10:02',2),(87,735,'Contacts',1,'2024-07-18 17:10:03',4),(88,756,'Emails',1,'2024-07-18 17:10:03',2),(89,170,'Contacts',1,'2024-07-18 17:10:03',4),(90,757,'Emails',1,'2024-07-18 17:10:04',2),(91,170,'Contacts',1,'2024-07-18 17:10:04',4),(92,758,'Emails',1,'2024-07-18 17:10:04',2),(93,743,'Contacts',1,'2024-07-18 17:10:04',4),(94,759,'Emails',1,'2024-07-18 17:10:04',2),(95,745,'Contacts',1,'2024-07-18 17:10:04',4),(96,760,'Emails',1,'2024-07-18 17:10:04',2),(97,746,'Contacts',1,'2024-07-18 17:10:04',4),(98,762,'Potentials',1,'2024-07-30 21:16:06',2),(99,406,'Potentials',1,'2024-07-30 21:16:43',0),(100,763,'Contacts',1,'2024-07-30 21:18:20',2),(101,763,'Contacts',1,'2024-07-30 21:19:57',0),(102,763,'Contacts',1,'2024-07-30 21:23:30',0),(103,768,'Emails',1,'2024-07-30 21:30:01',2),(104,762,'Potentials',1,'2024-07-30 21:30:01',4),(105,769,'Emails',1,'2024-07-30 21:30:02',2),(106,763,'Contacts',1,'2024-07-30 21:30:02',4),(107,770,'Emails',1,'2024-07-30 21:30:02',2),(108,763,'Contacts',1,'2024-07-30 21:30:02',4),(109,771,'Emails',1,'2024-07-30 21:30:04',2),(110,763,'Contacts',1,'2024-07-30 21:30:04',4),(111,519,'Cobranzas',1,'2024-08-09 14:09:33',0),(112,519,'Cobranzas',1,'2024-08-09 14:11:44',0),(113,519,'Cobranzas',1,'2024-08-09 14:12:40',4),(114,772,'ModComments',1,'2024-08-09 14:12:40',2),(115,773,'Events',1,'2024-08-09 14:13:34',2),(116,519,'Cobranzas',1,'2024-08-09 14:13:34',4),(117,512,'Cobranzas',1,'2024-08-09 14:15:39',0),(118,548,'Cobranzas',1,'2024-08-09 14:15:39',0),(119,558,'Cobranzas',1,'2024-08-09 14:15:39',0),(120,163,'Contacts',1,'2024-08-09 14:20:22',0),(121,775,'Emails',1,'2024-08-09 14:30:02',2),(122,163,'Contacts',1,'2024-08-09 14:30:03',4),(123,776,'Events',1,'2024-08-14 14:34:20',2),(124,170,'Contacts',1,'2024-08-14 14:34:20',4),(125,777,'Potentials',1,'2024-08-14 14:43:03',2),(126,170,'Contacts',1,'2024-08-14 14:43:03',4),(127,778,'Emails',1,'2024-08-14 14:46:01',2),(128,777,'Potentials',1,'2024-08-14 14:46:01',4),(129,371,'Potentials',1,'2024-08-14 14:48:56',4),(130,779,'ModComments',1,'2024-08-14 14:48:56',2),(131,780,'Events',1,'2024-08-14 14:49:27',2),(132,371,'Potentials',1,'2024-08-14 14:49:27',4),(133,786,'HelpDesk',1,'2024-08-21 16:30:45',2),(134,787,'Emails',1,'2024-08-21 16:40:02',2),(135,786,'HelpDesk',1,'2024-08-21 16:40:02',4);

--
-- Table structure for table `vtiger_modtracker_basic_seq`
--

CREATE TABLE `vtiger_modtracker_basic_seq` (
  `id` int(11) NOT NULL
) ENGINE=InnoDB DEFAULT CHARSET=utf8 COLLATE=utf8_general_ci;

--
-- Dumping data for table `vtiger_modtracker_basic_seq`
--

INSERT INTO `vtiger_modtracker_basic_seq` VALUES (135);

--
-- Table structure for table `vtiger_modtracker_detail`
--

CREATE TABLE `vtiger_modtracker_detail` (
  `id` int(11) DEFAULT NULL,
  `fieldname` varchar(100) DEFAULT NULL,
  `prevalue` text DEFAULT NULL,
  `postvalue` text DEFAULT NULL,
  KEY `idx` (`id`)
) ENGINE=InnoDB DEFAULT CHARSET=utf8 COLLATE=utf8_general_ci;

--
-- Dumping data for table `vtiger_modtracker_detail`
--

INSERT INTO `vtiger_modtracker_detail` VALUES (1,'label',NULL,'Fwd: TEST'),(1,'date_start',NULL,'2024-07-06'),(1,'activitytype',NULL,'Emails'),(1,'assigned_user_id',NULL,'1'),(1,'subject',NULL,'Fwd: TEST'),(1,'description',NULL,'&lt;p&gt;&lt;/p&gt;&lt;p&gt;---------- Mensaje reenviado ----------&lt;br/&gt;De:malmeyda@creantis.com&lt;br/&gt;Fecha:06-07-2024 01:44 AM&lt;br/&gt;Asunto:TEST&lt;br/&gt;A:soporte@creantis.com&lt;br/&gt;&lt;/p&gt;&lt;head&gt;&lt;/head&gt;&lt;body&gt;&lt;div class=&quot;WordSection1&quot;&gt;&lt;p class=&quot;MsoNormal&quot;&gt;&lt;a&gt;Mensaje de prueba&lt;/a&gt;&lt;/p&gt;&lt;p class=&quot;MsoNormal&quot;&gt;&lt;span style=&quot;mso-bookmark:_Hlk18436588&quot;&gt;&amp;nbsp;&lt;/span&gt;&lt;/p&gt;&lt;span style=&quot;mso-bookmark:_Hlk18436588&quot;&gt;&lt;/span&gt;&lt;span style=&quot;mso-bookmark:_Hlk18436588&quot;&gt;&lt;/span&gt;&lt;span style=&quot;mso-bookmark:_Hlk18436588&quot;&gt;&lt;/span&gt;&lt;span style=&quot;mso-bookmark:_Hlk18436588&quot;&gt;&lt;/span&gt;&lt;span style=&quot;mso-bookmark:_Hlk18436588&quot;&gt;&lt;/span&gt;&lt;span style=&quot;mso-bookmark:_Hlk18436588&quot;&gt;&lt;/span&gt;&lt;span style=&quot;mso-bookmark:_Hlk18436588&quot;&gt;&lt;/span&gt;&lt;span style=&quot;mso-bookmark:_Hlk18436588&quot;&gt;&lt;/span&gt;&lt;span style=&quot;mso-bookmark:_Hlk18436588&quot;&gt;&lt;/span&gt;&lt;span style=&quot;mso-bookmark:_Hlk18436588&quot;&gt;&lt;/span&gt;&lt;table class=&quot;MsoNormalTable&quot; border=&quot;0&quot; cellspacing=&quot;0&quot; cellpadding=&quot;0&quot; width=&quot;1189&quot; style=&quot;margin-left:-21.3pt&quot;&gt;&lt;tbody&gt;&lt;tr&gt;&lt;td width=&quot;189&quot; rowspan=&quot;3&quot; valign=&quot;top&quot; style=&quot;width:141.7pt;padding:0cm 0cm 0cm 0cm&quot;&gt;&lt;p class=&quot;MsoNormal&quot; align=&quot;center&quot; style=&quot;text-align:center;line-height:105%&quot;&gt;&lt;span style=&quot;mso-bookmark:_Hlk18436588&quot;&gt;&lt;span style=&quot;font-size:13.5pt;line-height:105%;font-family:&amp;quot;Arial&amp;quot;,sans-serif;color:#F7751F&quot;&gt;&lt;img width=&quot;160&quot; height=&quot;132&quot; style=&quot;width:1.6666in;height:1.375in&quot; src=&quot;cid:image001.jpg@01DACF46.16D29210&quot;&gt;&lt;/span&gt;&lt;/span&gt;&lt;span style=&quot;mso-bookmark:_Hlk18436588&quot;&gt;&lt;span style=&quot;font-size:12.0pt;line-height:105%;font-family:&amp;quot;Times New Roman&amp;quot;,serif&quot;&gt;&lt;/span&gt;&lt;/span&gt;&lt;/p&gt;&lt;/td&gt;&lt;td width=&quot;19&quot; rowspan=&quot;3&quot; valign=&quot;top&quot; style=&quot;width:14.1pt;border:none;border-left:solid #A6A6A6 1.0pt;padding:0cm 0cm 0cm 0cm&quot;&gt;&lt;span style=&quot;mso-bookmark:_Hlk18436588&quot;&gt;&lt;/span&gt;&lt;p class=&quot;MsoNormal&quot; style=&quot;line-height:105%&quot;&gt;&lt;span style=&quot;mso-bookmark:_Hlk18436588&quot;&gt;&lt;span style=&quot;font-size:12.0pt;line-height:105%;font-family:&amp;quot;Times New Roman&amp;quot;,serif&quot;&gt;&amp;nbsp;&lt;/span&gt;&lt;/span&gt;&lt;/p&gt;&lt;/td&gt;&lt;td width=&quot;199&quot; style=&quot;width:149.0pt;padding:0cm 5.25pt 3.75pt 0cm&quot;&gt;&lt;p class=&quot;MsoNormal&quot; style=&quot;line-height:105%&quot;&gt;&lt;span style=&quot;mso-bookmark:_Hlk18436588&quot;&gt;&lt;span style=&quot;font-size:12.0pt;line-height:105%;font-family:&amp;quot;Times New Roman&amp;quot;,serif&quot;&gt;&lt;img width=&quot;180&quot; height=&quot;49&quot; style=&quot;width:1.875in;height:.5104in&quot; src=&quot;cid:image002.png@01DACF46.16D29210&quot;&gt;&lt;/span&gt;&lt;/span&gt;&lt;/p&gt;&lt;/td&gt;&lt;td width=&quot;19&quot; rowspan=&quot;3&quot; style=&quot;width:14.2pt;border:none;border-left:solid #A6A6A6 1.0pt;padding:0cm 0cm 0cm 9.0pt&quot;&gt;&lt;span style=&quot;mso-bookmark:_Hlk18436588&quot;&gt;&lt;/span&gt;&lt;/td&gt;&lt;td width=&quot;569&quot; rowspan=&quot;3&quot; style=&quot;width:426.8pt;padding:0cm 0cm 0cm 0cm&quot;&gt;&lt;span style=&quot;mso-bookmark:_Hlk18436588&quot;&gt;&lt;/span&gt;&lt;span style=&quot;mso-bookmark:_Hlk18436588&quot;&gt;&lt;/span&gt;&lt;span style=&quot;mso-bookmark:_Hlk18436588&quot;&gt;&lt;/span&gt;&lt;span style=&quot;mso-bookmark:_Hlk18436588&quot;&gt;&lt;/span&gt;&lt;span style=&quot;mso-bookmark:_Hlk18436588&quot;&gt;&lt;/span&gt;&lt;span style=&quot;mso-bookmark:_Hlk18436588&quot;&gt;&lt;/span&gt;&lt;span style=&quot;mso-bookmark:_Hlk18436588&quot;&gt;&lt;/span&gt;&lt;span style=&quot;mso-bookmark:_Hlk18436588&quot;&gt;&lt;/span&gt;&lt;span style=&quot;mso-bookmark:_Hlk18436588&quot;&gt;&lt;/span&gt;&lt;span style=&quot;mso-bookmark:_Hlk18436588&quot;&gt;&lt;/span&gt;&lt;span style=&quot;mso-bookmark:_Hlk18436588&quot;&gt;&lt;/span&gt;&lt;table class=&quot;MsoNormalTable&quot; border=&quot;0&quot; cellspacing=&quot;0&quot; cellpadding=&quot;0&quot;&gt;&lt;tbody&gt;&lt;tr&gt;&lt;td width=&quot;316&quot; colspan=&quot;2&quot; valign=&quot;top&quot; style=&quot;width:237.25pt;padding:0cm 0cm 3.75pt 0cm&quot;&gt;&lt;p class=&quot;MsoNormal&quot; style=&quot;line-height:105%&quot;&gt;&lt;span style=&quot;mso-bookmark:_Hlk18436588&quot;&gt;&lt;span style=&quot;font-size:13.5pt;line-height:105%;font-family:&amp;quot;Arial&amp;quot;,sans-serif;color:#F7751F&quot;&gt;Miguel Angel Almeyda Segura&lt;/span&gt;&lt;/span&gt;&lt;/p&gt;&lt;/td&gt;&lt;/tr&gt;&lt;tr&gt;&lt;td width=&quot;316&quot; colspan=&quot;2&quot; valign=&quot;top&quot; style=&quot;width:237.25pt;padding:0cm 0cm 0cm 0cm&quot;&gt;&lt;p class=&quot;MsoNormal&quot; style=&quot;line-height:105%&quot;&gt;&lt;span style=&quot;mso-bookmark:_Hlk18436588&quot;&gt;&lt;b&gt;&lt;span style=&quot;font-size:10.5pt;line-height:105%;font-family:&amp;quot;Arial&amp;quot;,sans-serif;color:#333333&quot;&gt;Creantis | vtiger Per&uacute;&lt;/span&gt;&lt;/b&gt;&lt;/span&gt;&lt;span style=&quot;mso-bookmark:_Hlk18436588&quot;&gt;&lt;span style=&quot;font-size:10.5pt;line-height:105%;font-family:&amp;quot;Arial&amp;quot;,sans-serif;color:#333333&quot;&gt;&lt;/span&gt;&lt;/span&gt;&lt;/p&gt;&lt;/td&gt;&lt;/tr&gt;&lt;tr&gt;&lt;td width=&quot;316&quot; colspan=&quot;2&quot; valign=&quot;top&quot; style=&quot;width:237.25pt;padding:0cm 0cm 3.75pt 0cm&quot;&gt;&lt;p class=&quot;MsoNormal&quot; style=&quot;line-height:105%&quot;&gt;&lt;span style=&quot;mso-bookmark:_Hlk18436588&quot;&gt;&lt;span style=&quot;font-size:10.5pt;line-height:105%;font-family:&amp;quot;Arial&amp;quot;,sans-serif;color:#333333&quot;&gt;Software CRM r&aacute;pido y econ&oacute;mico&lt;/span&gt;&lt;/span&gt;&lt;/p&gt;&lt;/td&gt;&lt;/tr&gt;&lt;tr&gt;&lt;td width=&quot;20&quot; valign=&quot;top&quot; style=&quot;width:15.0pt;padding:0cm 0cm 0cm 0cm&quot;&gt;&lt;p class=&quot;MsoNormal&quot; style=&quot;line-height:105%&quot;&gt;&lt;span style=&quot;mso-bookmark:_Hlk18436588&quot;&gt;&lt;span style=&quot;font-size:10.5pt;line-height:105%;font-family:&amp;quot;Arial&amp;quot;,sans-serif;color:#F7751F&quot;&gt;in:&lt;/span&gt;&lt;/span&gt;&lt;/p&gt;&lt;/td&gt;&lt;td width=&quot;296&quot; valign=&quot;top&quot; style=&quot;width:222.25pt;padding:0cm 0cm 0cm 0cm&quot;&gt;&lt;p class=&quot;MsoNormal&quot; style=&quot;line-height:105%&quot;&gt;&lt;span style=&quot;mso-bookmark:_Hlk18436588&quot;&gt;&lt;/span&gt;&lt;a href=&quot;https://www.linkedin.com/in/oscarsc&quot;&gt;&lt;span style=&quot;mso-bookmark:_Hlk18436588&quot;&gt;&lt;span style=&quot;font-size:10.5pt;line-height:105%;font-family:&amp;quot;Arial&amp;quot;,sans-serif;color:#767171&quot;&gt;https://www.linkedin.com/company/creantis&lt;/span&gt;&lt;/span&gt;&lt;span style=&quot;mso-bookmark:_Hlk18436588&quot;&gt;&lt;/span&gt;&lt;/a&gt;&lt;span style=&quot;mso-bookmark:_Hlk18436588&quot;&gt;&lt;span style=&quot;font-size:10.5pt;line-height:105%;font-family:&amp;quot;Arial&amp;quot;,sans-serif;color:#767171&quot;&gt;&lt;/span&gt;&lt;/span&gt;&lt;/p&gt;&lt;/td&gt;&lt;/tr&gt;&lt;tr&gt;&lt;td width=&quot;20&quot; valign=&quot;top&quot; style=&quot;width:15.0pt;padding:0cm 0cm 0cm 0cm&quot;&gt;&lt;p class=&quot;MsoNormal&quot; style=&quot;line-height:105%&quot;&gt;&lt;span style=&quot;mso-bookmark:_Hlk18436588&quot;&gt;&lt;span style=&quot;font-size:10.5pt;line-height:105%;font-family:&amp;quot;Arial&amp;quot;,sans-serif;color:#F7751F&quot;&gt;m:&lt;/span&gt;&lt;/span&gt;&lt;/p&gt;&lt;/td&gt;&lt;td width=&quot;296&quot; valign=&quot;top&quot; style=&quot;width:222.25pt;padding:0cm 0cm 0cm 0cm&quot;&gt;&lt;p class=&quot;MsoNormal&quot; style=&quot;line-height:105%&quot;&gt;&lt;span style=&quot;mso-bookmark:_Hlk18436588&quot;&gt;&lt;span style=&quot;font-size:10.5pt;line-height:105%;font-family:&amp;quot;Arial&amp;quot;,sans-serif;color:#767171&quot;&gt;+51 985 862 569&lt;/span&gt;&lt;/span&gt;&lt;/p&gt;&lt;/td&gt;&lt;/tr&gt;&lt;tr&gt;&lt;td width=&quot;20&quot; valign=&quot;top&quot; style=&quot;width:15.0pt;padding:0cm 0cm 0cm 0cm&quot;&gt;&lt;p class=&quot;MsoNormal&quot; style=&quot;line-height:105%&quot;&gt;&lt;span style=&quot;mso-bookmark:_Hlk18436588&quot;&gt;&lt;span style=&quot;font-size:10.5pt;line-height:105%;font-family:&amp;quot;Arial&amp;quot;,sans-serif;color:#F7751F&quot;&gt;e:&lt;/span&gt;&lt;/span&gt;&lt;/p&gt;&lt;/td&gt;&lt;td width=&quot;296&quot; valign=&quot;top&quot; style=&quot;width:222.25pt;padding:0cm 0cm 0cm 0cm&quot;&gt;&lt;p class=&quot;MsoNormal&quot; style=&quot;line-height:105%&quot;&gt;&lt;span style=&quot;mso-bookmark:_Hlk18436588&quot;&gt;&lt;/span&gt;&lt;a href=&quot;mailto:malmeyda@creantis.com&quot;&gt;&lt;span style=&quot;mso-bookmark:_Hlk18436588&quot;&gt;&lt;span style=&quot;font-size:10.5pt;line-height:105%;font-family:&amp;quot;Arial&amp;quot;,sans-serif;color:#767171&quot;&gt;malmeyda@creantis.com&lt;/span&gt;&lt;/span&gt;&lt;span style=&quot;mso-bookmark:_Hlk18436588&quot;&gt;&lt;/span&gt;&lt;/a&gt;&lt;span style=&quot;mso-bookmark:_Hlk18436588&quot;&gt;&lt;span style=&quot;font-size:10.5pt;line-height:105%;font-family:&amp;quot;Arial&amp;quot;,sans-serif;color:#767171&quot;&gt;&lt;/span&gt;&lt;/span&gt;&lt;/p&gt;&lt;/td&gt;&lt;/tr&gt;&lt;tr&gt;&lt;td width=&quot;20&quot; valign=&quot;top&quot; style=&quot;width:15.0pt;padding:0cm 0cm 3.75pt 0cm&quot;&gt;&lt;p class=&quot;MsoNormal&quot; style=&quot;line-height:105%&quot;&gt;&lt;span style=&quot;mso-bookmark:_Hlk18436588&quot;&gt;&lt;span style=&quot;font-size:10.5pt;line-height:105%;font-family:&amp;quot;Arial&amp;quot;,sans-serif;color:#F7751F&quot;&gt;w:&lt;/span&gt;&lt;/span&gt;&lt;/p&gt;&lt;/td&gt;&lt;td width=&quot;296&quot; valign=&quot;top&quot; style=&quot;width:222.25pt;padding:0cm 0cm 0cm 0cm&quot;&gt;&lt;p class=&quot;MsoNormal&quot; style=&quot;line-height:105%&quot;&gt;&lt;span style=&quot;mso-bookmark:_Hlk18436588&quot;&gt;&lt;/span&gt;&lt;a href=&quot;http://www.creantis.com/&quot;&gt;&lt;span style=&quot;mso-bookmark:_Hlk18436588&quot;&gt;&lt;span style=&quot;font-size:10.5pt;line-height:105%;font-family:&amp;quot;Arial&amp;quot;,sans-serif;color:#767171&quot;&gt;www.creantis.com&lt;/span&gt;&lt;/span&gt;&lt;span style=&quot;mso-bookmark:_Hlk18436588&quot;&gt;&lt;/span&gt;&lt;/a&gt;&lt;span style=&quot;mso-bookmark:_Hlk18436588&quot;&gt;&lt;span style=&quot;font-size:10.5pt;line-height:105%;font-family:&amp;quot;Arial&amp;quot;,sans-serif;color:#767171&quot;&gt;&lt;/span&gt;&lt;/span&gt;&lt;/p&gt;&lt;/td&gt;&lt;/tr&gt;&lt;/tbody&gt;&lt;/table&gt;&lt;span style=&quot;mso-bookmark:_Hlk18436588&quot;&gt;&lt;/span&gt;&lt;/td&gt;&lt;td width=&quot;185&quot; rowspan=&quot;3&quot; valign=&quot;top&quot; style=&quot;width:138.5pt;padding:0cm 0cm 0cm 0cm&quot;&gt;&lt;p class=&quot;MsoNormal&quot; style=&quot;line-height:105%&quot;&gt;&lt;span style=&quot;mso-bookmark:_Hlk18436588&quot;&gt;&lt;span style=&quot;font-size:13.5pt;line-height:105%;font-family:&amp;quot;Arial&amp;quot;,sans-serif;color:#F7751F&quot;&gt;&amp;nbsp;&lt;/span&gt;&lt;/span&gt;&lt;/p&gt;&lt;span style=&quot;mso-bookmark:_Hlk18436588&quot;&gt;&lt;/span&gt;&lt;p class=&quot;MsoNormal&quot; style=&quot;line-height:105%&quot;&gt;&lt;span style=&quot;mso-bookmark:_Hlk18436588&quot;&gt;&lt;span style=&quot;font-size:13.5pt;line-height:105%;font-family:&amp;quot;Arial&amp;quot;,sans-serif;color:#F7751F&quot;&gt;&amp;nbsp;&lt;/span&gt;&lt;/span&gt;&lt;/p&gt;&lt;/td&gt;&lt;/tr&gt;&lt;tr&gt;&lt;td width=&quot;199&quot; valign=&quot;top&quot; style=&quot;width:149.0pt;padding:9.0pt 5.25pt 0cm 0cm&quot;&gt;&lt;p class=&quot;MsoNormal&quot; style=&quot;line-height:105%&quot;&gt;&lt;span style=&quot;mso-bookmark:_Hlk18436588&quot;&gt;&lt;span style=&quot;font-size:13.5pt;line-height:105%;font-family:&amp;quot;Arial&amp;quot;,sans-serif;color:#F7751F&quot;&gt;&lt;img border=&quot;0&quot; width=&quot;151&quot; height=&quot;35&quot; style=&quot;width:1.5729in;height:.3645in&quot; src=&quot;cid:image003.png@01DACF46.16D29210&quot;&gt;&lt;/span&gt;&lt;/span&gt;&lt;span style=&quot;mso-bookmark:_Hlk18436588&quot;&gt;&lt;span style=&quot;font-size:12.0pt;line-height:105%;font-family:&amp;quot;Times New Roman&amp;quot;,serif;color:blue;border:none windowtext 1.0pt;padding:0cm&quot;&gt;&lt;/span&gt;&lt;/span&gt;&lt;/p&gt;&lt;/td&gt;&lt;/tr&gt;&lt;tr&gt;&lt;td width=&quot;199&quot; valign=&quot;top&quot; style=&quot;width:149.0pt;padding:9.0pt 5.25pt 0cm 0cm&quot;&gt;&lt;p class=&quot;MsoNormal&quot; style=&quot;line-height:105%&quot;&gt;&lt;span style=&quot;mso-bookmark:_Hlk18436588&quot;&gt;&lt;/span&gt;&lt;a href=&quot;https://www.linkedin.com/company/creantis&quot;&gt;&lt;span style=&quot;mso-bookmark:_Hlk18436588&quot;&gt;&lt;span style=&quot;font-size:12.0pt;line-height:105%;font-family:&amp;quot;Times New Roman&amp;quot;,serif;color:blue;border:none windowtext 1.0pt;padding:0cm;text-decoration:none&quot;&gt;&lt;img border=&quot;0&quot; width=&quot;25&quot; height=&quot;25&quot; style=&quot;width:.2604in;height:.2604in&quot; src=&quot;cid:image004.png@01DACF46.16D29210&quot;&gt;&lt;/span&gt;&lt;/span&gt;&lt;span style=&quot;mso-bookmark:_Hlk18436588&quot;&gt;&lt;/span&gt;&lt;/a&gt;&lt;span style=&quot;mso-bookmark:_Hlk18436588&quot;&gt;&lt;span style=&quot;font-size:12.0pt;line-height:105%;font-family:&amp;quot;Times New Roman&amp;quot;,serif&quot;&gt;&amp;nbsp;&amp;nbsp;&lt;/span&gt;&lt;/span&gt;&lt;a href=&quot;https://youtube.com/creantis&quot;&gt;&lt;span style=&quot;mso-bookmark:_Hlk18436588&quot;&gt;&lt;span style=&quot;font-size:12.0pt;line-height:105%;font-family:&amp;quot;Times New Roman&amp;quot;,serif;color:blue;border:none windowtext 1.0pt;padding:0cm;text-decoration:none&quot;&gt;&lt;img border=&quot;0&quot; width=&quot;25&quot; height=&quot;25&quot; style=&quot;width:.2604in;height:.2604in&quot; src=&quot;cid:image005.png@01DACF46.16D29210&quot;&gt;&lt;/span&gt;&lt;/span&gt;&lt;span style=&quot;mso-bookmark:_Hlk18436588&quot;&gt;&lt;/span&gt;&lt;/a&gt;&lt;span style=&quot;mso-bookmark:_Hlk18436588&quot;&gt;&lt;span style=&quot;font-size:12.0pt;line-height:105%;font-family:&amp;quot;Times New Roman&amp;quot;,serif&quot;&gt;&amp;nbsp;&amp;nbsp;&lt;/span&gt;&lt;/span&gt;&lt;a href=&quot;https://www.twitter.com/creantis&quot;&gt;&lt;span style=&quot;mso-bookmark:_Hlk18436588&quot;&gt;&lt;span style=&quot;font-size:12.0pt;line-height:105%;font-family:&amp;quot;Times New Roman&amp;quot;,serif;color:blue;border:none windowtext 1.0pt;padding:0cm;text-decoration:none&quot;&gt;&lt;img border=&quot;0&quot; width=&quot;25&quot; height=&quot;25&quot; style=&quot;width:.2604in;height:.2604in&quot; src=&quot;cid:image006.png@01DACF46.16D29210&quot;&gt;&lt;/span&gt;&lt;/span&gt;&lt;span style=&quot;mso-bookmark:_Hlk18436588&quot;&gt;&lt;/span&gt;&lt;/a&gt;&lt;span style=&quot;mso-bookmark:_Hlk18436588&quot;&gt;&lt;span style=&quot;font-size:12.0pt;line-height:105%;font-family:&amp;quot;Times New Roman&amp;quot;,serif&quot;&gt;&amp;nbsp;&amp;nbsp;&lt;/span&gt;&lt;/span&gt;&lt;a href=&quot;https://www.facebook.com/creantis.pe/&quot;&gt;&lt;span style=&quot;mso-bookmark:_Hlk18436588&quot;&gt;&lt;span style=&quot;font-size:12.0pt;line-height:105%;font-family:&amp;quot;Times New Roman&amp;quot;,serif;color:blue;border:none windowtext 1.0pt;padding:0cm;text-decoration:none&quot;&gt;&lt;img border=&quot;0&quot; width=&quot;25&quot; height=&quot;25&quot; style=&quot;width:.2604in;height:.2604in&quot; src=&quot;cid:image007.png@01DACF46.16D29210&quot;&gt;&lt;/span&gt;&lt;/span&gt;&lt;span style=&quot;mso-bookmark:_Hlk18436588&quot;&gt;&lt;/span&gt;&lt;/a&gt;&lt;span style=&quot;mso-bookmark:_Hlk18436588&quot;&gt;&lt;span style=&quot;font-size:12.0pt;line-height:105%;font-family:&amp;quot;Times New Roman&amp;quot;,serif&quot;&gt;&amp;nbsp;&amp;nbsp;&lt;/span&gt;&lt;/span&gt;&lt;a href=&quot;https://www.instagram.com/creantis/&quot;&gt;&lt;span style=&quot;mso-bookmark:_Hlk18436588&quot;&gt;&lt;span style=&quot;font-size:12.0pt;line-height:105%;font-family:&amp;quot;Times New Roman&amp;quot;,serif;color:blue;border:none windowtext 1.0pt;padding:0cm;text-decoration:none&quot;&gt;&lt;img border=&quot;0&quot; width=&quot;25&quot; height=&quot;25&quot; style=&quot;width:.2604in;height:.2604in&quot; src=&quot;cid:image008.png@01DACF46.16D29210&quot;&gt;&lt;/span&gt;&lt;/span&gt;&lt;span style=&quot;mso-bookmark:_Hlk18436588&quot;&gt;&lt;/span&gt;&lt;/a&gt;&lt;span style=&quot;mso-bookmark:_Hlk18436588&quot;&gt;&lt;span style=&quot;font-size:12.0pt;line-height:105%;font-family:&amp;quot;Times New Roman&amp;quot;,serif&quot;&gt;&lt;/span&gt;&lt;/span&gt;&lt;/p&gt;&lt;/td&gt;&lt;/tr&gt;&lt;/tbody&gt;&lt;/table&gt;&lt;p class=&quot;MsoNormal&quot;&gt;&lt;span style=&quot;mso-fareast-language:ES-PE&quot;&gt;&amp;nbsp;&lt;/span&gt;&lt;/p&gt;&lt;p class=&quot;MsoNormal&quot;&gt;&amp;nbsp;&lt;/p&gt;&lt;/div&gt;&lt;br&gt;&lt;br&gt;&lt;/body&gt;'),(1,'time_start',NULL,'06:46'),(1,'createdtime',NULL,'2024-07-06 06:46:00'),(1,'modifiedby',NULL,'1'),(1,'source',NULL,'CRM'),(1,'record_id',NULL,'673'),(1,'record_module',NULL,'Emails'),(2,'label',NULL,'image001.jpg'),(2,'notes_title',NULL,'image001.jpg'),(2,'createdtime',NULL,'2024-07-06 06:46:00'),(2,'filename',NULL,'image001.jpg'),(2,'assigned_user_id',NULL,'1'),(2,'filesize',NULL,'4894'),(2,'filelocationtype',NULL,'I'),(2,'filestatus',NULL,'1'),(2,'folderid',NULL,'1'),(2,'note_no',NULL,'DOC1'),(2,'modifiedby',NULL,'1'),(2,'source',NULL,'CRM'),(2,'record_id',NULL,'675'),(2,'record_module',NULL,'Documents'),(3,'label',NULL,'image002.png'),(3,'notes_title',NULL,'image002.png'),(3,'createdtime',NULL,'2024-07-06 06:46:00'),(3,'filename',NULL,'image002.png'),(3,'assigned_user_id',NULL,'1'),(3,'filesize',NULL,'4824'),(3,'filelocationtype',NULL,'I'),(3,'filestatus',NULL,'1'),(3,'folderid',NULL,'1'),(3,'note_no',NULL,'DOC2'),(3,'modifiedby',NULL,'1'),(3,'source',NULL,'CRM'),(3,'record_id',NULL,'677'),(3,'record_module',NULL,'Documents'),(4,'label',NULL,'image003.png'),(4,'notes_title',NULL,'image003.png'),(4,'createdtime',NULL,'2024-07-06 06:46:00'),(4,'filename',NULL,'image003.png'),(4,'assigned_user_id',NULL,'1'),(4,'filesize',NULL,'7458'),(4,'filelocationtype',NULL,'I'),(4,'filestatus',NULL,'1'),(4,'folderid',NULL,'1'),(4,'note_no',NULL,'DOC3'),(4,'modifiedby',NULL,'1'),(4,'source',NULL,'CRM'),(4,'record_id',NULL,'679'),(4,'record_module',NULL,'Documents'),(5,'label',NULL,'image004.png'),(5,'notes_title',NULL,'image004.png'),(5,'createdtime',NULL,'2024-07-06 06:46:01'),(5,'filename',NULL,'image004.png'),(5,'assigned_user_id',NULL,'1'),(5,'filesize',NULL,'771'),(5,'filelocationtype',NULL,'I'),(5,'filestatus',NULL,'1'),(5,'folderid',NULL,'1'),(5,'note_no',NULL,'DOC4'),(5,'modifiedby',NULL,'1'),(5,'source',NULL,'CRM'),(5,'record_id',NULL,'681'),(5,'record_module',NULL,'Documents'),(6,'label',NULL,'image005.png'),(6,'notes_title',NULL,'image005.png'),(6,'createdtime',NULL,'2024-07-06 06:46:01'),(6,'filename',NULL,'image005.png'),(6,'assigned_user_id',NULL,'1'),(6,'filesize',NULL,'883'),(6,'filelocationtype',NULL,'I'),(6,'filestatus',NULL,'1'),(6,'folderid',NULL,'1'),(6,'note_no',NULL,'DOC5'),(6,'modifiedby',NULL,'1'),(6,'source',NULL,'CRM'),(6,'record_id',NULL,'683'),(6,'record_module',NULL,'Documents'),(7,'label',NULL,'image006.png'),(7,'notes_title',NULL,'image006.png'),(7,'createdtime',NULL,'2024-07-06 06:46:01'),(7,'filename',NULL,'image006.png'),(7,'assigned_user_id',NULL,'1'),(7,'filesize',NULL,'783'),(7,'filelocationtype',NULL,'I'),(7,'filestatus',NULL,'1'),(7,'folderid',NULL,'1'),(7,'note_no',NULL,'DOC6'),(7,'modifiedby',NULL,'1'),(7,'source',NULL,'CRM'),(7,'record_id',NULL,'685'),(7,'record_module',NULL,'Documents'),(8,'label',NULL,'image007.png'),(8,'notes_title',NULL,'image007.png'),(8,'createdtime',NULL,'2024-07-06 06:46:01'),(8,'filename',NULL,'image007.png'),(8,'assigned_user_id',NULL,'1'),(8,'filesize',NULL,'682'),(8,'filelocationtype',NULL,'I'),(8,'filestatus',NULL,'1'),(8,'folderid',NULL,'1'),(8,'note_no',NULL,'DOC7'),(8,'modifiedby',NULL,'1'),(8,'source',NULL,'CRM'),(8,'record_id',NULL,'687'),(8,'record_module',NULL,'Documents'),(9,'label',NULL,'image008.png'),(9,'notes_title',NULL,'image008.png'),(9,'createdtime',NULL,'2024-07-06 06:46:01'),(9,'filename',NULL,'image008.png'),(9,'assigned_user_id',NULL,'1'),(9,'filesize',NULL,'1093'),(9,'filelocationtype',NULL,'I'),(9,'filestatus',NULL,'1'),(9,'folderid',NULL,'1'),(9,'note_no',NULL,'DOC8'),(9,'modifiedby',NULL,'1'),(9,'source',NULL,'CRM'),(9,'record_id',NULL,'689'),(9,'record_module',NULL,'Documents'),(41,'otherphone','','23435679'),(41,'lb_compraacumulada','','0.00000000'),(43,'label',NULL,'El cliente coment&oacute; que ha tenido retrasos en su facturacion. Es algo extraordinario.'),(43,'commentcontent',NULL,'El cliente coment&oacute; que ha tenido retrasos en su facturacion. Es algo extraordinario.'),(43,'assigned_user_id',NULL,'1'),(43,'createdtime',NULL,'2024-07-08 14:22:25'),(43,'related_to',NULL,'101'),(43,'creator',NULL,'1'),(43,'source',NULL,'CRM'),(43,'userid',NULL,'1'),(43,'record_id',NULL,'720'),(43,'record_module',NULL,'ModComments'),(46,'lb_diasvencidos','-31','-27'),(46,'lb_etapa','','48 horas'),(47,'label',NULL,'hola'),(47,'subject',NULL,'hola'),(47,'assigned_user_id',NULL,'7'),(47,'date_start',NULL,'2024-07-12'),(47,'time_start',NULL,'17:00:00'),(47,'due_date',NULL,'2024-07-12'),(47,'time_end',NULL,'19:00:00'),(47,'duration_hours',NULL,'2'),(47,'eventstatus',NULL,'Planned'),(47,'activitytype',NULL,'Call'),(47,'createdtime',NULL,'2024-07-12 16:12:57'),(47,'visibility',NULL,'Public'),(47,'modifiedby',NULL,'1'),(47,'source',NULL,'CRM'),(47,'record_id',NULL,'723'),(47,'record_module',NULL,'Events'),(49,'label',NULL,'chamo'),(49,'subject',NULL,'chamo'),(49,'assigned_user_id',NULL,'1'),(49,'date_start',NULL,'2024-07-12'),(49,'time_start',NULL,'05:00:00'),(49,'due_date',NULL,'2024-07-12'),(49,'time_end',NULL,'05:05:00'),(49,'duration_minutes',NULL,'5'),(49,'eventstatus',NULL,'Planned'),(49,'activitytype',NULL,'Call'),(49,'createdtime',NULL,'2024-07-12 16:21:35'),(49,'visibility',NULL,'Public'),(49,'modifiedby',NULL,'1'),(49,'source',NULL,'CRM'),(49,'record_id',NULL,'724'),(49,'record_module',NULL,'Events'),(50,'label',NULL,'chamo 2'),(50,'subject',NULL,'chamo 2'),(50,'assigned_user_id',NULL,'1'),(50,'date_start',NULL,'2024-07-12'),(50,'time_start',NULL,'16:23:00'),(50,'due_date',NULL,'2024-07-12'),(50,'time_end',NULL,'18:00:00'),(50,'duration_hours',NULL,'1'),(50,'duration_minutes',NULL,'37'),(50,'parent_id',NULL,'101'),(50,'eventstatus',NULL,'Planned'),(50,'activitytype',NULL,'Call'),(50,'createdtime',NULL,'2024-07-12 16:23:38'),(50,'visibility',NULL,'Public'),(50,'modifiedby',NULL,'1'),(50,'source',NULL,'CRM'),(50,'record_id',NULL,'725'),(50,'record_module',NULL,'Events'),(52,'label',NULL,'chamo 3'),(52,'subject',NULL,'chamo 3'),(52,'assigned_user_id',NULL,'1'),(52,'date_start',NULL,'2024-07-12'),(52,'time_start',NULL,'16:25:00'),(52,'due_date',NULL,'2024-07-12'),(52,'time_end',NULL,'16:30:00'),(52,'duration_minutes',NULL,'5'),(52,'eventstatus',NULL,'Planned'),(52,'activitytype',NULL,'Call'),(52,'createdtime',NULL,'2024-07-12 16:25:49'),(52,'visibility',NULL,'Public'),(52,'modifiedby',NULL,'1'),(52,'source',NULL,'CRM'),(52,'record_id',NULL,'726'),(52,'record_module',NULL,'Events'),(54,'label',NULL,'chamo 5'),(54,'subject',NULL,'chamo 5'),(54,'assigned_user_id',NULL,'1'),(54,'date_start',NULL,'2024-07-12'),(54,'time_start',NULL,'21:00:00'),(54,'due_date',NULL,'2024-07-13'),(54,'time_end',NULL,'01:53:00'),(54,'duration_hours',NULL,'4'),(54,'duration_minutes',NULL,'53'),(54,'eventstatus',NULL,'Planned'),(54,'activitytype',NULL,'Call'),(54,'createdtime',NULL,'2024-07-12 16:37:20'),(54,'visibility',NULL,'Public'),(54,'modifiedby',NULL,'1'),(54,'source',NULL,'CRM'),(54,'record_id',NULL,'727'),(54,'record_module',NULL,'Events'),(56,'mobile','','51924985856'),(56,'otherphone','(1)3172500',''),(56,'email','abarrantes@deprodecas..com.pe','abarrantes@deprodecas.com.pe'),(56,'support_start_date','','2024-07-12'),(56,'support_end_date','','2025-07-12'),(57,'lb_telefonocobran','999999064','51924985856'),(58,'mobile','51924985856','51916168746'),(58,'lb_ticketpromediocontact','','0.00000000'),(58,'lb_compraacumuladacontact','','0.00000000'),(59,'lb_estadopagosparciales','','Pagada'),(61,'label',NULL,'hola'),(61,'commentcontent',NULL,'hola'),(61,'assigned_user_id',NULL,'1'),(61,'createdtime',NULL,'2024-07-12 17:25:18'),(61,'related_to',NULL,'519'),(61,'creator',NULL,'1'),(61,'source',NULL,'CRM'),(61,'userid',NULL,'1'),(61,'record_id',NULL,'733'),(61,'record_module',NULL,'ModComments'),(62,'label',NULL,'Enrique EMG'),(62,'assigned_user_id',NULL,'1'),(62,'createdtime',NULL,'2024-07-18 10:25:42'),(62,'modifiedby',NULL,'1'),(62,'source',NULL,'CRM'),(62,'record_id',NULL,'734'),(62,'record_module',NULL,'Contacts'),(63,'label',NULL,'Enrique EMG'),(63,'assigned_user_id',NULL,'1'),(63,'createdtime',NULL,'2024-07-18 10:26:40'),(63,'modifiedby',NULL,'1'),(63,'source',NULL,'CRM'),(63,'record_id',NULL,'735'),(63,'record_module',NULL,'Contacts'),(64,'label','Enrique EMG','enrique ABCDEF'),(65,'mobile','51916168746','34644263345'),(65,'lb_whatsappcontact','','34644263345'),(66,'phone','999999064','34644263345'),(68,'label',NULL,'No recibi los mensajes que el cliente me respondi&oacute;'),(68,'commentcontent',NULL,'No recibi los mensajes que el cliente me respondi&oacute;'),(68,'assigned_user_id',NULL,'1'),(68,'createdtime',NULL,'2024-07-18 10:54:36'),(68,'related_to',NULL,'170'),(68,'creator',NULL,'1'),(68,'source',NULL,'CRM'),(68,'userid',NULL,'1'),(68,'record_id',NULL,'742'),(68,'record_module',NULL,'ModComments'),(69,'label',NULL,'Christian Daniel Garcia'),(69,'assigned_user_id',NULL,'1'),(69,'createdtime',NULL,'2024-07-18 15:13:26'),(69,'modifiedby',NULL,'1'),(69,'source',NULL,'CRM'),(69,'record_id',NULL,'743'),(69,'record_module',NULL,'Contacts'),(70,'label',NULL,'chris garcia'),(70,'firstname',NULL,'chris'),(70,'lead_no',NULL,'LEA29'),(70,'lastname',NULL,'garcia'),(70,'annualrevenue',NULL,'0.00000000'),(70,'assigned_user_id',NULL,'1'),(70,'createdtime',NULL,'2024-07-18 15:14:27'),(70,'modifiedby',NULL,'1'),(70,'source',NULL,'CRM'),(70,'record_id',NULL,'744'),(70,'record_module',NULL,'Leads'),(71,'label',NULL,'Test'),(71,'assigned_user_id',NULL,'1'),(71,'createdtime',NULL,'2024-07-18 16:12:23'),(71,'modifiedby',NULL,'1'),(71,'source',NULL,'CRM'),(71,'record_id',NULL,'745'),(71,'record_module',NULL,'Contacts'),(72,'label',NULL,'asdasd'),(72,'assigned_user_id',NULL,'1'),(72,'createdtime',NULL,'2024-07-18 16:13:22'),(72,'modifiedby',NULL,'1'),(72,'source',NULL,'CRM'),(72,'record_id',NULL,'746'),(72,'record_module',NULL,'Contacts'),(73,'label',NULL,'TEST'),(73,'assigned_user_id',NULL,'1'),(73,'createdtime',NULL,'2024-07-18 16:14:57'),(73,'modifiedby',NULL,'1'),(73,'source',NULL,'CRM'),(73,'record_id',NULL,'747'),(73,'record_module',NULL,'Contacts'),(74,'contact_no','','CON115'),(74,'lastname','','TEST'),(74,'mobile','','9284685'),(74,'support_start_date','','2024-07-18'),(74,'support_end_date','','2025-07-18'),(74,'lb_ticketpromediocontact','','0.00000000'),(74,'lb_compraacumuladacontact','','0.00000000'),(75,'label',NULL,'Creantis TEST  41'),(75,'firstname',NULL,'Creantis'),(75,'contact_no',NULL,'CON116'),(75,'lastname',NULL,'TEST  41'),(75,'mobile',NULL,'1414'),(75,'assigned_user_id',NULL,'1'),(75,'createdtime',NULL,'2024-07-18 16:20:02'),(75,'modifiedby',NULL,'1'),(75,'support_start_date',NULL,'2024-07-18'),(75,'support_end_date',NULL,'2025-07-18'),(75,'source',NULL,'CRM'),(75,'lb_ticketpromediocontact',NULL,'0.00000000'),(75,'lb_compraacumuladacontact',NULL,'0.00000000'),(75,'record_id',NULL,'748'),(75,'record_module',NULL,'Contacts'),(78,'label',NULL,'Regarding Contact Assignment'),(78,'date_start',NULL,'2024-07-18'),(78,'activitytype',NULL,'Emails'),(78,'assigned_user_id',NULL,'1'),(78,'subject',NULL,'Regarding Contact Assignment'),(78,'description',NULL,'An Contact has been assigned to you on vtigerCRM&lt;br&gt;Details of Contact are :&lt;br&gt;&lt;br&gt;Contact Id:&lt;b&gt;CON64&lt;/b&gt;&lt;br&gt;LastName:&lt;b&gt;Barrantes&lt;/b&gt;&lt;br&gt;FirstName:&lt;b&gt;Adriana&lt;/b&gt;&lt;br&gt;Lead Source:&lt;b&gt;&lt;/b&gt;&lt;br&gt;Department:&lt;b&gt;&lt;/b&gt;&lt;br&gt;Description:&lt;b&gt;&lt;/b&gt;&lt;br&gt;&lt;br&gt;&lt;br&gt;And &lt;b&gt;CustomerPortal Login Details&lt;/b&gt; is sent to the EmailID :-abarrantes@deprodecas.com.pe&lt;br&gt;&lt;br&gt;Thank You&lt;br&gt;Admin&lt;br&gt;&lt;br&gt;'),(78,'time_start',NULL,'17:10:01'),(78,'createdtime',NULL,'2024-07-18 17:10:01'),(78,'modifiedby',NULL,'1'),(78,'from_email',NULL,'cgarcia@creantis.com'),(78,'saved_toid',NULL,'[&quot;cgarcia@creantis.com&quot;]'),(78,'ccmail',NULL,'[&quot;&quot;]'),(78,'bccmail',NULL,'[&quot;&quot;]'),(78,'parent_id',NULL,'170@1|'),(78,'email_flag',NULL,'SENT'),(78,'source',NULL,'CRM'),(78,'record_id',NULL,'751'),(78,'record_module',NULL,'Emails'),(80,'label',NULL,'Regarding Contact Assignment'),(80,'date_start',NULL,'2024-07-18'),(80,'activitytype',NULL,'Emails'),(80,'assigned_user_id',NULL,'1'),(80,'subject',NULL,'Regarding Contact Assignment'),(80,'description',NULL,'An Contact has been assigned to you on vtigerCRM&lt;br&gt;Details of Contact are :&lt;br&gt;&lt;br&gt;Contact Id:&lt;b&gt;CON64&lt;/b&gt;&lt;br&gt;LastName:&lt;b&gt;Barrantes&lt;/b&gt;&lt;br&gt;FirstName:&lt;b&gt;Adriana&lt;/b&gt;&lt;br&gt;Lead Source:&lt;b&gt;&lt;/b&gt;&lt;br&gt;Department:&lt;b&gt;&lt;/b&gt;&lt;br&gt;Description:&lt;b&gt;&lt;/b&gt;&lt;br&gt;&lt;br&gt;&lt;br&gt;And &lt;b&gt;CustomerPortal Login Details&lt;/b&gt; is sent to the EmailID :-abarrantes@deprodecas.com.pe&lt;br&gt;&lt;br&gt;Thank You&lt;br&gt;Admin&lt;br&gt;&lt;br&gt;'),(80,'time_start',NULL,'17:10:01'),(80,'createdtime',NULL,'2024-07-18 17:10:01'),(80,'modifiedby',NULL,'1'),(80,'from_email',NULL,'cgarcia@creantis.com'),(80,'saved_toid',NULL,'[&quot;cgarcia@creantis.com&quot;]'),(80,'ccmail',NULL,'[&quot;&quot;]'),(80,'bccmail',NULL,'[&quot;&quot;]'),(80,'parent_id',NULL,'170@1|'),(80,'email_flag',NULL,'SENT'),(80,'source',NULL,'CRM'),(80,'record_id',NULL,'752'),(80,'record_module',NULL,'Emails'),(82,'label',NULL,'Regarding Contact Assignment'),(82,'date_start',NULL,'2024-07-18'),(82,'activitytype',NULL,'Emails'),(82,'assigned_user_id',NULL,'1'),(82,'subject',NULL,'Regarding Contact Assignment'),(82,'description',NULL,'An Contact has been assigned to you on vtigerCRM&lt;br&gt;Details of Contact are :&lt;br&gt;&lt;br&gt;Contact Id:&lt;b&gt;&lt;/b&gt;&lt;br&gt;LastName:&lt;b&gt;&lt;/b&gt;&lt;br&gt;FirstName:&lt;b&gt;&lt;/b&gt;&lt;br&gt;Lead Source:&lt;b&gt;&lt;/b&gt;&lt;br&gt;Department:&lt;b&gt;&lt;/b&gt;&lt;br&gt;Description:&lt;b&gt;&lt;/b&gt;&lt;br&gt;&lt;br&gt;&lt;br&gt;And &lt;b&gt;CustomerPortal Login Details&lt;/b&gt; is sent to the EmailID :-&lt;br&gt;&lt;br&gt;Thank You&lt;br&gt;Admin&lt;br&gt;&lt;br&gt;'),(82,'time_start',NULL,'17:10:02'),(82,'createdtime',NULL,'2024-07-18 17:10:02'),(82,'modifiedby',NULL,'1'),(82,'from_email',NULL,'creantisdevelopment@gmail.com'),(82,'saved_toid',NULL,'[&quot;creantisdevelopment@gmail.com&quot;]'),(82,'ccmail',NULL,'[&quot;&quot;]'),(82,'bccmail',NULL,'[&quot;&quot;]'),(82,'parent_id',NULL,'734@1|'),(82,'email_flag',NULL,'SENT'),(82,'source',NULL,'CRM'),(82,'record_id',NULL,'753'),(82,'record_module',NULL,'Emails'),(84,'label',NULL,'Regarding Contact Assignment'),(84,'date_start',NULL,'2024-07-18'),(84,'activitytype',NULL,'Emails'),(84,'assigned_user_id',NULL,'1'),(84,'subject',NULL,'Regarding Contact Assignment'),(84,'description',NULL,'An Contact has been assigned to you on vtigerCRM&lt;br&gt;Details of Contact are :&lt;br&gt;&lt;br&gt;Contact Id:&lt;b&gt;&lt;/b&gt;&lt;br&gt;LastName:&lt;b&gt;&lt;/b&gt;&lt;br&gt;FirstName:&lt;b&gt;&lt;/b&gt;&lt;br&gt;Lead Source:&lt;b&gt;&lt;/b&gt;&lt;br&gt;Department:&lt;b&gt;&lt;/b&gt;&lt;br&gt;Description:&lt;b&gt;&lt;/b&gt;&lt;br&gt;&lt;br&gt;&lt;br&gt;And &lt;b&gt;CustomerPortal Login Details&lt;/b&gt; is sent to the EmailID :-&lt;br&gt;&lt;br&gt;Thank You&lt;br&gt;Admin&lt;br&gt;&lt;br&gt;'),(84,'time_start',NULL,'17:10:02'),(84,'createdtime',NULL,'2024-07-18 17:10:02'),(84,'modifiedby',NULL,'1'),(84,'from_email',NULL,'creantisdevelopment@gmail.com'),(84,'saved_toid',NULL,'[&quot;creantisdevelopment@gmail.com&quot;]'),(84,'ccmail',NULL,'[&quot;&quot;]'),(84,'bccmail',NULL,'[&quot;&quot;]'),(84,'parent_id',NULL,'735@1|'),(84,'email_flag',NULL,'SENT'),(84,'source',NULL,'CRM'),(84,'record_id',NULL,'754'),(84,'record_module',NULL,'Emails'),(86,'label',NULL,'Regarding Contact Assignment'),(86,'date_start',NULL,'2024-07-18'),(86,'activitytype',NULL,'Emails'),(86,'assigned_user_id',NULL,'1'),(86,'subject',NULL,'Regarding Contact Assignment'),(86,'description',NULL,'An Contact has been assigned to you on vtigerCRM&lt;br&gt;Details of Contact are :&lt;br&gt;&lt;br&gt;Contact Id:&lt;b&gt;&lt;/b&gt;&lt;br&gt;LastName:&lt;b&gt;&lt;/b&gt;&lt;br&gt;FirstName:&lt;b&gt;&lt;/b&gt;&lt;br&gt;Lead Source:&lt;b&gt;&lt;/b&gt;&lt;br&gt;Department:&lt;b&gt;&lt;/b&gt;&lt;br&gt;Description:&lt;b&gt;&lt;/b&gt;&lt;br&gt;&lt;br&gt;&lt;br&gt;And &lt;b&gt;CustomerPortal Login Details&lt;/b&gt; is sent to the EmailID :-&lt;br&gt;&lt;br&gt;Thank You&lt;br&gt;Admin&lt;br&gt;&lt;br&gt;'),(86,'time_start',NULL,'17:10:02'),(86,'createdtime',NULL,'2024-07-18 17:10:02'),(86,'modifiedby',NULL,'1'),(86,'from_email',NULL,'creantisdevelopment@gmail.com'),(86,'saved_toid',NULL,'[&quot;creantisdevelopment@gmail.com&quot;]'),(86,'ccmail',NULL,'[&quot;&quot;]'),(86,'bccmail',NULL,'[&quot;&quot;]'),(86,'parent_id',NULL,'735@1|'),(86,'email_flag',NULL,'SENT'),(86,'source',NULL,'CRM'),(86,'record_id',NULL,'755'),(86,'record_module',NULL,'Emails'),(88,'label',NULL,'Regarding Contact Assignment'),(88,'date_start',NULL,'2024-07-18'),(88,'activitytype',NULL,'Emails'),(88,'assigned_user_id',NULL,'1'),(88,'subject',NULL,'Regarding Contact Assignment'),(88,'description',NULL,'An Contact has been assigned to you on vtigerCRM&lt;br&gt;Details of Contact are :&lt;br&gt;&lt;br&gt;Contact Id:&lt;b&gt;CON64&lt;/b&gt;&lt;br&gt;LastName:&lt;b&gt;Barrantes&lt;/b&gt;&lt;br&gt;FirstName:&lt;b&gt;Adriana&lt;/b&gt;&lt;br&gt;Lead Source:&lt;b&gt;&lt;/b&gt;&lt;br&gt;Department:&lt;b&gt;&lt;/b&gt;&lt;br&gt;Description:&lt;b&gt;&lt;/b&gt;&lt;br&gt;&lt;br&gt;&lt;br&gt;And &lt;b&gt;CustomerPortal Login Details&lt;/b&gt; is sent to the EmailID :-abarrantes@deprodecas.com.pe&lt;br&gt;&lt;br&gt;Thank You&lt;br&gt;Admin&lt;br&gt;&lt;br&gt;'),(88,'time_start',NULL,'17:10:03'),(88,'createdtime',NULL,'2024-07-18 17:10:03'),(88,'modifiedby',NULL,'1'),(88,'from_email',NULL,'cgarcia@creantis.com'),(88,'saved_toid',NULL,'[&quot;cgarcia@creantis.com&quot;]'),(88,'ccmail',NULL,'[&quot;&quot;]'),(88,'bccmail',NULL,'[&quot;&quot;]'),(88,'parent_id',NULL,'170@1|'),(88,'email_flag',NULL,'SENT'),(88,'source',NULL,'CRM'),(88,'record_id',NULL,'756'),(88,'record_module',NULL,'Emails'),(90,'label',NULL,'Regarding Contact Assignment'),(90,'date_start',NULL,'2024-07-18'),(90,'activitytype',NULL,'Emails'),(90,'assigned_user_id',NULL,'1'),(90,'subject',NULL,'Regarding Contact Assignment'),(90,'description',NULL,'An Contact has been assigned to you on vtigerCRM&lt;br&gt;Details of Contact are :&lt;br&gt;&lt;br&gt;Contact Id:&lt;b&gt;CON64&lt;/b&gt;&lt;br&gt;LastName:&lt;b&gt;Barrantes&lt;/b&gt;&lt;br&gt;FirstName:&lt;b&gt;Adriana&lt;/b&gt;&lt;br&gt;Lead Source:&lt;b&gt;&lt;/b&gt;&lt;br&gt;Department:&lt;b&gt;&lt;/b&gt;&lt;br&gt;Description:&lt;b&gt;&lt;/b&gt;&lt;br&gt;&lt;br&gt;&lt;br&gt;And &lt;b&gt;CustomerPortal Login Details&lt;/b&gt; is sent to the EmailID :-abarrantes@deprodecas.com.pe&lt;br&gt;&lt;br&gt;Thank You&lt;br&gt;Admin&lt;br&gt;&lt;br&gt;'),(90,'time_start',NULL,'17:10:04'),(90,'createdtime',NULL,'2024-07-18 17:10:04'),(90,'modifiedby',NULL,'1'),(90,'from_email',NULL,'cgarcia@creantis.com'),(90,'saved_toid',NULL,'[&quot;cgarcia@creantis.com&quot;]'),(90,'ccmail',NULL,'[&quot;&quot;]'),(90,'bccmail',NULL,'[&quot;&quot;]'),(90,'parent_id',NULL,'170@1|'),(90,'email_flag',NULL,'SENT'),(90,'source',NULL,'CRM'),(90,'record_id',NULL,'757'),(90,'record_module',NULL,'Emails'),(92,'label',NULL,'Regarding Contact Assignment'),(92,'date_start',NULL,'2024-07-18'),(92,'activitytype',NULL,'Emails'),(92,'assigned_user_id',NULL,'1'),(92,'subject',NULL,'Regarding Contact Assignment'),(92,'description',NULL,'An Contact has been assigned to you on vtigerCRM&lt;br&gt;Details of Contact are :&lt;br&gt;&lt;br&gt;Contact Id:&lt;b&gt;&lt;/b&gt;&lt;br&gt;LastName:&lt;b&gt;&lt;/b&gt;&lt;br&gt;FirstName:&lt;b&gt;&lt;/b&gt;&lt;br&gt;Lead Source:&lt;b&gt;&lt;/b&gt;&lt;br&gt;Department:&lt;b&gt;&lt;/b&gt;&lt;br&gt;Description:&lt;b&gt;&lt;/b&gt;&lt;br&gt;&lt;br&gt;&lt;br&gt;And &lt;b&gt;CustomerPortal Login Details&lt;/b&gt; is sent to the EmailID :-&lt;br&gt;&lt;br&gt;Thank You&lt;br&gt;Admin&lt;br&gt;&lt;br&gt;'),(92,'time_start',NULL,'17:10:04'),(92,'createdtime',NULL,'2024-07-18 17:10:04'),(92,'modifiedby',NULL,'1'),(92,'from_email',NULL,'creantisdevelopment@gmail.com'),(92,'saved_toid',NULL,'[&quot;creantisdevelopment@gmail.com&quot;]'),(92,'ccmail',NULL,'[&quot;&quot;]'),(92,'bccmail',NULL,'[&quot;&quot;]'),(92,'parent_id',NULL,'743@1|'),(92,'email_flag',NULL,'SENT'),(92,'source',NULL,'CRM'),(92,'record_id',NULL,'758'),(92,'record_module',NULL,'Emails'),(94,'label',NULL,'Regarding Contact Assignment'),(94,'date_start',NULL,'2024-07-18'),(94,'activitytype',NULL,'Emails'),(94,'assigned_user_id',NULL,'1'),(94,'subject',NULL,'Regarding Contact Assignment'),(94,'description',NULL,'An Contact has been assigned to you on vtigerCRM&lt;br&gt;Details of Contact are :&lt;br&gt;&lt;br&gt;Contact Id:&lt;b&gt;&lt;/b&gt;&lt;br&gt;LastName:&lt;b&gt;&lt;/b&gt;&lt;br&gt;FirstName:&lt;b&gt;&lt;/b&gt;&lt;br&gt;Lead Source:&lt;b&gt;&lt;/b&gt;&lt;br&gt;Department:&lt;b&gt;&lt;/b&gt;&lt;br&gt;Description:&lt;b&gt;&lt;/b&gt;&lt;br&gt;&lt;br&gt;&lt;br&gt;And &lt;b&gt;CustomerPortal Login Details&lt;/b&gt; is sent to the EmailID :-&lt;br&gt;&lt;br&gt;Thank You&lt;br&gt;Admin&lt;br&gt;&lt;br&gt;'),(94,'time_start',NULL,'17:10:04'),(94,'createdtime',NULL,'2024-07-18 17:10:04'),(94,'modifiedby',NULL,'1'),(94,'from_email',NULL,'creantisdevelopment@gmail.com'),(94,'saved_toid',NULL,'[&quot;creantisdevelopment@gmail.com&quot;]'),(94,'ccmail',NULL,'[&quot;&quot;]'),(94,'bccmail',NULL,'[&quot;&quot;]'),(94,'parent_id',NULL,'745@1|'),(94,'email_flag',NULL,'SENT'),(94,'source',NULL,'CRM'),(94,'record_id',NULL,'759'),(94,'record_module',NULL,'Emails'),(96,'label',NULL,'Regarding Contact Assignment'),(96,'date_start',NULL,'2024-07-18'),(96,'activitytype',NULL,'Emails'),(96,'assigned_user_id',NULL,'1'),(96,'subject',NULL,'Regarding Contact Assignment'),(96,'description',NULL,'An Contact has been assigned to you on vtigerCRM&lt;br&gt;Details of Contact are :&lt;br&gt;&lt;br&gt;Contact Id:&lt;b&gt;&lt;/b&gt;&lt;br&gt;LastName:&lt;b&gt;&lt;/b&gt;&lt;br&gt;FirstName:&lt;b&gt;&lt;/b&gt;&lt;br&gt;Lead Source:&lt;b&gt;&lt;/b&gt;&lt;br&gt;Department:&lt;b&gt;&lt;/b&gt;&lt;br&gt;Description:&lt;b&gt;&lt;/b&gt;&lt;br&gt;&lt;br&gt;&lt;br&gt;And &lt;b&gt;CustomerPortal Login Details&lt;/b&gt; is sent to the EmailID :-&lt;br&gt;&lt;br&gt;Thank You&lt;br&gt;Admin&lt;br&gt;&lt;br&gt;'),(96,'time_start',NULL,'17:10:04'),(96,'createdtime',NULL,'2024-07-18 17:10:04'),(96,'modifiedby',NULL,'1'),(96,'from_email',NULL,'creantisdevelopment@gmail.com'),(96,'saved_toid',NULL,'[&quot;creantisdevelopment@gmail.com&quot;]'),(96,'ccmail',NULL,'[&quot;&quot;]'),(96,'bccmail',NULL,'[&quot;&quot;]'),(96,'parent_id',NULL,'746@1|'),(96,'email_flag',NULL,'SENT'),(96,'source',NULL,'CRM'),(96,'record_id',NULL,'760'),(96,'record_module',NULL,'Emails'),(98,'label',NULL,'Implementacion de CRM'),(98,'potentialname',NULL,'Implementacion de CRM'),(98,'potential_no',NULL,'POT211'),(98,'amount',NULL,'10000.00000000'),(98,'related_to',NULL,'69'),(98,'closingdate',NULL,'2024-08-22'),(98,'sales_stage',NULL,'Interes'),(98,'assigned_user_id',NULL,'7'),(98,'probability',NULL,'0.000'),(98,'createdtime',NULL,'2024-07-30 21:16:06'),(98,'modifiedby',NULL,'1'),(98,'forecast_amount',NULL,'0.00000000'),(98,'source',NULL,'CRM'),(98,'lb_probabilidaddeexito',NULL,'Baja'),(98,'record_id',NULL,'762'),(98,'record_module',NULL,'Potentials'),(99,'closingdate','2024-04-14','2024-08-15'),(99,'forecast_amount','0.00000000','78000.00000000'),(100,'label',NULL,'Felipe Soto'),(100,'firstname',NULL,'Felipe'),(100,'contact_no',NULL,'CON117'),(100,'lastname',NULL,'Soto'),(100,'account_id',NULL,'4'),(100,'assigned_user_id',NULL,'1'),(100,'createdtime',NULL,'2024-07-30 21:18:20'),(100,'modifiedby',NULL,'1'),(100,'source',NULL,'CRM'),(100,'lb_whatsappcontact',NULL,'51999705272'),(100,'lb_ticketpromediocontact',NULL,'0.00000000'),(100,'lb_compraacumuladacontact',NULL,'0.00000000'),(100,'record_id',NULL,'763'),(100,'record_module',NULL,'Contacts'),(101,'mobile','','51999705272'),(101,'support_start_date','','2024-07-30'),(101,'support_end_date','','2025-07-30'),(102,'mobile','51999705272','985862569'),(102,'lb_whatsappcontact','51999705272','985862569'),(103,'label',NULL,'Regarding Potential Assignment'),(103,'date_start',NULL,'2024-07-30'),(103,'activitytype',NULL,'Emails'),(103,'assigned_user_id',NULL,'1'),(103,'subject',NULL,'Regarding Potential Assignment'),(103,'description',NULL,'An Potential has been assigned to you on vtigerCRM&lt;br&gt;Details of Potential are :&lt;br&gt;&lt;br&gt;Potential No:&lt;b&gt;POT211&lt;/b&gt;&lt;br&gt;Potential Name:&lt;b&gt;Implementacion de CRM&lt;/b&gt;&lt;br&gt;Amount:&lt;b&gt;S/.10,000.00&lt;/b&gt;&lt;br&gt;Expected Close Date:&lt;b&gt;2024-08-22 (yyyy-mm-dd)&lt;/b&gt;&lt;br&gt;Type:&lt;b&gt;&lt;/b&gt;&lt;br&gt;&lt;br&gt;&lt;br&gt;Description :&lt;br&gt;&lt;br&gt;Thank You&lt;br&gt;Admin&lt;br&gt;&lt;br&gt;'),(103,'time_start',NULL,'21:30:01'),(103,'createdtime',NULL,'2024-07-30 21:30:01'),(103,'modifiedby',NULL,'1'),(103,'from_email',NULL,'emonzon@creantis.com'),(103,'saved_toid',NULL,'[&quot;emonzon@creantis.com&quot;]'),(103,'ccmail',NULL,'[&quot;&quot;]'),(103,'bccmail',NULL,'[&quot;&quot;]'),(103,'parent_id',NULL,'762@1|'),(103,'email_flag',NULL,'SENT'),(103,'source',NULL,'CRM'),(103,'record_id',NULL,'768'),(103,'record_module',NULL,'Emails'),(105,'label',NULL,'Regarding Contact Assignment'),(105,'date_start',NULL,'2024-07-30'),(105,'activitytype',NULL,'Emails'),(105,'assigned_user_id',NULL,'1'),(105,'subject',NULL,'Regarding Contact Assignment'),(105,'description',NULL,'An Contact has been assigned to you on vtigerCRM&lt;br&gt;Details of Contact are :&lt;br&gt;&lt;br&gt;Contact Id:&lt;b&gt;CON117&lt;/b&gt;&lt;br&gt;LastName:&lt;b&gt;Soto&lt;/b&gt;&lt;br&gt;FirstName:&lt;b&gt;Felipe&lt;/b&gt;&lt;br&gt;Lead Source:&lt;b&gt;&lt;/b&gt;&lt;br&gt;Department:&lt;b&gt;&lt;/b&gt;&lt;br&gt;Description:&lt;b&gt;&lt;/b&gt;&lt;br&gt;&lt;br&gt;&lt;br&gt;And &lt;b&gt;CustomerPortal Login Details&lt;/b&gt; is sent to the EmailID :-&lt;br&gt;&lt;br&gt;Thank You&lt;br&gt;Admin&lt;br&gt;&lt;br&gt;'),(105,'time_start',NULL,'21:30:02'),(105,'createdtime',NULL,'2024-07-30 21:30:02'),(105,'modifiedby',NULL,'1'),(105,'from_email',NULL,'creantisdevelopment@gmail.com'),(105,'saved_toid',NULL,'[&quot;creantisdevelopment@gmail.com&quot;]'),(105,'ccmail',NULL,'[&quot;&quot;]'),(105,'bccmail',NULL,'[&quot;&quot;]'),(105,'parent_id',NULL,'763@1|'),(105,'email_flag',NULL,'SENT'),(105,'source',NULL,'CRM'),(105,'record_id',NULL,'769'),(105,'record_module',NULL,'Emails'),(107,'label',NULL,'Regarding Contact Assignment'),(107,'date_start',NULL,'2024-07-30'),(107,'activitytype',NULL,'Emails'),(107,'assigned_user_id',NULL,'1'),(107,'subject',NULL,'Regarding Contact Assignment'),(107,'description',NULL,'An Contact has been assigned to you on vtigerCRM&lt;br&gt;Details of Contact are :&lt;br&gt;&lt;br&gt;Contact Id:&lt;b&gt;CON117&lt;/b&gt;&lt;br&gt;LastName:&lt;b&gt;Soto&lt;/b&gt;&lt;br&gt;FirstName:&lt;b&gt;Felipe&lt;/b&gt;&lt;br&gt;Lead Source:&lt;b&gt;&lt;/b&gt;&lt;br&gt;Department:&lt;b&gt;&lt;/b&gt;&lt;br&gt;Description:&lt;b&gt;&lt;/b&gt;&lt;br&gt;&lt;br&gt;&lt;br&gt;And &lt;b&gt;CustomerPortal Login Details&lt;/b&gt; is sent to the EmailID :-&lt;br&gt;&lt;br&gt;Thank You&lt;br&gt;Admin&lt;br&gt;&lt;br&gt;'),(107,'time_start',NULL,'21:30:02'),(107,'createdtime',NULL,'2024-07-30 21:30:02'),(107,'modifiedby',NULL,'1'),(107,'from_email',NULL,'creantisdevelopment@gmail.com'),(107,'saved_toid',NULL,'[&quot;creantisdevelopment@gmail.com&quot;]'),(107,'ccmail',NULL,'[&quot;&quot;]'),(107,'bccmail',NULL,'[&quot;&quot;]'),(107,'parent_id',NULL,'763@1|'),(107,'email_flag',NULL,'SENT'),(107,'source',NULL,'CRM'),(107,'record_id',NULL,'770'),(107,'record_module',NULL,'Emails'),(109,'label',NULL,'Regarding Contact Assignment'),(109,'date_start',NULL,'2024-07-30'),(109,'activitytype',NULL,'Emails'),(109,'assigned_user_id',NULL,'1'),(109,'subject',NULL,'Regarding Contact Assignment'),(109,'description',NULL,'An Contact has been assigned to you on vtigerCRM&lt;br&gt;Details of Contact are :&lt;br&gt;&lt;br&gt;Contact Id:&lt;b&gt;CON117&lt;/b&gt;&lt;br&gt;LastName:&lt;b&gt;Soto&lt;/b&gt;&lt;br&gt;FirstName:&lt;b&gt;Felipe&lt;/b&gt;&lt;br&gt;Lead Source:&lt;b&gt;&lt;/b&gt;&lt;br&gt;Department:&lt;b&gt;&lt;/b&gt;&lt;br&gt;Description:&lt;b&gt;&lt;/b&gt;&lt;br&gt;&lt;br&gt;&lt;br&gt;And &lt;b&gt;CustomerPortal Login Details&lt;/b&gt; is sent to the EmailID :-&lt;br&gt;&lt;br&gt;Thank You&lt;br&gt;Admin&lt;br&gt;&lt;br&gt;'),(109,'time_start',NULL,'21:30:04'),(109,'createdtime',NULL,'2024-07-30 21:30:04'),(109,'modifiedby',NULL,'1'),(109,'from_email',NULL,'creantisdevelopment@gmail.com'),(109,'saved_toid',NULL,'[&quot;creantisdevelopment@gmail.com&quot;]'),(109,'ccmail',NULL,'[&quot;&quot;]'),(109,'bccmail',NULL,'[&quot;&quot;]'),(109,'parent_id',NULL,'763@1|'),(109,'email_flag',NULL,'SENT'),(109,'source',NULL,'CRM'),(109,'record_id',NULL,'771'),(109,'record_module',NULL,'Emails'),(111,'lb_diasvencidos','-27','1'),(111,'lb_estado','Registrada','En Seguimiento'),(112,'lb_estado','En Seguimiento','Con Compromiso de Pago'),(112,'lb_fechacompromisopa','2024-03-28','2024-08-16'),(114,'label',NULL,'Llam&eacute; al cliente y manifest&oacute; que esta semana tuvieron pocos ingresos ...'),(114,'commentcontent',NULL,'Llam&eacute; al cliente y manifest&oacute; que esta semana tuvieron pocos ingresos ...'),(114,'assigned_user_id',NULL,'1'),(114,'createdtime',NULL,'2024-08-09 14:12:40'),(114,'related_to',NULL,'519'),(114,'creator',NULL,'1'),(114,'source',NULL,'CRM'),(114,'userid',NULL,'1'),(114,'record_id',NULL,'772'),(114,'record_module',NULL,'ModComments'),(115,'label',NULL,'Llamada de seguimiento para saber su compromiso de pago'),(115,'subject',NULL,'Llamada de seguimiento para saber su compromiso de pago'),(115,'assigned_user_id',NULL,'1'),(115,'date_start',NULL,'2024-08-09'),(115,'time_start',NULL,'16:00:00'),(115,'due_date',NULL,'2024-08-09'),(115,'time_end',NULL,'16:30:00'),(115,'duration_minutes',NULL,'30'),(115,'eventstatus',NULL,'Planned'),(115,'activitytype',NULL,'Call'),(115,'createdtime',NULL,'2024-08-09 14:13:34'),(115,'visibility',NULL,'Public'),(115,'modifiedby',NULL,'1'),(115,'source',NULL,'CRM'),(115,'record_id',NULL,'773'),(115,'record_module',NULL,'Events'),(117,'lb_diasvencidos','113','145'),(117,'lb_fechacompromisopa','2024-07-08','2024-08-09'),(118,'lb_diasvencidos','56','88'),(118,'lb_fechacompromisopa','2024-07-08','2024-08-09'),(119,'lb_diasvencidos','16','48'),(119,'lb_fechacompromisopa','2024-07-08','2024-08-09'),(120,'mobile','','999705272'),(120,'lb_ticketpromediocontact','','0.00000000'),(120,'lb_compraacumuladacontact','','0.00000000'),(121,'label',NULL,'Regarding Contact Assignment'),(121,'date_start',NULL,'2024-08-09'),(121,'activitytype',NULL,'Emails'),(121,'assigned_user_id',NULL,'1'),(121,'subject',NULL,'Regarding Contact Assignment'),(121,'description',NULL,'An Contact has been assigned to you on vtigerCRM&lt;br&gt;Details of Contact are :&lt;br&gt;&lt;br&gt;Contact Id:&lt;b&gt;CON57&lt;/b&gt;&lt;br&gt;LastName:&lt;b&gt;de la Torre&lt;/b&gt;&lt;br&gt;FirstName:&lt;b&gt;Gregorio&lt;/b&gt;&lt;br&gt;Lead Source:&lt;b&gt;&lt;/b&gt;&lt;br&gt;Department:&lt;b&gt;&lt;/b&gt;&lt;br&gt;Description:&lt;b&gt;&lt;/b&gt;&lt;br&gt;&lt;br&gt;&lt;br&gt;And &lt;b&gt;CustomerPortal Login Details&lt;/b&gt; is sent to the EmailID :-gdelatorre@serviciode.com.pe&lt;br&gt;&lt;br&gt;Thank You&lt;br&gt;Admin&lt;br&gt;&lt;br&gt;'),(121,'time_start',NULL,'14:30:02'),(121,'createdtime',NULL,'2024-08-09 14:30:02'),(121,'modifiedby',NULL,'1'),(121,'from_email',NULL,'sloyola@gmail.com'),(121,'saved_toid',NULL,'[&quot;sloyola@gmail.com&quot;]'),(121,'ccmail',NULL,'[&quot;&quot;]'),(121,'bccmail',NULL,'[&quot;&quot;]'),(121,'parent_id',NULL,'163@1|'),(121,'email_flag',NULL,'SENT'),(121,'source',NULL,'CRM'),(121,'record_id',NULL,'775'),(121,'record_module',NULL,'Emails'),(123,'label',NULL,'Visita Guiada al Colegio'),(123,'subject',NULL,'Visita Guiada al Colegio'),(123,'assigned_user_id',NULL,'1'),(123,'date_start',NULL,'2024-08-14'),(123,'time_start',NULL,'15:00:00'),(123,'due_date',NULL,'2024-08-14'),(123,'time_end',NULL,'15:30:00'),(123,'duration_minutes',NULL,'30'),(123,'eventstatus',NULL,'Planned'),(123,'activitytype',NULL,'Meeting'),(123,'createdtime',NULL,'2024-08-14 14:34:20'),(123,'visibility',NULL,'Public'),(123,'modifiedby',NULL,'1'),(123,'contact_id',NULL,'170'),(123,'source',NULL,'CRM'),(123,'record_id',NULL,'776'),(123,'record_module',NULL,'Events'),(125,'label',NULL,'Matricula inicial'),(125,'potentialname',NULL,'Matricula inicial'),(125,'potential_no',NULL,'POT212'),(125,'amount',NULL,'300.00000000'),(125,'closingdate',NULL,'2024-08-24'),(125,'sales_stage',NULL,'Interes'),(125,'assigned_user_id',NULL,'1'),(125,'probability',NULL,'0.000'),(125,'createdtime',NULL,'2024-08-14 14:43:03'),(125,'modifiedby',NULL,'1'),(125,'forecast_amount',NULL,'0.00000000'),(125,'contact_id',NULL,'170'),(125,'source',NULL,'CRM'),(125,'record_id',NULL,'777'),(125,'record_module',NULL,'Potentials'),(127,'label',NULL,'Regarding Potential Assignment'),(127,'date_start',NULL,'2024-08-14'),(127,'activitytype',NULL,'Emails'),(127,'assigned_user_id',NULL,'1'),(127,'subject',NULL,'Regarding Potential Assignment'),(127,'description',NULL,'An Potential has been assigned to you on vtigerCRM&lt;br&gt;Details of Potential are :&lt;br&gt;&lt;br&gt;Potential No:&lt;b&gt;POT212&lt;/b&gt;&lt;br&gt;Potential Name:&lt;b&gt;Matricula inicial&lt;/b&gt;&lt;br&gt;Amount:&lt;b&gt;S/.300&lt;/b&gt;&lt;br&gt;Expected Close Date:&lt;b&gt;24-08-2024 (dd-mm-yyyy)&lt;/b&gt;&lt;br&gt;Type:&lt;b&gt;&lt;/b&gt;&lt;br&gt;&lt;br&gt;&lt;br&gt;Description :&lt;br&gt;&lt;br&gt;Thank You&lt;br&gt;Admin&lt;br&gt;&lt;br&gt;'),(127,'time_start',NULL,'14:46:01'),(127,'createdtime',NULL,'2024-08-14 14:46:01'),(127,'modifiedby',NULL,'1'),(127,'from_email',NULL,'creantisdevelopment@gmail.com'),(127,'saved_toid',NULL,'[&quot;creantisdevelopment@gmail.com&quot;]'),(127,'ccmail',NULL,'[&quot;&quot;]'),(127,'bccmail',NULL,'[&quot;&quot;]'),(127,'parent_id',NULL,'777@1|'),(127,'email_flag',NULL,'SENT'),(127,'source',NULL,'CRM'),(127,'record_id',NULL,'778'),(127,'record_module',NULL,'Emails'),(130,'label',NULL,'El padre se va de viaje y pide que lo llamemos el 30 de agosto'),(130,'commentcontent',NULL,'El padre se va de viaje y pide que lo llamemos el 30 de agosto'),(130,'assigned_user_id',NULL,'1'),(130,'createdtime',NULL,'2024-08-14 14:48:56'),(130,'related_to',NULL,'371'),(130,'creator',NULL,'1'),(130,'source',NULL,'CRM'),(130,'userid',NULL,'1'),(130,'record_id',NULL,'779'),(130,'record_module',NULL,'ModComments'),(131,'label',NULL,'Seguimiento a matricula'),(131,'subject',NULL,'Seguimiento a matricula'),(131,'assigned_user_id',NULL,'7'),(131,'date_start',NULL,'2024-08-15'),(131,'time_start',NULL,'14:49:00'),(131,'due_date',NULL,'2024-08-15'),(131,'time_end',NULL,'14:54:00'),(131,'duration_minutes',NULL,'5'),(131,'parent_id',NULL,'371'),(131,'eventstatus',NULL,'Planned'),(131,'activitytype',NULL,'Call'),(131,'createdtime',NULL,'2024-08-14 14:49:27'),(131,'visibility',NULL,'Public'),(131,'modifiedby',NULL,'1'),(131,'source',NULL,'CRM'),(131,'record_id',NULL,'780'),(131,'record_module',NULL,'Events'),(133,'label',NULL,'Introducing Our Enhanced CRMTiger Mobile App for vTiger Version 8.x'),(133,'ticket_no',NULL,'TT1'),(133,'assigned_user_id',NULL,'1'),(133,'ticketpriorities',NULL,'Normal'),(133,'ticketstatus',NULL,'Open'),(133,'ticketcategories',NULL,'Servicio Adicional Sin Partes'),(133,'hours',NULL,'0.00000000'),(133,'days',NULL,'0.00000000'),(133,'createdtime',NULL,'2024-08-21 16:30:45'),(133,'modifiedby',NULL,'1'),(133,'ticket_title',NULL,'Introducing Our Enhanced CRMTiger Mobile App for vTiger Version 8.x'),(133,'description',NULL,'Esta listo'),(133,'source',NULL,'CRM'),(133,'lb_clasificaciondecontacto',NULL,'Black'),(133,'record_id',NULL,'786'),(133,'record_module',NULL,'HelpDesk'),(134,'label',NULL,'Ticket Number : TT1 Introducing Our Enhanced CRMTiger Mobile App for vTiger Version 8.x'),(134,'date_start',NULL,'2024-08-21'),(134,'activitytype',NULL,'Emails'),(134,'assigned_user_id',NULL,'1'),(134,'subject',NULL,'Ticket Number : TT1 Introducing Our Enhanced CRMTiger Mobile App for vTiger Version 8.x'),(134,'description',NULL,'Ticket ID : 786&lt;br&gt;Ticket Title : Introducing Our Enhanced CRMTiger Mobile App for vTiger Version 8.x&lt;br&gt;&lt;br&gt;\n								Dear Administrator Crm,&lt;br&gt;&lt;br&gt;\n								The Ticket is replied the details are :&lt;br&gt;&lt;br&gt;\n								Ticket No : TT1&lt;br&gt;\n								Status : Abierta&lt;br&gt;\n								Category : Servicio Adicional Sin Partes&lt;br&gt;\n								Severity : &lt;br&gt;\n								Priority : Normal&lt;br&gt;&lt;br&gt;\n								Description : &lt;br&gt;Esta listo&lt;br&gt;&lt;br&gt;\n								Solution : &lt;br&gt;\n								&lt;br&gt;&lt;br&gt;\n								Regards&lt;br&gt;Support Administrator&lt;br&gt;&lt;br&gt;'),(134,'time_start',NULL,'16:40:02'),(134,'createdtime',NULL,'2024-08-21 16:40:02'),(134,'modifiedby',NULL,'1'),(134,'from_email',NULL,'admin@dominio.com'),(134,'saved_toid',NULL,'[&quot;&quot;,&quot;creantisdevelopment@gmail.com&quot;]'),(134,'ccmail',NULL,'[&quot;&quot;]'),(134,'bccmail',NULL,'[&quot;&quot;]'),(134,'parent_id',NULL,'786@1|'),(134,'email_flag',NULL,'SENT'),(134,'source',NULL,'CRM'),(134,'record_id',NULL,'787'),(134,'record_module',NULL,'Emails');

--
-- Table structure for table `vtiger_modtracker_relations`
--

CREATE TABLE `vtiger_modtracker_relations` (
  `id` int(19) NOT NULL,
  `targetmodule` varchar(100) NOT NULL,
  `targetid` int(19) NOT NULL,
  `changedon` datetime DEFAULT NULL,
  PRIMARY KEY (`id`)
) ENGINE=InnoDB DEFAULT CHARSET=utf8 COLLATE=utf8_general_ci;

--
-- Dumping data for table `vtiger_modtracker_relations`
--

INSERT INTO `vtiger_modtracker_relations` VALUES (10,'Pagos',690,'2024-07-07 17:05:35'),(11,'Pagos',691,'2024-07-07 17:06:58'),(12,'Pagos',692,'2024-07-07 17:07:42'),(13,'Pagos',693,'2024-07-07 17:09:04'),(14,'Pagos',694,'2024-07-07 17:12:56'),(15,'Pagos',695,'2024-07-07 17:13:41'),(16,'Pagos',696,'2024-07-07 17:14:10'),(17,'Pagos',697,'2024-07-07 17:15:30'),(18,'Pagos',698,'2024-07-07 17:19:00'),(19,'Pagos',699,'2024-07-07 17:19:38'),(20,'Pagos',700,'2024-07-07 18:31:47'),(21,'Pagos',700,'2024-07-07 18:31:55'),(22,'Pagos',701,'2024-07-07 18:34:45'),(23,'Pagos',702,'2024-07-07 18:35:29'),(24,'Pagos',703,'2024-07-07 18:36:08'),(25,'Pagos',704,'2024-07-07 18:36:44'),(26,'Pagos',705,'2024-07-07 18:39:41'),(27,'Pagos',706,'2024-07-07 18:40:15'),(28,'Pagos',707,'2024-07-07 18:40:52'),(29,'Pagos',708,'2024-07-07 18:41:38'),(30,'Pagos',709,'2024-07-07 18:47:32'),(31,'Pagos',710,'2024-07-07 18:48:06'),(32,'Pagos',711,'2024-07-07 18:48:31'),(33,'Pagos',712,'2024-07-07 18:49:13'),(34,'Pagos',713,'2024-07-07 18:51:36'),(35,'Pagos',714,'2024-07-07 18:52:06'),(36,'Pagos',715,'2024-07-07 18:52:27'),(37,'Pagos',716,'2024-07-07 18:53:12'),(38,'Pagos',717,'2024-07-07 18:55:38'),(39,'Pagos',718,'2024-07-07 18:56:19'),(40,'Pagos',719,'2024-07-07 18:57:01'),(42,'ModComments',720,'2024-07-08 14:22:25'),(44,'Pagos',721,'2024-07-08 14:23:53'),(45,'Pagos',722,'2024-07-08 14:24:09'),(48,'Calendar',723,'2024-07-12 16:12:57'),(51,'Calendar',725,'2024-07-12 16:23:38'),(53,'Calendar',726,'2024-07-12 16:25:50'),(55,'Calendar',727,'2024-07-12 16:37:20'),(60,'ModComments',733,'2024-07-12 17:25:18'),(67,'ModComments',742,'2024-07-18 10:54:36'),(79,'Emails',751,'2024-07-18 17:10:01'),(81,'Emails',752,'2024-07-18 17:10:02'),(83,'Emails',753,'2024-07-18 17:10:02'),(85,'Emails',754,'2024-07-18 17:10:02'),(87,'Emails',755,'2024-07-18 17:10:03'),(89,'Emails',756,'2024-07-18 17:10:03'),(91,'Emails',757,'2024-07-18 17:10:04'),(93,'Emails',758,'2024-07-18 17:10:04'),(95,'Emails',759,'2024-07-18 17:10:04'),(97,'Emails',760,'2024-07-18 17:10:04'),(104,'Emails',768,'2024-07-30 21:30:01'),(106,'Emails',769,'2024-07-30 21:30:02'),(108,'Emails',770,'2024-07-30 21:30:02'),(110,'Emails',771,'2024-07-30 21:30:04'),(113,'ModComments',772,'2024-08-09 14:12:40'),(116,'Calendar',773,'2024-08-09 14:13:34'),(122,'Emails',775,'2024-08-09 14:30:03'),(124,'Calendar',776,'2024-08-14 14:34:20'),(126,'Potentials',777,'2024-08-14 14:43:03'),(128,'Emails',778,'2024-08-14 14:46:01'),(129,'ModComments',779,'2024-08-14 14:48:56'),(132,'Calendar',780,'2024-08-14 14:49:27'),(135,'Emails',787,'2024-08-21 16:40:02');

--
-- Table structure for table `vtiger_modtracker_tabs`
--

CREATE TABLE `vtiger_modtracker_tabs` (
  `tabid` int(11) NOT NULL,
  `visible` int(11) DEFAULT 0,
  PRIMARY KEY (`tabid`)
) ENGINE=InnoDB DEFAULT CHARSET=utf8 COLLATE=utf8_general_ci;

--
-- Dumping data for table `vtiger_modtracker_tabs`
--

INSERT INTO `vtiger_modtracker_tabs` VALUES (0,1),(2,1),(4,1),(6,1),(7,1),(8,1),(9,1),(10,1),(13,1),(14,1),(15,1),(16,1),(18,1),(19,1),(20,1),(21,1),(22,1),(23,1),(26,1),(28,1),(31,1),(32,1),(37,1),(38,1),(42,1),(43,1),(44,1),(46,1),(47,1),(60,1),(61,1);

--
-- Table structure for table `vtiger_module_dashboard_widgets`
--

CREATE TABLE `vtiger_module_dashboard_widgets` (
  `id` int(19) NOT NULL AUTO_INCREMENT,
  `linkid` int(19) DEFAULT NULL,
  `userid` int(19) DEFAULT NULL,
  `filterid` int(19) DEFAULT NULL,
  `title` varchar(100) DEFAULT NULL,
  `data` text DEFAULT NULL,
  `position` varchar(50) DEFAULT NULL,
  `reportid` int(19) DEFAULT NULL,
  `dashboardtabid` int(11) DEFAULT NULL,
  `size` varchar(50) DEFAULT NULL,
  PRIMARY KEY (`id`),
  KEY `dashboardtabid` (`dashboardtabid`),
  CONSTRAINT `vtiger_module_dashboard_widgets_ibfk_1` FOREIGN KEY (`dashboardtabid`) REFERENCES `vtiger_dashboard_tabs` (`id`) ON DELETE CASCADE
) ENGINE=InnoDB AUTO_INCREMENT=32 DEFAULT CHARSET=utf8 COLLATE=utf8_general_ci;

--
-- Dumping data for table `vtiger_module_dashboard_widgets`
--

INSERT INTO `vtiger_module_dashboard_widgets` VALUES (23,59,1,NULL,NULL,'null','{\"row\":\"1\",\"col\":\"1\"}',NULL,56,'{\"sizex\":\"3\",\"sizey\":\"2\"}'),(27,58,9,NULL,NULL,'null','{\"row\":\"1\",\"col\":\"1\"}',NULL,82,NULL),(29,61,9,NULL,NULL,'null','{\"row\":\"1\",\"col\":\"3\"}',NULL,82,'{\"sizex\":\"2\",\"sizey\":\"2\"}'),(30,65,9,NULL,NULL,'null','{\"row\":\"2\",\"col\":\"1\"}',NULL,82,NULL),(31,59,9,NULL,NULL,'null','{\"row\":\"3\",\"col\":\"1\"}',NULL,82,'{\"sizex\":\"4\",\"sizey\":\"1\"}');

--
-- Table structure for table `vtiger_no_of_currency_decimals`
--

CREATE TABLE `vtiger_no_of_currency_decimals` (
  `no_of_currency_decimalsid` int(11) NOT NULL AUTO_INCREMENT,
  `no_of_currency_decimals` varchar(200) NOT NULL,
  `sortorderid` int(11) DEFAULT NULL,
  `presence` int(11) NOT NULL DEFAULT 1,
  PRIMARY KEY (`no_of_currency_decimalsid`)
) ENGINE=InnoDB AUTO_INCREMENT=8 DEFAULT CHARSET=utf8 COLLATE=utf8_general_ci;

--
-- Dumping data for table `vtiger_no_of_currency_decimals`
--

INSERT INTO `vtiger_no_of_currency_decimals` VALUES (2,'2',2,1),(3,'3',3,1),(4,'4',4,1),(5,'5',5,1),(6,'0',0,1),(7,'1',1,1);

--
-- Table structure for table `vtiger_no_of_currency_decimals_seq`
--

CREATE TABLE `vtiger_no_of_currency_decimals_seq` (
  `id` int(11) NOT NULL
) ENGINE=InnoDB DEFAULT CHARSET=utf8 COLLATE=utf8_general_ci;

--
-- Dumping data for table `vtiger_no_of_currency_decimals_seq`
--

INSERT INTO `vtiger_no_of_currency_decimals_seq` VALUES (7);

--
-- Table structure for table `vtiger_notebook_contents`
--

CREATE TABLE `vtiger_notebook_contents` (
  `userid` int(19) NOT NULL,
  `notebookid` int(19) NOT NULL,
  `contents` text DEFAULT NULL
) ENGINE=InnoDB DEFAULT CHARSET=utf8 COLLATE=utf8_general_ci;

--
-- Dumping data for table `vtiger_notebook_contents`
--


--
-- Table structure for table `vtiger_notes`
--

CREATE TABLE `vtiger_notes` (
  `notesid` int(19) NOT NULL DEFAULT 0,
  `note_no` varchar(100) NOT NULL,
  `title` varchar(50) NOT NULL,
  `filename` varchar(200) DEFAULT NULL,
  `notecontent` text DEFAULT NULL,
  `folderid` int(19) NOT NULL DEFAULT 1,
  `filetype` varchar(50) DEFAULT NULL,
  `filelocationtype` varchar(5) DEFAULT NULL,
  `filedownloadcount` int(19) DEFAULT NULL,
  `filestatus` int(19) DEFAULT NULL,
  `filesize` int(19) NOT NULL DEFAULT 0,
  `fileversion` varchar(50) DEFAULT NULL,
  `tags` varchar(1) DEFAULT NULL,
  PRIMARY KEY (`notesid`),
  KEY `notes_title_idx` (`title`),
  KEY `notes_notesid_idx` (`notesid`),
  CONSTRAINT `fk_1_vtiger_notes` FOREIGN KEY (`notesid`) REFERENCES `vtiger_crmentity` (`crmid`) ON DELETE CASCADE
) ENGINE=InnoDB DEFAULT CHARSET=utf8 COLLATE=utf8_general_ci;

--
-- Dumping data for table `vtiger_notes`
--

INSERT INTO `vtiger_notes` VALUES (675,'DOC1','image001.jpg','image001.jpg','',1,'','I',0,1,4894,'',''),(677,'DOC2','image002.png','image002.png','',1,'','I',0,1,4824,'',''),(679,'DOC3','image003.png','image003.png','',1,'','I',0,1,7458,'',''),(681,'DOC4','image004.png','image004.png','',1,'','I',0,1,771,'',''),(683,'DOC5','image005.png','image005.png','',1,'','I',0,1,883,'',''),(685,'DOC6','image006.png','image006.png','',1,'','I',0,1,783,'',''),(687,'DOC7','image007.png','image007.png','',1,'','I',0,1,682,'',''),(689,'DOC8','image008.png','image008.png','',1,'','I',0,1,1093,'','');

--
-- Table structure for table `vtiger_notescf`
--

CREATE TABLE `vtiger_notescf` (
  `notesid` int(19) NOT NULL DEFAULT 0,
  PRIMARY KEY (`notesid`),
  CONSTRAINT `fk_notesid_vtiger_notescf` FOREIGN KEY (`notesid`) REFERENCES `vtiger_notes` (`notesid`) ON DELETE CASCADE
) ENGINE=InnoDB DEFAULT CHARSET=utf8 COLLATE=utf8_general_ci;

--
-- Dumping data for table `vtiger_notescf`
--

INSERT INTO `vtiger_notescf` VALUES (675),(677),(679),(681),(683),(685),(687),(689);

--
-- Table structure for table `vtiger_notificationscheduler`
--

CREATE TABLE `vtiger_notificationscheduler` (
  `schedulednotificationid` int(19) NOT NULL AUTO_INCREMENT,
  `schedulednotificationname` varchar(200) DEFAULT NULL,
  `active` int(1) DEFAULT NULL,
  `notificationsubject` varchar(200) DEFAULT NULL,
  `notificationbody` text DEFAULT NULL,
  `label` varchar(50) DEFAULT NULL,
  `type` varchar(10) DEFAULT NULL,
  PRIMARY KEY (`schedulednotificationid`),
  UNIQUE KEY `notificationscheduler_schedulednotificationname_idx` (`schedulednotificationname`)
) ENGINE=InnoDB AUTO_INCREMENT=9 DEFAULT CHARSET=utf8 COLLATE=utf8_general_ci;

--
-- Dumping data for table `vtiger_notificationscheduler`
--

INSERT INTO `vtiger_notificationscheduler` VALUES (1,'LBL_TASK_NOTIFICATION_DESCRITPION',1,'Task Delay Notification','Tasks delayed beyond 24 hrs ','LBL_TASK_NOTIFICATION',NULL),(2,'LBL_BIG_DEAL_DESCRIPTION',1,'Big Deal notification','Success! A big deal has been won! ','LBL_BIG_DEAL',NULL),(3,'LBL_TICKETS_DESCRIPTION',1,'Pending Tickets notification','Ticket pending please ','LBL_PENDING_TICKETS',NULL),(4,'LBL_MANY_TICKETS_DESCRIPTION',1,'Too many tickets Notification','Too many tickets pending against this entity ','LBL_MANY_TICKETS',NULL),(5,'LBL_START_DESCRIPTION',1,'Support Start Notification','10','LBL_START_NOTIFICATION','select'),(6,'LBL_SUPPORT_DESCRIPTION',1,'Support ending please','11','LBL_SUPPORT_NOTICIATION','select'),(7,'LBL_SUPPORT_DESCRIPTION_MONTH',1,'Support ending please','12','LBL_SUPPORT_NOTICIATION_MONTH','select'),(8,'LBL_ACTIVITY_REMINDER_DESCRIPTION',1,'Activity Reminder Notification','This is a reminder notification for the Activity','LBL_ACTIVITY_NOTIFICATION',NULL);

--
-- Table structure for table `vtiger_notificationscheduler_seq`
--

CREATE TABLE `vtiger_notificationscheduler_seq` (
  `id` int(11) NOT NULL
) ENGINE=InnoDB DEFAULT CHARSET=utf8 COLLATE=utf8_general_ci;

--
-- Dumping data for table `vtiger_notificationscheduler_seq`
--

INSERT INTO `vtiger_notificationscheduler_seq` VALUES (8);

--
-- Table structure for table `vtiger_opportunity_type`
--

CREATE TABLE `vtiger_opportunity_type` (
  `opptypeid` int(19) NOT NULL AUTO_INCREMENT,
  `opportunity_type` varchar(200) NOT NULL,
  `presence` int(1) NOT NULL DEFAULT 1,
  `picklist_valueid` int(19) NOT NULL DEFAULT 0,
  `sortorderid` int(11) DEFAULT NULL,
  `color` varchar(10) DEFAULT NULL,
  PRIMARY KEY (`opptypeid`),
  UNIQUE KEY `opportunity_type_opportunity_type_idx` (`opportunity_type`)
) ENGINE=InnoDB AUTO_INCREMENT=6 DEFAULT CHARSET=utf8 COLLATE=utf8_general_ci;

--
-- Dumping data for table `vtiger_opportunity_type`
--

INSERT INTO `vtiger_opportunity_type` VALUES (2,'Existing Business',1,128,1,NULL),(3,'New Business',1,129,2,NULL),(4,'Equipos',1,355,3,'#ffffff'),(5,'Servicios',1,356,4,'#ffffff');

--
-- Table structure for table `vtiger_opportunity_type_seq`
--

CREATE TABLE `vtiger_opportunity_type_seq` (
  `id` int(11) NOT NULL
) ENGINE=InnoDB DEFAULT CHARSET=utf8 COLLATE=utf8_general_ci;

--
-- Dumping data for table `vtiger_opportunity_type_seq`
--

INSERT INTO `vtiger_opportunity_type_seq` VALUES (5);

--
-- Table structure for table `vtiger_opportunitystage`
--

CREATE TABLE `vtiger_opportunitystage` (
  `potstageid` int(19) NOT NULL AUTO_INCREMENT,
  `stage` varchar(200) NOT NULL,
  `sortorderid` int(19) NOT NULL DEFAULT 0,
  `presence` int(1) NOT NULL DEFAULT 1,
  `probability` decimal(3,2) DEFAULT 0.00,
  PRIMARY KEY (`potstageid`),
  UNIQUE KEY `opportunitystage_stage_idx` (`stage`)
) ENGINE=InnoDB DEFAULT CHARSET=utf8 COLLATE=utf8_general_ci;

--
-- Dumping data for table `vtiger_opportunitystage`
--


--
-- Table structure for table `vtiger_org_share_action2tab`
--

CREATE TABLE `vtiger_org_share_action2tab` (
  `share_action_id` int(19) NOT NULL,
  `tabid` int(19) NOT NULL,
  PRIMARY KEY (`share_action_id`,`tabid`),
  KEY `fk_2_vtiger_org_share_action2tab` (`tabid`),
  CONSTRAINT `fk_2_vtiger_org_share_action2tab` FOREIGN KEY (`tabid`) REFERENCES `vtiger_tab` (`tabid`) ON DELETE CASCADE
) ENGINE=InnoDB DEFAULT CHARSET=utf8 COLLATE=utf8_general_ci;

--
-- Dumping data for table `vtiger_org_share_action2tab`
--

INSERT INTO `vtiger_org_share_action2tab` VALUES (0,2),(0,4),(0,6),(0,7),(0,8),(0,9),(0,10),(0,13),(0,14),(0,16),(0,18),(0,20),(0,21),(0,22),(0,23),(0,26),(0,31),(0,32),(0,37),(0,38),(0,42),(0,43),(0,44),(0,46),(0,47),(0,52),(0,53),(0,54),(0,55),(0,56),(0,57),(0,58),(0,59),(0,60),(0,61),(0,62),(0,63),(0,64),(1,2),(1,4),(1,6),(1,7),(1,8),(1,9),(1,10),(1,13),(1,14),(1,16),(1,18),(1,20),(1,21),(1,22),(1,23),(1,26),(1,31),(1,32),(1,37),(1,38),(1,42),(1,43),(1,44),(1,46),(1,47),(1,52),(1,53),(1,54),(1,55),(1,56),(1,57),(1,58),(1,59),(1,60),(1,61),(1,62),(1,63),(1,64),(2,2),(2,4),(2,6),(2,7),(2,8),(2,9),(2,10),(2,13),(2,14),(2,16),(2,18),(2,20),(2,21),(2,22),(2,23),(2,26),(2,31),(2,32),(2,37),(2,38),(2,42),(2,43),(2,44),(2,46),(2,47),(2,52),(2,53),(2,54),(2,55),(2,56),(2,57),(2,58),(2,59),(2,60),(2,61),(2,62),(2,63),(2,64),(3,2),(3,4),(3,6),(3,7),(3,8),(3,9),(3,10),(3,13),(3,14),(3,16),(3,18),(3,20),(3,21),(3,22),(3,23),(3,26),(3,31),(3,32),(3,37),(3,38),(3,42),(3,43),(3,44),(3,46),(3,47),(3,52),(3,53),(3,54),(3,55),(3,56),(3,57),(3,58),(3,59),(3,60),(3,61),(3,62),(3,63),(3,64);

--
-- Table structure for table `vtiger_org_share_action_mapping`
--

CREATE TABLE `vtiger_org_share_action_mapping` (
  `share_action_id` int(19) NOT NULL,
  `share_action_name` varchar(200) DEFAULT NULL,
  PRIMARY KEY (`share_action_id`)
) ENGINE=InnoDB DEFAULT CHARSET=utf8 COLLATE=utf8_general_ci;

--
-- Dumping data for table `vtiger_org_share_action_mapping`
--

INSERT INTO `vtiger_org_share_action_mapping` VALUES (0,'Public: Read Only'),(1,'Public: Read, Create/Edit'),(2,'Public: Read, Create/Edit, Delete'),(3,'Private'),(4,'Hide Details'),(5,'Hide Details and Add Events'),(6,'Show Details'),(7,'Show Details and Add Events');

--
-- Table structure for table `vtiger_organizationdetails`
--

CREATE TABLE `vtiger_organizationdetails` (
  `organization_id` int(11) NOT NULL,
  `organizationname` varchar(60) DEFAULT NULL,
  `address` varchar(150) DEFAULT NULL,
  `city` varchar(100) DEFAULT NULL,
  `state` varchar(100) DEFAULT NULL,
  `country` varchar(100) DEFAULT NULL,
  `code` varchar(30) DEFAULT NULL,
  `phone` varchar(30) DEFAULT NULL,
  `fax` varchar(30) DEFAULT NULL,
  `website` varchar(100) DEFAULT NULL,
  `logoname` varchar(50) DEFAULT NULL,
  `logo` text DEFAULT NULL,
  `vatid` varchar(100) DEFAULT NULL,
  PRIMARY KEY (`organization_id`)
) ENGINE=InnoDB DEFAULT CHARSET=utf8 COLLATE=utf8_general_ci;

--
-- Dumping data for table `vtiger_organizationdetails`
--

INSERT INTO `vtiger_organizationdetails` VALUES (1,'Creantis','95, 12th Main Road, 3rd Block, Rajajinagar','Bangalore','Karnataka','India','560010','+91 9243602352','+91 9243602352','www.vtiger.com','logo-creantis.png',NULL,'');

--
-- Table structure for table `vtiger_organizationdetails_seq`
--

CREATE TABLE `vtiger_organizationdetails_seq` (
  `id` int(11) NOT NULL
) ENGINE=InnoDB DEFAULT CHARSET=utf8 COLLATE=utf8_general_ci;

--
-- Dumping data for table `vtiger_organizationdetails_seq`
--

INSERT INTO `vtiger_organizationdetails_seq` VALUES (1);

--
-- Table structure for table `vtiger_othereventduration`
--

CREATE TABLE `vtiger_othereventduration` (
  `othereventdurationid` int(11) NOT NULL AUTO_INCREMENT,
  `othereventduration` varchar(200) NOT NULL,
  `sortorderid` int(11) DEFAULT NULL,
  `presence` int(11) NOT NULL DEFAULT 1,
  PRIMARY KEY (`othereventdurationid`)
) ENGINE=InnoDB AUTO_INCREMENT=6 DEFAULT CHARSET=utf8 COLLATE=utf8_general_ci;

--
-- Dumping data for table `vtiger_othereventduration`
--

INSERT INTO `vtiger_othereventduration` VALUES (1,'5',0,1),(2,'10',1,1),(3,'30',2,1),(4,'60',3,1),(5,'120',4,1);

--
-- Table structure for table `vtiger_othereventduration_seq`
--

CREATE TABLE `vtiger_othereventduration_seq` (
  `id` int(11) NOT NULL
) ENGINE=InnoDB DEFAULT CHARSET=utf8 COLLATE=utf8_general_ci;

--
-- Dumping data for table `vtiger_othereventduration_seq`
--

INSERT INTO `vtiger_othereventduration_seq` VALUES (5);

--
-- Table structure for table `vtiger_pagos`
--

CREATE TABLE `vtiger_pagos` (
  `pagosid` int(11) NOT NULL,
  `pagosno` varchar(100) DEFAULT NULL,
  `pagos_tks_dummy` varchar(70) DEFAULT NULL,
  `tags` varchar(1) DEFAULT NULL,
  `lb_cobranzapagosparciales` text DEFAULT NULL,
  `lb_estadopagosparciales` text DEFAULT NULL,
  `lb_numeropagosparciales` text DEFAULT NULL,
  `lb_montopagosparciales` decimal(25,8) DEFAULT NULL,
  `lb_formapagosparciales` text DEFAULT NULL,
  `lb_fechapagosparciales` date DEFAULT NULL,
  PRIMARY KEY (`pagosid`)
) ENGINE=InnoDB DEFAULT CHARSET=utf8 COLLATE=utf8_general_ci;

--
-- Dumping data for table `vtiger_pagos`
--

INSERT INTO `vtiger_pagos` VALUES (455,'PAG000001',NULL,'','454','Pendiente','22',15000.00000000,'Abono en Cuenta','2024-07-16'),(690,'PAG000002',NULL,'','515','Pagada','PP4250001017',350.00000000,'Abono en Cuenta','2024-04-12'),(691,'PAG000003',NULL,'','515','Pagada','PP250001018',350.00000000,'Abono en Cuenta','2024-07-19'),(692,'PAG000004',NULL,'','515','Pagada','PP250001019',350.00000000,'Abono en Cuenta','2024-07-26'),(693,'PAG000005',NULL,'','515','Pagada','PP250001020',350.00000000,'Abono en Cuenta','2024-07-31'),(694,'PAG000006',NULL,'','466','Pagada','PP280013112',250.00000000,'Abono en Cuenta','2024-03-15'),(695,'PAG000007',NULL,'','466','Pagada','PP280013113',250.00000000,'Abono en Cuenta','2024-03-08'),(696,'PAG000008',NULL,'','466','Pagada','PP280013117',500.00000000,'Abono en Cuenta','2024-03-22'),(697,'PAG000009',NULL,'','466','Pagada','PP280013136',245.00000000,'Abono en Cuenta','2024-03-26'),(698,'PAG000010',NULL,'','546','Pagada','PP280013175',583.50000000,'Abono en Cuenta','2024-05-03'),(699,'PAG000011',NULL,'','546','Pagada','PP280013189',583.50000000,'Abono en Cuenta','2024-05-25'),(700,'PAG000012',NULL,'',NULL,'Pagada','PP4250001098',280.00000000,'Abono en Cuenta','2024-05-03'),(701,'PAG000013',NULL,'','510','Pagada','PP4250001741',205.25000000,'Abono en Cuenta','2024-02-23'),(702,'PAG000014',NULL,'','510','Pagada','PP425000963',205.25000000,'Abono en Cuenta','2024-03-01'),(703,'PAG000015',NULL,'','510','Pagada','PP2500063258',205.25000000,'Abono en Cuenta','2024-03-08'),(704,'PAG000016',NULL,'','510','Pagada','PP42500074857',205.25000000,'Abono en Cuenta','2024-03-15'),(705,'PAG000017',NULL,'','460','Pagada','PP42500024851',313.50000000,'Abono en Cuenta','2024-01-19'),(706,'PAG000018',NULL,'','460','Pagada','PP250001020',313.50000000,'Abono en Cuenta','2024-01-26'),(707,'PAG000019',NULL,'','460','Pagada','PP2500016514',313.50000000,'Abono en Cuenta','2024-02-02'),(708,'PAG000020',NULL,'','460','Pagada','PP2505165184',313.50000000,'Abono en Cuenta','2024-02-08'),(709,'PAG000021',NULL,'','542','Pagada','PP25000321456',196.25000000,'Abono en Cuenta','2024-05-24'),(710,'PAG000022',NULL,'','542','Pagada','PP250001032132',196.25000000,'Abono en Cuenta','2024-05-31'),(711,'PAG000023',NULL,'','542','Pagada','PP250003257',196.25000000,'Abono en Cuenta','2024-06-07'),(712,'PAG000024',NULL,'','542','Pagada','PP250001874145',196.25000000,'Abono en Cuenta','2024-06-14'),(713,'PAG000025',NULL,'','490','Pagada','PP25001479895',366.25000000,'Abono en Cuenta','2024-05-17'),(714,'PAG000026',NULL,'','490','Pagada','PP25000152587',366.25000000,'Abono en Cuenta','2024-05-24'),(715,'PAG000027',NULL,'','490','Pagada','PP2500010174',366.25000000,'Abono en Cuenta','2024-05-31'),(716,'PAG000028',NULL,'','490','Pagada','FPP28001378877',366.25000000,'Abono en Cuenta','2024-06-11'),(717,'PAG000029',NULL,'','494','Pagada','PP2500012752',231.00000000,'Abono en Cuenta','2024-02-23'),(718,'PAG000030',NULL,'','494','Pagada','PP250001025561',231.00000000,'Abono en Cuenta','2024-03-01'),(719,'PAG000031',NULL,'','494','Pagada','PP425000147217542',231.00000000,'Abono en Cuenta','2024-03-08'),(721,'PAG000032',NULL,'','','','1',100.00000000,'','2024-07-15'),(722,'PAG000033',NULL,'','','Pagada','2',150.00000000,'','2024-07-22');

--
-- Table structure for table `vtiger_pagoscf`
--

CREATE TABLE `vtiger_pagoscf` (
  `pagosid` int(11) NOT NULL,
  PRIMARY KEY (`pagosid`)
) ENGINE=InnoDB DEFAULT CHARSET=utf8 COLLATE=utf8_general_ci;

--
-- Dumping data for table `vtiger_pagoscf`
--

INSERT INTO `vtiger_pagoscf` VALUES (455),(690),(691),(692),(693),(694),(695),(696),(697),(698),(699),(700),(701),(702),(703),(704),(705),(706),(707),(708),(709),(710),(711),(712),(713),(714),(715),(716),(717),(718),(719),(721),(722);

--
-- Table structure for table `vtiger_pagosparciales`
--

CREATE TABLE `vtiger_pagosparciales` (
  `pagosparcialesid` int(11) NOT NULL,
  `pagosparcialesno` varchar(100) DEFAULT NULL,
  `pagosparciales_tks_dummy` varchar(50) DEFAULT NULL,
  `tags` varchar(1) DEFAULT NULL,
  `lb_cobranzapag` text DEFAULT NULL,
  `lb_estadodeago` text DEFAULT NULL,
  `lb_numeropagopagpar` text DEFAULT NULL,
  `lb_moentopagpar` decimal(25,8) DEFAULT NULL,
  `lb_formapagopagpar` text DEFAULT NULL,
  `lb_fechapagopagpar` date DEFAULT NULL,
  PRIMARY KEY (`pagosparcialesid`)
) ENGINE=InnoDB DEFAULT CHARSET=utf8 COLLATE=utf8_general_ci;

--
-- Dumping data for table `vtiger_pagosparciales`
--

INSERT INTO `vtiger_pagosparciales` VALUES (453,'','dfb','','452',NULL,NULL,NULL,NULL,NULL);

--
-- Table structure for table `vtiger_pagosparcialescf`
--

CREATE TABLE `vtiger_pagosparcialescf` (
  `pagosparcialesid` int(11) NOT NULL,
  PRIMARY KEY (`pagosparcialesid`)
) ENGINE=InnoDB DEFAULT CHARSET=utf8 COLLATE=utf8_general_ci;

--
-- Dumping data for table `vtiger_pagosparcialescf`
--

INSERT INTO `vtiger_pagosparcialescf` VALUES (453);

--
-- Table structure for table `vtiger_parenttab`
--

CREATE TABLE `vtiger_parenttab` (
  `parenttabid` int(19) NOT NULL,
  `parenttab_label` varchar(100) NOT NULL,
  `sequence` int(10) NOT NULL,
  `visible` int(2) NOT NULL DEFAULT 0,
  PRIMARY KEY (`parenttabid`),
  KEY `parenttab_parenttabid_parenttabl_label_visible_idx` (`parenttabid`,`parenttab_label`,`visible`)
) ENGINE=InnoDB DEFAULT CHARSET=utf8 COLLATE=utf8_general_ci;

--
-- Dumping data for table `vtiger_parenttab`
--

INSERT INTO `vtiger_parenttab` VALUES (1,'My Home Page',1,0),(2,'Marketing',2,0),(3,'Sales',3,0),(4,'Support',4,0),(5,'Analytics',5,0),(6,'Inventory',6,0),(7,'Tools',7,0),(8,'Settings',8,0);

--
-- Table structure for table `vtiger_parenttabrel`
--

CREATE TABLE `vtiger_parenttabrel` (
  `parenttabid` int(19) NOT NULL,
  `tabid` int(19) NOT NULL,
  `sequence` int(3) NOT NULL,
  KEY `parenttabrel_tabid_parenttabid_idx` (`tabid`,`parenttabid`),
  KEY `fk_2_vtiger_parenttabrel` (`parenttabid`),
  CONSTRAINT `fk_1_vtiger_parenttabrel` FOREIGN KEY (`tabid`) REFERENCES `vtiger_tab` (`tabid`) ON DELETE CASCADE,
  CONSTRAINT `fk_2_vtiger_parenttabrel` FOREIGN KEY (`parenttabid`) REFERENCES `vtiger_parenttab` (`parenttabid`) ON DELETE CASCADE
) ENGINE=InnoDB DEFAULT CHARSET=utf8 COLLATE=utf8_general_ci;

--
-- Dumping data for table `vtiger_parenttabrel`
--

INSERT INTO `vtiger_parenttabrel` VALUES (1,9,2),(1,28,4),(1,3,1),(3,7,1),(3,6,2),(3,4,3),(3,2,4),(3,20,5),(3,22,6),(3,23,7),(3,19,8),(3,8,9),(4,13,1),(4,15,2),(4,6,3),(4,4,4),(4,8,5),(5,1,2),(5,25,1),(6,14,1),(6,18,2),(6,19,3),(6,21,4),(6,22,5),(6,20,6),(6,23,7),(7,24,1),(7,27,2),(7,8,3),(2,26,1),(2,6,2),(2,4,3),(2,28,4),(4,28,7),(2,7,5),(2,9,6),(4,9,8),(2,8,8),(3,9,11),(4,31,9),(4,31,10),(6,32,8),(6,32,9),(7,35,4),(7,35,5),(7,37,6),(7,37,7),(7,39,8),(7,39,9),(4,42,11),(4,42,12),(4,43,13),(4,43,14),(4,44,15),(4,44,16),(7,45,10),(7,45,11),(6,46,10),(6,46,11),(3,47,12),(3,47,13),(8,49,1),(8,49,2),(7,24,12),(7,27,13),(7,45,14),(7,39,15),(7,58,16),(7,58,17),(2,60,9),(2,60,10),(2,61,11),(2,61,12),(3,62,14),(3,62,15),(3,64,16),(3,64,17);

--
-- Table structure for table `vtiger_payment_duration`
--

CREATE TABLE `vtiger_payment_duration` (
  `payment_duration_id` int(11) DEFAULT NULL,
  `payment_duration` varchar(200) DEFAULT NULL,
  `sortorderid` int(11) DEFAULT NULL,
  `presence` int(11) DEFAULT NULL,
  `color` varchar(10) DEFAULT NULL
) ENGINE=InnoDB DEFAULT CHARSET=utf8 COLLATE=utf8_general_ci;

--
-- Dumping data for table `vtiger_payment_duration`
--

INSERT INTO `vtiger_payment_duration` VALUES (1,'Net 30 days',6,1,NULL),(2,'Net 45 days',7,1,NULL),(3,'Net 60 days',8,1,NULL),(4,'Net 01 day',1,1,NULL),(5,'Net 05 days',2,1,NULL),(6,'Net 07 days',3,1,NULL),(7,'Net 10 days',4,1,NULL),(8,'Net 15 days',5,1,NULL);

--
-- Table structure for table `vtiger_payment_duration_seq`
--

CREATE TABLE `vtiger_payment_duration_seq` (
  `id` int(11) NOT NULL
) ENGINE=InnoDB DEFAULT CHARSET=utf8 COLLATE=utf8_general_ci;

--
-- Dumping data for table `vtiger_payment_duration_seq`
--

INSERT INTO `vtiger_payment_duration_seq` VALUES (8);

--
-- Table structure for table `vtiger_pbxmanager`
--

CREATE TABLE `vtiger_pbxmanager` (
  `pbxmanagerid` int(20) NOT NULL AUTO_INCREMENT,
  `direction` varchar(10) DEFAULT NULL,
  `callstatus` varchar(20) DEFAULT NULL,
  `starttime` datetime DEFAULT NULL,
  `endtime` datetime DEFAULT NULL,
  `totalduration` int(11) DEFAULT NULL,
  `billduration` int(11) DEFAULT NULL,
  `recordingurl` varchar(200) DEFAULT NULL,
  `sourceuuid` varchar(100) DEFAULT NULL,
  `gateway` varchar(20) DEFAULT NULL,
  `customer` varchar(100) DEFAULT NULL,
  `user` varchar(100) DEFAULT NULL,
  `customernumber` varchar(100) DEFAULT NULL,
  `customertype` varchar(100) DEFAULT NULL,
  PRIMARY KEY (`pbxmanagerid`),
  KEY `index_sourceuuid` (`sourceuuid`),
  KEY `index_pbxmanager_id` (`pbxmanagerid`),
  CONSTRAINT `fk_crmid_vtiger_pbxmanager` FOREIGN KEY (`pbxmanagerid`) REFERENCES `vtiger_crmentity` (`crmid`) ON DELETE CASCADE
) ENGINE=InnoDB AUTO_INCREMENT=22 DEFAULT CHARSET=utf8 COLLATE=utf8_general_ci;

--
-- Dumping data for table `vtiger_pbxmanager`
--


--
-- Table structure for table `vtiger_pbxmanager_gateway`
--

CREATE TABLE `vtiger_pbxmanager_gateway` (
  `id` int(11) NOT NULL AUTO_INCREMENT,
  `gateway` varchar(20) DEFAULT NULL,
  `parameters` text DEFAULT NULL,
  PRIMARY KEY (`id`)
) ENGINE=InnoDB AUTO_INCREMENT=3 DEFAULT CHARSET=utf8 COLLATE=utf8_general_ci;

--
-- Dumping data for table `vtiger_pbxmanager_gateway`
--


--
-- Table structure for table `vtiger_pbxmanager_phonelookup`
--

CREATE TABLE `vtiger_pbxmanager_phonelookup` (
  `crmid` int(20) DEFAULT NULL,
  `setype` varchar(30) DEFAULT NULL,
  `fnumber` varchar(100) DEFAULT NULL,
  `rnumber` varchar(100) DEFAULT NULL,
  `fieldname` varchar(50) DEFAULT NULL,
  UNIQUE KEY `unique_key` (`crmid`,`setype`,`fieldname`),
  KEY `index_phone_number` (`fnumber`,`rnumber`),
  CONSTRAINT `vtiger_pbxmanager_phonelookup_ibfk_1` FOREIGN KEY (`crmid`) REFERENCES `vtiger_crmentity` (`crmid`) ON DELETE CASCADE
) ENGINE=InnoDB DEFAULT CHARSET=utf8 COLLATE=utf8_general_ci;

--
-- Dumping data for table `vtiger_pbxmanager_phonelookup`
--

INSERT INTO `vtiger_pbxmanager_phonelookup` VALUES (2,'Accounts','16145000','00054161','phone'),(3,'Accounts','12156225','52265121','phone'),(4,'Accounts','15120440','04402151','phone'),(5,'Accounts','12152600','00625121','phone'),(6,'Accounts','12173000','00037121','phone'),(7,'Accounts','54283363','36338245','phone'),(8,'Accounts','13132000','00023131','phone'),(9,'Accounts','12656000','00065621','phone'),(10,'Accounts','12101342','24310121','phone'),(11,'Accounts','12159900','00995121','phone'),(12,'Accounts','16132000','00023161','phone'),(13,'Accounts','12111000','00011121','phone'),(14,'Accounts','12157400','00475121','phone'),(15,'Accounts','16171800','00817161','phone'),(16,'Accounts','13150800','00805131','phone'),(17,'Accounts','13113000','00031131','phone'),(18,'Accounts','12156225','52265121','phone'),(19,'Accounts','14114600','00641141','phone'),(20,'Accounts','12033100','00133021','phone'),(21,'Accounts','12192000','00029121','phone'),(22,'Accounts','12116000','00061121','phone'),(23,'Accounts','16131000','00013161','phone'),(24,'Accounts','16260000','00006261','phone'),(25,'Accounts','13261414','41416231','phone'),(26,'Accounts','16188000','00088161','phone'),(27,'Accounts','14707170','07170741','phone'),(28,'Accounts','14113000','00031141','phone'),(29,'Accounts','14117100','00171141','phone'),(30,'Accounts','16264000','00046261','phone'),(31,'Accounts','12178060','06087121','phone'),(32,'Accounts','15171800','00817151','phone'),(33,'Accounts','12719090','09091721','phone'),(34,'Accounts','15612001','10021651','phone'),(35,'Accounts','15137500','00573151','phone'),(36,'Accounts','16161000','00016161','phone'),(37,'Accounts','12260031','13006221','phone'),(38,'Accounts','12194000','00049121','phone'),(39,'Accounts','15192000','00029151','phone'),(40,'Accounts','12158330','03385121','phone'),(41,'Accounts','12130444','44403121','phone'),(42,'Accounts','14812070','07021841','phone'),(43,'Accounts','13153306','60335131','phone'),(44,'Accounts','12417555','55571421','phone'),(45,'Accounts','16111400','00411161','phone'),(46,'Accounts','14192500','00529141','phone'),(47,'Accounts','16115700','00751161','phone'),(48,'Accounts','16186868','86868161','phone'),(49,'Accounts','15139400','00493151','phone'),(50,'Accounts','17154600','00645171','phone'),(51,'Accounts','16260000','00006261','phone'),(52,'Accounts','17074000','00047071','phone'),(53,'Accounts','14114600','00641141','phone'),(54,'Accounts','12114000','00041121','phone'),(55,'Accounts','16167979','97976161','phone'),(56,'Accounts','16113500','00531161','phone'),(57,'Accounts','13173000','00037131','phone'),(58,'Accounts','12159090','09095121','phone'),(59,'Accounts','12151200','00215121','phone'),(60,'Accounts','14364040','04046341','phone'),(61,'Accounts','15184000','00048151','phone'),(62,'Accounts','12172800','00827121','phone'),(63,'Accounts','14117100','00171141','phone'),(64,'Accounts','13172500','00527131','phone'),(65,'Accounts','12156300','00365121','phone'),(66,'Accounts','12138300','00383121','phone'),(67,'Accounts','17060400','00406071','phone'),(68,'Accounts','12212596','69521221','phone'),(69,'Accounts','12153300','00335121','phone'),(70,'Accounts','13159000','00095131','phone'),(71,'Accounts','12135555','55553121','phone'),(72,'Accounts','17062000','00026071','phone'),(73,'Accounts','13172000','00027131','phone'),(74,'Accounts','12170200','00207121','phone'),(75,'Accounts','17145200','00254171','phone'),(76,'Accounts','17059100','00195071','phone'),(77,'Accounts','15138000','00083151','phone'),(78,'Accounts','12157300','00375121','phone'),(79,'Accounts','16177777','77777161','phone'),(80,'Accounts','14404222','22240441','phone'),(81,'Accounts','16111111','11111161','phone'),(82,'Accounts','17105500','00550171','phone'),(83,'Accounts','16128383','38382161','phone'),(84,'Accounts','14150000','00005141','phone'),(85,'Accounts','12134000','00043121','phone'),(86,'Accounts','12119900','00991121','phone'),(87,'Accounts','12113300','00331121','phone'),(88,'Accounts','16113900','00931161','phone'),(90,'Accounts','17107000','00070171','phone'),(91,'Accounts','13722233','33222731','phone'),(92,'Accounts','16111900','00911161','phone'),(93,'Accounts','14117100','00171141','phone'),(94,'Accounts','16110400','00401161','phone'),(95,'Accounts','15134000','00043151','phone'),(96,'Accounts','16181800','00818161','phone'),(97,'Accounts','15132000','00023151','phone'),(98,'Accounts','13132916','61923131','phone'),(99,'Accounts','15184500','00548151','phone'),(100,'Accounts','13176000','00067131','phone'),(101,'Accounts','2345678','8765432','phone'),(102,'Accounts','2430000','0000342','phone'),(107,'Contacts','999999001','100999999','phone'),(107,'Contacts','16145000','00054161','otherphone'),(108,'Contacts','999999002','200999999','phone'),(108,'Contacts','12156225','52265121','otherphone'),(109,'Contacts','999999003','300999999','phone'),(109,'Contacts','15120440,,321','123,,04402151','otherphone'),(110,'Contacts','999999004','400999999','phone'),(110,'Contacts','12152600','00625121','otherphone'),(111,'Contacts','999999005','500999999','phone'),(111,'Contacts','12173000','00037121','otherphone'),(112,'Contacts','999999006','600999999','phone'),(112,'Contacts','54283363','36338245','otherphone'),(113,'Contacts','999999007','700999999','phone'),(113,'Contacts','13132000','00023131','otherphone'),(114,'Contacts','999999008','800999999','phone'),(114,'Contacts','12656000','00065621','otherphone'),(115,'Contacts','999999009','900999999','phone'),(115,'Contacts','12101342','24310121','otherphone'),(116,'Contacts','999999010','010999999','phone'),(116,'Contacts','16124100','00142161','otherphone'),(117,'Contacts','999999011','110999999','phone'),(117,'Contacts','12159900','00995121','otherphone'),(118,'Contacts','999999012','210999999','phone'),(118,'Contacts','16132000','00023161','otherphone'),(119,'Contacts','999999013','310999999','phone'),(119,'Contacts','12111000','00011121','otherphone'),(120,'Contacts','999999014','410999999','phone'),(120,'Contacts','12157400','00475121','otherphone'),(121,'Contacts','999999015','510999999','phone'),(121,'Contacts','16171800','00817161','otherphone'),(122,'Contacts','999999016','610999999','phone'),(122,'Contacts','13150800','00805131','otherphone'),(123,'Contacts','999999017','710999999','phone'),(123,'Contacts','13113000','00031131','otherphone'),(124,'Contacts','999999018','810999999','phone'),(124,'Contacts','12156225','52265121','otherphone'),(125,'Contacts','999999019','910999999','phone'),(125,'Contacts','14114600','00641141','otherphone'),(126,'Contacts','999999020','020999999','phone'),(126,'Contacts','12033100','00133021','otherphone'),(127,'Contacts','999999021','120999999','phone'),(127,'Contacts','12192000','00029121','otherphone'),(128,'Contacts','999999022','220999999','phone'),(128,'Contacts','12116000','00061121','otherphone'),(129,'Contacts','999999023','320999999','phone'),(129,'Contacts','16131000','00013161','otherphone'),(130,'Contacts','999999024','420999999','phone'),(130,'Contacts','16260000','00006261','otherphone'),(131,'Contacts','999999025','520999999','phone'),(131,'Contacts','13261414','41416231','otherphone'),(132,'Contacts','999999026','620999999','phone'),(132,'Contacts','16188000','00088161','otherphone'),(133,'Contacts','999999027','720999999','phone'),(133,'Contacts','14707170','07170741','otherphone'),(134,'Contacts','999999028','820999999','phone'),(134,'Contacts','14113000','00031141','otherphone'),(135,'Contacts','999999029','920999999','phone'),(135,'Contacts','14117100','00171141','otherphone'),(136,'Contacts','999999030','030999999','phone'),(136,'Contacts','16264000','00046261','otherphone'),(137,'Contacts','999999031','130999999','phone'),(137,'Contacts','12178060','06087121','otherphone'),(138,'Contacts','999999032','230999999','phone'),(138,'Contacts','15171800','00817151','otherphone'),(139,'Contacts','999999033','330999999','phone'),(139,'Contacts','12719090','09091721','otherphone'),(140,'Contacts','999999034','430999999','phone'),(140,'Contacts','15612001','10021651','otherphone'),(141,'Contacts','999999035','530999999','phone'),(141,'Contacts','15137500','00573151','otherphone'),(142,'Contacts','999999036','630999999','phone'),(142,'Contacts','16161000','00016161','otherphone'),(143,'Contacts','999999037','730999999','phone'),(143,'Contacts','12260031','13006221','otherphone'),(144,'Contacts','999999038','830999999','phone'),(144,'Contacts','12194000','00049121','otherphone'),(145,'Contacts','999999039','930999999','phone'),(145,'Contacts','15192000','00029151','otherphone'),(146,'Contacts','999999040','040999999','phone'),(146,'Contacts','12158330','03385121','otherphone'),(147,'Contacts','999999041','140999999','phone'),(147,'Contacts','12130444','44403121','otherphone'),(148,'Contacts','999999042','240999999','phone'),(148,'Contacts','14812070','07021841','otherphone'),(149,'Contacts','999999043','340999999','phone'),(149,'Contacts','13153306','60335131','otherphone'),(150,'Contacts','999999044','440999999','phone'),(150,'Contacts','12417555','55571421','otherphone'),(151,'Contacts','999999045','540999999','phone'),(151,'Contacts','16111400','00411161','otherphone'),(152,'Contacts','999999046','640999999','phone'),(152,'Contacts','14192500','00529141','otherphone'),(153,'Contacts','999999047','740999999','phone'),(153,'Contacts','16115700','00751161','otherphone'),(154,'Contacts','999999048','840999999','phone'),(154,'Contacts','16186868','86868161','otherphone'),(155,'Contacts','999999049','940999999','phone'),(155,'Contacts','15139400','00493151','otherphone'),(156,'Contacts','999999050','050999999','phone'),(156,'Contacts','17154600','00645171','otherphone'),(157,'Contacts','999999051','150999999','phone'),(157,'Contacts','16260000','00006261','otherphone'),(158,'Contacts','999999052','250999999','phone'),(158,'Contacts','17074000','00047071','otherphone'),(159,'Contacts','999999053','350999999','phone'),(159,'Contacts','14114600','00641141','otherphone'),(160,'Contacts','999999054','450999999','phone'),(160,'Contacts','12114000','00041121','otherphone'),(161,'Contacts','999999055','550999999','phone'),(161,'Contacts','16167979','97976161','otherphone'),(162,'Contacts','999999056','650999999','phone'),(162,'Contacts','16113500','00531161','otherphone'),(163,'Contacts','999999057','750999999','phone'),(163,'Contacts','13173000','00037131','otherphone'),(164,'Contacts','999999058','850999999','phone'),(164,'Contacts','12159090','09095121','otherphone'),(165,'Contacts','999999059','950999999','phone'),(165,'Contacts','12151200','00215121','otherphone'),(166,'Contacts','999999060','060999999','phone'),(166,'Contacts','14364040','04046341','otherphone'),(167,'Contacts','999999061','160999999','phone'),(167,'Contacts','15184000','00048151','otherphone'),(168,'Contacts','999999062','260999999','phone'),(168,'Contacts','12172800','00827121','otherphone'),(169,'Contacts','999999063','360999999','phone'),(169,'Contacts','14117100','00171141','otherphone'),(170,'Contacts','34644263345','54336244643','phone'),(170,'Contacts','13172500','00527131','otherphone'),(171,'Contacts','999999065','560999999','phone'),(171,'Contacts','12156300','00365121','otherphone'),(172,'Contacts','999999066','660999999','phone'),(172,'Contacts','12138300','00383121','otherphone'),(173,'Contacts','999999067','760999999','phone'),(173,'Contacts','17060400','00406071','otherphone'),(174,'Contacts','999999068','860999999','phone'),(174,'Contacts','12212596','69521221','otherphone'),(175,'Contacts','999999069','960999999','phone'),(175,'Contacts','12153300','00335121','otherphone'),(176,'Contacts','999999070','070999999','phone'),(176,'Contacts','13159000','00095131','otherphone'),(177,'Contacts','999999071','170999999','phone'),(177,'Contacts','12135555','55553121','otherphone'),(178,'Contacts','999999072','270999999','phone'),(178,'Contacts','17062000','00026071','otherphone'),(179,'Contacts','999999073','370999999','phone'),(179,'Contacts','13172000','00027131','otherphone'),(180,'Contacts','999999074','470999999','phone'),(180,'Contacts','12170200','00207121','otherphone'),(181,'Contacts','999999075','570999999','phone'),(181,'Contacts','17145200','00254171','otherphone'),(182,'Contacts','999999076','670999999','phone'),(182,'Contacts','17059100','00195071','otherphone'),(183,'Contacts','999999077','770999999','phone'),(183,'Contacts','15138000','00083151','otherphone'),(184,'Contacts','999999078','870999999','phone'),(184,'Contacts','12157300','00375121','otherphone'),(185,'Contacts','999999079','970999999','phone'),(185,'Contacts','16177777','77777161','otherphone'),(186,'Contacts','999999080','080999999','phone'),(186,'Contacts','14404222','22240441','otherphone'),(187,'Contacts','999999081','180999999','phone'),(187,'Contacts','16111111','11111161','otherphone'),(188,'Contacts','999999082','280999999','phone'),(188,'Contacts','17105500','00550171','otherphone'),(189,'Contacts','999999083','380999999','phone'),(189,'Contacts','16128383','38382161','otherphone'),(190,'Contacts','999999084','480999999','phone'),(190,'Contacts','14150000','00005141','otherphone'),(191,'Contacts','999999085','580999999','phone'),(191,'Contacts','12134000','00043121','otherphone'),(192,'Contacts','999999086','680999999','phone'),(192,'Contacts','12119900','00991121','otherphone'),(193,'Contacts','999999087','780999999','phone'),(193,'Contacts','12113300','00331121','otherphone'),(194,'Contacts','999999088','880999999','phone'),(194,'Contacts','16113900','00931161','otherphone'),(195,'Contacts','999999089','980999999','phone'),(195,'Contacts','16113901','10931161','otherphone'),(196,'Contacts','999999090','090999999','phone'),(196,'Contacts','17107000','00070171','otherphone'),(197,'Contacts','999999091','190999999','phone'),(197,'Contacts','13722233','33222731','otherphone'),(198,'Contacts','999999092','290999999','phone'),(198,'Contacts','16111900','00911161','otherphone'),(199,'Contacts','999999093','390999999','phone'),(199,'Contacts','14117100','00171141','otherphone'),(200,'Contacts','999999094','490999999','phone'),(200,'Contacts','16110400','00401161','otherphone'),(201,'Contacts','999999095','590999999','phone'),(201,'Contacts','15134000','00043151','otherphone'),(202,'Contacts','999999096','690999999','phone'),(202,'Contacts','16181800','00818161','otherphone'),(203,'Contacts','999999097','790999999','phone'),(203,'Contacts','15132000','00023151','otherphone'),(204,'Contacts','999999098','890999999','phone'),(204,'Contacts','13132916','61923131','otherphone'),(205,'Contacts','999999099','990999999','phone'),(205,'Contacts','15184500','00548151','otherphone'),(206,'Contacts','999999100','001999999','phone'),(206,'Contacts','13176000','00067131','otherphone'),(207,'Contacts','999999001','100999999','phone'),(207,'Contacts','16145000','00054161','otherphone'),(208,'Contacts','999999002','200999999','phone'),(208,'Contacts','6120000','0000216','otherphone'),(209,'Contacts','999999003','300999999','phone'),(209,'Contacts','6120001','1000216','otherphone'),(210,'Contacts','999999004','400999999','phone'),(210,'Contacts','6120002','2000216','otherphone'),(211,'Contacts','999999005','500999999','phone'),(211,'Contacts','6120003','3000216','otherphone'),(212,'Contacts','999999006','600999999','phone'),(212,'Contacts','2134568','8654312','otherphone'),(438,'Leads','61478525','52587416','phone'),(441,'Leads','956727976','679727659','phone'),(442,'Leads','950657120','021756059','phone'),(443,'Leads','950657122','221756059','phone'),(444,'Leads','876786876','678687678','phone'),(448,'Leads','4287959','9597824','phone'),(449,'Leads','969876453','354678969','phone'),(101,'Accounts','23435679','97653432','otherphone'),(170,'Contacts','34644263345','54336244643','mobile'),(735,'Contacts','34644263345','54336244643','mobile'),(743,'Contacts','51916168746','64786161915','mobile'),(746,'Contacts','916162746','647261619','mobile'),(763,'Contacts','985862569','965268589','mobile'),(163,'Contacts','999705272','272507999','mobile');

--
-- Table structure for table `vtiger_pbxmanagercf`
--

CREATE TABLE `vtiger_pbxmanagercf` (
  `pbxmanagerid` int(11) NOT NULL,
  PRIMARY KEY (`pbxmanagerid`),
  CONSTRAINT `fk_pbxmanagerid_vtiger_pbxmanagercf` FOREIGN KEY (`pbxmanagerid`) REFERENCES `vtiger_pbxmanager` (`pbxmanagerid`) ON DELETE CASCADE
) ENGINE=InnoDB DEFAULT CHARSET=utf8 COLLATE=utf8_general_ci;

--
-- Dumping data for table `vtiger_pbxmanagercf`
--


--
-- Table structure for table `vtiger_picklist`
--

CREATE TABLE `vtiger_picklist` (
  `picklistid` int(11) NOT NULL AUTO_INCREMENT,
  `name` varchar(200) NOT NULL,
  PRIMARY KEY (`picklistid`),
  UNIQUE KEY `picklist_name_idx` (`name`)
) ENGINE=InnoDB AUTO_INCREMENT=60 DEFAULT CHARSET=utf8 COLLATE=utf8_general_ci;

--
-- Dumping data for table `vtiger_picklist`
--

INSERT INTO `vtiger_picklist` VALUES (1,'accounttype'),(2,'activitytype'),(45,'assetstatus'),(53,'attendance_status'),(3,'campaignstatus'),(4,'campaigntype'),(5,'carrier'),(33,'contract_priority'),(32,'contract_status'),(34,'contract_type'),(52,'ctroute_attendance_status'),(51,'ctroute_status'),(48,'defaultactivitytype'),(47,'defaulteventstatus'),(49,'defaultlandingpage'),(6,'eventstatus'),(7,'expectedresponse'),(8,'faqcategories'),(9,'faqstatus'),(10,'glacct'),(11,'industry'),(12,'invoicestatus'),(13,'leadsource'),(14,'leadstatus'),(15,'manufacturer'),(58,'messagelog_type'),(54,'message_status'),(55,'message_type'),(16,'opportunity_type'),(17,'postatus'),(18,'productcategory'),(44,'progress'),(37,'projectmilestonetype'),(43,'projectpriority'),(41,'projectstatus'),(39,'projecttaskpriority'),(40,'projecttaskprogress'),(46,'projecttaskstatus'),(38,'projecttasktype'),(42,'projecttype'),(56,'pushnotificationstatus'),(19,'quotestage'),(20,'rating'),(21,'sales_stage'),(22,'salutationtype'),(36,'servicecategory'),(35,'service_usageunit'),(23,'sostatus'),(24,'taskpriority'),(25,'taskstatus'),(26,'ticketcategories'),(27,'ticketpriorities'),(28,'ticketseverities'),(29,'ticketstatus'),(50,'tracking_status'),(31,'tracking_unit'),(30,'usageunit'),(59,'whatsapplog_unreadread'),(57,'whatsapp_unreadread');

--
-- Table structure for table `vtiger_picklist_dependency`
--

CREATE TABLE `vtiger_picklist_dependency` (
  `id` int(11) NOT NULL,
  `tabid` int(19) NOT NULL,
  `sourcefield` varchar(255) DEFAULT NULL,
  `targetfield` varchar(255) DEFAULT NULL,
  `sourcevalue` varchar(100) DEFAULT NULL,
  `targetvalues` text DEFAULT NULL,
  `criteria` text DEFAULT NULL,
  PRIMARY KEY (`id`)
) ENGINE=InnoDB DEFAULT CHARSET=utf8 COLLATE=utf8_general_ci;

--
-- Dumping data for table `vtiger_picklist_dependency`
--


--
-- Table structure for table `vtiger_picklist_seq`
--

CREATE TABLE `vtiger_picklist_seq` (
  `id` int(11) NOT NULL
) ENGINE=InnoDB DEFAULT CHARSET=utf8 COLLATE=utf8_general_ci;

--
-- Dumping data for table `vtiger_picklist_seq`
--

INSERT INTO `vtiger_picklist_seq` VALUES (59);

--
-- Table structure for table `vtiger_picklist_transitions`
--

CREATE TABLE `vtiger_picklist_transitions` (
  `fieldname` varchar(255) NOT NULL,
  `module` varchar(100) NOT NULL,
  `transition_data` varchar(1000) NOT NULL,
  PRIMARY KEY (`fieldname`)
) ENGINE=InnoDB DEFAULT CHARSET=utf8 COLLATE=utf8_general_ci;

--
-- Dumping data for table `vtiger_picklist_transitions`
--


--
-- Table structure for table `vtiger_picklistvalues_seq`
--

CREATE TABLE `vtiger_picklistvalues_seq` (
  `id` int(11) NOT NULL
) ENGINE=InnoDB DEFAULT CHARSET=utf8 COLLATE=utf8_general_ci;

--
-- Dumping data for table `vtiger_picklistvalues_seq`
--

INSERT INTO `vtiger_picklistvalues_seq` VALUES (515);

--
-- Table structure for table `vtiger_pobillads`
--

CREATE TABLE `vtiger_pobillads` (
  `pobilladdressid` int(19) NOT NULL DEFAULT 0,
  `bill_city` varchar(30) DEFAULT NULL,
  `bill_code` varchar(30) DEFAULT NULL,
  `bill_country` varchar(30) DEFAULT NULL,
  `bill_state` varchar(30) DEFAULT NULL,
  `bill_street` varchar(250) DEFAULT NULL,
  `bill_pobox` varchar(30) DEFAULT NULL,
  PRIMARY KEY (`pobilladdressid`),
  CONSTRAINT `fk_1_vtiger_pobillads` FOREIGN KEY (`pobilladdressid`) REFERENCES `vtiger_purchaseorder` (`purchaseorderid`) ON DELETE CASCADE
) ENGINE=InnoDB DEFAULT CHARSET=utf8 COLLATE=utf8_general_ci;

--
-- Dumping data for table `vtiger_pobillads`
--


--
-- Table structure for table `vtiger_portal`
--

CREATE TABLE `vtiger_portal` (
  `portalid` int(19) NOT NULL,
  `portalname` varchar(200) NOT NULL,
  `portalurl` varchar(255) NOT NULL,
  `sequence` int(3) NOT NULL,
  `setdefault` int(3) NOT NULL DEFAULT 0,
  `createdtime` datetime DEFAULT NULL,
  PRIMARY KEY (`portalid`),
  KEY `portal_portalname_idx` (`portalname`)
) ENGINE=InnoDB DEFAULT CHARSET=utf8 COLLATE=utf8_general_ci;

--
-- Dumping data for table `vtiger_portal`
--


--
-- Table structure for table `vtiger_portalinfo`
--

CREATE TABLE `vtiger_portalinfo` (
  `id` int(11) NOT NULL,
  `user_name` varchar(50) DEFAULT NULL,
  `user_password` varchar(255) DEFAULT NULL,
  `type` varchar(5) DEFAULT NULL,
  `cryptmode` varchar(20) DEFAULT NULL,
  `last_login_time` datetime DEFAULT NULL,
  `login_time` datetime DEFAULT NULL,
  `logout_time` datetime DEFAULT NULL,
  `isactive` int(1) DEFAULT NULL,
  PRIMARY KEY (`id`),
  CONSTRAINT `fk_1_vtiger_portalinfo` FOREIGN KEY (`id`) REFERENCES `vtiger_contactdetails` (`contactid`) ON DELETE CASCADE
) ENGINE=InnoDB DEFAULT CHARSET=utf8 COLLATE=utf8_general_ci;

--
-- Dumping data for table `vtiger_portalinfo`
--


--
-- Table structure for table `vtiger_poshipads`
--

CREATE TABLE `vtiger_poshipads` (
  `poshipaddressid` int(19) NOT NULL DEFAULT 0,
  `ship_city` varchar(30) DEFAULT NULL,
  `ship_code` varchar(30) DEFAULT NULL,
  `ship_country` varchar(30) DEFAULT NULL,
  `ship_state` varchar(30) DEFAULT NULL,
  `ship_street` varchar(250) DEFAULT NULL,
  `ship_pobox` varchar(30) DEFAULT NULL,
  PRIMARY KEY (`poshipaddressid`),
  CONSTRAINT `fk_1_vtiger_poshipads` FOREIGN KEY (`poshipaddressid`) REFERENCES `vtiger_purchaseorder` (`purchaseorderid`) ON DELETE CASCADE
) ENGINE=InnoDB DEFAULT CHARSET=utf8 COLLATE=utf8_general_ci;

--
-- Dumping data for table `vtiger_poshipads`
--


--
-- Table structure for table `vtiger_postatus`
--

CREATE TABLE `vtiger_postatus` (
  `postatusid` int(19) NOT NULL AUTO_INCREMENT,
  `postatus` varchar(200) NOT NULL,
  `presence` int(1) NOT NULL DEFAULT 1,
  `picklist_valueid` int(19) NOT NULL DEFAULT 0,
  `sortorderid` int(11) DEFAULT NULL,
  `color` varchar(10) DEFAULT NULL,
  PRIMARY KEY (`postatusid`),
  UNIQUE KEY `postatus_postatus_idx` (`postatus`)
) ENGINE=InnoDB AUTO_INCREMENT=6 DEFAULT CHARSET=utf8 COLLATE=utf8_general_ci;

--
-- Dumping data for table `vtiger_postatus`
--

INSERT INTO `vtiger_postatus` VALUES (1,'Created',0,130,0,NULL),(2,'Approved',0,131,1,NULL),(3,'Delivered',0,132,2,NULL),(4,'Cancelled',0,133,3,NULL),(5,'Received Shipment',0,134,4,NULL);

--
-- Table structure for table `vtiger_postatus_seq`
--

CREATE TABLE `vtiger_postatus_seq` (
  `id` int(11) NOT NULL
) ENGINE=InnoDB DEFAULT CHARSET=utf8 COLLATE=utf8_general_ci;

--
-- Dumping data for table `vtiger_postatus_seq`
--

INSERT INTO `vtiger_postatus_seq` VALUES (5);

--
-- Table structure for table `vtiger_postatushistory`
--

CREATE TABLE `vtiger_postatushistory` (
  `historyid` int(19) NOT NULL AUTO_INCREMENT,
  `purchaseorderid` int(19) NOT NULL,
  `vendorname` varchar(100) DEFAULT NULL,
  `total` decimal(10,0) DEFAULT NULL,
  `postatus` varchar(200) DEFAULT NULL,
  `lastmodified` datetime DEFAULT NULL,
  PRIMARY KEY (`historyid`),
  KEY `postatushistory_purchaseorderid_idx` (`purchaseorderid`),
  CONSTRAINT `fk_1_vtiger_postatushistory` FOREIGN KEY (`purchaseorderid`) REFERENCES `vtiger_purchaseorder` (`purchaseorderid`) ON DELETE CASCADE
) ENGINE=InnoDB DEFAULT CHARSET=utf8 COLLATE=utf8_general_ci;

--
-- Dumping data for table `vtiger_postatushistory`
--


--
-- Table structure for table `vtiger_potential`
--

CREATE TABLE `vtiger_potential` (
  `potentialid` int(19) NOT NULL DEFAULT 0,
  `potential_no` varchar(100) NOT NULL,
  `related_to` int(19) DEFAULT NULL,
  `potentialname` varchar(120) NOT NULL,
  `amount` decimal(25,8) DEFAULT NULL,
  `currency` varchar(20) DEFAULT NULL,
  `closingdate` date DEFAULT NULL,
  `typeofrevenue` varchar(50) DEFAULT NULL,
  `nextstep` varchar(100) DEFAULT NULL,
  `private` int(1) DEFAULT 0,
  `probability` decimal(7,3) DEFAULT 0.000,
  `campaignid` int(19) DEFAULT NULL,
  `sales_stage` varchar(200) DEFAULT NULL,
  `potentialtype` varchar(200) DEFAULT NULL,
  `leadsource` varchar(200) DEFAULT NULL,
  `productid` int(50) DEFAULT NULL,
  `productversion` varchar(50) DEFAULT NULL,
  `quotationref` varchar(50) DEFAULT NULL,
  `partnercontact` varchar(50) DEFAULT NULL,
  `remarks` varchar(50) DEFAULT NULL,
  `runtimefee` int(19) DEFAULT 0,
  `followupdate` date DEFAULT NULL,
  `evaluationstatus` varchar(50) DEFAULT NULL,
  `description` text DEFAULT NULL,
  `forecastcategory` int(19) DEFAULT 0,
  `outcomeanalysis` int(19) DEFAULT 0,
  `forecast_amount` decimal(25,8) DEFAULT NULL,
  `isconvertedfromlead` varchar(3) DEFAULT '0',
  `contact_id` int(19) DEFAULT NULL,
  `tags` varchar(1) DEFAULT NULL,
  `converted` int(1) NOT NULL DEFAULT 0,
  `lb_fechadesiguientepaso` date DEFAULT NULL,
  `lb_probabilidaddeexito` text DEFAULT NULL,
  PRIMARY KEY (`potentialid`),
  KEY `potential_relatedto_idx` (`related_to`),
  KEY `potentail_sales_stage_idx` (`sales_stage`),
  KEY `potentail_sales_stage_amount_idx` (`amount`,`sales_stage`),
  CONSTRAINT `fk_1_vtiger_potential` FOREIGN KEY (`potentialid`) REFERENCES `vtiger_crmentity` (`crmid`) ON DELETE CASCADE
) ENGINE=InnoDB DEFAULT CHARSET=utf8 COLLATE=utf8_general_ci;

--
-- Dumping data for table `vtiger_potential`
--

INSERT INTO `vtiger_potential` VALUES (213,'POT1',2,'Tax & Legal',15100.00000000,NULL,'2024-03-10',NULL,'',0,10.000,0,'Closed Won','','Fuerza de Ventas',NULL,NULL,NULL,NULL,NULL,0,NULL,NULL,NULL,0,0,0.00000000,'0',107,'',0,NULL,NULL),(214,'POT2',3,'Auditoria Financiera',150000.00000000,NULL,'2024-10-11',NULL,'',0,10.000,0,'Closed Lost','','Fuerza de Ventas',NULL,NULL,NULL,NULL,NULL,0,NULL,NULL,NULL,0,0,0.00000000,'0',108,'',0,NULL,NULL),(215,'POT3',4,'Outsourcing',180000.00000000,NULL,'2024-03-10',NULL,'',0,10.000,0,'Closed Won','','Fuerza de Ventas',NULL,NULL,NULL,NULL,NULL,0,NULL,NULL,NULL,0,0,0.00000000,'0',109,'',0,NULL,NULL),(216,'POT4',5,'Proyecto Carretera de Acceso',230000.00000000,NULL,'2024-11-21',NULL,'',0,10.000,0,'Analisis de Necesidad','','Fuerza de Ventas',NULL,NULL,NULL,NULL,NULL,0,NULL,NULL,NULL,0,0,0.00000000,'0',110,'',0,NULL,NULL),(217,'POT5',6,'Tax & Legal',150000.00000000,NULL,'2024-02-15',NULL,'',0,10.000,0,'Closed Lost','','Fuerza de Ventas',NULL,NULL,NULL,NULL,NULL,0,NULL,NULL,NULL,0,0,0.00000000,'0',111,'',0,NULL,NULL),(218,'POT6',7,'Auditoria Financiera',180000.00000000,NULL,'2024-03-10',NULL,'',0,10.000,0,'Closed Won','','Fuerza de Ventas',NULL,NULL,NULL,NULL,NULL,0,NULL,NULL,NULL,0,0,0.00000000,'0',112,'',0,NULL,NULL),(219,'POT7',8,'Outsourcing',210000.00000000,NULL,'2024-10-10',NULL,'',0,10.000,0,'Propuesta','','Fuerza de Ventas',NULL,NULL,NULL,NULL,NULL,0,NULL,NULL,NULL,0,0,0.00000000,'0',113,'',0,NULL,NULL),(220,'POT8',9,'Precios de Transferencia',300000.00000000,NULL,'2024-03-10',NULL,'',0,10.000,0,'Closed Won','','Fuerza de Ventas',NULL,NULL,NULL,NULL,NULL,0,NULL,NULL,NULL,0,0,0.00000000,'0',114,'',0,NULL,NULL),(221,'POT9',10,'110 Termostatos',165000.00000000,NULL,'2024-11-20',NULL,'',0,10.000,0,'Analisis de Necesidad','','Fuerza de Ventas',NULL,NULL,NULL,NULL,NULL,0,NULL,NULL,NULL,0,0,0.00000000,'0',115,'',0,NULL,NULL),(222,'POT10',11,'Educacion Segura',195000.00000000,NULL,'2024-03-18',NULL,'',0,10.000,0,'Closed Won','','Fuerza de Ventas',NULL,NULL,NULL,NULL,NULL,0,NULL,NULL,NULL,0,0,0.00000000,'0',116,'',0,NULL,NULL),(223,'POT11',12,'Auditoria Financiera',75000.00000000,NULL,'2024-10-10',NULL,'',0,10.000,0,'Analisis de Necesidad','','Fuerza de Ventas',NULL,NULL,NULL,NULL,NULL,0,NULL,NULL,NULL,0,0,0.00000000,'0',117,'',0,NULL,NULL),(224,'POT12',13,'Outsourcing',120000.00000000,NULL,'2024-03-18',NULL,'',0,10.000,0,'Closed Won','','Fuerza de Ventas',NULL,NULL,NULL,NULL,NULL,0,NULL,NULL,NULL,0,0,0.00000000,'0',118,'',0,NULL,NULL),(225,'POT13',14,'Precios de Transferencia',300000.00000000,NULL,'2024-03-18',NULL,'',0,10.000,0,'Closed Won','','Fuerza de Ventas',NULL,NULL,NULL,NULL,NULL,0,NULL,NULL,NULL,0,0,0.00000000,'0',119,'',0,NULL,NULL),(226,'POT14',15,'90 Termostatos',430000.00000000,NULL,'2024-03-18',NULL,'',0,20.000,0,'Closed Won','','Fuerza de Ventas',NULL,NULL,NULL,NULL,NULL,0,NULL,NULL,NULL,0,0,0.00000000,'0',120,'',0,NULL,NULL),(227,'POT15',16,'Tax & Legal',105000.00000000,NULL,'2024-12-12',NULL,'',0,20.000,0,'Propuesta','','Fuerza de Ventas',NULL,NULL,NULL,NULL,NULL,0,NULL,NULL,NULL,0,0,0.00000000,'0',121,'',0,NULL,NULL),(228,'POT16',17,'Auditoria Financiera',90000.00000000,NULL,'2024-12-12',NULL,'',0,20.000,0,'Interes','','Fuerza de Ventas',NULL,NULL,NULL,NULL,NULL,0,NULL,NULL,NULL,0,0,0.00000000,'0',122,'',0,NULL,NULL),(229,'POT17',18,'Outsourcing',180000.00000000,NULL,'2024-12-12',NULL,'',0,20.000,0,'Negociacion','','Fuerza de Ventas',NULL,NULL,NULL,NULL,NULL,0,NULL,NULL,NULL,0,0,0.00000000,'0',123,'',0,NULL,NULL),(230,'POT18',19,'Precios de Transferencia',210000.00000000,NULL,'2024-12-12',NULL,'',0,20.000,0,'Analisis de Necesidad','','Fuerza de Ventas',NULL,NULL,NULL,NULL,NULL,0,NULL,NULL,NULL,0,0,0.00000000,'0',124,'',0,NULL,NULL),(231,'POT19',20,'200 Termostatos',300000.00000000,NULL,'2024-12-12',NULL,'',0,20.000,0,'Propuesta','','Fuerza de Ventas',NULL,NULL,NULL,NULL,NULL,0,NULL,NULL,NULL,0,0,0.00000000,'0',125,'',0,NULL,NULL),(232,'POT20',21,'Tax & Legal',105000.00000000,NULL,'2024-12-12',NULL,'',0,20.000,0,'Interes','','Fuerza de Ventas',NULL,NULL,NULL,NULL,NULL,0,NULL,NULL,NULL,0,0,0.00000000,'0',126,'',0,NULL,NULL),(233,'POT21',22,'Outsourcing',30000.00000000,NULL,'2024-11-20',NULL,'',0,20.000,0,'Analisis de Necesidad','','Fuerza de Ventas',NULL,NULL,NULL,NULL,NULL,0,NULL,NULL,NULL,0,0,0.00000000,'0',127,'',0,NULL,NULL),(234,'POT22',23,'Auditoria Financiera',45000.00000000,NULL,'2024-11-21',NULL,'',0,20.000,0,'Propuesta','','Fuerza de Ventas',NULL,NULL,NULL,NULL,NULL,0,NULL,NULL,NULL,0,0,0.00000000,'0',128,'',0,NULL,NULL),(235,'POT23',24,'Outsourcing',150000.00000000,NULL,'2024-10-10',NULL,'',0,20.000,0,'Interes','','Fuerza de Ventas',NULL,NULL,NULL,NULL,NULL,0,NULL,NULL,NULL,0,0,0.00000000,'0',129,'',0,NULL,NULL),(236,'POT24',25,'Precios de Transferencia',320000.00000000,NULL,'2024-11-20',NULL,'',0,20.000,0,'Analisis de Necesidad','','Fuerza de Ventas',NULL,NULL,NULL,NULL,NULL,0,NULL,NULL,NULL,0,0,0.00000000,'0',130,'',0,NULL,NULL),(237,'POT25',26,'40 Termostatos',60000.00000000,NULL,'2024-12-12',NULL,'',0,45.000,0,'Analisis de Necesidad','','Fuerza de Ventas',NULL,NULL,NULL,NULL,NULL,0,NULL,NULL,NULL,0,0,0.00000000,'0',131,'',0,NULL,NULL),(238,'POT26',27,'Tax & Legal',380000.00000000,NULL,'2024-03-06',NULL,'',0,45.000,0,'Negociacion','','Fuerza de Ventas',NULL,NULL,NULL,NULL,NULL,0,NULL,NULL,NULL,0,0,0.00000000,'0',132,'',0,NULL,NULL),(239,'POT27',28,'Outsourcing',120000.00000000,NULL,'2024-12-12',NULL,'',0,45.000,0,'Negociacion','','Fuerza de Ventas',NULL,NULL,NULL,NULL,NULL,0,NULL,NULL,NULL,0,0,0.00000000,'0',133,'',0,NULL,NULL),(240,'POT28',29,'Auditoria Financiera',135000.00000000,NULL,'2024-11-20',NULL,'',0,45.000,0,'Propuesta','','Fuerza de Ventas',NULL,NULL,NULL,NULL,NULL,0,NULL,NULL,NULL,0,0,0.00000000,'0',134,'',0,NULL,NULL),(241,'POT29',30,'Outsourcing',60000.00000000,NULL,'2024-02-15',NULL,'',0,45.000,0,'Closed Lost','','Fuerza de Ventas',NULL,NULL,NULL,NULL,NULL,0,NULL,NULL,NULL,0,0,0.00000000,'0',135,'',0,NULL,NULL),(242,'POT30',31,'Precios de Transferencia',75000.00000000,NULL,'2024-03-18',NULL,'',0,45.000,0,'Closed Won','','Fuerza de Ventas',NULL,NULL,NULL,NULL,NULL,0,NULL,NULL,NULL,0,0,0.00000000,'0',136,'',0,NULL,NULL),(243,'POT31',32,'30 Termostatos',45000.00000000,NULL,'2024-03-18',NULL,'',0,45.000,0,'Closed Won','','Fuerza de Ventas',NULL,NULL,NULL,NULL,NULL,0,NULL,NULL,NULL,0,0,0.00000000,'0',137,'',0,NULL,NULL),(244,'POT32',33,'Tax & Legal',15000.00000000,NULL,'2024-03-18',NULL,'',0,45.000,0,'Closed Won','','Fuerza de Ventas',NULL,NULL,NULL,NULL,NULL,0,NULL,NULL,NULL,0,0,0.00000000,'0',138,'',0,NULL,NULL),(245,'POT33',34,'Outsourcing',105000.00000000,NULL,'2024-02-15',NULL,'',0,45.000,0,'Closed Lost','','Fuerza de Ventas',NULL,NULL,NULL,NULL,NULL,0,NULL,NULL,NULL,0,0,0.00000000,'0',139,'',0,NULL,NULL),(246,'POT34',35,'virtualizacion de desktop',100000.00000000,NULL,'2024-02-16',NULL,'',0,45.000,0,'Analisis de Necesidad','','Fuerza de Ventas',NULL,NULL,NULL,NULL,NULL,0,NULL,NULL,NULL,0,0,0.00000000,'0',140,'',0,NULL,NULL),(247,'POT35',36,'Programa de Liderazgo Transformacional - CXO',8000.00000000,NULL,'2024-02-17',NULL,'',0,45.000,0,'Interes','','Fuerza de Ventas',NULL,NULL,NULL,NULL,NULL,0,NULL,NULL,NULL,0,0,0.00000000,'0',141,'',0,NULL,NULL),(248,'POT36',37,'Diplomado',120000.00000000,NULL,'2024-03-18',NULL,'',0,45.000,0,'Closed Won','','Fuerza de Ventas',NULL,NULL,NULL,NULL,NULL,0,NULL,NULL,NULL,0,0,0.00000000,'0',142,'',0,NULL,NULL),(249,'POT37',38,'Videoconferencia',120000.00000000,NULL,'2024-12-12',NULL,'',0,45.000,0,'Analisis de Necesidad','','Fuerza de Ventas',NULL,NULL,NULL,NULL,NULL,0,NULL,NULL,NULL,0,0,0.00000000,'0',143,'',0,NULL,NULL),(250,'POT38',39,'Flota de Gruas para Toquepal',480000.00000000,NULL,'2024-12-13',NULL,'',0,45.000,0,'Analisis de Necesidad','','Fuerza de Ventas',NULL,NULL,NULL,NULL,NULL,0,NULL,NULL,NULL,0,0,0.00000000,'0',144,'',0,NULL,NULL),(251,'POT39',40,'Alquiler de Gruas - 3 años',120000.00000000,NULL,'2024-12-14',NULL,'',0,45.000,0,'Analisis de Necesidad','','Fuerza de Ventas',NULL,NULL,NULL,NULL,NULL,0,NULL,NULL,NULL,0,0,0.00000000,'0',145,'',0,NULL,NULL),(252,'POT40',41,'Programa Primeros Auxilios G1',345000.00000000,NULL,'2024-12-15',NULL,'',0,45.000,0,'Interes','','Fuerza de Ventas',NULL,NULL,NULL,NULL,NULL,0,NULL,NULL,NULL,0,0,0.00000000,'0',146,'',0,NULL,NULL),(253,'POT41',42,'Programa Primeros Auxilios G2',38000.00000000,NULL,'2024-12-16',NULL,'',0,70.000,0,'Interes','','Fuerza de Ventas',NULL,NULL,NULL,NULL,NULL,0,NULL,NULL,NULL,0,0,0.00000000,'0',147,'',0,NULL,NULL),(254,'POT42',43,'Carta Fianza',300000.00000000,NULL,'2024-12-17',NULL,'',0,70.000,0,'Propuesta','','Fuerza de Ventas',NULL,NULL,NULL,NULL,NULL,0,NULL,NULL,NULL,0,0,0.00000000,'0',148,'',0,NULL,NULL),(255,'POT43',44,'Planta de Lurin - Acceso a Internet',10000.00000000,NULL,'2024-12-18',NULL,'',0,70.000,0,'Propuesta','','Fuerza de Ventas',NULL,NULL,NULL,NULL,NULL,0,NULL,NULL,NULL,0,0,0.00000000,'0',149,'',0,NULL,NULL),(256,'POT44',45,'Proyecto Costos - Hyperion',120000.00000000,NULL,'2024-12-19',NULL,'',0,70.000,0,'Analisis de Necesidad','','Fuerza de Ventas',NULL,NULL,NULL,NULL,NULL,0,NULL,NULL,NULL,0,0,0.00000000,'0',150,'',0,NULL,NULL),(257,'POT45',46,'Convenio 100 personas',98500.00000000,NULL,'2024-05-14',NULL,'',0,70.000,0,'Propuesta','','Fuerza de Ventas',NULL,NULL,NULL,NULL,NULL,0,NULL,NULL,NULL,0,0,0.00000000,'0',151,'',0,NULL,NULL),(258,'POT46',47,'Limpieza de planta con Powerboss',100000.00000000,NULL,'2024-05-15',NULL,'',0,70.000,0,'Propuesta','','Fuerza de Ventas',NULL,NULL,NULL,NULL,NULL,0,NULL,NULL,NULL,0,0,0.00000000,'0',152,'',0,NULL,NULL),(259,'POT47',48,'Flota de 10 uni   - modelo',500000.00000000,NULL,'2024-05-16',NULL,'',0,70.000,0,'Propuesta','','Fuerza de Ventas',NULL,NULL,NULL,NULL,NULL,0,NULL,NULL,NULL,0,0,0.00000000,'0',153,'',0,NULL,NULL),(260,'POT48',49,'Outsourcing impresion',120000.00000000,NULL,'2024-05-17',NULL,'',0,70.000,0,'Interes','','Fuerza de Ventas',NULL,NULL,NULL,NULL,NULL,0,NULL,NULL,NULL,0,0,0.00000000,'0',154,'',0,NULL,NULL),(261,'POT49',50,'Proyecto de Cocina - Linea Sarten Vocable',118900.00000000,NULL,'2024-03-18',NULL,'',0,70.000,0,'Closed Won','','Fuerza de Ventas',NULL,NULL,NULL,NULL,NULL,0,NULL,NULL,NULL,0,0,0.00000000,'0',155,'',0,NULL,NULL),(262,'POT50',51,'Proyecto de Cocina - Linea Sarten Vocable',120000.00000000,NULL,'2024-05-11',NULL,'',0,70.000,0,'Interes','','Fuerza de Ventas',NULL,NULL,NULL,NULL,NULL,0,NULL,NULL,NULL,0,0,0.00000000,'0',156,'',0,NULL,NULL),(263,'POT51',52,'Proyecto Cocina Campamento..',300000.00000000,NULL,'2024-05-12',NULL,'',0,70.000,0,'Interes','','Fuerza de Ventas',NULL,NULL,NULL,NULL,NULL,0,NULL,NULL,NULL,0,0,0.00000000,'0',157,'',0,NULL,NULL),(264,'POT52',53,'Proyecto Cocina Campamento..',120000.00000000,NULL,'2024-03-18',NULL,'',0,70.000,0,'Closed Won','','Fuerza de Ventas',NULL,NULL,NULL,NULL,NULL,0,NULL,NULL,NULL,0,0,0.00000000,'0',158,'',0,NULL,NULL),(265,'POT53',54,'Proyecto Automatizacion -  Labcel',360000.00000000,NULL,'2024-05-14',NULL,'',0,70.000,0,'Analisis de Necesidad','','Fuerza de Ventas',NULL,NULL,NULL,NULL,NULL,0,NULL,NULL,NULL,0,0,0.00000000,'0',159,'',0,NULL,NULL),(266,'POT54',55,'Proyecto de Perforacion - Jumbo',118000.00000000,NULL,'2024-05-15',NULL,'',0,70.000,0,'Negociacion','','Fuerza de Ventas',NULL,NULL,NULL,NULL,NULL,0,NULL,NULL,NULL,0,0,0.00000000,'0',160,'',0,NULL,NULL),(267,'POT55',56,'Camion grua para cambio de postes',150000.00000000,NULL,'2024-05-16',NULL,'',0,70.000,0,'Propuesta','','Fuerza de Ventas',NULL,NULL,NULL,NULL,NULL,0,NULL,NULL,NULL,0,0,0.00000000,'0',161,'',0,NULL,NULL),(268,'POT56',57,'Control de Asistencia 4 locales',10000.00000000,NULL,'2024-05-17',NULL,'',0,70.000,0,'Propuesta','','Fuerza de Ventas',NULL,NULL,NULL,NULL,NULL,0,NULL,NULL,NULL,0,0,0.00000000,'0',162,'',0,NULL,NULL),(269,'POT57',58,'10 VM - 4 locales',12000.00000000,NULL,'2024-05-18',NULL,'',0,70.000,0,'Interes','','Fuerza de Ventas',NULL,NULL,NULL,NULL,NULL,0,NULL,NULL,NULL,0,0,0.00000000,'0',163,'',0,NULL,NULL),(270,'POT58',59,'Letrero Lumino Entrada XYZ 10x24',10500.00000000,NULL,'2024-03-18',NULL,'',0,70.000,0,'Closed Won','','Fuerza de Ventas',NULL,NULL,NULL,NULL,NULL,0,NULL,NULL,NULL,0,0,0.00000000,'0',164,'',0,NULL,NULL),(271,'POT59',60,'Proyecto De Seguridad - Cableado de Fibra',600000.00000000,NULL,'2024-03-29',NULL,'',0,70.000,0,'Interes','','Fuerza de Ventas',NULL,NULL,NULL,NULL,NULL,0,NULL,NULL,NULL,0,0,0.00000000,'0',165,'',0,NULL,NULL),(272,'POT60',61,'Proyecto de impermiabilizacion',100000.00000000,NULL,'2024-03-30',NULL,'',0,70.000,0,'Analisis de Necesidad','','Fuerza de Ventas',NULL,NULL,NULL,NULL,NULL,0,NULL,NULL,NULL,0,0,0.00000000,'0',166,'',0,NULL,NULL),(273,'POT61',62,'Proyecto Seguridad Perimetral',100000.00000000,NULL,'2024-03-18',NULL,'',0,70.000,0,'Closed Won','','Fuerza de Ventas',NULL,NULL,NULL,NULL,NULL,0,NULL,NULL,NULL,0,0,0.00000000,'0',167,'',0,NULL,NULL),(274,'POT62',63,'Internet dedicado 8 MB',14400.00000000,NULL,'2024-03-18',NULL,'',0,60.000,0,'Analisis de Necesidad','','Fuerza de Ventas',NULL,NULL,NULL,NULL,NULL,0,NULL,NULL,NULL,0,0,0.00000000,'0',168,'',0,NULL,NULL),(275,'POT63',64,'Servicio de Exportacion',1800.00000000,NULL,'2024-03-18',NULL,'',0,60.000,0,'Closed Won','','Fuerza de Ventas',NULL,NULL,NULL,NULL,NULL,0,NULL,NULL,NULL,0,0,0.00000000,'0',169,'',0,NULL,NULL),(276,'POT64',65,'Montacarga',12000.00000000,NULL,'2024-03-20',NULL,'',0,60.000,0,'Interes','','Fuerza de Ventas',NULL,NULL,NULL,NULL,NULL,0,NULL,NULL,NULL,0,0,0.00000000,'0',170,'',0,NULL,NULL),(277,'POT65',66,'Auditoria Financiera',10000.00000000,NULL,'2024-03-21',NULL,'',0,60.000,0,'Interes','','Fuerza de Ventas',NULL,NULL,NULL,NULL,NULL,0,NULL,NULL,NULL,0,0,0.00000000,'0',171,'',0,NULL,NULL),(278,'POT66',67,'Tax & Legal',10000.00000000,NULL,'2024-03-22',NULL,'',0,60.000,0,'Interes','','Fuerza de Ventas',NULL,NULL,NULL,NULL,NULL,0,NULL,NULL,NULL,0,0,0.00000000,'0',172,'',0,NULL,NULL),(279,'POT67',68,'Nueva oficina en Surco 100 puestos',200000.00000000,NULL,'2024-03-23',NULL,'',0,60.000,0,'Interes','','Fuerza de Ventas',NULL,NULL,NULL,NULL,NULL,0,NULL,NULL,NULL,0,0,0.00000000,'0',173,'',0,NULL,NULL),(280,'POT68',69,'nueva estufa',100000.00000000,NULL,'2024-03-24',NULL,'',0,60.000,0,'Analisis de Necesidad','','Fuerza de Ventas',NULL,NULL,NULL,NULL,NULL,0,NULL,NULL,NULL,0,0,0.00000000,'0',174,'',0,NULL,NULL),(281,'POT69',70,'Flete Martimo Exportacion',120000.00000000,NULL,'2024-03-25',NULL,'',0,60.000,0,'Interes','','Fuerza de Ventas',NULL,NULL,NULL,NULL,NULL,0,NULL,NULL,NULL,0,0,0.00000000,'0',175,'',0,NULL,NULL),(282,'POT70',71,'Flete Martimo Exportacion',10000.00000000,NULL,'2024-03-26',NULL,'',0,60.000,0,'Interes','','Fuerza de Ventas',NULL,NULL,NULL,NULL,NULL,0,NULL,NULL,NULL,0,0,0.00000000,'0',176,'',0,NULL,NULL),(283,'POT71',72,'Refrigerador Vertical',398500.00000000,NULL,'2024-03-27',NULL,'',0,60.000,0,'Interes','','Fuerza de Ventas',NULL,NULL,NULL,NULL,NULL,0,NULL,NULL,NULL,0,0,0.00000000,'0',177,'',0,NULL,NULL),(284,'POT72',73,'Computacion 105',398500.00000000,NULL,'2024-03-28',NULL,'',0,60.000,0,'Analisis de Necesidad','','Fuerza de Ventas',NULL,NULL,NULL,NULL,NULL,0,NULL,NULL,NULL,0,0,0.00000000,'0',178,'',0,NULL,NULL),(285,'POT73',74,'Fumigadora',8201.00000000,NULL,'2024-03-29',NULL,'',0,60.000,0,'Propuesta','','Fuerza de Ventas',NULL,NULL,NULL,NULL,NULL,0,NULL,NULL,NULL,0,0,0.00000000,'0',179,'',0,NULL,NULL),(286,'POT74',75,'Ventas',100000.00000000,NULL,'2024-03-30',NULL,'',0,60.000,0,'Interes','','Fuerza de Ventas',NULL,NULL,NULL,NULL,NULL,0,NULL,NULL,NULL,0,0,0.00000000,'0',180,'',0,NULL,NULL),(287,'POT75',76,'tarjetas bingo 10 millares',3000.00000000,NULL,'2024-03-31',NULL,'',0,60.000,0,'Interes','','Fuerza de Ventas',NULL,NULL,NULL,NULL,NULL,0,NULL,NULL,NULL,0,0,0.00000000,'0',181,'',0,NULL,NULL),(288,'POT76',77,'Uniformes de Primavera',45950.00000000,NULL,'2024-04-01',NULL,'',0,60.000,0,'Negociacion','','Fuerza de Ventas',NULL,NULL,NULL,NULL,NULL,0,NULL,NULL,NULL,0,0,0.00000000,'0',182,'',0,NULL,NULL),(289,'POT77',78,'Mallas',45950.00000000,NULL,'2024-03-18',NULL,'',0,60.000,0,'Closed Won','','Fuerza de Ventas',NULL,NULL,NULL,NULL,NULL,0,NULL,NULL,NULL,0,0,0.00000000,'0',183,'',0,NULL,NULL),(290,'POT78',79,'Convertirse en mayorista',10000.00000000,NULL,'2024-04-03',NULL,'',0,60.000,0,'Interes','','Fuerza de Ventas',NULL,NULL,NULL,NULL,NULL,0,NULL,NULL,NULL,0,0,0.00000000,'0',184,'',0,NULL,NULL),(291,'POT79',80,'Storage',10000.00000000,NULL,'2024-03-18',NULL,'',0,60.000,0,'Closed Won','','Fuerza de Ventas',NULL,NULL,NULL,NULL,NULL,0,NULL,NULL,NULL,0,0,0.00000000,'0',185,'',0,NULL,NULL),(292,'POT80',81,'Campamento',350000.00000000,NULL,'2024-04-05',NULL,'',0,60.000,0,'Negociacion','','Fuerza de Ventas',NULL,NULL,NULL,NULL,NULL,0,NULL,NULL,NULL,0,0,0.00000000,'0',186,'',0,NULL,NULL),(293,'POT81',82,'Campamento',430000.00000000,NULL,'2024-04-06',NULL,'',0,60.000,0,'Closed Won','','Fuerza de Ventas',NULL,NULL,NULL,NULL,NULL,0,NULL,NULL,NULL,0,0,0.00000000,'0',187,'',0,NULL,NULL),(294,'POT82',83,'Sistema Contable',430000.00000000,NULL,'2024-04-07',NULL,'',0,60.000,0,'Closed Lost','','Fuerza de Ventas',NULL,NULL,NULL,NULL,NULL,0,NULL,NULL,NULL,0,0,0.00000000,'0',188,'',0,NULL,NULL),(295,'POT83',84,'ISO 9001',430000.00000000,NULL,'2024-04-08',NULL,'',0,60.000,0,'Closed Won','','Fuerza de Ventas',NULL,NULL,NULL,NULL,NULL,0,NULL,NULL,NULL,0,0,0.00000000,'0',189,'',0,NULL,NULL),(296,'POT84',85,'100 mil envases del nuevo modelo',132800.00000000,NULL,'2024-04-09',NULL,'',0,60.000,0,'Closed Won','','Fuerza de Ventas',NULL,NULL,NULL,NULL,NULL,0,NULL,NULL,NULL,0,0,0.00000000,'0',190,'',0,NULL,NULL),(297,'POT85',86,'100 lts alcohol',120000.00000000,NULL,'2024-04-10',NULL,'',0,60.000,0,'Analisis de Necesidad','','Fuerza de Ventas',NULL,NULL,NULL,NULL,NULL,0,NULL,NULL,NULL,0,0,0.00000000,'0',191,'',0,NULL,NULL),(298,'POT86',87,'Repuestos para su planta de Cuajone',120000.00000000,NULL,'2024-04-11',NULL,'',0,60.000,0,'Closed Won','','Fuerza de Ventas',NULL,NULL,NULL,NULL,NULL,0,NULL,NULL,NULL,0,0,0.00000000,'0',192,'',0,NULL,NULL),(299,'POT87',88,'Herramienta Llave Stillson (10 un)',130000.00000000,NULL,'2024-04-12',NULL,'',0,60.000,0,'Analisis de Necesidad','','Fuerza de Ventas',NULL,NULL,NULL,NULL,NULL,0,NULL,NULL,NULL,0,0,0.00000000,'0',193,'',0,NULL,NULL),(300,'POT88',89,'M&A',130000.00000000,NULL,'2024-04-13',NULL,'',0,60.000,0,'Closed Won','','Fuerza de Ventas',NULL,NULL,NULL,NULL,NULL,0,NULL,NULL,NULL,0,0,0.00000000,'0',194,'',0,NULL,NULL),(301,'POT89',90,'Proyecto Aliaga',130000.00000000,NULL,'2024-04-14',NULL,'',0,60.000,0,'Closed Lost','','Fuerza de Ventas',NULL,NULL,NULL,NULL,NULL,0,NULL,NULL,NULL,0,0,0.00000000,'0',195,'',0,NULL,NULL),(302,'POT90',91,'Piloto Privado Feb 2017',8000.00000000,NULL,'2024-04-15',NULL,'',0,60.000,0,'Interes','','Fuerza de Ventas',NULL,NULL,NULL,NULL,NULL,0,NULL,NULL,NULL,0,0,0.00000000,'0',196,'',0,NULL,NULL),(303,'POT91',92,'Datacenter',300000.00000000,NULL,'2024-04-16',NULL,'',0,60.000,0,'Interes','','Fuerza de Ventas',NULL,NULL,NULL,NULL,NULL,0,NULL,NULL,NULL,0,0,0.00000000,'0',197,'',0,NULL,NULL),(304,'POT92',93,'Libro',300000.00000000,NULL,'2024-04-17',NULL,'',0,60.000,0,'Closed Won','','Fuerza de Ventas',NULL,NULL,NULL,NULL,NULL,0,NULL,NULL,NULL,0,0,0.00000000,'0',198,'',0,NULL,NULL),(305,'POT93',94,'Proyecto Nueva Oficina San Isidro',300000.00000000,NULL,'2024-04-18',NULL,'',0,25.000,0,'Closed Won','','Fuerza de Ventas',NULL,NULL,NULL,NULL,NULL,0,NULL,NULL,NULL,0,0,0.00000000,'0',199,'',0,NULL,NULL),(306,'POT94',95,'Coleccion de Verano',120000.00000000,NULL,'2024-04-19',NULL,'',0,25.000,0,'Closed Won','','Fuerza de Ventas',NULL,NULL,NULL,NULL,NULL,0,NULL,NULL,NULL,0,0,0.00000000,'0',200,'',0,NULL,NULL),(307,'POT95',96,'Seguridad perimetral local Callao',120000.00000000,NULL,'2024-04-20',NULL,'',0,25.000,0,'Closed Won','','Fuerza de Ventas',NULL,NULL,NULL,NULL,NULL,0,NULL,NULL,NULL,0,0,0.00000000,'0',201,'',0,NULL,NULL),(308,'POT96',97,'Gestion Logistica 2017 - 1 semestre',120000.00000000,NULL,'2024-04-21',NULL,'',0,25.000,0,'Closed Won','','Fuerza de Ventas',NULL,NULL,NULL,NULL,NULL,0,NULL,NULL,NULL,0,0,0.00000000,'0',202,'',0,NULL,NULL),(309,'POT97',98,'Vacaciones de JUlio',120000.00000000,NULL,'2024-04-22',NULL,'',0,25.000,0,'Analisis de Necesidad','','Fuerza de Ventas',NULL,NULL,NULL,NULL,NULL,0,NULL,NULL,NULL,0,0,0.00000000,'0',203,'',0,NULL,NULL),(310,'POT98',99,'Postgrado',120000.00000000,NULL,'2024-04-23',NULL,'',0,25.000,0,'Interes','','Fuerza de Ventas',NULL,NULL,NULL,NULL,NULL,0,NULL,NULL,NULL,0,0,0.00000000,'0',204,'',0,NULL,NULL),(311,'POT99',100,'Implementacion Data Center',160000.00000000,NULL,'2024-04-24',NULL,'',0,25.000,0,'Interes','','Fuerza de Ventas',NULL,NULL,NULL,NULL,NULL,0,NULL,NULL,NULL,0,0,0.00000000,'0',205,'',0,NULL,NULL),(312,'POT100',101,'Nuevo embalaje con cinta xyz',160000.00000000,NULL,'2024-04-25',NULL,'',0,25.000,0,'Closed Won','','Fuerza de Ventas',NULL,NULL,NULL,NULL,NULL,0,NULL,NULL,NULL,0,0,0.00000000,'0',206,'',0,NULL,NULL),(313,'POT101',102,'Venta Cruzada - Campaña Junio',160000.00000000,NULL,'2024-04-26',NULL,'',0,25.000,0,'Analisis de Necesidad','','Fuerza de Ventas',NULL,NULL,NULL,NULL,NULL,0,NULL,NULL,NULL,0,0,0.00000000,'0',107,'',0,NULL,NULL),(314,'POT102',103,'Gruas Campamnto XYZ',160000.00000000,NULL,'2024-04-27',NULL,'',0,25.000,0,'Closed Won','','Fuerza de Ventas',NULL,NULL,NULL,NULL,NULL,0,NULL,NULL,NULL,0,0,0.00000000,'0',208,'',0,NULL,NULL),(315,'POT103',104,'Pollos para toda la cadena',160000.00000000,NULL,'2024-04-28',NULL,'',0,25.000,0,'Closed Won','','Fuerza de Ventas',NULL,NULL,NULL,NULL,NULL,0,NULL,NULL,NULL,0,0,0.00000000,'0',147,'',0,NULL,NULL),(316,'POT104',105,'prueba mobile hn',160000.00000000,NULL,'2024-04-29',NULL,'',0,25.000,0,'Interes','','Fuerza de Ventas',NULL,NULL,NULL,NULL,NULL,0,NULL,NULL,NULL,0,0,0.00000000,'0',107,'',0,NULL,NULL),(317,'POT105',106,'Cancha de Futbol 7',160000.00000000,NULL,'2024-04-30',NULL,'',0,25.000,0,'Interes','','Fuerza de Ventas',NULL,NULL,NULL,NULL,NULL,0,NULL,NULL,NULL,0,0,0.00000000,'0',211,'',0,NULL,NULL),(318,'POT106',2,'Tax & Legal',15100.00000000,NULL,'2024-03-10',NULL,'',0,10.000,0,'Closed Won','','Fuerza de Ventas',NULL,NULL,NULL,NULL,NULL,0,NULL,NULL,NULL,0,0,0.00000000,'0',107,'',0,NULL,NULL),(319,'POT107',3,'Auditoria Financiera',150000.00000000,NULL,'2024-10-11',NULL,'',0,10.000,0,'Closed Lost','','Fuerza de Ventas',NULL,NULL,NULL,NULL,NULL,0,NULL,NULL,NULL,0,0,0.00000000,'0',108,'',0,NULL,NULL),(320,'POT108',4,'Outsourcing',180000.00000000,NULL,'2024-03-10',NULL,'',0,10.000,0,'Closed Won','','Fuerza de Ventas',NULL,NULL,NULL,NULL,NULL,0,NULL,NULL,NULL,0,0,0.00000000,'0',109,'',0,NULL,NULL),(321,'POT109',5,'Proyecto Carretera de Acceso',230000.00000000,NULL,'2024-11-21',NULL,'',0,10.000,0,'Analisis de Necesidad','','Fuerza de Ventas',NULL,NULL,NULL,NULL,NULL,0,NULL,NULL,NULL,0,0,0.00000000,'0',110,'',0,NULL,NULL),(322,'POT110',6,'Tax & Legal',150000.00000000,NULL,'2024-02-15',NULL,'',0,10.000,0,'Closed Lost','','Fuerza de Ventas',NULL,NULL,NULL,NULL,NULL,0,NULL,NULL,NULL,0,0,0.00000000,'0',111,'',0,NULL,NULL),(323,'POT111',7,'Auditoria Financiera',180000.00000000,NULL,'2024-03-10',NULL,'',0,10.000,0,'Closed Won','','Fuerza de Ventas',NULL,NULL,NULL,NULL,NULL,0,NULL,NULL,NULL,0,0,0.00000000,'0',112,'',0,NULL,NULL),(324,'POT112',8,'Outsourcing',210000.00000000,NULL,'2024-10-10',NULL,'',0,10.000,0,'Propuesta','','Fuerza de Ventas',NULL,NULL,NULL,NULL,NULL,0,NULL,NULL,NULL,0,0,0.00000000,'0',113,'',0,NULL,NULL),(325,'POT113',9,'Precios de Transferencia',300000.00000000,NULL,'2024-03-10',NULL,'',0,10.000,0,'Closed Won','','Fuerza de Ventas',NULL,NULL,NULL,NULL,NULL,0,NULL,NULL,NULL,0,0,0.00000000,'0',114,'',0,NULL,NULL),(326,'POT114',10,'110 Termostatos',165000.00000000,NULL,'2024-11-20',NULL,'',0,10.000,0,'Analisis de Necesidad','','Fuerza de Ventas',NULL,NULL,NULL,NULL,NULL,0,NULL,NULL,NULL,0,0,0.00000000,'0',115,'',0,NULL,NULL),(327,'POT115',11,'Educacion Segura',195000.00000000,NULL,'2024-03-18',NULL,'',0,10.000,0,'Closed Won','','Fuerza de Ventas',NULL,NULL,NULL,NULL,NULL,0,NULL,NULL,NULL,0,0,0.00000000,'0',116,'',0,NULL,NULL),(328,'POT116',12,'Auditoria Financiera',75000.00000000,NULL,'2024-10-10',NULL,'',0,10.000,0,'Analisis de Necesidad','','Fuerza de Ventas',NULL,NULL,NULL,NULL,NULL,0,NULL,NULL,NULL,0,0,0.00000000,'0',117,'',0,NULL,NULL),(329,'POT117',13,'Outsourcing',120000.00000000,NULL,'2024-03-18',NULL,'',0,10.000,0,'Closed Won','','Fuerza de Ventas',NULL,NULL,NULL,NULL,NULL,0,NULL,NULL,NULL,0,0,0.00000000,'0',118,'',0,NULL,NULL),(330,'POT118',14,'Precios de Transferencia',300000.00000000,NULL,'2024-03-18',NULL,'',0,10.000,0,'Closed Won','','Fuerza de Ventas',NULL,NULL,NULL,NULL,NULL,0,NULL,NULL,NULL,0,0,0.00000000,'0',119,'',0,NULL,NULL),(331,'POT119',15,'90 Termostatos',430000.00000000,NULL,'2024-03-18',NULL,'',0,20.000,0,'Closed Won','','Fuerza de Ventas',NULL,NULL,NULL,NULL,NULL,0,NULL,NULL,NULL,0,0,0.00000000,'0',120,'',0,NULL,NULL),(332,'POT120',16,'Tax & Legal',105000.00000000,NULL,'2024-12-12',NULL,'',0,20.000,0,'Propuesta','','Fuerza de Ventas',NULL,NULL,NULL,NULL,NULL,0,NULL,NULL,NULL,0,0,0.00000000,'0',121,'',0,NULL,NULL),(333,'POT121',17,'Auditoria Financiera',90000.00000000,NULL,'2024-12-12',NULL,'',0,20.000,0,'Interes','','Fuerza de Ventas',NULL,NULL,NULL,NULL,NULL,0,NULL,NULL,NULL,0,0,0.00000000,'0',122,'',0,NULL,NULL),(334,'POT122',18,'Outsourcing',180000.00000000,NULL,'2024-12-12',NULL,'',0,20.000,0,'Negociacion','','Fuerza de Ventas',NULL,NULL,NULL,NULL,NULL,0,NULL,NULL,NULL,0,0,0.00000000,'0',123,'',0,NULL,NULL),(335,'POT123',19,'Precios de Transferencia',210000.00000000,NULL,'2024-12-12',NULL,'',0,20.000,0,'Analisis de Necesidad','','Fuerza de Ventas',NULL,NULL,NULL,NULL,NULL,0,NULL,NULL,NULL,0,0,0.00000000,'0',124,'',0,NULL,NULL),(336,'POT124',20,'200 Termostatos',300000.00000000,NULL,'2024-12-12',NULL,'',0,20.000,0,'Propuesta','','Fuerza de Ventas',NULL,NULL,NULL,NULL,NULL,0,NULL,NULL,NULL,0,0,0.00000000,'0',125,'',0,NULL,NULL),(337,'POT125',21,'Tax & Legal',105000.00000000,NULL,'2024-12-12',NULL,'',0,20.000,0,'Interes','','Fuerza de Ventas',NULL,NULL,NULL,NULL,NULL,0,NULL,NULL,NULL,0,0,0.00000000,'0',126,'',0,NULL,NULL),(338,'POT126',22,'Outsourcing',30000.00000000,NULL,'2024-11-20',NULL,'',0,20.000,0,'Analisis de Necesidad','','Fuerza de Ventas',NULL,NULL,NULL,NULL,NULL,0,NULL,NULL,NULL,0,0,0.00000000,'0',127,'',0,NULL,NULL),(339,'POT127',23,'Auditoria Financiera',45000.00000000,NULL,'2024-11-21',NULL,'',0,20.000,0,'Propuesta','','Fuerza de Ventas',NULL,NULL,NULL,NULL,NULL,0,NULL,NULL,NULL,0,0,0.00000000,'0',128,'',0,NULL,NULL),(340,'POT128',24,'Outsourcing',150000.00000000,NULL,'2024-10-10',NULL,'',0,20.000,0,'Interes','','Fuerza de Ventas',NULL,NULL,NULL,NULL,NULL,0,NULL,NULL,NULL,0,0,0.00000000,'0',129,'',0,NULL,NULL),(341,'POT129',25,'Precios de Transferencia',320000.00000000,NULL,'2024-11-20',NULL,'',0,20.000,0,'Analisis de Necesidad','','Fuerza de Ventas',NULL,NULL,NULL,NULL,NULL,0,NULL,NULL,NULL,0,0,0.00000000,'0',130,'',0,NULL,NULL),(342,'POT130',26,'40 Termostatos',60000.00000000,NULL,'2024-12-12',NULL,'',0,45.000,0,'Analisis de Necesidad','','Fuerza de Ventas',NULL,NULL,NULL,NULL,NULL,0,NULL,NULL,NULL,0,0,0.00000000,'0',131,'',0,NULL,NULL),(343,'POT131',27,'Tax & Legal',380000.00000000,NULL,'2024-03-06',NULL,'',0,45.000,0,'Negociacion','','Fuerza de Ventas',NULL,NULL,NULL,NULL,NULL,0,NULL,NULL,NULL,0,0,0.00000000,'0',132,'',0,NULL,NULL),(344,'POT132',28,'Outsourcing',120000.00000000,NULL,'2024-12-12',NULL,'',0,45.000,0,'Negociacion','','Fuerza de Ventas',NULL,NULL,NULL,NULL,NULL,0,NULL,NULL,NULL,0,0,0.00000000,'0',133,'',0,NULL,NULL),(345,'POT133',29,'Auditoria Financiera',135000.00000000,NULL,'2024-11-20',NULL,'',0,45.000,0,'Propuesta','','Fuerza de Ventas',NULL,NULL,NULL,NULL,NULL,0,NULL,NULL,NULL,0,0,0.00000000,'0',134,'',0,NULL,NULL),(346,'POT134',30,'Outsourcing',60000.00000000,NULL,'2024-02-15',NULL,'',0,45.000,0,'Closed Lost','','Fuerza de Ventas',NULL,NULL,NULL,NULL,NULL,0,NULL,NULL,NULL,0,0,0.00000000,'0',135,'',0,NULL,NULL),(347,'POT135',31,'Precios de Transferencia',75000.00000000,NULL,'2024-03-18',NULL,'',0,45.000,0,'Closed Won','','Fuerza de Ventas',NULL,NULL,NULL,NULL,NULL,0,NULL,NULL,NULL,0,0,0.00000000,'0',136,'',0,NULL,NULL),(348,'POT136',32,'30 Termostatos',45000.00000000,NULL,'2024-03-18',NULL,'',0,45.000,0,'Closed Won','','Fuerza de Ventas',NULL,NULL,NULL,NULL,NULL,0,NULL,NULL,NULL,0,0,0.00000000,'0',137,'',0,NULL,NULL),(349,'POT137',33,'Tax & Legal',15000.00000000,NULL,'2024-03-18',NULL,'',0,45.000,0,'Closed Won','','Fuerza de Ventas',NULL,NULL,NULL,NULL,NULL,0,NULL,NULL,NULL,0,0,0.00000000,'0',138,'',0,NULL,NULL),(350,'POT138',34,'Outsourcing',105000.00000000,NULL,'2024-02-15',NULL,'',0,45.000,0,'Closed Lost','','Fuerza de Ventas',NULL,NULL,NULL,NULL,NULL,0,NULL,NULL,NULL,0,0,0.00000000,'0',139,'',0,NULL,NULL),(351,'POT139',35,'virtualizacion de desktop',100000.00000000,NULL,'2024-02-16',NULL,'',0,45.000,0,'Analisis de Necesidad','','Fuerza de Ventas',NULL,NULL,NULL,NULL,NULL,0,NULL,NULL,NULL,0,0,0.00000000,'0',140,'',0,NULL,NULL),(352,'POT140',36,'Programa de Liderazgo Transformacional - CXO',8000.00000000,NULL,'2024-02-17',NULL,'',0,45.000,0,'Interes','','Fuerza de Ventas',NULL,NULL,NULL,NULL,NULL,0,NULL,NULL,NULL,0,0,0.00000000,'0',141,'',0,NULL,NULL),(353,'POT141',37,'Diplomado',120000.00000000,NULL,'2024-03-18',NULL,'',0,45.000,0,'Closed Won','','Fuerza de Ventas',NULL,NULL,NULL,NULL,NULL,0,NULL,NULL,NULL,0,0,0.00000000,'0',142,'',0,NULL,NULL),(354,'POT142',38,'Videoconferencia',120000.00000000,NULL,'2024-12-12',NULL,'',0,45.000,0,'Analisis de Necesidad','','Fuerza de Ventas',NULL,NULL,NULL,NULL,NULL,0,NULL,NULL,NULL,0,0,0.00000000,'0',143,'',0,NULL,NULL),(355,'POT143',39,'Flota de Gruas para Toquepal',480000.00000000,NULL,'2024-12-13',NULL,'',0,45.000,0,'Analisis de Necesidad','','Fuerza de Ventas',NULL,NULL,NULL,NULL,NULL,0,NULL,NULL,NULL,0,0,0.00000000,'0',144,'',0,NULL,NULL),(356,'POT144',40,'Alquiler de Gruas - 3 años',120000.00000000,NULL,'2024-12-14',NULL,'',0,45.000,0,'Analisis de Necesidad','','Fuerza de Ventas',NULL,NULL,NULL,NULL,NULL,0,NULL,NULL,NULL,0,0,0.00000000,'0',145,'',0,NULL,NULL),(357,'POT145',41,'Programa Primeros Auxilios G1',345000.00000000,NULL,'2024-12-15',NULL,'',0,45.000,0,'Interes','','Fuerza de Ventas',NULL,NULL,NULL,NULL,NULL,0,NULL,NULL,NULL,0,0,0.00000000,'0',146,'',0,NULL,NULL),(358,'POT146',42,'Programa Primeros Auxilios G2',38000.00000000,NULL,'2024-12-16',NULL,'',0,70.000,0,'Interes','','Fuerza de Ventas',NULL,NULL,NULL,NULL,NULL,0,NULL,NULL,NULL,0,0,0.00000000,'0',147,'',0,NULL,NULL),(359,'POT147',43,'Carta Fianza',300000.00000000,NULL,'2024-12-17',NULL,'',0,70.000,0,'Propuesta','','Fuerza de Ventas',NULL,NULL,NULL,NULL,NULL,0,NULL,NULL,NULL,0,0,0.00000000,'0',148,'',0,NULL,NULL),(360,'POT148',44,'Planta de Lurin - Acceso a Internet',10000.00000000,NULL,'2024-12-18',NULL,'',0,70.000,0,'Propuesta','','Fuerza de Ventas',NULL,NULL,NULL,NULL,NULL,0,NULL,NULL,NULL,0,0,0.00000000,'0',149,'',0,NULL,NULL),(361,'POT149',45,'Proyecto Costos - Hyperion',120000.00000000,NULL,'2024-12-19',NULL,'',0,70.000,0,'Analisis de Necesidad','','Fuerza de Ventas',NULL,NULL,NULL,NULL,NULL,0,NULL,NULL,NULL,0,0,0.00000000,'0',150,'',0,NULL,NULL),(362,'POT150',46,'Convenio 100 personas',98500.00000000,NULL,'2024-05-14',NULL,'',0,70.000,0,'Propuesta','','Fuerza de Ventas',NULL,NULL,NULL,NULL,NULL,0,NULL,NULL,NULL,0,0,0.00000000,'0',151,'',0,NULL,NULL),(363,'POT151',47,'Limpieza de planta con Powerboss',100000.00000000,NULL,'2024-05-15',NULL,'',0,70.000,0,'Propuesta','','Fuerza de Ventas',NULL,NULL,NULL,NULL,NULL,0,NULL,NULL,NULL,0,0,0.00000000,'0',152,'',0,NULL,NULL),(364,'POT152',48,'Flota de 10 uni   - modelo',500000.00000000,NULL,'2024-05-16',NULL,'',0,70.000,0,'Propuesta','','Fuerza de Ventas',NULL,NULL,NULL,NULL,NULL,0,NULL,NULL,NULL,0,0,0.00000000,'0',153,'',0,NULL,NULL),(365,'POT153',49,'Outsourcing impresion',120000.00000000,NULL,'2024-05-17',NULL,'',0,70.000,0,'Interes','','Fuerza de Ventas',NULL,NULL,NULL,NULL,NULL,0,NULL,NULL,NULL,0,0,0.00000000,'0',154,'',0,NULL,NULL),(366,'POT154',50,'Proyecto de Cocina - Linea Sarten Vocable',118900.00000000,NULL,'2024-03-18',NULL,'',0,70.000,0,'Closed Won','','Fuerza de Ventas',NULL,NULL,NULL,NULL,NULL,0,NULL,NULL,NULL,0,0,0.00000000,'0',155,'',0,NULL,NULL),(367,'POT155',51,'Proyecto de Cocina - Linea Sarten Vocable',120000.00000000,NULL,'2024-05-11',NULL,'',0,70.000,0,'Interes','','Fuerza de Ventas',NULL,NULL,NULL,NULL,NULL,0,NULL,NULL,NULL,0,0,0.00000000,'0',156,'',0,NULL,NULL),(368,'POT156',52,'Proyecto Cocina Campamento..',300000.00000000,NULL,'2024-05-12',NULL,'',0,70.000,0,'Interes','','Fuerza de Ventas',NULL,NULL,NULL,NULL,NULL,0,NULL,NULL,NULL,0,0,0.00000000,'0',157,'',0,NULL,NULL),(369,'POT157',53,'Proyecto Cocina Campamento..',120000.00000000,NULL,'2024-03-18',NULL,'',0,70.000,0,'Closed Won','','Fuerza de Ventas',NULL,NULL,NULL,NULL,NULL,0,NULL,NULL,NULL,0,0,0.00000000,'0',158,'',0,NULL,NULL),(370,'POT158',54,'Proyecto Automatizacion -  Labcel',360000.00000000,NULL,'2024-05-14',NULL,'',0,70.000,0,'Analisis de Necesidad','','Fuerza de Ventas',NULL,NULL,NULL,NULL,NULL,0,NULL,NULL,NULL,0,0,0.00000000,'0',159,'',0,NULL,NULL),(371,'POT159',55,'Proyecto de Perforacion - Jumbo',118000.00000000,NULL,'2024-05-15',NULL,'',0,70.000,0,'Negociacion','','Fuerza de Ventas',NULL,NULL,NULL,NULL,NULL,0,NULL,NULL,NULL,0,0,0.00000000,'0',160,'',0,NULL,NULL),(372,'POT160',56,'Camion grua para cambio de postes',150000.00000000,NULL,'2024-05-16',NULL,'',0,70.000,0,'Propuesta','','Fuerza de Ventas',NULL,NULL,NULL,NULL,NULL,0,NULL,NULL,NULL,0,0,0.00000000,'0',161,'',0,NULL,NULL),(373,'POT161',57,'Control de Asistencia 4 locales',10000.00000000,NULL,'2024-05-17',NULL,'',0,70.000,0,'Propuesta','','Fuerza de Ventas',NULL,NULL,NULL,NULL,NULL,0,NULL,NULL,NULL,0,0,0.00000000,'0',162,'',0,NULL,NULL),(374,'POT162',58,'10 VM - 4 locales',12000.00000000,NULL,'2024-05-18',NULL,'',0,70.000,0,'Interes','','Fuerza de Ventas',NULL,NULL,NULL,NULL,NULL,0,NULL,NULL,NULL,0,0,0.00000000,'0',163,'',0,NULL,NULL),(375,'POT163',59,'Letrero Lumino Entrada XYZ 10x24',10500.00000000,NULL,'2024-03-18',NULL,'',0,70.000,0,'Closed Won','','Fuerza de Ventas',NULL,NULL,NULL,NULL,NULL,0,NULL,NULL,NULL,0,0,0.00000000,'0',164,'',0,NULL,NULL),(376,'POT164',60,'Proyecto De Seguridad - Cableado de Fibra',600000.00000000,NULL,'2024-03-29',NULL,'',0,70.000,0,'Interes','','Fuerza de Ventas',NULL,NULL,NULL,NULL,NULL,0,NULL,NULL,NULL,0,0,0.00000000,'0',165,'',0,NULL,NULL),(377,'POT165',61,'Proyecto de impermiabilizacion',100000.00000000,NULL,'2024-03-30',NULL,'',0,70.000,0,'Analisis de Necesidad','','Fuerza de Ventas',NULL,NULL,NULL,NULL,NULL,0,NULL,NULL,NULL,0,0,0.00000000,'0',166,'',0,NULL,NULL),(378,'POT166',62,'Proyecto Seguridad Perimetral',100000.00000000,NULL,'2024-03-18',NULL,'',0,70.000,0,'Closed Won','','Fuerza de Ventas',NULL,NULL,NULL,NULL,NULL,0,NULL,NULL,NULL,0,0,0.00000000,'0',167,'',0,NULL,NULL),(379,'POT167',63,'Internet dedicado 8 MB',14400.00000000,NULL,'2024-03-18',NULL,'',0,60.000,0,'Analisis de Necesidad','','Fuerza de Ventas',NULL,NULL,NULL,NULL,NULL,0,NULL,NULL,NULL,0,0,0.00000000,'0',168,'',0,NULL,NULL),(380,'POT168',64,'Servicio de Exportacion',1800.00000000,NULL,'2024-03-18',NULL,'',0,60.000,0,'Closed Won','','Fuerza de Ventas',NULL,NULL,NULL,NULL,NULL,0,NULL,NULL,NULL,0,0,0.00000000,'0',169,'',0,NULL,NULL),(381,'POT169',65,'Montacarga',12000.00000000,NULL,'2024-03-20',NULL,'',0,60.000,0,'Interes','','Fuerza de Ventas',NULL,NULL,NULL,NULL,NULL,0,NULL,NULL,NULL,0,0,0.00000000,'0',170,'',0,NULL,NULL),(382,'POT170',66,'Auditoria Financiera',10000.00000000,NULL,'2024-03-21',NULL,'',0,60.000,0,'Interes','','Fuerza de Ventas',NULL,NULL,NULL,NULL,NULL,0,NULL,NULL,NULL,0,0,0.00000000,'0',171,'',0,NULL,NULL),(383,'POT171',67,'Tax & Legal',10000.00000000,NULL,'2024-03-22',NULL,'',0,60.000,0,'Interes','','Fuerza de Ventas',NULL,NULL,NULL,NULL,NULL,0,NULL,NULL,NULL,0,0,0.00000000,'0',172,'',0,NULL,NULL),(384,'POT172',68,'Nueva oficina en Surco 100 puestos',200000.00000000,NULL,'2024-03-23',NULL,'',0,60.000,0,'Interes','','Fuerza de Ventas',NULL,NULL,NULL,NULL,NULL,0,NULL,NULL,NULL,0,0,0.00000000,'0',173,'',0,NULL,NULL),(385,'POT173',69,'nueva estufa',100000.00000000,NULL,'2024-03-24',NULL,'',0,60.000,0,'Analisis de Necesidad','','Fuerza de Ventas',NULL,NULL,NULL,NULL,NULL,0,NULL,NULL,NULL,0,0,0.00000000,'0',174,'',0,NULL,NULL),(386,'POT174',70,'Flete Martimo Exportacion',120000.00000000,NULL,'2024-03-25',NULL,'',0,60.000,0,'Interes','','Fuerza de Ventas',NULL,NULL,NULL,NULL,NULL,0,NULL,NULL,NULL,0,0,0.00000000,'0',175,'',0,NULL,NULL),(387,'POT175',71,'Flete Martimo Exportacion',10000.00000000,NULL,'2024-03-26',NULL,'',0,60.000,0,'Interes','','Fuerza de Ventas',NULL,NULL,NULL,NULL,NULL,0,NULL,NULL,NULL,0,0,0.00000000,'0',176,'',0,NULL,NULL),(388,'POT176',72,'Refrigerador Vertical',398500.00000000,NULL,'2024-03-27',NULL,'',0,60.000,0,'Interes','','Fuerza de Ventas',NULL,NULL,NULL,NULL,NULL,0,NULL,NULL,NULL,0,0,0.00000000,'0',177,'',0,NULL,NULL),(389,'POT177',73,'Computacion 105',398500.00000000,NULL,'2024-03-28',NULL,'',0,60.000,0,'Analisis de Necesidad','','Fuerza de Ventas',NULL,NULL,NULL,NULL,NULL,0,NULL,NULL,NULL,0,0,0.00000000,'0',178,'',0,NULL,NULL),(390,'POT178',74,'Fumigadora',8201.00000000,NULL,'2024-03-29',NULL,'',0,60.000,0,'Propuesta','','Fuerza de Ventas',NULL,NULL,NULL,NULL,NULL,0,NULL,NULL,NULL,0,0,0.00000000,'0',179,'',0,NULL,NULL),(391,'POT179',75,'Ventas',100000.00000000,NULL,'2024-03-30',NULL,'',0,60.000,0,'Interes','','Fuerza de Ventas',NULL,NULL,NULL,NULL,NULL,0,NULL,NULL,NULL,0,0,0.00000000,'0',180,'',0,NULL,NULL),(392,'POT180',76,'tarjetas bingo 10 millares',3000.00000000,NULL,'2024-03-31',NULL,'',0,60.000,0,'Interes','','Fuerza de Ventas',NULL,NULL,NULL,NULL,NULL,0,NULL,NULL,NULL,0,0,0.00000000,'0',181,'',0,NULL,NULL),(393,'POT181',77,'Uniformes de Primavera',45950.00000000,NULL,'2024-04-01',NULL,'',0,60.000,0,'Negociacion','','Fuerza de Ventas',NULL,NULL,NULL,NULL,NULL,0,NULL,NULL,NULL,0,0,0.00000000,'0',182,'',0,NULL,NULL),(394,'POT182',78,'Mallas',45950.00000000,NULL,'2024-03-18',NULL,'',0,60.000,0,'Closed Won','','Fuerza de Ventas',NULL,NULL,NULL,NULL,NULL,0,NULL,NULL,NULL,0,0,0.00000000,'0',183,'',0,NULL,NULL),(395,'POT183',79,'Convertirse en mayorista',10000.00000000,NULL,'2024-04-03',NULL,'',0,60.000,0,'Interes','','Fuerza de Ventas',NULL,NULL,NULL,NULL,NULL,0,NULL,NULL,NULL,0,0,0.00000000,'0',184,'',0,NULL,NULL),(396,'POT184',80,'Storage',10000.00000000,NULL,'2024-03-18',NULL,'',0,60.000,0,'Closed Won','','Fuerza de Ventas',NULL,NULL,NULL,NULL,NULL,0,NULL,NULL,NULL,0,0,0.00000000,'0',185,'',0,NULL,NULL),(397,'POT185',81,'Campamento',350000.00000000,NULL,'2024-04-05',NULL,'',0,60.000,0,'Negociacion','','Fuerza de Ventas',NULL,NULL,NULL,NULL,NULL,0,NULL,NULL,NULL,0,0,0.00000000,'0',186,'',0,NULL,NULL),(398,'POT186',82,'Campamento',430000.00000000,NULL,'2024-04-06',NULL,'',0,60.000,0,'Closed Won','','Fuerza de Ventas',NULL,NULL,NULL,NULL,NULL,0,NULL,NULL,NULL,0,0,0.00000000,'0',187,'',0,NULL,NULL),(399,'POT187',83,'Sistema Contable',430000.00000000,NULL,'2024-04-07',NULL,'',0,60.000,0,'Closed Lost','','Fuerza de Ventas',NULL,NULL,NULL,NULL,NULL,0,NULL,NULL,NULL,0,0,0.00000000,'0',188,'',0,NULL,NULL),(400,'POT188',84,'ISO 9001',430000.00000000,NULL,'2024-04-08',NULL,'',0,60.000,0,'Closed Won','','Fuerza de Ventas',NULL,NULL,NULL,NULL,NULL,0,NULL,NULL,NULL,0,0,0.00000000,'0',189,'',0,NULL,NULL),(401,'POT189',85,'100 mil envases del nuevo modelo',132800.00000000,NULL,'2024-04-09',NULL,'',0,60.000,0,'Closed Won','','Fuerza de Ventas',NULL,NULL,NULL,NULL,NULL,0,NULL,NULL,NULL,0,0,0.00000000,'0',190,'',0,NULL,NULL),(402,'POT190',86,'100 lts alcohol',120000.00000000,NULL,'2024-04-10',NULL,'',0,60.000,0,'Analisis de Necesidad','','Fuerza de Ventas',NULL,NULL,NULL,NULL,NULL,0,NULL,NULL,NULL,0,0,0.00000000,'0',191,'',0,NULL,NULL),(403,'POT191',87,'Repuestos para su planta de Cuajone',120000.00000000,NULL,'2024-04-11',NULL,'',0,60.000,0,'Closed Won','','Fuerza de Ventas',NULL,NULL,NULL,NULL,NULL,0,NULL,NULL,NULL,0,0,0.00000000,'0',192,'',0,NULL,NULL),(404,'POT192',88,'Herramienta Llave Stillson (10 un)',130000.00000000,NULL,'2024-04-12',NULL,'',0,60.000,0,'Analisis de Necesidad','','Fuerza de Ventas',NULL,NULL,NULL,NULL,NULL,0,NULL,NULL,NULL,0,0,0.00000000,'0',193,'',0,NULL,NULL),(405,'POT193',89,'M&A',130000.00000000,NULL,'2024-04-13',NULL,'',0,60.000,0,'Closed Won','','Fuerza de Ventas',NULL,NULL,NULL,NULL,NULL,0,NULL,NULL,NULL,0,0,0.00000000,'0',194,'',0,NULL,NULL),(406,'POT194',90,'Proyecto Aliaga',130000.00000000,NULL,'2024-08-15',NULL,'',0,60.000,0,'Closed Lost','','Fuerza de Ventas',NULL,NULL,NULL,NULL,NULL,0,NULL,NULL,NULL,0,0,78000.00000000,'0',195,'',0,NULL,NULL),(407,'POT195',91,'Piloto Privado Feb 2017',8000.00000000,NULL,'2024-04-15',NULL,'',0,60.000,0,'Interes','','Fuerza de Ventas',NULL,NULL,NULL,NULL,NULL,0,NULL,NULL,NULL,0,0,0.00000000,'0',196,'',0,NULL,NULL),(408,'POT196',92,'Datacenter',300000.00000000,NULL,'2024-04-16',NULL,'',0,60.000,0,'Interes','','Fuerza de Ventas',NULL,NULL,NULL,NULL,NULL,0,NULL,NULL,NULL,0,0,0.00000000,'0',197,'',0,NULL,NULL),(409,'POT197',93,'Libro',300000.00000000,NULL,'2024-04-17',NULL,'',0,60.000,0,'Closed Won','','Fuerza de Ventas',NULL,NULL,NULL,NULL,NULL,0,NULL,NULL,NULL,0,0,0.00000000,'0',198,'',0,NULL,NULL),(410,'POT198',94,'Proyecto Nueva Oficina San Isidro',300000.00000000,NULL,'2024-04-18',NULL,'',0,25.000,0,'Closed Won','','Fuerza de Ventas',NULL,NULL,NULL,NULL,NULL,0,NULL,NULL,NULL,0,0,0.00000000,'0',199,'',0,NULL,NULL),(411,'POT199',95,'Coleccion de Verano',120000.00000000,NULL,'2024-04-19',NULL,'',0,25.000,0,'Closed Won','','Fuerza de Ventas',NULL,NULL,NULL,NULL,NULL,0,NULL,NULL,NULL,0,0,0.00000000,'0',200,'',0,NULL,NULL),(412,'POT200',96,'Seguridad perimetral local Callao',120000.00000000,NULL,'2024-04-20',NULL,'',0,25.000,0,'Closed Won','','Fuerza de Ventas',NULL,NULL,NULL,NULL,NULL,0,NULL,NULL,NULL,0,0,0.00000000,'0',201,'',0,NULL,NULL),(413,'POT201',97,'Gestion Logistica 2017 - 1 semestre',120000.00000000,NULL,'2024-04-21',NULL,'',0,25.000,0,'Closed Won','','Fuerza de Ventas',NULL,NULL,NULL,NULL,NULL,0,NULL,NULL,NULL,0,0,0.00000000,'0',202,'',0,NULL,NULL),(414,'POT202',98,'Vacaciones de JUlio',120000.00000000,NULL,'2024-04-22',NULL,'',0,25.000,0,'Analisis de Necesidad','','Fuerza de Ventas',NULL,NULL,NULL,NULL,NULL,0,NULL,NULL,NULL,0,0,0.00000000,'0',203,'',0,NULL,NULL),(415,'POT203',99,'Postgrado',120000.00000000,NULL,'2024-04-23',NULL,'',0,25.000,0,'Interes','','Fuerza de Ventas',NULL,NULL,NULL,NULL,NULL,0,NULL,NULL,NULL,0,0,0.00000000,'0',204,'',0,NULL,NULL),(416,'POT204',100,'Implementacion Data Center',160000.00000000,NULL,'2024-04-24',NULL,'',0,25.000,0,'Interes','','Fuerza de Ventas',NULL,NULL,NULL,NULL,NULL,0,NULL,NULL,NULL,0,0,0.00000000,'0',205,'',0,NULL,NULL),(417,'POT205',101,'Nuevo embalaje con cinta xyz',160000.00000000,NULL,'2024-04-25',NULL,'',0,25.000,0,'Closed Won','','Fuerza de Ventas',NULL,NULL,NULL,NULL,NULL,0,NULL,NULL,NULL,0,0,0.00000000,'0',206,'',0,NULL,NULL),(418,'POT206',102,'Venta Cruzada - Campaña Junio',160000.00000000,NULL,'2024-04-26',NULL,'',0,25.000,0,'Analisis de Necesidad','','Fuerza de Ventas',NULL,NULL,NULL,NULL,NULL,0,NULL,NULL,NULL,0,0,0.00000000,'0',107,'',0,NULL,NULL),(419,'POT207',103,'Gruas Campamnto XYZ',160000.00000000,NULL,'2024-04-27',NULL,'',0,25.000,0,'Closed Won','','Fuerza de Ventas',NULL,NULL,NULL,NULL,NULL,0,NULL,NULL,NULL,0,0,0.00000000,'0',208,'',0,NULL,NULL),(420,'POT208',104,'Pollos para toda la cadena',160000.00000000,NULL,'2024-04-28',NULL,'',0,25.000,0,'Closed Won','','Fuerza de Ventas',NULL,NULL,NULL,NULL,NULL,0,NULL,NULL,NULL,0,0,0.00000000,'0',147,'',0,NULL,NULL),(421,'POT209',105,'prueba mobile hn',160000.00000000,NULL,'2024-04-29',NULL,'',0,25.000,0,'Interes','','Fuerza de Ventas',NULL,NULL,NULL,NULL,NULL,0,NULL,NULL,NULL,0,0,0.00000000,'0',107,'',0,NULL,NULL),(422,'POT210',106,'Cancha de Futbol 7',160000.00000000,NULL,'2024-04-30',NULL,'',0,25.000,0,'Interes','','Fuerza de Ventas',NULL,NULL,NULL,NULL,NULL,0,NULL,NULL,NULL,0,0,0.00000000,'0',211,'',0,NULL,NULL),(762,'POT211',69,'Implementacion de CRM',10000.00000000,NULL,'2024-08-22',NULL,'',0,0.000,0,'Interes','','',NULL,NULL,NULL,NULL,NULL,0,NULL,NULL,NULL,0,0,0.00000000,'0',0,'',0,NULL,'Baja'),(777,'POT212',0,'Matricula inicial',300.00000000,NULL,'2024-08-24',NULL,'',0,0.000,0,'Interes','','',NULL,NULL,NULL,NULL,NULL,0,NULL,NULL,NULL,0,0,0.00000000,'0',170,'',0,NULL,'');

--
-- Table structure for table `vtiger_potentialscf`
--

CREATE TABLE `vtiger_potentialscf` (
  `potentialid` int(19) NOT NULL DEFAULT 0,
  PRIMARY KEY (`potentialid`),
  CONSTRAINT `fk_1_vtiger_potentialscf` FOREIGN KEY (`potentialid`) REFERENCES `vtiger_potential` (`potentialid`) ON DELETE CASCADE
) ENGINE=InnoDB DEFAULT CHARSET=utf8 COLLATE=utf8_general_ci;

--
-- Dumping data for table `vtiger_potentialscf`
--

INSERT INTO `vtiger_potentialscf` VALUES (213),(214),(215),(216),(217),(218),(219),(220),(221),(222),(223),(224),(225),(226),(227),(228),(229),(230),(231),(232),(233),(234),(235),(236),(237),(238),(239),(240),(241),(242),(243),(244),(245),(246),(247),(248),(249),(250),(251),(252),(253),(254),(255),(256),(257),(258),(259),(260),(261),(262),(263),(264),(265),(266),(267),(268),(269),(270),(271),(272),(273),(274),(275),(276),(277),(278),(279),(280),(281),(282),(283),(284),(285),(286),(287),(288),(289),(290),(291),(292),(293),(294),(295),(296),(297),(298),(299),(300),(301),(302),(303),(304),(305),(306),(307),(308),(309),(310),(311),(312),(313),(314),(315),(316),(317),(318),(319),(320),(321),(322),(323),(324),(325),(326),(327),(328),(329),(330),(331),(332),(333),(334),(335),(336),(337),(338),(339),(340),(341),(342),(343),(344),(345),(346),(347),(348),(349),(350),(351),(352),(353),(354),(355),(356),(357),(358),(359),(360),(361),(362),(363),(364),(365),(366),(367),(368),(369),(370),(371),(372),(373),(374),(375),(376),(377),(378),(379),(380),(381),(382),(383),(384),(385),(386),(387),(388),(389),(390),(391),(392),(393),(394),(395),(396),(397),(398),(399),(400),(401),(402),(403),(404),(405),(406),(407),(408),(409),(410),(411),(412),(413),(414),(415),(416),(417),(418),(419),(420),(421),(422),(762),(777);

--
-- Table structure for table `vtiger_potstagehistory`
--

CREATE TABLE `vtiger_potstagehistory` (
  `historyid` int(19) NOT NULL AUTO_INCREMENT,
  `potentialid` int(19) NOT NULL,
  `amount` decimal(10,0) DEFAULT NULL,
  `stage` varchar(100) DEFAULT NULL,
  `probability` decimal(7,3) DEFAULT NULL,
  `expectedrevenue` decimal(10,0) DEFAULT NULL,
  `closedate` date DEFAULT NULL,
  `lastmodified` datetime DEFAULT NULL,
  PRIMARY KEY (`historyid`),
  KEY `potstagehistory_potentialid_idx` (`potentialid`),
  CONSTRAINT `fk_1_vtiger_potstagehistory` FOREIGN KEY (`potentialid`) REFERENCES `vtiger_potential` (`potentialid`) ON DELETE CASCADE
) ENGINE=InnoDB DEFAULT CHARSET=utf8 COLLATE=utf8_general_ci;

--
-- Dumping data for table `vtiger_potstagehistory`
--


--
-- Table structure for table `vtiger_pricebook`
--

CREATE TABLE `vtiger_pricebook` (
  `pricebookid` int(19) NOT NULL DEFAULT 0,
  `pricebook_no` varchar(100) NOT NULL,
  `bookname` varchar(100) DEFAULT NULL,
  `active` int(1) DEFAULT NULL,
  `currency_id` int(19) NOT NULL DEFAULT 1,
  `tags` varchar(1) DEFAULT NULL,
  PRIMARY KEY (`pricebookid`),
  CONSTRAINT `fk_1_vtiger_pricebook` FOREIGN KEY (`pricebookid`) REFERENCES `vtiger_crmentity` (`crmid`) ON DELETE CASCADE
) ENGINE=InnoDB DEFAULT CHARSET=utf8 COLLATE=utf8_general_ci;

--
-- Dumping data for table `vtiger_pricebook`
--


--
-- Table structure for table `vtiger_pricebookcf`
--

CREATE TABLE `vtiger_pricebookcf` (
  `pricebookid` int(19) NOT NULL DEFAULT 0,
  PRIMARY KEY (`pricebookid`),
  CONSTRAINT `fk_1_vtiger_pricebookcf` FOREIGN KEY (`pricebookid`) REFERENCES `vtiger_pricebook` (`pricebookid`) ON DELETE CASCADE
) ENGINE=InnoDB DEFAULT CHARSET=utf8 COLLATE=utf8_general_ci;

--
-- Dumping data for table `vtiger_pricebookcf`
--


--
-- Table structure for table `vtiger_pricebookproductrel`
--

CREATE TABLE `vtiger_pricebookproductrel` (
  `pricebookid` int(19) NOT NULL,
  `productid` int(19) NOT NULL,
  `listprice` decimal(27,8) DEFAULT NULL,
  `usedcurrency` int(11) NOT NULL DEFAULT 1,
  PRIMARY KEY (`pricebookid`,`productid`),
  KEY `pricebookproductrel_pricebookid_idx` (`pricebookid`),
  KEY `pricebookproductrel_productid_idx` (`productid`),
  CONSTRAINT `fk_1_vtiger_pricebookproductrel` FOREIGN KEY (`pricebookid`) REFERENCES `vtiger_pricebook` (`pricebookid`) ON DELETE CASCADE
) ENGINE=InnoDB DEFAULT CHARSET=utf8 COLLATE=utf8_general_ci;

--
-- Dumping data for table `vtiger_pricebookproductrel`
--


--
-- Table structure for table `vtiger_priority`
--

CREATE TABLE `vtiger_priority` (
  `priorityid` int(19) NOT NULL AUTO_INCREMENT,
  `priority` varchar(200) NOT NULL,
  `sortorderid` int(19) NOT NULL DEFAULT 0,
  `presence` int(1) NOT NULL DEFAULT 1,
  PRIMARY KEY (`priorityid`),
  UNIQUE KEY `priority_priority_idx` (`priority`)
) ENGINE=InnoDB DEFAULT CHARSET=utf8 COLLATE=utf8_general_ci;

--
-- Dumping data for table `vtiger_priority`
--


--
-- Table structure for table `vtiger_productcategory`
--

CREATE TABLE `vtiger_productcategory` (
  `productcategoryid` int(19) NOT NULL AUTO_INCREMENT,
  `productcategory` varchar(200) NOT NULL,
  `presence` int(1) NOT NULL DEFAULT 1,
  `picklist_valueid` int(19) NOT NULL DEFAULT 0,
  `sortorderid` int(11) DEFAULT NULL,
  `color` varchar(10) DEFAULT NULL,
  PRIMARY KEY (`productcategoryid`),
  UNIQUE KEY `productcategory_productcategory_idx` (`productcategory`)
) ENGINE=InnoDB AUTO_INCREMENT=5 DEFAULT CHARSET=utf8 COLLATE=utf8_general_ci;

--
-- Dumping data for table `vtiger_productcategory`
--

INSERT INTO `vtiger_productcategory` VALUES (2,'Privada',1,136,1,'#ffffff'),(3,'Compartida',1,137,2,'#ffffff'),(4,'Sala de Reuniones',1,138,3,'#ffffff');

--
-- Table structure for table `vtiger_productcategory_seq`
--

CREATE TABLE `vtiger_productcategory_seq` (
  `id` int(11) NOT NULL
) ENGINE=InnoDB DEFAULT CHARSET=utf8 COLLATE=utf8_general_ci;

--
-- Dumping data for table `vtiger_productcategory_seq`
--

INSERT INTO `vtiger_productcategory_seq` VALUES (4);

--
-- Table structure for table `vtiger_productcf`
--

CREATE TABLE `vtiger_productcf` (
  `productid` int(19) NOT NULL DEFAULT 0,
  PRIMARY KEY (`productid`),
  CONSTRAINT `fk_1_vtiger_productcf` FOREIGN KEY (`productid`) REFERENCES `vtiger_products` (`productid`) ON DELETE CASCADE
) ENGINE=InnoDB DEFAULT CHARSET=utf8 COLLATE=utf8_general_ci;

--
-- Dumping data for table `vtiger_productcf`
--

INSERT INTO `vtiger_productcf` VALUES (588),(597),(606),(617),(619),(621),(623),(628),(641),(642),(643),(644),(646),(648),(650),(652),(653),(654),(655),(656),(657);

--
-- Table structure for table `vtiger_productcurrencyrel`
--

CREATE TABLE `vtiger_productcurrencyrel` (
  `productid` int(11) NOT NULL,
  `currencyid` int(11) NOT NULL,
  `converted_price` decimal(28,8) DEFAULT NULL,
  `actual_price` decimal(28,8) DEFAULT NULL
) ENGINE=InnoDB DEFAULT CHARSET=utf8 COLLATE=utf8_general_ci;

--
-- Dumping data for table `vtiger_productcurrencyrel`
--

INSERT INTO `vtiger_productcurrencyrel` VALUES (588,1,0.00000000,0.00000000),(597,1,0.00000000,0.00000000),(606,1,0.00000000,0.00000000),(617,1,0.00000000,0.00000000),(619,1,0.00000000,0.00000000),(621,1,0.00000000,0.00000000),(623,1,0.00000000,0.00000000),(628,1,0.00000000,0.00000000),(641,1,0.00000000,0.00000000),(642,1,0.00000000,0.00000000),(643,1,0.00000000,0.00000000),(644,1,0.00000000,0.00000000),(646,1,0.00000000,0.00000000),(648,1,0.00000000,0.00000000),(650,1,0.00000000,0.00000000),(652,1,0.00000000,0.00000000),(653,1,0.00000000,0.00000000),(654,1,0.00000000,0.00000000),(655,1,0.00000000,0.00000000),(656,1,0.00000000,0.00000000),(657,1,0.00000000,0.00000000);

--
-- Table structure for table `vtiger_products`
--

CREATE TABLE `vtiger_products` (
  `productid` int(11) NOT NULL,
  `product_no` varchar(100) NOT NULL,
  `productname` varchar(100) DEFAULT NULL,
  `productcode` varchar(40) DEFAULT NULL,
  `productcategory` varchar(200) DEFAULT NULL,
  `manufacturer` varchar(200) DEFAULT NULL,
  `qty_per_unit` decimal(11,2) DEFAULT 0.00,
  `unit_price` decimal(25,8) DEFAULT NULL,
  `weight` decimal(11,3) DEFAULT NULL,
  `pack_size` int(11) DEFAULT NULL,
  `sales_start_date` date DEFAULT NULL,
  `sales_end_date` date DEFAULT NULL,
  `start_date` date DEFAULT NULL,
  `expiry_date` date DEFAULT NULL,
  `cost_factor` int(11) DEFAULT NULL,
  `commissionrate` decimal(7,3) DEFAULT NULL,
  `commissionmethod` varchar(50) DEFAULT NULL,
  `discontinued` int(1) NOT NULL DEFAULT 0,
  `usageunit` varchar(200) DEFAULT NULL,
  `reorderlevel` int(11) DEFAULT NULL,
  `website` varchar(100) DEFAULT NULL,
  `taxclass` varchar(200) DEFAULT NULL,
  `mfr_part_no` varchar(200) DEFAULT NULL,
  `vendor_part_no` varchar(200) DEFAULT NULL,
  `serialno` varchar(200) DEFAULT NULL,
  `qtyinstock` decimal(25,3) DEFAULT NULL,
  `productsheet` varchar(200) DEFAULT NULL,
  `qtyindemand` int(11) DEFAULT NULL,
  `glacct` varchar(200) DEFAULT NULL,
  `vendor_id` int(11) DEFAULT NULL,
  `imagename` text DEFAULT NULL,
  `currency_id` int(19) NOT NULL DEFAULT 1,
  `is_subproducts_viewable` int(1) DEFAULT 1,
  `purchase_cost` decimal(27,8) DEFAULT NULL,
  `tags` varchar(1) DEFAULT NULL,
  PRIMARY KEY (`productid`),
  CONSTRAINT `fk_1_vtiger_products` FOREIGN KEY (`productid`) REFERENCES `vtiger_crmentity` (`crmid`) ON DELETE CASCADE
) ENGINE=InnoDB DEFAULT CHARSET=utf8 COLLATE=utf8_general_ci;

--
-- Dumping data for table `vtiger_products`
--

INSERT INTO `vtiger_products` VALUES (588,'PRO1','Posavasos','','','',0.00,0.00000000,NULL,NULL,NULL,NULL,NULL,NULL,NULL,0.000,NULL,0,'',0,'','','','','',0.000,'',0,'',0,'',1,1,0.00000000,''),(597,'PRO2','Seguro de vida','','','',0.00,0.00000000,NULL,NULL,NULL,NULL,NULL,NULL,NULL,0.000,NULL,0,'',0,'','','','','',0.000,'',0,'',0,'',1,1,0.00000000,''),(606,'PRO3','ISO 9000','','','',0.00,0.00000000,NULL,NULL,NULL,NULL,NULL,NULL,NULL,0.000,NULL,0,'',0,'','','','','',0.000,'',0,'',0,'',1,1,0.00000000,''),(617,'PRO4','Proyector tamaño A','','','',0.00,0.00000000,NULL,NULL,NULL,NULL,NULL,NULL,NULL,0.000,NULL,0,'',0,'','','','','',0.000,'',0,'',0,'',1,1,0.00000000,''),(619,'PRO5','Paneles Solares Tipo A','','','',0.00,0.00000000,NULL,NULL,NULL,NULL,NULL,NULL,NULL,0.000,NULL,0,'',0,'','','','','',0.000,'',0,'',0,'',1,1,0.00000000,''),(621,'PRO6','celulares Z','','','',0.00,0.00000000,NULL,NULL,NULL,NULL,NULL,NULL,NULL,0.000,NULL,0,'',0,'','','','','',0.000,'',0,'',0,'',1,1,0.00000000,''),(623,'PRO7','Software integrador de restaurantes','','','',0.00,0.00000000,NULL,NULL,NULL,NULL,NULL,NULL,NULL,0.000,NULL,0,'',0,'','','','','',0.000,'',0,'',0,'',1,1,0.00000000,''),(628,'PRO8','CIVIC ACCORD 1.5 TURBO','','','',0.00,0.00000000,NULL,NULL,NULL,NULL,NULL,NULL,NULL,0.000,NULL,0,'',0,'','','','','',0.000,'',0,'',0,'',1,1,0.00000000,''),(641,'PRO9','BOMBA CAVIDAD PROGRESIVA','SEEPEX BN 5-12 / A1 C1-C6-F0A','','Seepex',0.00,0.00000000,NULL,NULL,NULL,NULL,NULL,NULL,NULL,0.000,NULL,0,'',0,'','','','','',0.000,'',0,'',0,'',1,1,0.00000000,''),(642,'PRO10','Cadena de 44 pasos','CR7603','','',0.00,0.00000000,NULL,NULL,NULL,NULL,NULL,NULL,NULL,0.000,NULL,0,'',0,'','','','','',0.000,'',0,'',0,'',1,1,0.00000000,''),(643,'PRO11','rollos de acero','0039','','LexPon Inc.',0.00,0.00000000,NULL,NULL,NULL,NULL,NULL,'2018-04-30',NULL,10.000,NULL,0,'Piezas',0,'','','','','',5000.000,'',0,'',0,'',1,1,0.00000000,''),(644,'PRO12','Disco de almacenamiento tipo A','DRF567','','',0.00,0.00000000,NULL,NULL,NULL,NULL,NULL,NULL,NULL,0.000,NULL,0,'',0,'','','','','',60.000,'',0,'',0,'',1,1,0.00000000,''),(646,'PRO13','Pantallas A','PLK89654','','',1.00,0.00000000,NULL,NULL,NULL,NULL,NULL,NULL,NULL,0.000,NULL,0,'Cantidad',0,'','','','','',15.000,'',0,'',645,'',1,1,0.00000000,''),(648,'PRO14','Teclado inalambrico','TE-KIH78493','','',1.00,0.00000000,NULL,NULL,NULL,NULL,NULL,NULL,NULL,0.000,NULL,0,'Cantidad',0,'','','H78493','KIH78493','78493',10.000,'',0,'',647,'',1,1,0.00000000,''),(650,'PRO15','KB USB COMBO TEROS 136','OKJ-52155','','',0.00,0.00000000,NULL,NULL,NULL,NULL,NULL,NULL,NULL,0.000,NULL,0,'',0,'','','P569-006','ACTLP569-006','',40.000,'',0,'',649,'',1,1,0.00000000,''),(652,'PRO16','NOTEBOOK LENOVO V330 I7-8AUG-1TB-V2G','KMJ-5121','','',0.00,0.00000000,NULL,NULL,NULL,NULL,NULL,NULL,NULL,0.000,NULL,0,'',0,'','','SDCZ50-016G-B35','SAN-SDCZ50-016G-B35','',20.000,'',0,'',651,'',1,1,0.00000000,''),(653,'PRO17','Mini Stereo','HONDA','','',0.00,0.00000000,NULL,NULL,NULL,NULL,NULL,NULL,NULL,0.000,NULL,0,'',0,'','','','','',-1.000,'',0,'',0,'',1,1,0.00000000,''),(654,'PRO18','CIVIC SEDAN LX','HONDA','','',0.00,0.00000000,NULL,NULL,NULL,NULL,NULL,NULL,NULL,0.000,NULL,0,'',0,'','','','','',0.000,'',0,'',0,'',1,1,0.00000000,''),(655,'PRO19','CIVIC SEDAN EXT','HONDA','','',0.00,0.00000000,NULL,NULL,NULL,NULL,NULL,NULL,NULL,0.000,NULL,0,'',0,'','','','','',1.000,'',0,'',0,'',1,1,0.00000000,''),(656,'PRO20','CIVIC ACCORD 2.0 TURBO','HONDA','','',0.00,0.00000000,NULL,NULL,NULL,NULL,NULL,NULL,NULL,0.000,NULL,0,'',0,'','','','','',8.000,'',0,'',0,'',1,1,0.00000000,''),(657,'PRO21','HR-V LX MT','HONDA','','',1.00,0.00000000,NULL,NULL,NULL,NULL,NULL,NULL,NULL,0.000,NULL,0,'',0,'','','','','',7.000,'',0,'',0,'',1,1,0.00000000,'');

--
-- Table structure for table `vtiger_producttaxrel`
--

CREATE TABLE `vtiger_producttaxrel` (
  `productid` int(11) NOT NULL,
  `taxid` int(3) NOT NULL,
  `taxpercentage` decimal(7,3) DEFAULT NULL,
  `regions` text DEFAULT NULL,
  KEY `producttaxrel_productid_idx` (`productid`),
  KEY `producttaxrel_taxid_idx` (`taxid`),
  CONSTRAINT `fk_crmid_vtiger_producttaxrel` FOREIGN KEY (`productid`) REFERENCES `vtiger_crmentity` (`crmid`) ON DELETE CASCADE
) ENGINE=InnoDB DEFAULT CHARSET=utf8 COLLATE=utf8_general_ci;

--
-- Dumping data for table `vtiger_producttaxrel`
--


--
-- Table structure for table `vtiger_profile`
--

CREATE TABLE `vtiger_profile` (
  `profileid` int(10) NOT NULL AUTO_INCREMENT,
  `profilename` varchar(50) NOT NULL,
  `description` text DEFAULT NULL,
  `directly_related_to_role` int(1) DEFAULT 0,
  PRIMARY KEY (`profileid`)
) ENGINE=InnoDB AUTO_INCREMENT=6 DEFAULT CHARSET=utf8 COLLATE=utf8_general_ci;

--
-- Dumping data for table `vtiger_profile`
--

INSERT INTO `vtiger_profile` VALUES (1,'Administrator','Admin Profile',0),(2,'Sales Profile','Profile Related to Sales',0),(3,'Support Profile','Profile Related to Support',0),(4,'Guest_Read_Only_Profile','Guest Profile for Test Users',0),(5,'Guest Read Only+Perfil',NULL,1);

--
-- Table structure for table `vtiger_profile2field`
--

CREATE TABLE `vtiger_profile2field` (
  `profileid` int(11) NOT NULL,
  `tabid` int(10) DEFAULT NULL,
  `fieldid` int(19) NOT NULL,
  `visible` int(19) DEFAULT NULL,
  `readonly` int(19) DEFAULT NULL,
  PRIMARY KEY (`profileid`,`fieldid`),
  KEY `profile2field_profileid_tabid_fieldname_idx` (`profileid`,`tabid`),
  KEY `profile2field_tabid_profileid_idx` (`tabid`,`profileid`),
  KEY `profile2field_visible_profileid_idx` (`visible`,`profileid`)
) ENGINE=InnoDB DEFAULT CHARSET=utf8 COLLATE=utf8_general_ci;

--
-- Dumping data for table `vtiger_profile2field`
--

INSERT INTO `vtiger_profile2field` VALUES (1,6,1,0,0),(1,6,2,0,0),(1,6,3,0,0),(1,6,4,0,0),(1,6,5,0,0),(1,6,6,0,0),(1,6,7,0,0),(1,6,8,0,0),(1,6,9,0,0),(1,6,10,0,0),(1,6,11,0,0),(1,6,12,0,0),(1,6,13,0,0),(1,6,14,0,0),(1,6,15,0,0),(1,6,16,0,0),(1,6,17,0,0),(1,6,18,0,0),(1,6,19,0,0),(1,6,20,0,0),(1,6,21,0,0),(1,6,22,0,0),(1,6,23,0,0),(1,6,24,0,0),(1,6,25,0,0),(1,6,26,0,0),(1,6,27,0,0),(1,6,28,0,0),(1,6,29,0,0),(1,6,30,0,0),(1,6,31,0,0),(1,6,32,0,0),(1,6,33,0,0),(1,6,34,0,0),(1,6,35,0,0),(1,6,36,0,0),(1,7,37,0,0),(1,7,38,0,0),(1,7,39,0,0),(1,7,40,0,0),(1,7,41,0,0),(1,7,42,0,0),(1,7,43,0,0),(1,7,44,0,0),(1,7,45,0,0),(1,7,46,0,0),(1,7,47,0,0),(1,7,48,0,0),(1,7,49,0,0),(1,7,50,0,0),(1,7,51,0,0),(1,7,52,0,0),(1,7,53,0,0),(1,7,54,0,0),(1,7,55,0,0),(1,7,56,0,0),(1,7,57,0,0),(1,7,58,0,0),(1,7,59,0,0),(1,7,60,0,0),(1,7,61,0,0),(1,7,62,0,0),(1,7,63,0,0),(1,7,64,0,0),(1,7,65,0,0),(1,4,66,0,0),(1,4,67,0,0),(1,4,68,0,0),(1,4,69,0,0),(1,4,70,0,0),(1,4,71,0,0),(1,4,72,0,0),(1,4,73,0,0),(1,4,74,0,0),(1,4,75,0,0),(1,4,76,0,0),(1,4,77,0,0),(1,4,78,0,0),(1,4,79,0,0),(1,4,80,0,0),(1,4,81,0,0),(1,4,82,0,0),(1,4,83,0,0),(1,4,84,0,0),(1,4,85,0,0),(1,4,86,0,0),(1,4,87,0,0),(1,4,88,0,0),(1,4,89,0,0),(1,4,90,0,0),(1,4,91,0,0),(1,4,92,0,0),(1,4,93,0,0),(1,4,94,0,0),(1,4,95,0,0),(1,4,96,0,0),(1,4,97,0,0),(1,4,98,0,0),(1,4,99,0,0),(1,4,100,0,0),(1,4,101,0,0),(1,4,102,0,0),(1,4,103,0,0),(1,4,104,0,0),(1,4,105,0,0),(1,4,106,0,0),(1,4,107,0,0),(1,4,108,0,0),(1,4,109,0,0),(1,2,110,0,0),(1,2,111,0,0),(1,2,112,0,0),(1,2,113,0,0),(1,2,114,0,0),(1,2,115,0,0),(1,2,116,0,0),(1,2,117,0,0),(1,2,118,0,0),(1,2,119,0,0),(1,2,120,0,0),(1,2,121,0,0),(1,2,122,0,0),(1,2,123,0,0),(1,2,124,0,0),(1,2,125,0,0),(1,26,126,0,0),(1,26,127,0,0),(1,26,128,0,0),(1,26,129,0,0),(1,26,130,0,0),(1,26,131,0,0),(1,26,132,0,0),(1,26,133,0,0),(1,26,134,0,0),(1,26,135,0,0),(1,26,136,0,0),(1,26,137,0,0),(1,26,138,0,0),(1,26,139,0,0),(1,26,140,0,0),(1,26,141,0,0),(1,26,142,0,0),(1,26,143,0,0),(1,26,144,0,0),(1,26,145,0,0),(1,26,146,0,0),(1,26,147,0,0),(1,26,148,0,0),(1,26,149,0,0),(1,26,150,0,0),(1,4,151,0,0),(1,6,152,0,0),(1,7,153,0,0),(1,26,154,0,0),(1,13,155,0,0),(1,13,156,0,0),(1,13,157,0,0),(1,13,158,0,0),(1,13,159,0,0),(1,13,160,0,0),(1,13,161,0,0),(1,13,162,0,0),(1,13,163,0,0),(1,13,164,0,0),(1,13,165,0,0),(1,13,166,0,0),(1,13,167,0,0),(1,13,168,0,0),(1,13,169,0,0),(1,13,170,0,0),(1,13,171,0,0),(1,13,172,0,0),(1,13,173,0,0),(1,14,174,0,0),(1,14,175,0,0),(1,14,176,0,0),(1,14,177,0,0),(1,14,178,0,0),(1,14,179,0,0),(1,14,180,0,0),(1,14,181,0,0),(1,14,182,0,0),(1,14,183,0,0),(1,14,184,0,0),(1,14,185,0,0),(1,14,186,0,0),(1,14,187,0,0),(1,14,188,0,0),(1,14,189,0,0),(1,14,190,0,0),(1,14,191,0,0),(1,14,192,0,0),(1,14,193,0,0),(1,14,194,0,0),(1,14,195,0,0),(1,14,196,0,0),(1,14,197,0,0),(1,14,198,0,0),(1,14,199,0,0),(1,14,200,0,0),(1,14,201,0,0),(1,14,202,0,0),(1,14,203,0,0),(1,14,204,0,0),(1,8,205,0,0),(1,8,206,0,0),(1,8,207,0,0),(1,8,208,0,0),(1,8,209,0,0),(1,8,210,0,0),(1,8,211,0,0),(1,8,212,0,0),(1,8,213,0,0),(1,8,214,0,0),(1,8,215,0,0),(1,8,216,0,0),(1,8,217,0,0),(1,8,218,0,0),(1,8,219,0,0),(1,10,220,0,0),(1,10,221,0,0),(1,10,222,0,0),(1,10,223,0,0),(1,10,224,0,0),(1,10,225,0,0),(1,10,226,0,0),(1,10,227,0,0),(1,10,228,0,0),(1,10,229,0,0),(1,10,230,0,0),(1,10,231,0,0),(1,9,232,0,0),(1,9,233,0,0),(1,9,234,0,0),(1,9,235,0,0),(1,9,236,0,0),(1,9,237,0,0),(1,9,238,0,0),(1,9,239,0,0),(1,9,240,0,0),(1,9,241,0,0),(1,9,242,0,0),(1,9,243,0,0),(1,9,244,0,0),(1,9,245,0,0),(1,9,246,0,0),(1,9,247,0,0),(1,9,248,0,0),(1,9,249,0,0),(1,9,250,0,0),(1,9,251,0,0),(1,9,252,0,0),(1,9,253,0,0),(1,9,254,0,0),(1,9,255,0,0),(1,16,256,0,0),(1,16,257,0,0),(1,16,258,0,0),(1,16,259,0,0),(1,16,260,0,0),(1,16,261,0,0),(1,16,262,0,0),(1,16,263,0,0),(1,16,264,0,0),(1,16,265,0,0),(1,16,266,0,0),(1,16,267,0,0),(1,16,268,0,0),(1,16,269,0,0),(1,16,270,0,0),(1,16,271,0,0),(1,16,272,0,0),(1,16,273,0,0),(1,16,274,0,0),(1,16,275,0,0),(1,16,276,0,0),(1,16,277,0,0),(1,16,278,0,0),(1,15,279,0,0),(1,15,280,0,0),(1,15,281,0,0),(1,15,282,0,0),(1,15,283,0,0),(1,15,284,0,0),(1,15,285,0,0),(1,15,286,0,0),(1,15,287,0,0),(1,15,288,0,0),(1,18,289,0,0),(1,18,290,0,0),(1,18,291,0,0),(1,18,292,0,0),(1,18,293,0,0),(1,18,294,0,0),(1,18,295,0,0),(1,18,296,0,0),(1,18,297,0,0),(1,18,298,0,0),(1,18,299,0,0),(1,18,300,0,0),(1,18,301,0,0),(1,18,302,0,0),(1,18,303,0,0),(1,18,304,0,0),(1,18,305,0,0),(1,19,306,0,0),(1,19,307,0,0),(1,19,308,0,0),(1,19,309,0,0),(1,19,310,0,0),(1,19,311,0,0),(1,19,312,0,0),(1,19,313,0,0),(1,20,314,0,0),(1,20,315,0,0),(1,20,316,0,0),(1,20,317,0,0),(1,20,318,0,0),(1,20,319,0,0),(1,20,320,0,0),(1,20,321,0,0),(1,20,322,0,0),(1,20,323,0,0),(1,20,324,0,0),(1,20,325,0,0),(1,20,326,0,0),(1,20,327,0,0),(1,20,328,0,0),(1,20,329,0,0),(1,20,330,0,0),(1,20,331,0,0),(1,20,332,0,0),(1,20,333,0,0),(1,20,334,0,0),(1,20,335,0,0),(1,20,336,0,0),(1,20,337,0,0),(1,20,338,0,0),(1,20,339,0,0),(1,20,340,0,0),(1,20,341,0,0),(1,20,342,0,0),(1,20,343,0,0),(1,20,344,0,0),(1,20,345,0,0),(1,20,346,0,0),(1,20,347,0,0),(1,20,348,0,0),(1,20,349,0,0),(1,20,350,0,0),(1,21,351,0,0),(1,21,352,0,0),(1,21,353,0,0),(1,21,354,0,0),(1,21,355,0,0),(1,21,356,0,0),(1,21,357,0,0),(1,21,358,0,0),(1,21,359,0,0),(1,21,360,0,0),(1,21,361,0,0),(1,21,362,0,0),(1,21,363,0,0),(1,21,364,0,0),(1,21,365,0,0),(1,21,366,0,0),(1,21,367,0,0),(1,21,368,0,0),(1,21,369,0,0),(1,21,370,0,0),(1,21,371,0,0),(1,21,372,0,0),(1,21,373,0,0),(1,21,374,0,0),(1,21,375,0,0),(1,21,376,0,0),(1,21,377,0,0),(1,21,378,0,0),(1,21,379,0,0),(1,21,380,0,0),(1,21,381,0,0),(1,21,382,0,0),(1,21,383,0,0),(1,21,384,0,0),(1,21,385,0,0),(1,21,386,0,0),(1,21,387,0,0),(1,21,388,0,0),(1,22,389,0,0),(1,22,390,0,0),(1,22,391,0,0),(1,22,392,0,0),(1,22,393,0,0),(1,22,394,0,0),(1,22,395,0,0),(1,22,396,0,0),(1,22,397,0,0),(1,22,398,0,0),(1,22,399,0,0),(1,22,400,0,0),(1,22,401,0,0),(1,22,402,0,0),(1,22,403,0,0),(1,22,404,0,0),(1,22,405,0,0),(1,22,406,0,0),(1,22,407,0,0),(1,22,408,0,0),(1,22,409,0,0),(1,22,410,0,0),(1,22,411,0,0),(1,22,412,0,0),(1,22,413,0,0),(1,22,414,0,0),(1,22,415,0,0),(1,22,416,0,0),(1,22,417,0,0),(1,22,418,0,0),(1,22,419,0,0),(1,22,420,0,0),(1,22,421,0,0),(1,22,422,0,0),(1,22,423,0,0),(1,22,424,0,0),(1,22,425,0,0),(1,22,426,0,0),(1,22,427,0,0),(1,22,428,0,0),(1,22,429,0,0),(1,22,430,0,0),(1,22,431,0,0),(1,22,432,0,0),(1,22,433,0,0),(1,22,434,0,0),(1,22,435,0,0),(1,23,436,0,0),(1,23,437,0,0),(1,23,438,0,0),(1,23,439,0,0),(1,23,440,0,0),(1,23,441,0,0),(1,23,442,0,0),(1,23,443,0,0),(1,23,444,0,0),(1,23,445,0,0),(1,23,446,0,0),(1,23,447,0,0),(1,23,448,0,0),(1,23,449,0,0),(1,23,450,0,0),(1,23,451,0,0),(1,23,452,0,0),(1,23,453,0,0),(1,23,454,0,0),(1,23,455,0,0),(1,23,456,0,0),(1,23,457,0,0),(1,23,458,0,0),(1,23,459,0,0),(1,23,460,0,0),(1,23,461,0,0),(1,23,462,0,0),(1,23,463,0,0),(1,23,464,0,0),(1,23,465,0,0),(1,23,466,0,0),(1,23,467,0,0),(1,23,468,0,0),(1,23,469,0,0),(1,23,470,0,0),(1,23,471,0,0),(1,23,472,0,0),(1,23,473,0,0),(1,23,474,0,0),(1,10,520,0,0),(1,10,521,0,0),(1,10,522,0,0),(1,10,523,0,0),(1,10,524,0,0),(1,10,525,0,0),(1,31,526,0,0),(1,31,527,0,0),(1,31,528,0,0),(1,31,529,0,0),(1,31,530,0,0),(1,31,531,0,0),(1,31,532,0,0),(1,31,533,0,0),(1,31,534,0,0),(1,31,535,0,0),(1,31,536,0,0),(1,31,537,0,0),(1,31,538,0,0),(1,31,539,0,0),(1,31,540,0,0),(1,31,541,0,0),(1,31,542,0,0),(1,31,543,0,0),(1,31,544,0,0),(1,31,545,0,0),(1,31,546,0,0),(1,31,547,0,0),(1,32,548,0,0),(1,32,549,0,0),(1,32,550,0,0),(1,32,551,0,0),(1,32,552,0,0),(1,32,553,0,0),(1,32,554,0,0),(1,32,555,0,0),(1,32,556,0,0),(1,32,557,0,0),(1,32,558,0,0),(1,32,559,0,0),(1,32,560,0,0),(1,32,561,0,0),(1,32,562,0,0),(1,32,563,0,0),(1,32,564,0,0),(1,32,565,0,0),(1,32,566,0,0),(1,32,567,0,0),(1,32,568,0,0),(1,32,569,0,0),(1,37,570,0,0),(1,37,571,0,0),(1,37,572,0,0),(1,37,573,0,0),(1,37,574,0,0),(1,37,575,0,0),(1,37,576,0,0),(1,37,577,0,0),(1,37,578,0,0),(1,37,579,0,0),(1,37,580,0,0),(1,37,581,0,0),(1,37,582,0,0),(1,37,583,0,0),(1,37,584,0,0),(1,37,585,0,0),(1,37,586,0,0),(1,29,587,0,0),(1,38,588,0,0),(1,38,589,0,0),(1,38,590,0,0),(1,38,591,0,0),(1,38,592,0,0),(1,38,593,0,0),(1,38,594,0,0),(1,38,595,0,0),(1,42,596,0,0),(1,42,597,0,0),(1,42,598,0,0),(1,42,599,0,0),(1,42,600,0,0),(1,42,601,0,0),(1,42,602,0,0),(1,42,603,0,0),(1,42,604,0,0),(1,42,605,0,0),(1,42,606,0,0),(1,42,607,0,0),(1,42,608,0,0),(1,43,609,0,0),(1,43,610,0,0),(1,43,611,0,0),(1,43,612,0,0),(1,43,613,0,0),(1,43,614,0,0),(1,43,615,0,0),(1,43,616,0,0),(1,43,617,0,0),(1,43,618,0,0),(1,43,619,0,0),(1,43,620,0,0),(1,43,621,0,0),(1,43,622,0,0),(1,43,623,0,0),(1,43,624,0,0),(1,43,625,0,0),(1,43,626,0,0),(1,44,627,0,0),(1,44,628,0,0),(1,44,629,0,0),(1,44,630,0,0),(1,44,631,0,0),(1,44,632,0,0),(1,44,633,0,0),(1,44,634,0,0),(1,44,635,0,0),(1,44,636,0,0),(1,44,637,0,0),(1,44,638,0,0),(1,44,639,0,0),(1,44,640,0,0),(1,44,641,0,0),(1,44,642,0,0),(1,44,643,0,0),(1,44,644,0,0),(1,44,645,0,0),(1,44,646,0,0),(1,46,647,0,0),(1,46,648,0,0),(1,46,649,0,0),(1,46,650,0,0),(1,46,651,0,0),(1,46,652,0,0),(1,46,653,0,0),(1,46,654,0,0),(1,46,655,0,0),(1,46,656,0,0),(1,46,657,0,0),(1,46,658,0,0),(1,46,659,0,0),(1,46,660,0,0),(1,46,661,0,0),(1,46,662,0,0),(1,46,663,0,0),(1,46,664,0,0),(1,46,665,0,0),(1,46,666,0,0),(1,46,667,0,0),(1,47,668,0,0),(1,47,669,0,0),(1,47,670,0,0),(1,47,671,0,0),(1,47,672,0,0),(1,47,673,0,0),(1,2,674,0,0),(1,29,675,0,0),(1,23,676,0,0),(1,23,677,0,0),(1,23,678,0,0),(1,23,679,0,0),(1,23,680,0,0),(1,23,681,0,0),(1,23,682,0,0),(1,23,683,0,0),(1,23,684,0,0),(1,22,685,0,0),(1,22,686,0,0),(1,22,687,0,0),(1,22,688,0,0),(1,22,689,0,0),(1,22,690,0,0),(1,22,691,0,0),(1,22,692,0,0),(1,22,693,0,0),(1,21,694,0,0),(1,21,695,0,0),(1,21,696,0,0),(1,21,697,0,0),(1,21,698,0,0),(1,21,699,0,0),(1,21,700,0,0),(1,21,701,0,0),(1,21,702,0,0),(1,20,703,0,0),(1,20,704,0,0),(1,20,705,0,0),(1,20,706,0,0),(1,20,707,0,0),(1,20,708,0,0),(1,20,709,0,0),(1,20,710,0,0),(1,20,711,0,0),(1,29,712,0,0),(1,43,713,0,0),(1,38,714,0,0),(1,29,715,0,0),(1,29,716,0,0),(1,29,717,0,0),(1,23,718,0,0),(1,22,719,0,0),(1,21,720,0,0),(1,20,721,0,0),(1,29,722,0,0),(1,6,723,0,0),(1,4,724,0,0),(1,2,725,0,0),(1,29,726,0,0),(1,23,727,0,0),(1,23,728,0,0),(1,21,729,0,0),(1,21,730,0,0),(1,18,731,0,0),(1,7,732,0,0),(1,38,733,0,0),(1,38,734,0,0),(1,23,735,0,0),(1,20,736,0,0),(1,21,737,0,0),(1,22,738,0,0),(1,29,739,0,0),(1,2,740,0,0),(1,13,741,0,0),(1,29,742,0,0),(1,29,743,0,0),(1,29,744,0,0),(1,29,745,0,0),(1,14,772,0,0),(1,32,773,0,0),(1,23,774,0,0),(1,29,775,0,0),(1,23,776,0,0),(1,23,777,0,0),(1,23,778,0,0),(1,20,779,0,0),(1,20,780,0,0),(1,20,781,0,0),(1,21,782,0,0),(1,22,783,0,0),(1,22,784,0,0),(1,22,785,0,0),(1,38,786,0,0),(1,38,787,0,0),(1,38,788,0,0),(1,2,789,0,0),(1,4,790,0,0),(1,6,791,0,0),(1,7,792,0,0),(1,8,793,0,0),(1,9,794,0,0),(1,10,795,0,0),(1,13,796,0,0),(1,14,797,0,0),(1,15,798,0,0),(1,16,799,0,0),(1,18,800,0,0),(1,19,801,0,0),(1,20,802,0,0),(1,21,803,0,0),(1,22,804,0,0),(1,23,805,0,0),(1,26,806,0,0),(1,10,807,0,0),(1,2,808,0,0),(1,4,809,0,0),(1,6,810,0,0),(1,7,811,0,0),(1,8,812,0,0),(1,9,813,0,0),(1,10,814,0,0),(1,13,815,0,0),(1,14,816,0,0),(1,15,817,0,0),(1,16,818,0,0),(1,18,819,0,0),(1,19,820,0,0),(1,20,821,0,0),(1,21,822,0,0),(1,22,823,0,0),(1,23,824,0,0),(1,26,825,0,0),(1,2,826,0,0),(1,4,827,0,0),(1,6,828,0,0),(1,7,829,0,0),(1,8,830,0,0),(1,9,831,0,0),(1,10,832,0,0),(1,13,833,0,0),(1,14,834,0,0),(1,15,835,0,0),(1,16,836,0,0),(1,18,837,0,0),(1,19,838,0,0),(1,20,839,0,0),(1,21,840,0,0),(1,22,841,0,0),(1,23,842,0,0),(1,26,843,0,0),(1,20,844,0,0),(1,21,845,0,0),(1,22,846,0,0),(1,23,847,0,0),(1,44,848,0,0),(1,44,849,0,0),(1,29,850,0,0),(1,22,851,0,0),(1,29,852,0,0),(1,4,954,0,0),(1,52,955,0,0),(1,52,956,0,0),(1,52,957,0,0),(1,52,958,0,0),(1,52,959,0,0),(1,52,960,0,0),(1,52,961,0,0),(1,52,962,0,0),(1,52,963,0,0),(1,52,964,0,0),(1,52,965,0,0),(1,52,966,0,0),(1,52,967,0,0),(1,52,968,0,0),(1,52,969,0,0),(1,52,970,0,0),(1,52,971,0,0),(1,52,972,0,0),(1,52,973,0,0),(1,52,974,0,0),(1,53,975,0,0),(1,53,976,0,0),(1,53,977,0,0),(1,53,978,0,0),(1,53,979,0,0),(1,53,980,0,0),(1,53,981,0,0),(1,53,982,0,0),(1,53,983,0,0),(1,53,984,0,0),(1,53,985,0,0),(1,53,986,0,0),(1,53,987,0,0),(1,53,988,0,0),(1,53,989,0,0),(1,53,990,0,0),(1,54,991,0,0),(1,54,992,0,0),(1,54,993,0,0),(1,54,994,0,0),(1,54,995,0,0),(1,54,996,0,0),(1,54,997,0,0),(1,54,998,0,0),(1,54,999,0,0),(1,54,1000,0,0),(1,54,1001,0,0),(1,55,1002,0,0),(1,55,1003,0,0),(1,55,1004,0,0),(1,55,1005,0,0),(1,55,1006,0,0),(1,55,1007,0,0),(1,55,1008,0,0),(1,55,1009,0,0),(1,55,1010,0,0),(1,55,1011,0,0),(1,55,1012,0,0),(1,55,1013,0,0),(1,55,1014,0,0),(1,55,1015,0,0),(1,55,1016,0,0),(1,56,1017,0,0),(1,56,1018,0,0),(1,56,1019,0,0),(1,56,1020,0,0),(1,56,1021,0,0),(1,56,1022,0,0),(1,56,1023,0,0),(1,56,1024,0,0),(1,56,1025,0,0),(1,56,1026,0,0),(1,56,1027,0,0),(1,56,1028,0,0),(1,56,1029,0,0),(1,56,1030,0,0),(1,57,1031,0,0),(1,57,1032,0,0),(1,57,1033,0,0),(1,57,1034,0,0),(1,57,1035,0,0),(1,57,1036,0,0),(1,57,1037,0,0),(1,57,1038,0,0),(1,57,1039,0,0),(1,57,1040,0,0),(1,58,1041,0,0),(1,58,1042,0,0),(1,58,1043,0,0),(1,58,1044,0,0),(1,58,1045,0,0),(1,58,1046,0,0),(1,58,1047,0,0),(1,58,1048,0,0),(1,58,1049,0,0),(1,58,1050,0,0),(1,58,1051,0,0),(1,59,1052,0,0),(1,59,1053,0,0),(1,59,1054,0,0),(1,59,1055,0,0),(1,59,1056,0,0),(1,59,1057,0,0),(1,59,1058,0,0),(1,59,1059,0,0),(1,59,1060,0,0),(1,59,1061,0,0),(1,59,1062,0,0),(1,59,1063,0,0),(1,59,1064,0,0),(1,59,1065,0,0),(1,59,1066,0,0),(1,60,1074,0,0),(1,60,1075,0,0),(1,60,1076,0,0),(1,60,1077,0,0),(1,60,1078,0,0),(1,60,1079,0,0),(1,60,1080,0,0),(1,60,1081,0,0),(1,60,1082,0,0),(1,60,1083,0,0),(1,60,1084,0,0),(1,60,1085,0,0),(1,60,1086,0,0),(1,60,1087,0,0),(1,60,1088,0,0),(1,60,1089,0,0),(1,61,1090,0,0),(1,61,1091,0,0),(1,61,1092,0,0),(1,61,1093,0,0),(1,61,1094,0,0),(1,61,1095,0,0),(1,61,1096,0,0),(1,61,1097,0,0),(1,60,1098,0,0),(1,60,1099,0,0),(1,60,1100,0,0),(1,60,1101,0,0),(1,60,1102,0,0),(1,60,1103,0,0),(1,60,1104,0,0),(1,60,1105,0,0),(1,60,1106,0,0),(1,60,1107,0,0),(1,60,1108,0,0),(1,60,1109,0,0),(1,60,1110,0,0),(1,60,1111,0,0),(1,60,1112,0,0),(1,60,1113,0,0),(1,60,1114,0,0),(1,60,1115,0,0),(1,60,1116,0,0),(1,60,1117,0,0),(1,60,1118,0,0),(1,60,1119,0,0),(1,60,1120,0,0),(1,61,1121,0,0),(1,61,1122,0,0),(1,61,1123,0,0),(1,61,1124,0,0),(1,61,1125,0,0),(1,61,1126,0,0),(1,13,1127,0,0),(1,13,1128,0,0),(1,13,1129,0,0),(1,13,1130,0,0),(1,13,1131,0,0),(1,13,1132,0,0),(1,13,1133,0,0),(1,26,1134,0,0),(1,26,1135,0,0),(1,4,1136,0,0),(1,4,1137,0,0),(1,4,1138,0,0),(1,4,1139,0,0),(1,4,1140,0,0),(1,4,1141,0,0),(1,4,1142,0,0),(1,4,1143,0,0),(1,4,1144,0,0),(1,4,1145,0,0),(1,4,1146,0,0),(1,4,1147,0,0),(1,4,1148,0,0),(1,4,1149,0,0),(1,4,1150,0,0),(1,4,1151,0,0),(1,4,1152,0,0),(1,4,1153,0,0),(1,4,1154,0,0),(1,2,1155,0,0),(1,2,1156,0,0),(1,6,1157,0,0),(1,6,1158,0,0),(1,6,1159,0,0),(1,6,1160,0,0),(1,6,1161,0,0),(1,6,1162,0,0),(1,6,1163,0,0),(1,6,1164,0,0),(1,6,1165,0,0),(1,6,1166,0,0),(1,6,1167,0,0),(1,6,1168,0,0),(1,6,1169,0,0),(1,61,1170,0,0),(1,61,1171,0,0),(1,61,1172,0,0),(1,61,1173,0,0),(1,61,1174,0,0),(1,61,1175,0,0),(1,61,1176,0,0),(1,61,1177,0,0),(1,61,1178,0,0),(1,61,1179,0,0),(1,61,1180,0,0),(1,61,1181,0,0),(1,61,1182,0,0),(1,61,1183,0,0),(1,62,1184,0,0),(1,62,1185,0,0),(1,62,1186,0,0),(1,62,1187,0,0),(1,62,1188,0,0),(1,62,1189,0,0),(1,62,1190,0,0),(1,62,1191,0,0),(1,62,1192,0,0),(1,62,1193,0,0),(1,62,1194,0,0),(1,62,1195,0,0),(1,62,1196,0,0),(1,62,1197,0,0),(1,62,1198,0,0),(1,62,1199,0,0),(1,62,1200,0,0),(1,62,1201,0,0),(1,62,1202,0,0),(1,62,1203,0,0),(1,62,1204,0,0),(1,62,1205,0,0),(1,62,1206,0,0),(1,62,1207,0,0),(1,63,1208,0,0),(1,63,1209,0,0),(1,63,1210,0,0),(1,63,1211,0,0),(1,63,1212,0,0),(1,63,1213,0,0),(1,63,1214,0,0),(1,63,1215,0,0),(1,63,1216,0,0),(1,63,1217,0,0),(1,63,1218,0,0),(1,63,1219,0,0),(1,63,1220,0,0),(1,63,1221,0,0),(1,63,1222,0,0),(1,64,1223,0,0),(1,64,1224,0,0),(1,64,1225,0,0),(1,64,1226,0,0),(1,64,1227,0,0),(1,64,1228,0,0),(1,64,1229,0,0),(1,64,1230,0,0),(1,64,1231,0,0),(1,64,1232,0,0),(1,64,1233,0,0),(1,64,1234,0,0),(1,64,1235,0,0),(1,64,1236,0,0),(1,64,1237,0,0),(1,64,1238,0,0),(1,64,1239,0,0),(1,64,1240,0,0),(1,64,1241,0,0),(1,64,1242,0,0),(1,64,1243,0,0),(1,64,1244,0,0),(1,64,1245,0,0),(1,64,1246,0,0),(1,64,1247,0,0),(1,60,1248,0,0),(1,60,1249,0,0),(1,60,1250,0,0),(2,6,1,0,0),(2,6,2,0,0),(2,6,3,0,0),(2,6,4,0,0),(2,6,5,0,0),(2,6,6,0,0),(2,6,7,0,0),(2,6,8,0,0),(2,6,9,0,0),(2,6,10,0,0),(2,6,11,0,0),(2,6,12,0,0),(2,6,13,0,0),(2,6,14,0,0),(2,6,15,0,0),(2,6,16,0,0),(2,6,17,0,0),(2,6,18,0,0),(2,6,19,0,0),(2,6,20,0,0),(2,6,21,0,0),(2,6,22,0,0),(2,6,23,0,0),(2,6,24,0,0),(2,6,25,0,0),(2,6,26,0,0),(2,6,27,0,0),(2,6,28,0,0),(2,6,29,0,0),(2,6,30,0,0),(2,6,31,0,0),(2,6,32,0,0),(2,6,33,0,0),(2,6,34,0,0),(2,6,35,0,0),(2,6,36,0,0),(2,7,37,0,0),(2,7,38,0,0),(2,7,39,0,0),(2,7,40,0,0),(2,7,41,0,0),(2,7,42,0,0),(2,7,43,0,0),(2,7,44,0,0),(2,7,45,0,0),(2,7,46,0,0),(2,7,47,0,0),(2,7,48,0,0),(2,7,49,0,0),(2,7,50,0,0),(2,7,51,0,0),(2,7,52,0,0),(2,7,53,0,0),(2,7,54,0,0),(2,7,55,0,0),(2,7,56,0,0),(2,7,57,0,0),(2,7,58,0,0),(2,7,59,0,0),(2,7,60,0,0),(2,7,61,0,0),(2,7,62,0,0),(2,7,63,0,0),(2,7,64,0,0),(2,7,65,0,0),(2,4,66,0,0),(2,4,67,0,0),(2,4,68,0,0),(2,4,69,0,0),(2,4,70,0,0),(2,4,71,0,0),(2,4,72,0,0),(2,4,73,0,0),(2,4,74,0,0),(2,4,75,0,0),(2,4,76,0,0),(2,4,77,0,0),(2,4,78,0,0),(2,4,79,0,0),(2,4,80,0,0),(2,4,81,0,0),(2,4,82,0,0),(2,4,83,0,0),(2,4,84,0,0),(2,4,85,0,0),(2,4,86,0,0),(2,4,87,0,0),(2,4,88,0,0),(2,4,89,0,0),(2,4,90,0,0),(2,4,91,0,0),(2,4,92,0,0),(2,4,93,0,0),(2,4,94,0,0),(2,4,95,0,0),(2,4,96,0,0),(2,4,97,0,0),(2,4,98,0,0),(2,4,99,0,0),(2,4,100,0,0),(2,4,101,0,0),(2,4,102,0,0),(2,4,103,0,0),(2,4,104,0,0),(2,4,105,0,0),(2,4,106,0,0),(2,4,107,0,0),(2,4,108,0,0),(2,4,109,0,0),(2,2,110,0,0),(2,2,111,0,0),(2,2,112,0,0),(2,2,113,0,0),(2,2,114,0,0),(2,2,115,0,0),(2,2,116,0,0),(2,2,117,0,0),(2,2,118,0,0),(2,2,119,0,0),(2,2,120,0,0),(2,2,121,0,0),(2,2,122,0,0),(2,2,123,0,0),(2,2,124,0,0),(2,2,125,0,0),(2,26,126,0,0),(2,26,127,0,0),(2,26,128,0,0),(2,26,129,0,0),(2,26,130,0,0),(2,26,131,0,0),(2,26,132,0,0),(2,26,133,0,0),(2,26,134,0,0),(2,26,135,0,0),(2,26,136,0,0),(2,26,137,0,0),(2,26,138,0,0),(2,26,139,0,0),(2,26,140,0,0),(2,26,141,0,0),(2,26,142,0,0),(2,26,143,0,0),(2,26,144,0,0),(2,26,145,0,0),(2,26,146,0,0),(2,26,147,0,0),(2,26,148,0,0),(2,26,149,0,0),(2,26,150,0,0),(2,4,151,0,0),(2,6,152,0,0),(2,7,153,0,0),(2,26,154,0,0),(2,13,155,0,0),(2,13,156,0,0),(2,13,157,0,0),(2,13,158,0,0),(2,13,159,0,0),(2,13,160,0,0),(2,13,161,0,0),(2,13,162,0,0),(2,13,163,0,0),(2,13,164,0,0),(2,13,165,0,0),(2,13,166,0,0),(2,13,167,0,0),(2,13,168,0,0),(2,13,169,0,0),(2,13,170,0,0),(2,13,171,0,0),(2,13,172,0,0),(2,13,173,0,0),(2,14,174,0,0),(2,14,175,0,0),(2,14,176,0,0),(2,14,177,0,0),(2,14,178,0,0),(2,14,179,0,0),(2,14,180,0,0),(2,14,181,0,0),(2,14,182,0,0),(2,14,183,0,0),(2,14,184,0,0),(2,14,185,0,0),(2,14,186,0,0),(2,14,187,0,0),(2,14,188,0,0),(2,14,189,0,0),(2,14,190,0,0),(2,14,191,0,0),(2,14,192,0,0),(2,14,193,0,0),(2,14,194,0,0),(2,14,195,0,0),(2,14,196,0,0),(2,14,197,0,0),(2,14,198,0,0),(2,14,199,0,0),(2,14,200,0,0),(2,14,201,0,0),(2,14,202,0,0),(2,14,203,0,0),(2,14,204,0,0),(2,8,205,0,0),(2,8,206,0,0),(2,8,207,0,0),(2,8,208,0,0),(2,8,209,0,0),(2,8,210,0,0),(2,8,211,0,0),(2,8,212,0,0),(2,8,213,0,0),(2,8,214,0,0),(2,8,215,0,0),(2,8,216,0,0),(2,8,217,0,0),(2,8,218,0,0),(2,8,219,0,0),(2,10,220,0,0),(2,10,221,0,0),(2,10,222,0,0),(2,10,223,0,0),(2,10,224,0,0),(2,10,225,0,0),(2,10,226,0,0),(2,10,227,0,0),(2,10,228,0,0),(2,10,229,0,0),(2,10,230,0,0),(2,10,231,0,0),(2,9,232,0,0),(2,9,233,0,0),(2,9,234,0,0),(2,9,235,0,0),(2,9,236,0,0),(2,9,237,0,0),(2,9,238,0,0),(2,9,239,0,0),(2,9,240,0,0),(2,9,241,0,0),(2,9,242,0,0),(2,9,243,0,0),(2,9,244,0,0),(2,9,245,0,0),(2,9,246,0,0),(2,9,247,0,0),(2,9,248,0,0),(2,9,249,0,0),(2,9,250,0,0),(2,9,251,0,0),(2,9,252,0,0),(2,9,253,0,0),(2,9,254,0,0),(2,9,255,0,0),(2,16,256,0,0),(2,16,257,0,0),(2,16,258,0,0),(2,16,259,0,0),(2,16,260,0,0),(2,16,261,0,0),(2,16,262,0,0),(2,16,263,0,0),(2,16,264,0,0),(2,16,265,0,0),(2,16,266,0,0),(2,16,267,0,0),(2,16,268,0,0),(2,16,269,0,0),(2,16,270,0,0),(2,16,271,0,0),(2,16,272,0,0),(2,16,273,0,0),(2,16,274,0,0),(2,16,275,0,0),(2,16,276,0,0),(2,16,277,0,0),(2,16,278,0,0),(2,15,279,0,0),(2,15,280,0,0),(2,15,281,0,0),(2,15,282,0,0),(2,15,283,0,0),(2,15,284,0,0),(2,15,285,0,0),(2,15,286,0,0),(2,15,287,0,0),(2,15,288,0,0),(2,18,289,0,0),(2,18,290,0,0),(2,18,291,0,0),(2,18,292,0,0),(2,18,293,0,0),(2,18,294,0,0),(2,18,295,0,0),(2,18,296,0,0),(2,18,297,0,0),(2,18,298,0,0),(2,18,299,0,0),(2,18,300,0,0),(2,18,301,0,0),(2,18,302,0,0),(2,18,303,0,0),(2,18,304,0,0),(2,18,305,0,0),(2,19,306,0,0),(2,19,307,0,0),(2,19,308,0,0),(2,19,309,0,0),(2,19,310,0,0),(2,19,311,0,0),(2,19,312,0,0),(2,19,313,0,0),(2,20,314,0,0),(2,20,315,0,0),(2,20,316,0,0),(2,20,317,0,0),(2,20,318,0,0),(2,20,319,0,0),(2,20,320,0,0),(2,20,321,0,0),(2,20,322,0,0),(2,20,323,0,0),(2,20,324,0,0),(2,20,325,0,0),(2,20,326,0,0),(2,20,327,0,0),(2,20,328,0,0),(2,20,329,0,0),(2,20,330,0,0),(2,20,331,0,0),(2,20,332,0,0),(2,20,333,0,0),(2,20,334,0,0),(2,20,335,0,0),(2,20,336,0,0),(2,20,337,0,0),(2,20,338,0,0),(2,20,339,0,0),(2,20,340,0,0),(2,20,341,0,0),(2,20,342,0,0),(2,20,343,0,0),(2,20,344,0,0),(2,20,345,0,0),(2,20,346,0,0),(2,20,347,0,0),(2,20,348,0,0),(2,20,349,0,0),(2,20,350,0,0),(2,21,351,0,0),(2,21,352,0,0),(2,21,353,0,0),(2,21,354,0,0),(2,21,355,0,0),(2,21,356,0,0),(2,21,357,0,0),(2,21,358,0,0),(2,21,359,0,0),(2,21,360,0,0),(2,21,361,0,0),(2,21,362,0,0),(2,21,363,0,0),(2,21,364,0,0),(2,21,365,0,0),(2,21,366,0,0),(2,21,367,0,0),(2,21,368,0,0),(2,21,369,0,0),(2,21,370,0,0),(2,21,371,0,0),(2,21,372,0,0),(2,21,373,0,0),(2,21,374,0,0),(2,21,375,0,0),(2,21,376,0,0),(2,21,377,0,0),(2,21,378,0,0),(2,21,379,0,0),(2,21,380,0,0),(2,21,381,0,0),(2,21,382,0,0),(2,21,383,0,0),(2,21,384,0,0),(2,21,385,0,0),(2,21,386,0,0),(2,21,387,0,0),(2,21,388,0,0),(2,22,389,0,0),(2,22,390,0,0),(2,22,391,0,0),(2,22,392,0,0),(2,22,393,0,0),(2,22,394,0,0),(2,22,395,0,0),(2,22,396,0,0),(2,22,397,0,0),(2,22,398,0,0),(2,22,399,0,0),(2,22,400,0,0),(2,22,401,0,0),(2,22,402,0,0),(2,22,403,0,0),(2,22,404,0,0),(2,22,405,0,0),(2,22,406,0,0),(2,22,407,0,0),(2,22,408,0,0),(2,22,409,0,0),(2,22,410,0,0),(2,22,411,0,0),(2,22,412,0,0),(2,22,413,0,0),(2,22,414,0,0),(2,22,415,0,0),(2,22,416,0,0),(2,22,417,0,0),(2,22,418,0,0),(2,22,419,0,0),(2,22,420,0,0),(2,22,421,0,0),(2,22,422,0,0),(2,22,423,0,0),(2,22,424,0,0),(2,22,425,0,0),(2,22,426,0,0),(2,22,427,0,0),(2,22,428,0,0),(2,22,429,0,0),(2,22,430,0,0),(2,22,431,0,0),(2,22,432,0,0),(2,22,433,0,0),(2,22,434,0,0),(2,22,435,0,0),(2,23,436,0,0),(2,23,437,0,0),(2,23,438,0,0),(2,23,439,0,0),(2,23,440,0,0),(2,23,441,0,0),(2,23,442,0,0),(2,23,443,0,0),(2,23,444,0,0),(2,23,445,0,0),(2,23,446,0,0),(2,23,447,0,0),(2,23,448,0,0),(2,23,449,0,0),(2,23,450,0,0),(2,23,451,0,0),(2,23,452,0,0),(2,23,453,0,0),(2,23,454,0,0),(2,23,455,0,0),(2,23,456,0,0),(2,23,457,0,0),(2,23,458,0,0),(2,23,459,0,0),(2,23,460,0,0),(2,23,461,0,0),(2,23,462,0,0),(2,23,463,0,0),(2,23,464,0,0),(2,23,465,0,0),(2,23,466,0,0),(2,23,467,0,0),(2,23,468,0,0),(2,23,469,0,0),(2,23,470,0,0),(2,23,471,0,0),(2,23,472,0,0),(2,23,473,0,0),(2,23,474,0,0),(2,10,520,0,0),(2,10,521,0,0),(2,10,522,0,0),(2,10,523,0,0),(2,10,524,0,0),(2,10,525,0,0),(2,31,526,0,0),(2,31,527,0,0),(2,31,528,0,0),(2,31,529,0,0),(2,31,530,0,0),(2,31,531,0,0),(2,31,532,0,0),(2,31,533,0,0),(2,31,534,0,0),(2,31,535,0,0),(2,31,536,0,0),(2,31,537,0,0),(2,31,538,0,0),(2,31,539,0,0),(2,31,540,0,0),(2,31,541,0,0),(2,31,542,0,0),(2,31,543,0,0),(2,31,544,0,0),(2,31,545,0,0),(2,31,546,0,0),(2,31,547,0,0),(2,32,548,0,0),(2,32,549,0,0),(2,32,550,0,0),(2,32,551,0,0),(2,32,552,0,0),(2,32,553,0,0),(2,32,554,0,0),(2,32,555,0,0),(2,32,556,0,0),(2,32,557,0,0),(2,32,558,0,0),(2,32,559,0,0),(2,32,560,0,0),(2,32,561,0,0),(2,32,562,0,0),(2,32,563,0,0),(2,32,564,0,0),(2,32,565,0,0),(2,32,566,0,0),(2,32,567,0,0),(2,32,568,0,0),(2,32,569,0,0),(2,37,570,0,0),(2,37,571,0,0),(2,37,572,0,0),(2,37,573,0,0),(2,37,574,0,0),(2,37,575,0,0),(2,37,576,0,0),(2,37,577,0,0),(2,37,578,0,0),(2,37,579,0,0),(2,37,580,0,0),(2,37,581,0,0),(2,37,582,0,0),(2,37,583,0,0),(2,37,584,0,0),(2,37,585,0,0),(2,37,586,0,0),(2,29,587,0,0),(2,38,588,0,0),(2,38,589,0,0),(2,38,590,0,0),(2,38,591,0,0),(2,38,592,0,0),(2,38,593,0,0),(2,38,594,0,0),(2,38,595,0,0),(2,42,596,0,0),(2,42,597,0,0),(2,42,598,0,0),(2,42,599,0,0),(2,42,600,0,0),(2,42,601,0,0),(2,42,602,0,0),(2,42,603,0,0),(2,42,604,0,0),(2,42,605,0,0),(2,42,606,0,0),(2,42,607,0,0),(2,42,608,0,0),(2,43,609,0,0),(2,43,610,0,0),(2,43,611,0,0),(2,43,612,0,0),(2,43,613,0,0),(2,43,614,0,0),(2,43,615,0,0),(2,43,616,0,0),(2,43,617,0,0),(2,43,618,0,0),(2,43,619,0,0),(2,43,620,0,0),(2,43,621,0,0),(2,43,622,0,0),(2,43,623,0,0),(2,43,624,0,0),(2,43,625,0,0),(2,43,626,0,0),(2,44,627,0,0),(2,44,628,0,0),(2,44,629,0,0),(2,44,630,0,0),(2,44,631,0,0),(2,44,632,0,0),(2,44,633,0,0),(2,44,634,0,0),(2,44,635,0,0),(2,44,636,0,0),(2,44,637,0,0),(2,44,638,0,0),(2,44,639,0,0),(2,44,640,0,0),(2,44,641,0,0),(2,44,642,0,0),(2,44,643,0,0),(2,44,644,0,0),(2,44,645,0,0),(2,44,646,0,0),(2,46,647,0,0),(2,46,648,0,0),(2,46,649,0,0),(2,46,650,0,0),(2,46,651,0,0),(2,46,652,0,0),(2,46,653,0,0),(2,46,654,0,0),(2,46,655,0,0),(2,46,656,0,0),(2,46,657,0,0),(2,46,658,0,0),(2,46,659,0,0),(2,46,660,0,0),(2,46,661,0,0),(2,46,662,0,0),(2,46,663,0,0),(2,46,664,0,0),(2,46,665,0,0),(2,46,666,0,0),(2,46,667,0,0),(2,47,668,0,0),(2,47,669,0,0),(2,47,670,0,0),(2,47,671,0,0),(2,47,672,0,0),(2,47,673,0,0),(2,2,674,0,0),(2,29,675,0,0),(2,23,676,0,0),(2,23,677,0,0),(2,23,678,0,0),(2,23,679,0,0),(2,23,680,0,0),(2,23,681,0,0),(2,23,682,0,0),(2,23,683,0,0),(2,23,684,0,0),(2,22,685,0,0),(2,22,686,0,0),(2,22,687,0,0),(2,22,688,0,0),(2,22,689,0,0),(2,22,690,0,0),(2,22,691,0,0),(2,22,692,0,0),(2,22,693,0,0),(2,21,694,0,0),(2,21,695,0,0),(2,21,696,0,0),(2,21,697,0,0),(2,21,698,0,0),(2,21,699,0,0),(2,21,700,0,0),(2,21,701,0,0),(2,21,702,0,0),(2,20,703,0,0),(2,20,704,0,0),(2,20,705,0,0),(2,20,706,0,0),(2,20,707,0,0),(2,20,708,0,0),(2,20,709,0,0),(2,20,710,0,0),(2,20,711,0,0),(2,29,712,0,0),(2,43,713,0,0),(2,38,714,0,0),(2,29,715,0,0),(2,29,716,0,0),(2,29,717,0,0),(2,23,718,0,0),(2,22,719,0,0),(2,21,720,0,0),(2,20,721,0,0),(2,29,722,0,0),(2,6,723,0,0),(2,4,724,0,0),(2,2,725,0,0),(2,29,726,0,0),(2,23,727,0,0),(2,23,728,0,0),(2,21,729,0,0),(2,21,730,0,0),(2,18,731,0,0),(2,7,732,0,0),(2,38,733,0,0),(2,38,734,0,0),(2,23,735,0,0),(2,20,736,0,0),(2,21,737,0,0),(2,22,738,0,0),(2,29,739,0,0),(2,2,740,0,0),(2,13,741,0,0),(2,29,742,0,0),(2,29,743,0,0),(2,29,744,0,0),(2,29,745,0,0),(2,14,772,0,0),(2,32,773,0,0),(2,23,774,0,0),(2,29,775,0,0),(2,23,776,0,0),(2,23,777,0,0),(2,23,778,0,0),(2,20,779,0,0),(2,20,780,0,0),(2,20,781,0,0),(2,21,782,0,0),(2,22,783,0,0),(2,22,784,0,0),(2,22,785,0,0),(2,38,786,0,0),(2,38,787,0,0),(2,38,788,0,0),(2,2,789,0,0),(2,4,790,0,0),(2,6,791,0,0),(2,7,792,0,0),(2,8,793,0,0),(2,9,794,0,0),(2,10,795,0,0),(2,13,796,0,0),(2,14,797,0,0),(2,15,798,0,0),(2,16,799,0,0),(2,18,800,0,0),(2,19,801,0,0),(2,20,802,0,0),(2,21,803,0,0),(2,22,804,0,0),(2,23,805,0,0),(2,26,806,0,0),(2,10,807,0,0),(2,2,808,0,0),(2,4,809,0,0),(2,6,810,0,0),(2,7,811,0,0),(2,8,812,0,0),(2,9,813,0,0),(2,10,814,0,0),(2,13,815,0,0),(2,14,816,0,0),(2,15,817,0,0),(2,16,818,0,0),(2,18,819,0,0),(2,19,820,0,0),(2,20,821,0,0),(2,21,822,0,0),(2,22,823,0,0),(2,23,824,0,0),(2,26,825,0,0),(2,2,826,0,0),(2,4,827,0,0),(2,6,828,0,0),(2,7,829,0,0),(2,8,830,0,0),(2,9,831,0,0),(2,10,832,0,0),(2,13,833,0,0),(2,14,834,0,0),(2,15,835,0,0),(2,16,836,0,0),(2,18,837,0,0),(2,19,838,0,0),(2,20,839,0,0),(2,21,840,0,0),(2,22,841,0,0),(2,23,842,0,0),(2,26,843,0,0),(2,20,844,0,0),(2,21,845,0,0),(2,22,846,0,0),(2,23,847,0,0),(2,44,848,0,0),(2,44,849,0,0),(2,29,850,0,0),(2,22,851,0,0),(2,29,852,0,0),(2,4,954,0,0),(2,52,955,0,0),(2,52,956,0,0),(2,52,957,0,0),(2,52,958,0,0),(2,52,959,0,0),(2,52,960,0,0),(2,52,961,0,0),(2,52,962,0,0),(2,52,963,0,0),(2,52,964,0,0),(2,52,965,0,0),(2,52,966,0,0),(2,52,967,0,0),(2,52,968,0,0),(2,52,969,0,0),(2,52,970,0,0),(2,52,971,0,0),(2,52,972,0,0),(2,52,973,0,0),(2,52,974,0,0),(2,53,975,0,0),(2,53,976,0,0),(2,53,977,0,0),(2,53,978,0,0),(2,53,979,0,0),(2,53,980,0,0),(2,53,981,0,0),(2,53,982,0,0),(2,53,983,0,0),(2,53,984,0,0),(2,53,985,0,0),(2,53,986,0,0),(2,53,987,0,0),(2,53,988,0,0),(2,53,989,0,0),(2,53,990,0,0),(2,54,991,0,0),(2,54,992,0,0),(2,54,993,0,0),(2,54,994,0,0),(2,54,995,0,0),(2,54,996,0,0),(2,54,997,0,0),(2,54,998,0,0),(2,54,999,0,0),(2,54,1000,0,0),(2,54,1001,0,0),(2,55,1002,0,0),(2,55,1003,0,0),(2,55,1004,0,0),(2,55,1005,0,0),(2,55,1006,0,0),(2,55,1007,0,0),(2,55,1008,0,0),(2,55,1009,0,0),(2,55,1010,0,0),(2,55,1011,0,0),(2,55,1012,0,0),(2,55,1013,0,0),(2,55,1014,0,0),(2,55,1015,0,0),(2,55,1016,0,0),(2,56,1017,0,0),(2,56,1018,0,0),(2,56,1019,0,0),(2,56,1020,0,0),(2,56,1021,0,0),(2,56,1022,0,0),(2,56,1023,0,0),(2,56,1024,0,0),(2,56,1025,0,0),(2,56,1026,0,0),(2,56,1027,0,0),(2,56,1028,0,0),(2,56,1029,0,0),(2,56,1030,0,0),(2,57,1031,0,0),(2,57,1032,0,0),(2,57,1033,0,0),(2,57,1034,0,0),(2,57,1035,0,0),(2,57,1036,0,0),(2,57,1037,0,0),(2,57,1038,0,0),(2,57,1039,0,0),(2,57,1040,0,0),(2,58,1041,0,0),(2,58,1042,0,0),(2,58,1043,0,0),(2,58,1044,0,0),(2,58,1045,0,0),(2,58,1046,0,0),(2,58,1047,0,0),(2,58,1048,0,0),(2,58,1049,0,0),(2,58,1050,0,0),(2,58,1051,0,0),(2,59,1052,0,0),(2,59,1053,0,0),(2,59,1054,0,0),(2,59,1055,0,0),(2,59,1056,0,0),(2,59,1057,0,0),(2,59,1058,0,0),(2,59,1059,0,0),(2,59,1060,0,0),(2,59,1061,0,0),(2,59,1062,0,0),(2,59,1063,0,0),(2,59,1064,0,0),(2,59,1065,0,0),(2,59,1066,0,0),(2,60,1074,0,0),(2,60,1075,0,0),(2,60,1076,0,0),(2,60,1077,0,0),(2,60,1078,0,0),(2,60,1079,0,0),(2,60,1080,0,0),(2,60,1081,0,0),(2,60,1082,0,0),(2,60,1083,0,0),(2,60,1084,0,0),(2,60,1085,0,0),(2,60,1086,0,0),(2,60,1087,0,0),(2,60,1088,0,0),(2,60,1089,0,0),(2,61,1090,0,0),(2,61,1091,0,0),(2,61,1092,0,0),(2,61,1093,0,0),(2,61,1094,0,0),(2,61,1095,0,0),(2,61,1096,0,0),(2,61,1097,0,0),(2,60,1098,0,0),(2,60,1099,0,0),(2,60,1100,0,0),(2,60,1101,0,0),(2,60,1102,0,0),(2,60,1103,0,0),(2,60,1104,0,0),(2,60,1105,0,0),(2,60,1106,0,0),(2,60,1107,0,0),(2,60,1108,0,0),(2,60,1109,0,0),(2,60,1110,0,0),(2,60,1111,0,0),(2,60,1112,0,0),(2,60,1113,0,0),(2,60,1114,0,0),(2,60,1115,0,0),(2,60,1116,0,0),(2,60,1117,0,0),(2,60,1118,0,0),(2,60,1119,0,0),(2,60,1120,0,0),(2,61,1121,0,0),(2,61,1122,0,0),(2,61,1123,0,0),(2,61,1124,0,0),(2,61,1125,0,0),(2,61,1126,0,0),(2,13,1127,0,0),(2,13,1128,0,0),(2,13,1129,0,0),(2,13,1130,0,0),(2,13,1131,0,0),(2,13,1132,0,0),(2,13,1133,0,0),(2,26,1134,0,0),(2,26,1135,0,0),(2,4,1136,0,0),(2,4,1137,0,0),(2,4,1138,0,0),(2,4,1139,0,0),(2,4,1140,0,0),(2,4,1141,0,0),(2,4,1142,0,0),(2,4,1143,0,0),(2,4,1144,0,0),(2,4,1145,0,0),(2,4,1146,0,0),(2,4,1147,0,0),(2,4,1148,0,0),(2,4,1149,0,0),(2,4,1150,0,0),(2,4,1151,0,0),(2,4,1152,0,0),(2,4,1153,0,0),(2,4,1154,0,0),(2,2,1155,0,0),(2,2,1156,0,0),(2,6,1157,0,0),(2,6,1158,0,0),(2,6,1159,0,0),(2,6,1160,0,0),(2,6,1161,0,0),(2,6,1162,0,0),(2,6,1163,0,0),(2,6,1164,0,0),(2,6,1165,0,0),(2,6,1166,0,0),(2,6,1167,0,0),(2,6,1168,0,0),(2,6,1169,0,0),(2,61,1170,0,0),(2,61,1171,0,0),(2,61,1172,0,0),(2,61,1173,0,0),(2,61,1174,0,0),(2,61,1175,0,0),(2,61,1176,0,0),(2,61,1177,0,0),(2,61,1178,0,0),(2,61,1179,0,0),(2,61,1180,0,0),(2,61,1181,0,0),(2,61,1182,0,0),(2,61,1183,0,0),(2,62,1184,0,0),(2,62,1185,0,0),(2,62,1186,0,0),(2,62,1187,0,0),(2,62,1188,0,0),(2,62,1189,0,0),(2,62,1190,0,0),(2,62,1191,0,0),(2,62,1192,0,0),(2,62,1193,0,0),(2,62,1194,0,0),(2,62,1195,0,0),(2,62,1196,0,0),(2,62,1197,0,0),(2,62,1198,0,0),(2,62,1199,0,0),(2,62,1200,0,0),(2,62,1201,0,0),(2,62,1202,0,0),(2,62,1203,0,0),(2,62,1204,0,0),(2,62,1205,0,0),(2,62,1206,0,0),(2,62,1207,0,0),(2,63,1208,0,0),(2,63,1209,0,0),(2,63,1210,0,0),(2,63,1211,0,0),(2,63,1212,0,0),(2,63,1213,0,0),(2,63,1214,0,0),(2,63,1215,0,0),(2,63,1216,0,0),(2,63,1217,0,0),(2,63,1218,0,0),(2,63,1219,0,0),(2,63,1220,0,0),(2,63,1221,0,0),(2,63,1222,0,0),(2,64,1223,0,0),(2,64,1224,0,0),(2,64,1225,0,0),(2,64,1226,0,0),(2,64,1227,0,0),(2,64,1228,0,0),(2,64,1229,0,0),(2,64,1230,0,0),(2,64,1231,0,0),(2,64,1232,0,0),(2,64,1233,0,0),(2,64,1234,0,0),(2,64,1235,0,0),(2,64,1236,0,0),(2,64,1237,0,0),(2,64,1238,0,0),(2,64,1239,0,0),(2,64,1240,0,0),(2,64,1241,0,0),(2,64,1242,0,0),(2,64,1243,0,0),(2,64,1244,0,0),(2,64,1245,0,0),(2,64,1246,0,0),(2,64,1247,0,0),(2,60,1248,0,0),(2,60,1249,0,0),(2,60,1250,0,0),(3,6,1,0,0),(3,6,2,0,0),(3,6,3,0,0),(3,6,4,0,0),(3,6,5,0,0),(3,6,6,0,0),(3,6,7,0,0),(3,6,8,0,0),(3,6,9,0,0),(3,6,10,0,0),(3,6,11,0,0),(3,6,12,0,0),(3,6,13,0,0),(3,6,14,0,0),(3,6,15,0,0),(3,6,16,0,0),(3,6,17,0,0),(3,6,18,0,0),(3,6,19,0,0),(3,6,20,0,0),(3,6,21,0,0),(3,6,22,0,0),(3,6,23,0,0),(3,6,24,0,0),(3,6,25,0,0),(3,6,26,0,0),(3,6,27,0,0),(3,6,28,0,0),(3,6,29,0,0),(3,6,30,0,0),(3,6,31,0,0),(3,6,32,0,0),(3,6,33,0,0),(3,6,34,0,0),(3,6,35,0,0),(3,6,36,0,0),(3,7,37,0,0),(3,7,38,0,0),(3,7,39,0,0),(3,7,40,0,0),(3,7,41,0,0),(3,7,42,0,0),(3,7,43,0,0),(3,7,44,0,0),(3,7,45,0,0),(3,7,46,0,0),(3,7,47,0,0),(3,7,48,0,0),(3,7,49,0,0),(3,7,50,0,0),(3,7,51,0,0),(3,7,52,0,0),(3,7,53,0,0),(3,7,54,0,0),(3,7,55,0,0),(3,7,56,0,0),(3,7,57,0,0),(3,7,58,0,0),(3,7,59,0,0),(3,7,60,0,0),(3,7,61,0,0),(3,7,62,0,0),(3,7,63,0,0),(3,7,64,0,0),(3,7,65,0,0),(3,4,66,0,0),(3,4,67,0,0),(3,4,68,0,0),(3,4,69,0,0),(3,4,70,0,0),(3,4,71,0,0),(3,4,72,0,0),(3,4,73,0,0),(3,4,74,0,0),(3,4,75,0,0),(3,4,76,0,0),(3,4,77,0,0),(3,4,78,0,0),(3,4,79,0,0),(3,4,80,0,0),(3,4,81,0,0),(3,4,82,0,0),(3,4,83,0,0),(3,4,84,0,0),(3,4,85,0,0),(3,4,86,0,0),(3,4,87,0,0),(3,4,88,0,0),(3,4,89,0,0),(3,4,90,0,0),(3,4,91,0,0),(3,4,92,0,0),(3,4,93,0,0),(3,4,94,0,0),(3,4,95,0,0),(3,4,96,0,0),(3,4,97,0,0),(3,4,98,0,0),(3,4,99,0,0),(3,4,100,0,0),(3,4,101,0,0),(3,4,102,0,0),(3,4,103,0,0),(3,4,104,0,0),(3,4,105,0,0),(3,4,106,0,0),(3,4,107,0,0),(3,4,108,0,0),(3,4,109,0,0),(3,2,110,0,0),(3,2,111,0,0),(3,2,112,0,0),(3,2,113,0,0),(3,2,114,0,0),(3,2,115,0,0),(3,2,116,0,0),(3,2,117,0,0),(3,2,118,0,0),(3,2,119,0,0),(3,2,120,0,0),(3,2,121,0,0),(3,2,122,0,0),(3,2,123,0,0),(3,2,124,0,0),(3,2,125,0,0),(3,26,126,0,0),(3,26,127,0,0),(3,26,128,0,0),(3,26,129,0,0),(3,26,130,0,0),(3,26,131,0,0),(3,26,132,0,0),(3,26,133,0,0),(3,26,134,0,0),(3,26,135,0,0),(3,26,136,0,0),(3,26,137,0,0),(3,26,138,0,0),(3,26,139,0,0),(3,26,140,0,0),(3,26,141,0,0),(3,26,142,0,0),(3,26,143,0,0),(3,26,144,0,0),(3,26,145,0,0),(3,26,146,0,0),(3,26,147,0,0),(3,26,148,0,0),(3,26,149,0,0),(3,26,150,0,0),(3,4,151,0,0),(3,6,152,0,0),(3,7,153,0,0),(3,26,154,0,0),(3,13,155,0,0),(3,13,156,0,0),(3,13,157,0,0),(3,13,158,0,0),(3,13,159,0,0),(3,13,160,0,0),(3,13,161,0,0),(3,13,162,0,0),(3,13,163,0,0),(3,13,164,0,0),(3,13,165,0,0),(3,13,166,0,0),(3,13,167,0,0),(3,13,168,0,0),(3,13,169,0,0),(3,13,170,0,0),(3,13,171,0,0),(3,13,172,0,0),(3,13,173,0,0),(3,14,174,0,0),(3,14,175,0,0),(3,14,176,0,0),(3,14,177,0,0),(3,14,178,0,0),(3,14,179,0,0),(3,14,180,0,0),(3,14,181,0,0),(3,14,182,0,0),(3,14,183,0,0),(3,14,184,0,0),(3,14,185,0,0),(3,14,186,0,0),(3,14,187,0,0),(3,14,188,0,0),(3,14,189,0,0),(3,14,190,0,0),(3,14,191,0,0),(3,14,192,0,0),(3,14,193,0,0),(3,14,194,0,0),(3,14,195,0,0),(3,14,196,0,0),(3,14,197,0,0),(3,14,198,0,0),(3,14,199,0,0),(3,14,200,0,0),(3,14,201,0,0),(3,14,202,0,0),(3,14,203,0,0),(3,14,204,0,0),(3,8,205,0,0),(3,8,206,0,0),(3,8,207,0,0),(3,8,208,0,0),(3,8,209,0,0),(3,8,210,0,0),(3,8,211,0,0),(3,8,212,0,0),(3,8,213,0,0),(3,8,214,0,0),(3,8,215,0,0),(3,8,216,0,0),(3,8,217,0,0),(3,8,218,0,0),(3,8,219,0,0),(3,10,220,0,0),(3,10,221,0,0),(3,10,222,0,0),(3,10,223,0,0),(3,10,224,0,0),(3,10,225,0,0),(3,10,226,0,0),(3,10,227,0,0),(3,10,228,0,0),(3,10,229,0,0),(3,10,230,0,0),(3,10,231,0,0),(3,9,232,0,0),(3,9,233,0,0),(3,9,234,0,0),(3,9,235,0,0),(3,9,236,0,0),(3,9,237,0,0),(3,9,238,0,0),(3,9,239,0,0),(3,9,240,0,0),(3,9,241,0,0),(3,9,242,0,0),(3,9,243,0,0),(3,9,244,0,0),(3,9,245,0,0),(3,9,246,0,0),(3,9,247,0,0),(3,9,248,0,0),(3,9,249,0,0),(3,9,250,0,0),(3,9,251,0,0),(3,9,252,0,0),(3,9,253,0,0),(3,9,254,0,0),(3,9,255,0,0),(3,16,256,0,0),(3,16,257,0,0),(3,16,258,0,0),(3,16,259,0,0),(3,16,260,0,0),(3,16,261,0,0),(3,16,262,0,0),(3,16,263,0,0),(3,16,264,0,0),(3,16,265,0,0),(3,16,266,0,0),(3,16,267,0,0),(3,16,268,0,0),(3,16,269,0,0),(3,16,270,0,0),(3,16,271,0,0),(3,16,272,0,0),(3,16,273,0,0),(3,16,274,0,0),(3,16,275,0,0),(3,16,276,0,0),(3,16,277,0,0),(3,16,278,0,0),(3,15,279,0,0),(3,15,280,0,0),(3,15,281,0,0),(3,15,282,0,0),(3,15,283,0,0),(3,15,284,0,0),(3,15,285,0,0),(3,15,286,0,0),(3,15,287,0,0),(3,15,288,0,0),(3,18,289,0,0),(3,18,290,0,0),(3,18,291,0,0),(3,18,292,0,0),(3,18,293,0,0),(3,18,294,0,0),(3,18,295,0,0),(3,18,296,0,0),(3,18,297,0,0),(3,18,298,0,0),(3,18,299,0,0),(3,18,300,0,0),(3,18,301,0,0),(3,18,302,0,0),(3,18,303,0,0),(3,18,304,0,0),(3,18,305,0,0),(3,19,306,0,0),(3,19,307,0,0),(3,19,308,0,0),(3,19,309,0,0),(3,19,310,0,0),(3,19,311,0,0),(3,19,312,0,0),(3,19,313,0,0),(3,20,314,0,0),(3,20,315,0,0),(3,20,316,0,0),(3,20,317,0,0),(3,20,318,0,0),(3,20,319,0,0),(3,20,320,0,0),(3,20,321,0,0),(3,20,322,0,0),(3,20,323,0,0),(3,20,324,0,0),(3,20,325,0,0),(3,20,326,0,0),(3,20,327,0,0),(3,20,328,0,0),(3,20,329,0,0),(3,20,330,0,0),(3,20,331,0,0),(3,20,332,0,0),(3,20,333,0,0),(3,20,334,0,0),(3,20,335,0,0),(3,20,336,0,0),(3,20,337,0,0),(3,20,338,0,0),(3,20,339,0,0),(3,20,340,0,0),(3,20,341,0,0),(3,20,342,0,0),(3,20,343,0,0),(3,20,344,0,0),(3,20,345,0,0),(3,20,346,0,0),(3,20,347,0,0),(3,20,348,0,0),(3,20,349,0,0),(3,20,350,0,0),(3,21,351,0,0),(3,21,352,0,0),(3,21,353,0,0),(3,21,354,0,0),(3,21,355,0,0),(3,21,356,0,0),(3,21,357,0,0),(3,21,358,0,0),(3,21,359,0,0),(3,21,360,0,0),(3,21,361,0,0),(3,21,362,0,0),(3,21,363,0,0),(3,21,364,0,0),(3,21,365,0,0),(3,21,366,0,0),(3,21,367,0,0),(3,21,368,0,0),(3,21,369,0,0),(3,21,370,0,0),(3,21,371,0,0),(3,21,372,0,0),(3,21,373,0,0),(3,21,374,0,0),(3,21,375,0,0),(3,21,376,0,0),(3,21,377,0,0),(3,21,378,0,0),(3,21,379,0,0),(3,21,380,0,0),(3,21,381,0,0),(3,21,382,0,0),(3,21,383,0,0),(3,21,384,0,0),(3,21,385,0,0),(3,21,386,0,0),(3,21,387,0,0),(3,21,388,0,0),(3,22,389,0,0),(3,22,390,0,0),(3,22,391,0,0),(3,22,392,0,0),(3,22,393,0,0),(3,22,394,0,0),(3,22,395,0,0),(3,22,396,0,0),(3,22,397,0,0),(3,22,398,0,0),(3,22,399,0,0),(3,22,400,0,0),(3,22,401,0,0),(3,22,402,0,0),(3,22,403,0,0),(3,22,404,0,0),(3,22,405,0,0),(3,22,406,0,0),(3,22,407,0,0),(3,22,408,0,0),(3,22,409,0,0),(3,22,410,0,0),(3,22,411,0,0),(3,22,412,0,0),(3,22,413,0,0),(3,22,414,0,0),(3,22,415,0,0),(3,22,416,0,0),(3,22,417,0,0),(3,22,418,0,0),(3,22,419,0,0),(3,22,420,0,0),(3,22,421,0,0),(3,22,422,0,0),(3,22,423,0,0),(3,22,424,0,0),(3,22,425,0,0),(3,22,426,0,0),(3,22,427,0,0),(3,22,428,0,0),(3,22,429,0,0),(3,22,430,0,0),(3,22,431,0,0),(3,22,432,0,0),(3,22,433,0,0),(3,22,434,0,0),(3,22,435,0,0),(3,23,436,0,0),(3,23,437,0,0),(3,23,438,0,0),(3,23,439,0,0),(3,23,440,0,0),(3,23,441,0,0),(3,23,442,0,0),(3,23,443,0,0),(3,23,444,0,0),(3,23,445,0,0),(3,23,446,0,0),(3,23,447,0,0),(3,23,448,0,0),(3,23,449,0,0),(3,23,450,0,0),(3,23,451,0,0),(3,23,452,0,0),(3,23,453,0,0),(3,23,454,0,0),(3,23,455,0,0),(3,23,456,0,0),(3,23,457,0,0),(3,23,458,0,0),(3,23,459,0,0),(3,23,460,0,0),(3,23,461,0,0),(3,23,462,0,0),(3,23,463,0,0),(3,23,464,0,0),(3,23,465,0,0),(3,23,466,0,0),(3,23,467,0,0),(3,23,468,0,0),(3,23,469,0,0),(3,23,470,0,0),(3,23,471,0,0),(3,23,472,0,0),(3,23,473,0,0),(3,23,474,0,0),(3,10,520,0,0),(3,10,521,0,0),(3,10,522,0,0),(3,10,523,0,0),(3,10,524,0,0),(3,10,525,0,0),(3,31,526,0,0),(3,31,527,0,0),(3,31,528,0,0),(3,31,529,0,0),(3,31,530,0,0),(3,31,531,0,0),(3,31,532,0,0),(3,31,533,0,0),(3,31,534,0,0),(3,31,535,0,0),(3,31,536,0,0),(3,31,537,0,0),(3,31,538,0,0),(3,31,539,0,0),(3,31,540,0,0),(3,31,541,0,0),(3,31,542,0,0),(3,31,543,0,0),(3,31,544,0,0),(3,31,545,0,0),(3,31,546,0,0),(3,31,547,0,0),(3,32,548,0,0),(3,32,549,0,0),(3,32,550,0,0),(3,32,551,0,0),(3,32,552,0,0),(3,32,553,0,0),(3,32,554,0,0),(3,32,555,0,0),(3,32,556,0,0),(3,32,557,0,0),(3,32,558,0,0),(3,32,559,0,0),(3,32,560,0,0),(3,32,561,0,0),(3,32,562,0,0),(3,32,563,0,0),(3,32,564,0,0),(3,32,565,0,0),(3,32,566,0,0),(3,32,567,0,0),(3,32,568,0,0),(3,32,569,0,0),(3,37,570,0,0),(3,37,571,0,0),(3,37,572,0,0),(3,37,573,0,0),(3,37,574,0,0),(3,37,575,0,0),(3,37,576,0,0),(3,37,577,0,0),(3,37,578,0,0),(3,37,579,0,0),(3,37,580,0,0),(3,37,581,0,0),(3,37,582,0,0),(3,37,583,0,0),(3,37,584,0,0),(3,37,585,0,0),(3,37,586,0,0),(3,29,587,0,0),(3,38,588,0,0),(3,38,589,0,0),(3,38,590,0,0),(3,38,591,0,0),(3,38,592,0,0),(3,38,593,0,0),(3,38,594,0,0),(3,38,595,0,0),(3,42,596,0,0),(3,42,597,0,0),(3,42,598,0,0),(3,42,599,0,0),(3,42,600,0,0),(3,42,601,0,0),(3,42,602,0,0),(3,42,603,0,0),(3,42,604,0,0),(3,42,605,0,0),(3,42,606,0,0),(3,42,607,0,0),(3,42,608,0,0),(3,43,609,0,0),(3,43,610,0,0),(3,43,611,0,0),(3,43,612,0,0),(3,43,613,0,0),(3,43,614,0,0),(3,43,615,0,0),(3,43,616,0,0),(3,43,617,0,0),(3,43,618,0,0),(3,43,619,0,0),(3,43,620,0,0),(3,43,621,0,0),(3,43,622,0,0),(3,43,623,0,0),(3,43,624,0,0),(3,43,625,0,0),(3,43,626,0,0),(3,44,627,0,0),(3,44,628,0,0),(3,44,629,0,0),(3,44,630,0,0),(3,44,631,0,0),(3,44,632,0,0),(3,44,633,0,0),(3,44,634,0,0),(3,44,635,0,0),(3,44,636,0,0),(3,44,637,0,0),(3,44,638,0,0),(3,44,639,0,0),(3,44,640,0,0),(3,44,641,0,0),(3,44,642,0,0),(3,44,643,0,0),(3,44,644,0,0),(3,44,645,0,0),(3,44,646,0,0),(3,46,647,0,0),(3,46,648,0,0),(3,46,649,0,0),(3,46,650,0,0),(3,46,651,0,0),(3,46,652,0,0),(3,46,653,0,0),(3,46,654,0,0),(3,46,655,0,0),(3,46,656,0,0),(3,46,657,0,0),(3,46,658,0,0),(3,46,659,0,0),(3,46,660,0,0),(3,46,661,0,0),(3,46,662,0,0),(3,46,663,0,0),(3,46,664,0,0),(3,46,665,0,0),(3,46,666,0,0),(3,46,667,0,0),(3,47,668,0,0),(3,47,669,0,0),(3,47,670,0,0),(3,47,671,0,0),(3,47,672,0,0),(3,47,673,0,0),(3,2,674,0,0),(3,29,675,0,0),(3,23,676,0,0),(3,23,677,0,0),(3,23,678,0,0),(3,23,679,0,0),(3,23,680,0,0),(3,23,681,0,0),(3,23,682,0,0),(3,23,683,0,0),(3,23,684,0,0),(3,22,685,0,0),(3,22,686,0,0),(3,22,687,0,0),(3,22,688,0,0),(3,22,689,0,0),(3,22,690,0,0),(3,22,691,0,0),(3,22,692,0,0),(3,22,693,0,0),(3,21,694,0,0),(3,21,695,0,0),(3,21,696,0,0),(3,21,697,0,0),(3,21,698,0,0),(3,21,699,0,0),(3,21,700,0,0),(3,21,701,0,0),(3,21,702,0,0),(3,20,703,0,0),(3,20,704,0,0),(3,20,705,0,0),(3,20,706,0,0),(3,20,707,0,0),(3,20,708,0,0),(3,20,709,0,0),(3,20,710,0,0),(3,20,711,0,0),(3,29,712,0,0),(3,43,713,0,0),(3,38,714,0,0),(3,29,715,0,0),(3,29,716,0,0),(3,29,717,0,0),(3,23,718,0,0),(3,22,719,0,0),(3,21,720,0,0),(3,20,721,0,0),(3,29,722,0,0),(3,6,723,0,0),(3,4,724,0,0),(3,2,725,0,0),(3,29,726,0,0),(3,23,727,0,0),(3,23,728,0,0),(3,21,729,0,0),(3,21,730,0,0),(3,18,731,0,0),(3,7,732,0,0),(3,38,733,0,0),(3,38,734,0,0),(3,23,735,0,0),(3,20,736,0,0),(3,21,737,0,0),(3,22,738,0,0),(3,29,739,0,0),(3,2,740,0,0),(3,13,741,0,0),(3,29,742,0,0),(3,29,743,0,0),(3,29,744,0,0),(3,29,745,0,0),(3,14,772,0,0),(3,32,773,0,0),(3,23,774,0,0),(3,29,775,0,0),(3,23,776,0,0),(3,23,777,0,0),(3,23,778,0,0),(3,20,779,0,0),(3,20,780,0,0),(3,20,781,0,0),(3,21,782,0,0),(3,22,783,0,0),(3,22,784,0,0),(3,22,785,0,0),(3,38,786,0,0),(3,38,787,0,0),(3,38,788,0,0),(3,2,789,0,0),(3,4,790,0,0),(3,6,791,0,0),(3,7,792,0,0),(3,8,793,0,0),(3,9,794,0,0),(3,10,795,0,0),(3,13,796,0,0),(3,14,797,0,0),(3,15,798,0,0),(3,16,799,0,0),(3,18,800,0,0),(3,19,801,0,0),(3,20,802,0,0),(3,21,803,0,0),(3,22,804,0,0),(3,23,805,0,0),(3,26,806,0,0),(3,10,807,0,0),(3,2,808,0,0),(3,4,809,0,0),(3,6,810,0,0),(3,7,811,0,0),(3,8,812,0,0),(3,9,813,0,0),(3,10,814,0,0),(3,13,815,0,0),(3,14,816,0,0),(3,15,817,0,0),(3,16,818,0,0),(3,18,819,0,0),(3,19,820,0,0),(3,20,821,0,0),(3,21,822,0,0),(3,22,823,0,0),(3,23,824,0,0),(3,26,825,0,0),(3,2,826,0,0),(3,4,827,0,0),(3,6,828,0,0),(3,7,829,0,0),(3,8,830,0,0),(3,9,831,0,0),(3,10,832,0,0),(3,13,833,0,0),(3,14,834,0,0),(3,15,835,0,0),(3,16,836,0,0),(3,18,837,0,0),(3,19,838,0,0),(3,20,839,0,0),(3,21,840,0,0),(3,22,841,0,0),(3,23,842,0,0),(3,26,843,0,0),(3,20,844,0,0),(3,21,845,0,0),(3,22,846,0,0),(3,23,847,0,0),(3,44,848,0,0),(3,44,849,0,0),(3,29,850,0,0),(3,22,851,0,0),(3,29,852,0,0),(3,4,954,0,0),(3,52,955,0,0),(3,52,956,0,0),(3,52,957,0,0),(3,52,958,0,0),(3,52,959,0,0),(3,52,960,0,0),(3,52,961,0,0),(3,52,962,0,0),(3,52,963,0,0),(3,52,964,0,0),(3,52,965,0,0),(3,52,966,0,0),(3,52,967,0,0),(3,52,968,0,0),(3,52,969,0,0),(3,52,970,0,0),(3,52,971,0,0),(3,52,972,0,0),(3,52,973,0,0),(3,52,974,0,0),(3,53,975,0,0),(3,53,976,0,0),(3,53,977,0,0),(3,53,978,0,0),(3,53,979,0,0),(3,53,980,0,0),(3,53,981,0,0),(3,53,982,0,0),(3,53,983,0,0),(3,53,984,0,0),(3,53,985,0,0),(3,53,986,0,0),(3,53,987,0,0),(3,53,988,0,0),(3,53,989,0,0),(3,53,990,0,0),(3,54,991,0,0),(3,54,992,0,0),(3,54,993,0,0),(3,54,994,0,0),(3,54,995,0,0),(3,54,996,0,0),(3,54,997,0,0),(3,54,998,0,0),(3,54,999,0,0),(3,54,1000,0,0),(3,54,1001,0,0),(3,55,1002,0,0),(3,55,1003,0,0),(3,55,1004,0,0),(3,55,1005,0,0),(3,55,1006,0,0),(3,55,1007,0,0),(3,55,1008,0,0),(3,55,1009,0,0),(3,55,1010,0,0),(3,55,1011,0,0),(3,55,1012,0,0),(3,55,1013,0,0),(3,55,1014,0,0),(3,55,1015,0,0),(3,55,1016,0,0),(3,56,1017,0,0),(3,56,1018,0,0),(3,56,1019,0,0),(3,56,1020,0,0),(3,56,1021,0,0),(3,56,1022,0,0),(3,56,1023,0,0),(3,56,1024,0,0),(3,56,1025,0,0),(3,56,1026,0,0),(3,56,1027,0,0),(3,56,1028,0,0),(3,56,1029,0,0),(3,56,1030,0,0),(3,57,1031,0,0),(3,57,1032,0,0),(3,57,1033,0,0),(3,57,1034,0,0),(3,57,1035,0,0),(3,57,1036,0,0),(3,57,1037,0,0),(3,57,1038,0,0),(3,57,1039,0,0),(3,57,1040,0,0),(3,58,1041,0,0),(3,58,1042,0,0),(3,58,1043,0,0),(3,58,1044,0,0),(3,58,1045,0,0),(3,58,1046,0,0),(3,58,1047,0,0),(3,58,1048,0,0),(3,58,1049,0,0),(3,58,1050,0,0),(3,58,1051,0,0),(3,59,1052,0,0),(3,59,1053,0,0),(3,59,1054,0,0),(3,59,1055,0,0),(3,59,1056,0,0),(3,59,1057,0,0),(3,59,1058,0,0),(3,59,1059,0,0),(3,59,1060,0,0),(3,59,1061,0,0),(3,59,1062,0,0),(3,59,1063,0,0),(3,59,1064,0,0),(3,59,1065,0,0),(3,59,1066,0,0),(3,60,1074,0,0),(3,60,1075,0,0),(3,60,1076,0,0),(3,60,1077,0,0),(3,60,1078,0,0),(3,60,1079,0,0),(3,60,1080,0,0),(3,60,1081,0,0),(3,60,1082,0,0),(3,60,1083,0,0),(3,60,1084,0,0),(3,60,1085,0,0),(3,60,1086,0,0),(3,60,1087,0,0),(3,60,1088,0,0),(3,60,1089,0,0),(3,61,1090,0,0),(3,61,1091,0,0),(3,61,1092,0,0),(3,61,1093,0,0),(3,61,1094,0,0),(3,61,1095,0,0),(3,61,1096,0,0),(3,61,1097,0,0),(3,60,1098,0,0),(3,60,1099,0,0),(3,60,1100,0,0),(3,60,1101,0,0),(3,60,1102,0,0),(3,60,1103,0,0),(3,60,1104,0,0),(3,60,1105,0,0),(3,60,1106,0,0),(3,60,1107,0,0),(3,60,1108,0,0),(3,60,1109,0,0),(3,60,1110,0,0),(3,60,1111,0,0),(3,60,1112,0,0),(3,60,1113,0,0),(3,60,1114,0,0),(3,60,1115,0,0),(3,60,1116,0,0),(3,60,1117,0,0),(3,60,1118,0,0),(3,60,1119,0,0),(3,60,1120,0,0),(3,61,1121,0,0),(3,61,1122,0,0),(3,61,1123,0,0),(3,61,1124,0,0),(3,61,1125,0,0),(3,61,1126,0,0),(3,13,1127,0,0),(3,13,1128,0,0),(3,13,1129,0,0),(3,13,1130,0,0),(3,13,1131,0,0),(3,13,1132,0,0),(3,13,1133,0,0),(3,26,1134,0,0),(3,26,1135,0,0),(3,4,1136,0,0),(3,4,1137,0,0),(3,4,1138,0,0),(3,4,1139,0,0),(3,4,1140,0,0),(3,4,1141,0,0),(3,4,1142,0,0),(3,4,1143,0,0),(3,4,1144,0,0),(3,4,1145,0,0),(3,4,1146,0,0),(3,4,1147,0,0),(3,4,1148,0,0),(3,4,1149,0,0),(3,4,1150,0,0),(3,4,1151,0,0),(3,4,1152,0,0),(3,4,1153,0,0),(3,4,1154,0,0),(3,2,1155,0,0),(3,2,1156,0,0),(3,6,1157,0,0),(3,6,1158,0,0),(3,6,1159,0,0),(3,6,1160,0,0),(3,6,1161,0,0),(3,6,1162,0,0),(3,6,1163,0,0),(3,6,1164,0,0),(3,6,1165,0,0),(3,6,1166,0,0),(3,6,1167,0,0),(3,6,1168,0,0),(3,6,1169,0,0),(3,61,1170,0,0),(3,61,1171,0,0),(3,61,1172,0,0),(3,61,1173,0,0),(3,61,1174,0,0),(3,61,1175,0,0),(3,61,1176,0,0),(3,61,1177,0,0),(3,61,1178,0,0),(3,61,1179,0,0),(3,61,1180,0,0),(3,61,1181,0,0),(3,61,1182,0,0),(3,61,1183,0,0),(3,62,1184,0,0),(3,62,1185,0,0),(3,62,1186,0,0),(3,62,1187,0,0),(3,62,1188,0,0),(3,62,1189,0,0),(3,62,1190,0,0),(3,62,1191,0,0),(3,62,1192,0,0),(3,62,1193,0,0),(3,62,1194,0,0),(3,62,1195,0,0),(3,62,1196,0,0),(3,62,1197,0,0),(3,62,1198,0,0),(3,62,1199,0,0),(3,62,1200,0,0),(3,62,1201,0,0),(3,62,1202,0,0),(3,62,1203,0,0),(3,62,1204,0,0),(3,62,1205,0,0),(3,62,1206,0,0),(3,62,1207,0,0),(3,63,1208,0,0),(3,63,1209,0,0),(3,63,1210,0,0),(3,63,1211,0,0),(3,63,1212,0,0),(3,63,1213,0,0),(3,63,1214,0,0),(3,63,1215,0,0),(3,63,1216,0,0),(3,63,1217,0,0),(3,63,1218,0,0),(3,63,1219,0,0),(3,63,1220,0,0),(3,63,1221,0,0),(3,63,1222,0,0),(3,64,1223,0,0),(3,64,1224,0,0),(3,64,1225,0,0),(3,64,1226,0,0),(3,64,1227,0,0),(3,64,1228,0,0),(3,64,1229,0,0),(3,64,1230,0,0),(3,64,1231,0,0),(3,64,1232,0,0),(3,64,1233,0,0),(3,64,1234,0,0),(3,64,1235,0,0),(3,64,1236,0,0),(3,64,1237,0,0),(3,64,1238,0,0),(3,64,1239,0,0),(3,64,1240,0,0),(3,64,1241,0,0),(3,64,1242,0,0),(3,64,1243,0,0),(3,64,1244,0,0),(3,64,1245,0,0),(3,64,1246,0,0),(3,64,1247,0,0),(3,60,1248,0,0),(3,60,1249,0,0),(3,60,1250,0,0),(4,6,1,0,0),(4,6,2,0,0),(4,6,3,0,0),(4,6,4,0,0),(4,6,5,0,0),(4,6,6,0,0),(4,6,7,0,0),(4,6,8,0,0),(4,6,9,0,0),(4,6,10,0,0),(4,6,11,0,0),(4,6,12,0,0),(4,6,13,0,0),(4,6,14,0,0),(4,6,15,0,0),(4,6,16,0,0),(4,6,17,0,0),(4,6,18,0,0),(4,6,19,0,0),(4,6,20,0,0),(4,6,21,0,1),(4,6,22,0,1),(4,6,23,0,0),(4,6,24,0,0),(4,6,25,0,0),(4,6,26,0,0),(4,6,27,0,0),(4,6,28,0,0),(4,6,29,0,0),(4,6,30,0,0),(4,6,31,0,0),(4,6,32,0,0),(4,6,33,0,0),(4,6,34,0,0),(4,6,35,0,0),(4,6,36,0,0),(4,7,37,0,0),(4,7,38,0,0),(4,7,39,0,0),(4,7,40,0,0),(4,7,41,0,0),(4,7,42,0,0),(4,7,43,0,0),(4,7,44,0,0),(4,7,45,0,0),(4,7,46,0,0),(4,7,47,0,0),(4,7,48,0,0),(4,7,49,0,0),(4,7,50,0,0),(4,7,51,0,0),(4,7,52,0,0),(4,7,53,0,0),(4,7,54,0,0),(4,7,55,0,0),(4,7,56,0,1),(4,7,57,0,1),(4,7,58,0,0),(4,7,59,0,0),(4,7,60,0,0),(4,7,61,0,0),(4,7,62,0,0),(4,7,63,0,0),(4,7,64,0,0),(4,7,65,0,0),(4,4,66,0,0),(4,4,67,0,0),(4,4,68,0,0),(4,4,69,0,0),(4,4,70,0,0),(4,4,71,0,0),(4,4,72,0,0),(4,4,73,0,0),(4,4,74,0,0),(4,4,75,0,0),(4,4,76,0,0),(4,4,77,0,0),(4,4,78,0,0),(4,4,79,0,0),(4,4,80,0,0),(4,4,81,0,0),(4,4,82,0,0),(4,4,83,0,0),(4,4,84,0,0),(4,4,85,0,0),(4,4,86,0,0),(4,4,87,0,0),(4,4,88,0,0),(4,4,89,0,0),(4,4,90,0,1),(4,4,91,0,1),(4,4,92,0,0),(4,4,93,0,0),(4,4,94,0,0),(4,4,95,0,0),(4,4,96,0,0),(4,4,97,0,0),(4,4,98,0,0),(4,4,99,0,0),(4,4,100,0,0),(4,4,101,0,0),(4,4,102,0,0),(4,4,103,0,0),(4,4,104,0,0),(4,4,105,0,0),(4,4,106,0,0),(4,4,107,0,0),(4,4,108,0,0),(4,4,109,0,0),(4,2,110,0,0),(4,2,111,0,0),(4,2,112,0,0),(4,2,113,0,0),(4,2,114,0,0),(4,2,115,0,0),(4,2,116,0,0),(4,2,117,0,0),(4,2,118,0,0),(4,2,119,0,0),(4,2,120,0,0),(4,2,121,0,0),(4,2,122,0,1),(4,2,123,0,1),(4,2,124,0,0),(4,2,125,0,0),(4,26,126,0,0),(4,26,127,0,0),(4,26,128,0,0),(4,26,129,0,0),(4,26,130,0,0),(4,26,131,0,0),(4,26,132,0,0),(4,26,133,0,0),(4,26,134,0,0),(4,26,135,0,0),(4,26,136,0,0),(4,26,137,0,1),(4,26,138,0,1),(4,26,139,0,0),(4,26,140,0,0),(4,26,141,0,0),(4,26,142,0,0),(4,26,143,0,0),(4,26,144,0,0),(4,26,145,0,0),(4,26,146,0,0),(4,26,147,0,0),(4,26,148,0,0),(4,26,149,0,0),(4,26,150,0,0),(4,4,151,0,0),(4,6,152,0,0),(4,7,153,0,0),(4,26,154,0,0),(4,13,155,0,0),(4,13,156,0,0),(4,13,157,0,0),(4,13,158,0,0),(4,13,159,0,0),(4,13,160,0,0),(4,13,161,0,0),(4,13,162,0,0),(4,13,163,0,0),(4,13,164,0,0),(4,13,165,0,0),(4,13,166,0,1),(4,13,167,0,1),(4,13,168,0,0),(4,13,169,0,0),(4,13,170,0,0),(4,13,171,0,0),(4,13,172,0,0),(4,13,173,0,0),(4,14,174,0,0),(4,14,175,0,0),(4,14,176,0,0),(4,14,177,0,0),(4,14,178,0,0),(4,14,179,0,0),(4,14,180,0,0),(4,14,181,0,0),(4,14,182,0,0),(4,14,183,0,0),(4,14,184,0,0),(4,14,185,0,0),(4,14,186,0,0),(4,14,187,0,0),(4,14,188,0,0),(4,14,189,0,0),(4,14,190,0,0),(4,14,191,0,1),(4,14,192,0,1),(4,14,193,0,0),(4,14,194,0,0),(4,14,195,0,0),(4,14,196,0,0),(4,14,197,0,0),(4,14,198,0,0),(4,14,199,0,0),(4,14,200,0,0),(4,14,201,0,0),(4,14,202,0,0),(4,14,203,0,0),(4,14,204,0,0),(4,8,205,0,0),(4,8,206,0,1),(4,8,207,0,1),(4,8,208,0,0),(4,8,209,0,0),(4,8,210,0,0),(4,8,211,0,1),(4,8,212,0,1),(4,8,213,0,0),(4,8,214,0,0),(4,8,215,0,0),(4,8,216,0,1),(4,8,217,0,0),(4,8,218,0,0),(4,8,219,0,0),(4,10,220,0,0),(4,10,221,0,0),(4,10,222,0,0),(4,10,223,0,0),(4,10,224,0,0),(4,10,225,0,0),(4,10,226,0,0),(4,10,227,0,0),(4,10,228,0,0),(4,10,229,0,1),(4,10,230,0,0),(4,10,231,0,0),(4,9,232,0,0),(4,9,233,0,0),(4,9,234,0,0),(4,9,235,0,0),(4,9,236,0,0),(4,9,237,0,0),(4,9,238,0,0),(4,9,239,0,0),(4,9,240,0,0),(4,9,241,0,0),(4,9,242,0,0),(4,9,243,0,0),(4,9,244,0,1),(4,9,245,0,1),(4,9,246,0,0),(4,9,247,0,0),(4,9,248,0,0),(4,9,249,0,0),(4,9,250,0,0),(4,9,251,0,0),(4,9,252,0,0),(4,9,253,0,0),(4,9,254,0,0),(4,9,255,0,0),(4,16,256,0,0),(4,16,257,0,0),(4,16,258,0,0),(4,16,259,0,0),(4,16,260,0,0),(4,16,261,0,0),(4,16,262,0,0),(4,16,263,0,0),(4,16,264,0,0),(4,16,265,0,0),(4,16,266,0,0),(4,16,267,0,0),(4,16,268,0,0),(4,16,269,0,0),(4,16,270,0,1),(4,16,271,0,1),(4,16,272,0,0),(4,16,273,0,0),(4,16,274,0,0),(4,16,275,0,0),(4,16,276,0,0),(4,16,277,0,0),(4,16,278,0,0),(4,15,279,0,0),(4,15,280,0,0),(4,15,281,0,0),(4,15,282,0,0),(4,15,283,0,0),(4,15,284,0,0),(4,15,285,0,0),(4,15,286,0,1),(4,15,287,0,1),(4,15,288,0,0),(4,18,289,0,0),(4,18,290,0,0),(4,18,291,0,0),(4,18,292,0,0),(4,18,293,0,0),(4,18,294,0,0),(4,18,295,0,0),(4,18,296,0,1),(4,18,297,0,1),(4,18,298,0,0),(4,18,299,0,0),(4,18,300,0,0),(4,18,301,0,0),(4,18,302,0,0),(4,18,303,0,0),(4,18,304,0,0),(4,18,305,0,0),(4,19,306,0,0),(4,19,307,0,0),(4,19,308,0,0),(4,19,309,0,1),(4,19,310,0,1),(4,19,311,0,0),(4,19,312,0,0),(4,19,313,0,0),(4,20,314,0,0),(4,20,315,0,0),(4,20,316,0,0),(4,20,317,0,0),(4,20,318,0,0),(4,20,319,0,0),(4,20,320,0,0),(4,20,321,0,0),(4,20,322,0,0),(4,20,323,0,0),(4,20,324,0,0),(4,20,325,0,0),(4,20,326,0,0),(4,20,327,0,0),(4,20,328,0,0),(4,20,329,0,0),(4,20,330,0,0),(4,20,331,0,0),(4,20,332,0,1),(4,20,333,0,1),(4,20,334,0,0),(4,20,335,0,0),(4,20,336,0,0),(4,20,337,0,0),(4,20,338,0,0),(4,20,339,0,0),(4,20,340,0,0),(4,20,341,0,0),(4,20,342,0,0),(4,20,343,0,0),(4,20,344,0,0),(4,20,345,0,0),(4,20,346,0,0),(4,20,347,0,0),(4,20,348,0,0),(4,20,349,0,0),(4,20,350,0,0),(4,21,351,0,0),(4,21,352,0,0),(4,21,353,0,0),(4,21,354,0,0),(4,21,355,0,0),(4,21,356,0,0),(4,21,357,0,0),(4,21,358,0,0),(4,21,359,0,0),(4,21,360,0,0),(4,21,361,0,0),(4,21,362,0,0),(4,21,363,0,0),(4,21,364,0,0),(4,21,365,0,0),(4,21,366,0,0),(4,21,367,0,0),(4,21,368,0,0),(4,21,369,0,0),(4,21,370,0,1),(4,21,371,0,1),(4,21,372,0,0),(4,21,373,0,0),(4,21,374,0,0),(4,21,375,0,0),(4,21,376,0,0),(4,21,377,0,0),(4,21,378,0,0),(4,21,379,0,0),(4,21,380,0,0),(4,21,381,0,0),(4,21,382,0,0),(4,21,383,0,0),(4,21,384,0,0),(4,21,385,0,0),(4,21,386,0,0),(4,21,387,0,0),(4,21,388,0,0),(4,22,389,0,0),(4,22,390,0,0),(4,22,391,0,0),(4,22,392,0,0),(4,22,393,0,0),(4,22,394,0,0),(4,22,395,0,0),(4,22,396,0,0),(4,22,397,0,0),(4,22,398,0,0),(4,22,399,0,0),(4,22,400,0,0),(4,22,401,0,0),(4,22,402,0,0),(4,22,403,0,0),(4,22,404,0,0),(4,22,405,0,0),(4,22,406,0,0),(4,22,407,0,0),(4,22,408,0,0),(4,22,409,0,0),(4,22,410,0,0),(4,22,411,0,1),(4,22,412,0,1),(4,22,413,0,0),(4,22,414,0,0),(4,22,415,0,0),(4,22,416,0,0),(4,22,417,0,0),(4,22,418,0,0),(4,22,419,0,0),(4,22,420,0,0),(4,22,421,0,0),(4,22,422,0,0),(4,22,423,0,0),(4,22,424,0,0),(4,22,425,0,0),(4,22,426,0,0),(4,22,427,0,0),(4,22,428,0,0),(4,22,429,0,0),(4,22,430,0,0),(4,22,431,0,0),(4,22,432,0,0),(4,22,433,0,0),(4,22,434,0,0),(4,22,435,0,0),(4,23,436,0,0),(4,23,437,0,0),(4,23,438,0,0),(4,23,439,0,0),(4,23,440,0,0),(4,23,441,0,0),(4,23,442,0,0),(4,23,443,0,0),(4,23,444,0,0),(4,23,445,0,0),(4,23,446,0,0),(4,23,447,0,0),(4,23,448,0,0),(4,23,449,0,0),(4,23,450,0,0),(4,23,451,0,0),(4,23,452,0,0),(4,23,453,0,0),(4,23,454,0,0),(4,23,455,0,1),(4,23,456,0,1),(4,23,457,0,0),(4,23,458,0,0),(4,23,459,0,0),(4,23,460,0,0),(4,23,461,0,0),(4,23,462,0,0),(4,23,463,0,0),(4,23,464,0,0),(4,23,465,0,0),(4,23,466,0,0),(4,23,467,0,0),(4,23,468,0,0),(4,23,469,0,0),(4,23,470,0,0),(4,23,471,0,0),(4,23,472,0,0),(4,23,473,0,0),(4,23,474,0,0),(4,10,520,0,0),(4,10,521,0,0),(4,10,522,0,0),(4,10,523,0,0),(4,10,524,0,0),(4,10,525,0,0),(4,31,526,0,0),(4,31,527,0,1),(4,31,528,0,1),(4,31,529,0,0),(4,31,530,0,1),(4,31,531,0,0),(4,31,532,0,0),(4,31,533,0,0),(4,31,534,0,0),(4,31,535,0,0),(4,31,536,0,0),(4,31,537,0,1),(4,31,538,0,1),(4,31,539,0,0),(4,31,540,0,0),(4,31,541,0,0),(4,31,542,0,1),(4,31,543,0,0),(4,31,544,0,0),(4,31,545,0,1),(4,31,546,0,0),(4,31,547,0,0),(4,32,548,0,0),(4,32,549,0,0),(4,32,550,0,0),(4,32,551,0,0),(4,32,552,0,0),(4,32,553,0,0),(4,32,554,0,0),(4,32,555,0,0),(4,32,556,0,1),(4,32,557,0,1),(4,32,558,0,0),(4,32,559,0,0),(4,32,560,0,0),(4,32,561,0,0),(4,32,562,0,0),(4,32,563,0,0),(4,32,564,0,0),(4,32,565,0,0),(4,32,566,0,0),(4,32,567,0,1),(4,32,568,0,0),(4,32,569,0,0),(4,37,570,0,0),(4,37,571,0,0),(4,37,572,0,0),(4,37,573,0,0),(4,37,574,0,0),(4,37,575,0,0),(4,37,576,0,0),(4,37,577,0,0),(4,37,578,0,0),(4,37,579,0,0),(4,37,580,0,0),(4,37,581,0,0),(4,37,582,0,0),(4,37,583,0,0),(4,37,584,0,1),(4,37,585,0,1),(4,37,586,0,1),(4,29,587,0,0),(4,38,588,0,0),(4,38,589,0,0),(4,38,590,0,1),(4,38,591,0,1),(4,38,592,0,0),(4,38,593,0,1),(4,38,594,0,0),(4,38,595,0,1),(4,42,596,0,0),(4,42,597,0,0),(4,42,598,0,0),(4,42,599,0,0),(4,42,600,0,0),(4,42,601,0,0),(4,42,602,0,1),(4,42,603,0,1),(4,42,604,0,0),(4,42,605,0,0),(4,42,606,0,1),(4,42,607,0,0),(4,42,608,0,0),(4,43,609,0,0),(4,43,610,0,0),(4,43,611,0,0),(4,43,612,0,0),(4,43,613,0,0),(4,43,614,0,0),(4,43,615,0,0),(4,43,616,0,0),(4,43,617,0,0),(4,43,618,0,0),(4,43,619,0,0),(4,43,620,0,1),(4,43,621,0,1),(4,43,622,0,0),(4,43,623,0,0),(4,43,624,0,1),(4,43,625,0,0),(4,43,626,0,0),(4,44,627,0,0),(4,44,628,0,0),(4,44,629,0,0),(4,44,630,0,0),(4,44,631,0,0),(4,44,632,0,0),(4,44,633,0,0),(4,44,634,0,0),(4,44,635,0,0),(4,44,636,0,0),(4,44,637,0,0),(4,44,638,0,0),(4,44,639,0,0),(4,44,640,0,1),(4,44,641,0,1),(4,44,642,0,0),(4,44,643,0,0),(4,44,644,0,1),(4,44,645,0,0),(4,44,646,0,0),(4,46,647,0,0),(4,46,648,0,0),(4,46,649,0,0),(4,46,650,0,0),(4,46,651,0,0),(4,46,652,0,0),(4,46,653,0,0),(4,46,654,0,0),(4,46,655,0,0),(4,46,656,0,0),(4,46,657,0,0),(4,46,658,0,0),(4,46,659,0,0),(4,46,660,0,0),(4,46,661,0,1),(4,46,662,0,1),(4,46,663,0,0),(4,46,664,0,0),(4,46,665,0,1),(4,46,666,0,0),(4,46,667,0,0),(4,47,668,0,0),(4,47,669,0,1),(4,47,670,0,1),(4,47,671,0,0),(4,47,672,0,0),(4,47,673,0,1),(4,2,674,0,0),(4,29,675,0,0),(4,23,676,0,0),(4,23,677,0,0),(4,23,678,0,0),(4,23,679,0,0),(4,23,680,0,0),(4,23,681,0,0),(4,23,682,0,0),(4,23,683,0,0),(4,23,684,0,0),(4,22,685,0,0),(4,22,686,0,0),(4,22,687,0,0),(4,22,688,0,0),(4,22,689,0,0),(4,22,690,0,0),(4,22,691,0,0),(4,22,692,0,0),(4,22,693,0,0),(4,21,694,0,0),(4,21,695,0,0),(4,21,696,0,0),(4,21,697,0,0),(4,21,698,0,0),(4,21,699,0,0),(4,21,700,0,0),(4,21,701,0,0),(4,21,702,0,0),(4,20,703,0,0),(4,20,704,0,0),(4,20,705,0,0),(4,20,706,0,0),(4,20,707,0,0),(4,20,708,0,0),(4,20,709,0,0),(4,20,710,0,0),(4,20,711,0,0),(4,29,712,0,0),(4,43,713,0,0),(4,38,714,0,0),(4,29,715,0,0),(4,29,716,0,0),(4,29,717,0,0),(4,23,718,0,0),(4,22,719,0,0),(4,21,720,0,0),(4,20,721,0,0),(4,29,722,0,0),(4,6,723,0,0),(4,4,724,0,0),(4,2,725,0,0),(4,29,726,0,0),(4,23,727,0,0),(4,23,728,0,0),(4,21,729,0,0),(4,21,730,0,0),(4,18,731,0,0),(4,7,732,0,0),(4,38,733,0,0),(4,38,734,0,0),(4,23,735,0,0),(4,20,736,0,0),(4,21,737,0,0),(4,22,738,0,0),(4,29,739,0,0),(4,2,740,0,0),(4,13,741,0,0),(4,29,742,0,0),(4,29,743,0,0),(4,29,744,0,0),(4,29,745,0,0),(4,14,772,0,0),(4,32,773,0,0),(4,23,774,0,0),(4,29,775,0,0),(4,23,776,0,0),(4,23,777,0,0),(4,23,778,0,0),(4,20,779,0,0),(4,20,780,0,0),(4,20,781,0,0),(4,21,782,0,0),(4,22,783,0,0),(4,22,784,0,0),(4,22,785,0,0),(4,38,786,0,0),(4,38,787,0,0),(4,38,788,0,0),(4,2,789,0,1),(4,4,790,0,1),(4,6,791,0,1),(4,7,792,0,1),(4,8,793,0,1),(4,9,794,0,1),(4,10,795,0,1),(4,13,796,0,1),(4,14,797,0,1),(4,15,798,0,1),(4,16,799,0,1),(4,18,800,0,1),(4,19,801,0,1),(4,20,802,0,1),(4,21,803,0,1),(4,22,804,0,1),(4,23,805,0,1),(4,26,806,0,1),(4,10,807,0,0),(4,2,808,0,0),(4,4,809,0,0),(4,6,810,0,0),(4,7,811,0,0),(4,8,812,0,0),(4,9,813,0,0),(4,10,814,0,0),(4,13,815,0,0),(4,14,816,0,0),(4,15,817,0,0),(4,16,818,0,1),(4,18,819,0,0),(4,19,820,0,0),(4,20,821,0,0),(4,21,822,0,0),(4,22,823,0,0),(4,23,824,0,0),(4,26,825,0,0),(4,2,826,0,0),(4,4,827,0,0),(4,6,828,0,0),(4,7,829,0,0),(4,8,830,0,0),(4,9,831,0,0),(4,10,832,0,0),(4,13,833,0,0),(4,14,834,0,0),(4,15,835,0,0),(4,16,836,0,1),(4,18,837,0,0),(4,19,838,0,0),(4,20,839,0,0),(4,21,840,0,0),(4,22,841,0,0),(4,23,842,0,0),(4,26,843,0,0),(4,20,844,0,0),(4,21,845,0,0),(4,22,846,0,0),(4,23,847,0,0),(4,44,848,0,1),(4,44,849,0,0),(4,29,850,0,0),(4,22,851,0,1),(4,29,852,0,0),(4,4,954,0,0),(4,52,955,0,0),(4,52,956,0,0),(4,52,957,0,0),(4,52,958,0,0),(4,52,959,0,0),(4,52,960,0,1),(4,52,961,0,1),(4,52,962,0,0),(4,52,963,0,1),(4,52,964,0,0),(4,52,965,0,0),(4,52,966,0,0),(4,52,967,0,0),(4,52,968,0,0),(4,52,969,0,0),(4,52,970,0,0),(4,52,971,0,0),(4,52,972,0,0),(4,52,973,0,0),(4,52,974,0,0),(4,53,975,0,0),(4,53,976,0,0),(4,53,977,0,0),(4,53,978,0,0),(4,53,979,0,0),(4,53,980,0,0),(4,53,981,0,1),(4,53,982,0,1),(4,53,983,0,0),(4,53,984,0,0),(4,53,985,0,0),(4,53,986,0,0),(4,53,987,0,0),(4,53,988,0,1),(4,53,989,0,0),(4,53,990,0,0),(4,54,991,0,0),(4,54,992,0,0),(4,54,993,0,0),(4,54,994,0,0),(4,54,995,0,0),(4,54,996,0,1),(4,54,997,0,1),(4,54,998,0,0),(4,54,999,0,1),(4,54,1000,0,0),(4,54,1001,0,0),(4,55,1002,0,0),(4,55,1003,0,0),(4,55,1004,0,0),(4,55,1005,0,0),(4,55,1006,0,0),(4,55,1007,0,1),(4,55,1008,0,1),(4,55,1009,0,0),(4,55,1010,0,1),(4,55,1011,0,0),(4,55,1012,0,0),(4,55,1013,0,0),(4,55,1014,0,0),(4,55,1015,0,0),(4,55,1016,0,0),(4,56,1017,0,0),(4,56,1018,0,0),(4,56,1019,0,0),(4,56,1020,0,0),(4,56,1021,0,0),(4,56,1022,0,1),(4,56,1023,0,1),(4,56,1024,0,0),(4,56,1025,0,1),(4,56,1026,0,0),(4,56,1027,0,0),(4,56,1028,0,0),(4,56,1029,0,0),(4,56,1030,0,0),(4,57,1031,0,0),(4,57,1032,0,0),(4,57,1033,0,0),(4,57,1034,0,0),(4,57,1035,0,0),(4,57,1036,0,0),(4,57,1037,0,0),(4,57,1038,0,0),(4,57,1039,0,0),(4,57,1040,0,0),(4,58,1041,0,0),(4,58,1042,0,0),(4,58,1043,0,0),(4,58,1044,0,0),(4,58,1045,0,0),(4,58,1046,0,0),(4,58,1047,0,0),(4,58,1048,0,0),(4,58,1049,0,0),(4,58,1050,0,0),(4,58,1051,0,0),(4,59,1052,0,0),(4,59,1053,0,0),(4,59,1054,0,0),(4,59,1055,0,0),(4,59,1056,0,0),(4,59,1057,0,0),(4,59,1058,0,0),(4,59,1059,0,0),(4,59,1060,0,0),(4,59,1061,0,0),(4,59,1062,0,0),(4,59,1063,0,0),(4,59,1064,0,0),(4,59,1065,0,0),(4,59,1066,0,0),(4,60,1074,0,0),(4,60,1075,0,0),(4,60,1076,0,0),(4,60,1077,0,0),(4,60,1078,0,0),(4,60,1079,0,0),(4,60,1080,0,0),(4,60,1081,0,0),(4,60,1082,0,0),(4,60,1083,0,0),(4,60,1084,0,0),(4,60,1085,0,0),(4,60,1086,0,0),(4,60,1087,0,0),(4,60,1088,0,0),(4,60,1089,0,0),(4,61,1090,0,0),(4,61,1091,0,0),(4,61,1092,0,0),(4,61,1093,0,0),(4,61,1094,0,0),(4,61,1095,0,0),(4,61,1096,0,0),(4,61,1097,0,0),(4,60,1098,0,0),(4,60,1099,0,0),(4,60,1100,0,0),(4,60,1101,0,0),(4,60,1102,0,0),(4,60,1103,0,0),(4,60,1104,0,0),(4,60,1105,0,0),(4,60,1106,0,0),(4,60,1107,0,0),(4,60,1108,0,0),(4,60,1109,0,0),(4,60,1110,0,0),(4,60,1111,0,0),(4,60,1112,0,0),(4,60,1113,0,0),(4,60,1114,0,0),(4,60,1115,0,0),(4,60,1116,0,0),(4,60,1117,0,0),(4,60,1118,0,0),(4,60,1119,0,0),(4,60,1120,0,0),(4,61,1121,0,0),(4,61,1122,0,0),(4,61,1123,0,0),(4,61,1124,0,0),(4,61,1125,0,0),(4,61,1126,0,0),(4,13,1127,0,0),(4,13,1128,0,0),(4,13,1129,0,0),(4,13,1130,0,0),(4,13,1131,0,0),(4,13,1132,0,0),(4,13,1133,0,0),(4,26,1134,0,0),(4,26,1135,0,0),(4,4,1136,0,0),(4,4,1137,0,0),(4,4,1138,0,0),(4,4,1139,0,0),(4,4,1140,0,0),(4,4,1141,0,0),(4,4,1142,0,0),(4,4,1143,0,0),(4,4,1144,0,0),(4,4,1145,0,0),(4,4,1146,0,0),(4,4,1147,0,0),(4,4,1148,0,0),(4,4,1149,0,0),(4,4,1150,0,0),(4,4,1151,0,0),(4,4,1152,0,0),(4,4,1153,0,0),(4,4,1154,0,0),(4,2,1155,0,0),(4,2,1156,0,0),(4,6,1157,0,0),(4,6,1158,0,0),(4,6,1159,0,0),(4,6,1160,0,0),(4,6,1161,0,0),(4,6,1162,0,0),(4,6,1163,0,0),(4,6,1164,0,0),(4,6,1165,0,0),(4,6,1166,0,0),(4,6,1167,0,0),(4,6,1168,0,0),(4,6,1169,0,0),(4,61,1170,0,0),(4,61,1171,0,0),(4,61,1172,0,0),(4,61,1173,0,0),(4,61,1174,0,0),(4,61,1175,0,0),(4,61,1176,0,0),(4,61,1177,0,0),(4,61,1178,0,0),(4,61,1179,0,0),(4,61,1180,0,0),(4,61,1181,0,0),(4,61,1182,0,0),(4,61,1183,0,0),(4,62,1184,0,0),(4,62,1185,0,0),(4,62,1186,0,0),(4,62,1187,0,0),(4,62,1188,0,0),(4,62,1189,0,0),(4,62,1190,0,0),(4,62,1191,0,0),(4,62,1192,0,0),(4,62,1193,0,0),(4,62,1194,0,0),(4,62,1195,0,0),(4,62,1196,0,0),(4,62,1197,0,0),(4,62,1198,0,0),(4,62,1199,0,0),(4,62,1200,0,0),(4,62,1201,0,0),(4,62,1202,0,0),(4,62,1203,0,0),(4,62,1204,0,0),(4,62,1205,0,0),(4,62,1206,0,0),(4,62,1207,0,0),(4,63,1208,0,0),(4,63,1209,0,0),(4,63,1210,0,0),(4,63,1211,0,0),(4,63,1212,0,0),(4,63,1213,0,0),(4,63,1214,0,0),(4,63,1215,0,0),(4,63,1216,0,0),(4,63,1217,0,0),(4,63,1218,0,0),(4,63,1219,0,0),(4,63,1220,0,0),(4,63,1221,0,0),(4,63,1222,0,0),(4,64,1223,0,0),(4,64,1224,0,0),(4,64,1225,0,0),(4,64,1226,0,0),(4,64,1227,0,0),(4,64,1228,0,0),(4,64,1229,0,0),(4,64,1230,0,0),(4,64,1231,0,0),(4,64,1232,0,0),(4,64,1233,0,0),(4,64,1234,0,0),(4,64,1235,0,0),(4,64,1236,0,0),(4,64,1237,0,0),(4,64,1238,0,0),(4,64,1239,0,0),(4,64,1240,0,0),(4,64,1241,0,0),(4,64,1242,0,0),(4,64,1243,0,0),(4,64,1244,0,0),(4,64,1245,0,0),(4,64,1246,0,0),(4,64,1247,0,0),(4,60,1248,0,0),(4,60,1249,0,0),(4,60,1250,0,0),(5,6,1,0,0),(5,6,2,0,0),(5,6,3,0,0),(5,6,4,0,0),(5,6,7,0,0),(5,6,8,0,0),(5,6,9,0,0),(5,6,10,0,0),(5,6,13,0,0),(5,6,14,0,0),(5,6,15,0,0),(5,6,16,0,0),(5,6,17,0,0),(5,6,18,0,0),(5,6,20,0,0),(5,6,21,0,1),(5,6,22,0,1),(5,6,23,0,0),(5,6,24,0,0),(5,6,25,0,0),(5,6,26,0,0),(5,6,27,0,0),(5,6,28,0,0),(5,6,29,0,0),(5,6,30,0,0),(5,6,31,0,0),(5,6,32,0,0),(5,6,33,0,0),(5,6,34,0,0),(5,6,35,0,0),(5,6,36,0,0),(5,7,37,0,0),(5,7,38,0,0),(5,7,39,0,0),(5,7,40,0,0),(5,7,41,0,0),(5,7,42,0,0),(5,7,43,0,0),(5,7,44,0,0),(5,7,45,0,0),(5,7,46,0,0),(5,7,47,0,0),(5,7,48,0,0),(5,7,49,0,0),(5,7,50,0,0),(5,7,51,0,0),(5,7,52,0,0),(5,7,53,0,0),(5,7,54,0,0),(5,7,55,0,0),(5,7,56,0,1),(5,7,57,0,1),(5,7,58,0,0),(5,7,59,0,0),(5,7,60,0,0),(5,7,61,0,0),(5,7,62,0,0),(5,7,63,0,0),(5,7,64,0,0),(5,7,65,0,0),(5,4,66,0,0),(5,4,67,0,0),(5,4,68,0,0),(5,4,69,0,0),(5,4,70,0,0),(5,4,71,0,0),(5,4,72,0,0),(5,4,73,0,0),(5,4,74,0,0),(5,4,75,0,0),(5,4,76,0,0),(5,4,77,0,0),(5,4,79,0,0),(5,4,80,0,0),(5,4,81,0,0),(5,4,82,0,0),(5,4,83,0,0),(5,4,84,0,0),(5,4,85,0,0),(5,4,86,0,0),(5,4,87,0,0),(5,4,88,0,0),(5,4,89,0,0),(5,4,90,0,1),(5,4,91,0,1),(5,4,92,0,0),(5,4,93,0,0),(5,4,94,0,0),(5,4,95,0,0),(5,4,96,0,0),(5,4,97,0,0),(5,4,98,0,0),(5,4,99,0,0),(5,4,100,0,0),(5,4,101,0,0),(5,4,102,0,0),(5,4,103,0,0),(5,4,104,0,0),(5,4,105,0,0),(5,4,106,0,0),(5,4,107,0,0),(5,4,108,0,0),(5,4,109,0,0),(5,2,110,0,0),(5,2,111,0,0),(5,2,112,0,0),(5,2,113,0,0),(5,2,114,0,0),(5,2,115,0,0),(5,2,116,0,0),(5,2,117,0,0),(5,2,118,0,0),(5,2,119,0,0),(5,2,120,0,0),(5,2,121,0,0),(5,2,122,0,1),(5,2,123,0,1),(5,2,124,0,0),(5,2,125,0,0),(5,26,126,0,0),(5,26,127,0,0),(5,26,128,0,0),(5,26,129,0,0),(5,26,130,0,0),(5,26,131,0,0),(5,26,132,0,0),(5,26,133,0,0),(5,26,134,0,0),(5,26,135,0,0),(5,26,136,0,0),(5,26,137,0,1),(5,26,138,0,1),(5,26,139,0,0),(5,26,140,0,0),(5,26,141,0,0),(5,26,142,0,0),(5,26,143,0,0),(5,26,144,0,0),(5,26,145,0,0),(5,26,146,0,0),(5,26,147,0,0),(5,26,148,0,0),(5,26,149,0,0),(5,26,150,0,0),(5,13,155,0,0),(5,13,156,0,0),(5,13,157,0,0),(5,13,158,0,0),(5,13,159,0,0),(5,13,160,0,0),(5,13,161,0,0),(5,13,162,0,0),(5,13,164,0,0),(5,13,165,0,0),(5,13,166,0,1),(5,13,167,0,1),(5,13,168,0,0),(5,13,169,0,0),(5,13,170,0,0),(5,13,171,0,0),(5,13,172,0,0),(5,14,174,0,0),(5,14,175,0,0),(5,14,176,0,0),(5,14,177,0,0),(5,14,178,0,0),(5,14,179,0,0),(5,14,180,0,0),(5,14,181,0,0),(5,14,182,0,0),(5,14,183,0,0),(5,14,184,0,0),(5,14,185,0,0),(5,14,186,0,0),(5,14,187,0,0),(5,14,188,0,0),(5,14,189,0,0),(5,14,190,0,0),(5,14,191,0,1),(5,14,192,0,1),(5,14,193,0,0),(5,14,194,0,0),(5,14,195,0,0),(5,14,197,0,0),(5,14,198,0,0),(5,14,199,0,0),(5,14,200,0,0),(5,14,201,0,0),(5,14,202,0,0),(5,14,203,0,0),(5,14,204,0,0),(5,8,205,0,0),(5,8,206,0,1),(5,8,207,0,1),(5,8,208,0,0),(5,8,209,0,0),(5,8,210,0,0),(5,8,211,0,1),(5,8,212,0,1),(5,8,213,0,0),(5,8,214,0,0),(5,8,215,0,0),(5,8,216,0,1),(5,8,217,0,0),(5,8,218,0,0),(5,8,219,0,0),(5,10,220,0,0),(5,10,221,0,0),(5,10,222,0,0),(5,10,223,0,0),(5,10,224,0,0),(5,10,225,0,0),(5,10,226,0,0),(5,10,227,0,0),(5,10,228,0,0),(5,10,229,0,1),(5,10,230,0,0),(5,10,231,0,0),(5,9,232,0,0),(5,9,233,0,0),(5,9,234,0,0),(5,9,235,0,0),(5,9,236,0,0),(5,9,237,0,0),(5,9,238,0,0),(5,9,239,0,0),(5,9,240,0,0),(5,9,241,0,0),(5,9,242,0,0),(5,9,243,0,0),(5,9,244,0,1),(5,9,245,0,1),(5,9,246,0,0),(5,9,247,0,0),(5,9,248,0,0),(5,9,249,0,0),(5,9,250,0,0),(5,9,251,0,0),(5,9,252,0,0),(5,9,253,0,0),(5,9,254,0,0),(5,9,255,0,0),(5,16,256,0,0),(5,16,257,0,0),(5,16,258,0,0),(5,16,259,0,0),(5,16,260,0,0),(5,16,261,0,0),(5,16,262,0,0),(5,16,263,0,0),(5,16,264,0,0),(5,16,265,0,0),(5,16,266,0,0),(5,16,267,0,0),(5,16,268,0,0),(5,16,269,0,0),(5,16,270,0,1),(5,16,271,0,1),(5,16,272,0,0),(5,16,273,0,0),(5,16,274,0,0),(5,16,275,0,0),(5,16,276,0,0),(5,16,277,0,0),(5,16,278,0,0),(5,15,279,0,0),(5,15,280,0,0),(5,15,281,0,0),(5,15,282,0,0),(5,15,283,0,0),(5,15,284,0,0),(5,15,286,0,1),(5,15,287,0,1),(5,15,288,0,0),(5,18,289,0,0),(5,18,290,0,0),(5,18,291,0,0),(5,18,292,0,0),(5,18,293,0,0),(5,18,294,0,0),(5,18,295,0,0),(5,18,296,0,1),(5,18,297,0,1),(5,18,298,0,0),(5,18,299,0,0),(5,18,300,0,0),(5,18,301,0,0),(5,18,302,0,0),(5,18,303,0,0),(5,18,304,0,0),(5,18,305,0,0),(5,19,306,0,0),(5,19,307,0,0),(5,19,308,0,0),(5,19,309,0,1),(5,19,310,0,1),(5,19,311,0,0),(5,19,312,0,0),(5,19,313,0,0),(5,20,314,0,0),(5,20,315,0,0),(5,20,316,0,0),(5,20,317,0,0),(5,20,318,0,0),(5,20,319,0,0),(5,20,320,0,0),(5,20,321,0,0),(5,20,322,0,0),(5,20,323,0,0),(5,20,324,0,0),(5,20,325,0,0),(5,20,326,0,0),(5,20,327,0,0),(5,20,328,0,0),(5,20,329,0,0),(5,20,330,0,0),(5,20,331,0,0),(5,20,332,0,1),(5,20,333,0,1),(5,20,334,0,0),(5,20,335,0,0),(5,20,336,0,0),(5,20,337,0,0),(5,20,338,0,0),(5,20,339,0,0),(5,20,340,0,0),(5,20,341,0,0),(5,20,342,0,0),(5,20,343,0,0),(5,20,344,0,0),(5,20,345,0,0),(5,20,346,0,0),(5,20,347,0,0),(5,20,348,0,0),(5,20,349,0,0),(5,20,350,0,0),(5,21,351,0,0),(5,21,352,0,0),(5,21,353,0,0),(5,21,354,0,0),(5,21,355,0,0),(5,21,356,0,0),(5,21,357,0,0),(5,21,358,0,0),(5,21,359,0,0),(5,21,360,0,0),(5,21,361,0,0),(5,21,362,0,0),(5,21,363,0,0),(5,21,364,0,0),(5,21,365,0,0),(5,21,366,0,0),(5,21,367,0,0),(5,21,368,0,0),(5,21,369,0,0),(5,21,370,0,1),(5,21,371,0,1),(5,21,372,0,0),(5,21,373,0,0),(5,21,374,0,0),(5,21,375,0,0),(5,21,376,0,0),(5,21,377,0,0),(5,21,378,0,0),(5,21,379,0,0),(5,21,380,0,0),(5,21,381,0,0),(5,21,382,0,0),(5,21,383,0,0),(5,21,384,0,0),(5,21,385,0,0),(5,21,386,0,0),(5,21,387,0,0),(5,21,388,0,0),(5,22,389,0,0),(5,22,390,0,0),(5,22,391,0,0),(5,22,392,0,0),(5,22,393,0,0),(5,22,394,0,0),(5,22,395,0,0),(5,22,396,0,0),(5,22,397,0,0),(5,22,398,0,0),(5,22,399,0,0),(5,22,400,0,0),(5,22,401,0,0),(5,22,402,0,0),(5,22,403,0,0),(5,22,404,0,0),(5,22,405,0,0),(5,22,406,0,0),(5,22,407,0,0),(5,22,408,0,0),(5,22,409,0,0),(5,22,410,0,0),(5,22,411,0,1),(5,22,412,0,1),(5,22,413,0,0),(5,22,414,0,0),(5,22,415,0,0),(5,22,416,0,0),(5,22,417,0,0),(5,22,418,0,0),(5,22,419,0,0),(5,22,420,0,0),(5,22,421,0,0),(5,22,422,0,0),(5,22,423,0,0),(5,22,424,0,0),(5,22,425,0,0),(5,22,426,0,0),(5,22,427,0,0),(5,22,428,0,0),(5,22,429,0,0),(5,22,430,0,0),(5,22,431,0,0),(5,22,432,0,0),(5,22,433,0,0),(5,22,434,0,0),(5,22,435,0,0),(5,23,436,0,0),(5,23,437,0,0),(5,23,438,0,0),(5,23,439,0,0),(5,23,440,0,0),(5,23,441,0,0),(5,23,442,0,0),(5,23,443,0,0),(5,23,444,0,0),(5,23,445,0,0),(5,23,446,0,0),(5,23,447,0,0),(5,23,448,0,0),(5,23,449,0,0),(5,23,450,0,0),(5,23,451,0,0),(5,23,452,0,0),(5,23,453,0,0),(5,23,454,0,0),(5,23,455,0,1),(5,23,456,0,1),(5,23,457,0,0),(5,23,458,0,0),(5,23,459,0,0),(5,23,460,0,0),(5,23,461,0,0),(5,23,462,0,0),(5,23,463,0,0),(5,23,464,0,0),(5,23,465,0,0),(5,23,466,0,0),(5,23,467,0,0),(5,23,468,0,0),(5,23,469,0,0),(5,23,470,0,0),(5,23,471,0,0),(5,23,472,0,0),(5,23,473,0,0),(5,23,474,0,0),(5,29,475,0,0),(5,29,479,0,0),(5,29,480,0,0),(5,29,481,0,0),(5,29,482,0,0),(5,29,489,0,0),(5,29,490,0,0),(5,29,491,0,0),(5,29,492,0,0),(5,29,493,0,0),(5,29,494,0,0),(5,29,495,0,0),(5,29,496,0,0),(5,29,497,0,0),(5,29,498,0,0),(5,29,499,0,0),(5,29,504,0,0),(5,29,505,0,0),(5,29,506,0,0),(5,29,507,0,0),(5,29,510,0,0),(5,10,520,0,0),(5,10,521,0,0),(5,10,522,0,0),(5,10,523,0,0),(5,10,524,0,0),(5,10,525,0,0),(5,31,526,0,0),(5,31,527,0,1),(5,31,528,0,1),(5,31,529,0,0),(5,31,530,0,1),(5,31,531,0,0),(5,31,532,0,0),(5,31,533,0,0),(5,31,534,0,0),(5,31,535,0,0),(5,31,536,0,0),(5,31,537,0,1),(5,31,538,0,1),(5,31,539,0,0),(5,31,540,0,0),(5,31,541,0,0),(5,31,542,0,1),(5,31,543,0,0),(5,31,544,0,0),(5,31,545,0,1),(5,31,546,0,0),(5,31,547,0,0),(5,32,548,0,0),(5,32,549,0,0),(5,32,550,0,0),(5,32,551,0,0),(5,32,552,0,0),(5,32,553,0,0),(5,32,554,0,0),(5,32,555,0,0),(5,32,556,0,1),(5,32,557,0,1),(5,32,558,0,0),(5,32,559,0,0),(5,32,560,0,0),(5,32,561,0,0),(5,32,562,0,0),(5,32,563,0,0),(5,32,565,0,0),(5,32,566,0,0),(5,32,567,0,1),(5,32,568,0,0),(5,32,569,0,0),(5,37,570,0,0),(5,37,571,0,0),(5,37,572,0,0),(5,37,573,0,0),(5,37,574,0,0),(5,37,575,0,0),(5,37,576,0,0),(5,37,577,0,0),(5,37,578,0,0),(5,37,579,0,0),(5,37,580,0,0),(5,37,581,0,0),(5,37,582,0,0),(5,37,583,0,0),(5,37,584,0,1),(5,37,585,0,1),(5,37,586,0,1),(5,29,587,0,0),(5,38,588,0,0),(5,38,589,0,0),(5,38,590,0,1),(5,38,591,0,1),(5,38,592,0,0),(5,38,593,0,1),(5,38,594,0,0),(5,38,595,0,1),(5,42,596,0,0),(5,42,597,0,0),(5,42,598,0,0),(5,42,599,0,0),(5,42,600,0,0),(5,42,601,0,0),(5,42,602,0,1),(5,42,603,0,1),(5,42,604,0,0),(5,42,605,0,0),(5,42,606,0,1),(5,42,607,0,0),(5,42,608,0,0),(5,43,609,0,0),(5,43,610,0,0),(5,43,611,0,0),(5,43,612,0,0),(5,43,613,0,0),(5,43,614,0,0),(5,43,615,0,0),(5,43,616,0,0),(5,43,617,0,0),(5,43,618,0,0),(5,43,619,0,0),(5,43,620,0,1),(5,43,621,0,1),(5,43,622,0,0),(5,43,623,0,0),(5,43,624,0,1),(5,43,625,0,0),(5,43,626,0,0),(5,44,627,0,0),(5,44,628,0,0),(5,44,629,0,0),(5,44,630,0,0),(5,44,631,0,0),(5,44,632,0,0),(5,44,633,0,0),(5,44,634,0,0),(5,44,635,0,0),(5,44,636,0,0),(5,44,637,0,0),(5,44,638,0,0),(5,44,639,0,0),(5,44,640,0,1),(5,44,641,0,1),(5,44,642,0,0),(5,44,643,0,0),(5,44,644,0,1),(5,44,645,0,0),(5,44,646,0,0),(5,46,647,0,0),(5,46,648,0,0),(5,46,649,0,0),(5,46,650,0,0),(5,46,651,0,0),(5,46,652,0,0),(5,46,653,0,0),(5,46,654,0,0),(5,46,655,0,0),(5,46,656,0,0),(5,46,657,0,0),(5,46,658,0,0),(5,46,659,0,0),(5,46,660,0,0),(5,46,661,0,1),(5,46,662,0,1),(5,46,663,0,0),(5,46,664,0,0),(5,46,665,0,1),(5,46,666,0,0),(5,46,667,0,0),(5,47,668,0,0),(5,47,669,0,1),(5,47,670,0,1),(5,47,671,0,0),(5,47,672,0,0),(5,47,673,0,1),(5,2,674,0,0),(5,23,676,0,0),(5,23,677,0,0),(5,23,678,0,0),(5,23,679,0,0),(5,23,680,0,0),(5,23,681,0,0),(5,22,685,0,0),(5,22,686,0,0),(5,22,687,0,0),(5,22,688,0,0),(5,22,689,0,0),(5,22,690,0,0),(5,21,694,0,0),(5,21,695,0,0),(5,21,696,0,0),(5,21,697,0,0),(5,21,698,0,0),(5,21,699,0,0),(5,20,703,0,0),(5,20,704,0,0),(5,20,705,0,0),(5,20,706,0,0),(5,20,707,0,0),(5,20,708,0,0),(5,43,713,0,0),(5,38,714,0,0),(5,23,718,0,0),(5,22,719,0,0),(5,21,720,0,0),(5,20,721,0,0),(5,23,727,0,0),(5,23,728,0,0),(5,21,729,0,0),(5,21,730,0,0),(5,18,731,0,0),(5,7,732,0,0),(5,38,733,0,0),(5,38,734,0,0),(5,23,735,0,0),(5,20,736,0,0),(5,21,737,0,0),(5,22,738,0,0),(5,2,740,0,0),(5,13,741,0,0),(5,14,772,0,0),(5,32,773,0,0),(5,23,774,0,0),(5,38,786,0,0),(5,38,787,0,0),(5,38,788,0,0),(5,2,789,0,1),(5,4,790,0,1),(5,6,791,0,1),(5,7,792,0,1),(5,8,793,0,1),(5,9,794,0,1),(5,10,795,0,1),(5,13,796,0,1),(5,14,797,0,1),(5,15,798,0,1),(5,16,799,0,1),(5,18,800,0,1),(5,19,801,0,1),(5,20,802,0,1),(5,21,803,0,1),(5,22,804,0,1),(5,23,805,0,1),(5,26,806,0,1),(5,10,807,0,0),(5,2,808,0,0),(5,4,809,0,0),(5,6,810,0,0),(5,7,811,0,0),(5,8,812,0,0),(5,9,813,0,0),(5,10,814,0,0),(5,13,815,0,0),(5,14,816,0,0),(5,15,817,0,0),(5,16,818,0,1),(5,18,819,0,0),(5,19,820,0,0),(5,20,821,0,0),(5,21,822,0,0),(5,22,823,0,0),(5,23,824,0,0),(5,26,825,0,0),(5,2,826,0,0),(5,4,827,0,0),(5,6,828,0,0),(5,7,829,0,0),(5,8,830,0,0),(5,9,831,0,0),(5,10,832,0,0),(5,13,833,0,0),(5,14,834,0,0),(5,15,835,0,0),(5,16,836,0,1),(5,18,837,0,0),(5,19,838,0,0),(5,20,839,0,0),(5,21,840,0,0),(5,22,841,0,0),(5,23,842,0,0),(5,26,843,0,0),(5,20,844,0,0),(5,21,845,0,0),(5,22,846,0,0),(5,23,847,0,0),(5,44,848,0,1),(5,44,849,0,0),(5,22,851,0,1),(5,29,852,0,0),(5,4,954,0,0),(5,52,955,0,0),(5,52,956,0,0),(5,52,957,0,0),(5,52,958,0,0),(5,52,959,0,0),(5,52,960,0,1),(5,52,961,0,1),(5,52,962,0,0),(5,52,963,0,1),(5,52,964,0,0),(5,52,965,0,0),(5,52,966,0,0),(5,52,967,0,0),(5,52,968,0,0),(5,52,969,0,0),(5,52,970,0,0),(5,52,971,0,0),(5,52,972,0,0),(5,52,973,0,0),(5,52,974,0,0),(5,53,975,0,0),(5,53,976,0,0),(5,53,977,0,0),(5,53,978,0,0),(5,53,979,0,0),(5,53,980,0,0),(5,53,981,0,1),(5,53,982,0,1),(5,53,983,0,0),(5,53,984,0,0),(5,53,985,0,0),(5,53,986,0,0),(5,53,987,0,0),(5,53,988,0,1),(5,53,989,0,0),(5,53,990,0,0),(5,54,991,0,0),(5,54,992,0,0),(5,54,993,0,0),(5,54,994,0,0),(5,54,995,0,0),(5,54,996,0,1),(5,54,997,0,1),(5,54,998,0,0),(5,54,999,0,1),(5,54,1000,0,0),(5,54,1001,0,0),(5,55,1002,0,0),(5,55,1003,0,0),(5,55,1004,0,0),(5,55,1005,0,0),(5,55,1006,0,0),(5,55,1007,0,1),(5,55,1008,0,1),(5,55,1009,0,0),(5,55,1010,0,1),(5,55,1011,0,0),(5,55,1012,0,0),(5,55,1013,0,0),(5,55,1014,0,0),(5,55,1015,0,0),(5,55,1016,0,0),(5,56,1017,0,0),(5,56,1018,0,0),(5,56,1019,0,0),(5,56,1020,0,0),(5,56,1021,0,0),(5,56,1022,0,1),(5,56,1023,0,1),(5,56,1024,0,0),(5,56,1025,0,1),(5,56,1026,0,0),(5,13,1127,0,0),(5,13,1128,0,0),(5,13,1129,0,0),(5,13,1130,0,0),(5,13,1131,0,0),(5,13,1132,0,0),(5,13,1133,0,0),(5,26,1134,0,0),(5,26,1135,0,0),(5,4,1136,0,0),(5,4,1137,0,0),(5,4,1138,0,0),(5,4,1139,0,0),(5,4,1140,0,0),(5,4,1141,0,0),(5,4,1142,0,0),(5,4,1143,0,0),(5,4,1144,0,0),(5,4,1145,0,0),(5,4,1146,0,0),(5,4,1147,0,0),(5,4,1148,0,0),(5,4,1149,0,0),(5,4,1150,0,0),(5,4,1151,0,0),(5,4,1152,0,0),(5,4,1154,0,0),(5,2,1155,0,0),(5,2,1156,0,0),(5,6,1157,0,0),(5,6,1158,0,0),(5,6,1159,0,0),(5,6,1160,0,0),(5,6,1161,0,0),(5,6,1162,0,0),(5,6,1163,0,0),(5,6,1164,0,0),(5,6,1165,0,0),(5,6,1166,0,0),(5,6,1167,0,0),(5,6,1168,0,0),(5,6,1169,0,0);

--
