-- Table structure for table `vtiger_profile2globalpermissions`
--

CREATE TABLE `vtiger_profile2globalpermissions` (
  `profileid` int(19) NOT NULL,
  `globalactionid` int(19) NOT NULL,
  `globalactionpermission` int(19) DEFAULT NULL,
  PRIMARY KEY (`profileid`,`globalactionid`),
  KEY `idx_profile2globalpermissions` (`profileid`,`globalactionid`),
  CONSTRAINT `fk_1_vtiger_profile2globalpermissions` FOREIGN KEY (`profileid`) REFERENCES `vtiger_profile` (`profileid`) ON DELETE CASCADE
) ENGINE=InnoDB DEFAULT CHARSET=utf8 COLLATE=utf8_general_ci;

--
-- Dumping data for table `vtiger_profile2globalpermissions`
--

INSERT INTO `vtiger_profile2globalpermissions` VALUES (1,1,0),(1,2,0),(2,1,1),(2,2,1),(3,1,1),(3,2,1),(4,1,1),(4,2,1),(5,1,1),(5,2,1);

--
-- Table structure for table `vtiger_profile2standardpermissions`
--

CREATE TABLE `vtiger_profile2standardpermissions` (
  `profileid` int(11) NOT NULL,
  `tabid` int(10) NOT NULL,
  `operation` int(10) NOT NULL,
  `permissions` int(1) DEFAULT NULL,
  PRIMARY KEY (`profileid`,`tabid`,`operation`),
  KEY `profile2standardpermissions_profileid_tabid_operation_idx` (`profileid`,`tabid`,`operation`)
) ENGINE=InnoDB DEFAULT CHARSET=utf8 COLLATE=utf8_general_ci;

--
-- Dumping data for table `vtiger_profile2standardpermissions`
--

INSERT INTO `vtiger_profile2standardpermissions` VALUES (1,2,0,0),(1,2,1,0),(1,2,2,0),(1,2,3,0),(1,2,4,0),(1,2,7,0),(1,4,0,0),(1,4,1,0),(1,4,2,0),(1,4,3,0),(1,4,4,0),(1,4,7,0),(1,6,0,0),(1,6,1,0),(1,6,2,0),(1,6,3,0),(1,6,4,0),(1,6,7,0),(1,7,0,0),(1,7,1,0),(1,7,2,0),(1,7,3,0),(1,7,4,0),(1,7,7,0),(1,8,0,0),(1,8,1,0),(1,8,2,0),(1,8,3,0),(1,8,4,0),(1,8,7,0),(1,9,0,0),(1,9,1,0),(1,9,2,0),(1,9,3,0),(1,9,4,0),(1,9,7,0),(1,10,0,0),(1,10,1,0),(1,10,2,0),(1,10,4,0),(1,13,0,0),(1,13,1,0),(1,13,2,0),(1,13,3,0),(1,13,4,0),(1,13,7,0),(1,14,0,0),(1,14,1,0),(1,14,2,0),(1,14,3,0),(1,14,4,0),(1,14,7,0),(1,15,0,0),(1,15,1,0),(1,15,2,0),(1,15,3,0),(1,15,4,0),(1,15,7,0),(1,16,0,0),(1,16,1,0),(1,16,2,0),(1,16,3,0),(1,16,4,0),(1,16,7,0),(1,18,0,0),(1,18,1,0),(1,18,2,0),(1,18,3,0),(1,18,4,0),(1,18,7,0),(1,19,0,0),(1,19,1,0),(1,19,2,0),(1,19,3,0),(1,19,4,0),(1,19,7,0),(1,20,0,0),(1,20,1,0),(1,20,2,0),(1,20,3,0),(1,20,4,0),(1,20,7,0),(1,21,0,0),(1,21,1,0),(1,21,2,0),(1,21,3,0),(1,21,4,0),(1,21,7,0),(1,22,0,0),(1,22,1,0),(1,22,2,0),(1,22,3,0),(1,22,4,0),(1,22,7,0),(1,23,0,0),(1,23,1,0),(1,23,2,0),(1,23,3,0),(1,23,4,0),(1,23,7,0),(1,25,0,1),(1,25,1,1),(1,25,2,1),(1,25,3,0),(1,25,4,0),(1,25,7,1),(1,26,0,0),(1,26,1,0),(1,26,2,0),(1,26,3,0),(1,26,4,0),(1,26,7,0),(1,31,0,0),(1,31,1,0),(1,31,2,0),(1,31,3,0),(1,31,4,0),(1,31,7,0),(1,32,0,0),(1,32,1,0),(1,32,2,0),(1,32,3,0),(1,32,4,0),(1,32,7,0),(1,37,0,0),(1,37,1,0),(1,37,2,0),(1,37,3,0),(1,37,4,0),(1,37,7,0),(1,38,0,0),(1,38,1,0),(1,38,2,0),(1,38,3,0),(1,38,4,0),(1,38,7,0),(1,42,0,0),(1,42,1,0),(1,42,2,0),(1,42,3,0),(1,42,4,0),(1,42,7,0),(1,43,0,0),(1,43,1,0),(1,43,2,0),(1,43,3,0),(1,43,4,0),(1,43,7,0),(1,44,0,0),(1,44,1,0),(1,44,2,0),(1,44,3,0),(1,44,4,0),(1,44,7,0),(1,46,0,0),(1,46,1,0),(1,46,2,0),(1,46,3,0),(1,46,4,0),(1,46,7,0),(1,47,0,0),(1,47,1,0),(1,47,2,0),(1,47,3,0),(1,47,4,0),(1,47,7,0),(1,52,0,0),(1,52,1,0),(1,52,2,0),(1,52,3,0),(1,52,4,0),(1,52,7,0),(1,53,0,0),(1,53,1,0),(1,53,2,0),(1,53,3,0),(1,53,4,0),(1,53,7,0),(1,54,0,0),(1,54,1,0),(1,54,2,0),(1,54,3,0),(1,54,4,0),(1,54,7,0),(1,55,0,0),(1,55,1,0),(1,55,2,0),(1,55,3,0),(1,55,4,0),(1,55,7,0),(1,56,0,0),(1,56,1,0),(1,56,2,0),(1,56,3,0),(1,56,4,0),(1,56,7,0),(1,57,0,0),(1,57,1,0),(1,57,2,0),(1,57,3,0),(1,57,4,0),(1,57,7,0),(1,58,0,0),(1,58,1,0),(1,58,2,0),(1,58,3,0),(1,58,4,0),(1,58,7,0),(1,59,0,0),(1,59,1,0),(1,59,2,0),(1,59,3,0),(1,59,4,0),(1,59,7,0),(1,60,0,0),(1,60,1,0),(1,60,2,0),(1,60,3,0),(1,60,4,0),(1,60,7,0),(1,61,0,0),(1,61,1,0),(1,61,2,0),(1,61,3,0),(1,61,4,0),(1,61,7,0),(1,62,0,0),(1,62,1,0),(1,62,2,0),(1,62,3,0),(1,62,4,0),(1,62,7,0),(1,63,0,0),(1,63,1,0),(1,63,2,0),(1,63,3,0),(1,63,4,0),(1,63,7,0),(1,64,0,0),(1,64,1,0),(1,64,2,0),(1,64,3,0),(1,64,4,0),(1,64,7,0),(2,2,0,0),(2,2,1,0),(2,2,2,0),(2,2,3,0),(2,2,4,0),(2,2,7,0),(2,4,0,0),(2,4,1,0),(2,4,2,0),(2,4,3,0),(2,4,4,0),(2,4,7,0),(2,6,0,0),(2,6,1,0),(2,6,2,0),(2,6,3,0),(2,6,4,0),(2,6,7,0),(2,7,0,0),(2,7,1,0),(2,7,2,0),(2,7,3,0),(2,7,4,0),(2,7,7,0),(2,8,0,0),(2,8,1,0),(2,8,2,0),(2,8,3,0),(2,8,4,0),(2,8,7,0),(2,9,0,0),(2,9,1,0),(2,9,2,0),(2,9,3,0),(2,9,4,0),(2,9,7,0),(2,10,0,0),(2,10,1,0),(2,10,2,0),(2,10,4,0),(2,13,0,1),(2,13,1,1),(2,13,2,1),(2,13,3,0),(2,13,4,0),(2,13,7,1),(2,14,0,0),(2,14,1,0),(2,14,2,0),(2,14,3,0),(2,14,4,0),(2,14,7,0),(2,15,0,0),(2,15,1,0),(2,15,2,0),(2,15,3,0),(2,15,4,0),(2,15,7,0),(2,16,0,0),(2,16,1,0),(2,16,2,0),(2,16,3,0),(2,16,4,0),(2,16,7,0),(2,18,0,0),(2,18,1,0),(2,18,2,0),(2,18,3,0),(2,18,4,0),(2,18,7,0),(2,19,0,0),(2,19,1,0),(2,19,2,0),(2,19,3,0),(2,19,4,0),(2,19,7,0),(2,20,0,0),(2,20,1,0),(2,20,2,0),(2,20,3,0),(2,20,4,0),(2,20,7,0),(2,21,0,0),(2,21,1,0),(2,21,2,0),(2,21,3,0),(2,21,4,0),(2,21,7,0),(2,22,0,0),(2,22,1,0),(2,22,2,0),(2,22,3,0),(2,22,4,0),(2,22,7,0),(2,23,0,0),(2,23,1,0),(2,23,2,0),(2,23,3,0),(2,23,4,0),(2,23,7,0),(2,25,0,1),(2,25,1,1),(2,25,2,1),(2,25,3,0),(2,25,4,0),(2,25,7,1),(2,26,0,0),(2,26,1,0),(2,26,2,0),(2,26,3,0),(2,26,4,0),(2,26,7,0),(2,31,0,0),(2,31,1,0),(2,31,2,0),(2,31,3,0),(2,31,4,0),(2,31,7,0),(2,32,0,0),(2,32,1,0),(2,32,2,0),(2,32,3,0),(2,32,4,0),(2,32,7,0),(2,37,0,0),(2,37,1,0),(2,37,2,0),(2,37,3,0),(2,37,4,0),(2,37,7,0),(2,38,0,0),(2,38,1,0),(2,38,2,0),(2,38,3,0),(2,38,4,0),(2,38,7,0),(2,42,0,0),(2,42,1,0),(2,42,2,0),(2,42,3,0),(2,42,4,0),(2,42,7,0),(2,43,0,0),(2,43,1,0),(2,43,2,0),(2,43,3,0),(2,43,4,0),(2,43,7,0),(2,44,0,0),(2,44,1,0),(2,44,2,0),(2,44,3,0),(2,44,4,0),(2,44,7,0),(2,46,0,0),(2,46,1,0),(2,46,2,0),(2,46,3,0),(2,46,4,0),(2,46,7,0),(2,47,0,0),(2,47,1,0),(2,47,2,0),(2,47,3,0),(2,47,4,0),(2,47,7,0),(2,52,0,0),(2,52,1,0),(2,52,2,0),(2,52,3,0),(2,52,4,0),(2,52,7,0),(2,53,0,0),(2,53,1,0),(2,53,2,0),(2,53,3,0),(2,53,4,0),(2,53,7,0),(2,54,0,0),(2,54,1,0),(2,54,2,0),(2,54,3,0),(2,54,4,0),(2,54,7,0),(2,55,0,0),(2,55,1,0),(2,55,2,0),(2,55,3,0),(2,55,4,0),(2,55,7,0),(2,56,0,0),(2,56,1,0),(2,56,2,0),(2,56,3,0),(2,56,4,0),(2,56,7,0),(2,57,0,0),(2,57,1,0),(2,57,2,0),(2,57,3,0),(2,57,4,0),(2,57,7,0),(2,58,0,0),(2,58,1,0),(2,58,2,0),(2,58,3,0),(2,58,4,0),(2,58,7,0),(2,59,0,0),(2,59,1,0),(2,59,2,0),(2,59,3,0),(2,59,4,0),(2,59,7,0),(2,60,0,0),(2,60,1,0),(2,60,2,0),(2,60,3,0),(2,60,4,0),(2,60,7,0),(2,61,0,0),(2,61,1,0),(2,61,2,0),(2,61,3,0),(2,61,4,0),(2,61,7,0),(2,62,0,0),(2,62,1,0),(2,62,2,0),(2,62,3,0),(2,62,4,0),(2,62,7,0),(2,63,0,0),(2,63,1,0),(2,63,2,0),(2,63,3,0),(2,63,4,0),(2,63,7,0),(2,64,0,0),(2,64,1,0),(2,64,2,0),(2,64,3,0),(2,64,4,0),(2,64,7,0),(3,2,0,1),(3,2,1,1),(3,2,2,1),(3,2,3,0),(3,2,4,0),(3,2,7,1),(3,4,0,0),(3,4,1,0),(3,4,2,0),(3,4,3,0),(3,4,4,0),(3,4,7,0),(3,6,0,0),(3,6,1,0),(3,6,2,0),(3,6,3,0),(3,6,4,0),(3,6,7,0),(3,7,0,0),(3,7,1,0),(3,7,2,0),(3,7,3,0),(3,7,4,0),(3,7,7,0),(3,8,0,0),(3,8,1,0),(3,8,2,0),(3,8,3,0),(3,8,4,0),(3,8,7,0),(3,9,0,0),(3,9,1,0),(3,9,2,0),(3,9,3,0),(3,9,4,0),(3,9,7,0),(3,10,0,0),(3,10,1,0),(3,10,2,0),(3,10,4,0),(3,13,0,0),(3,13,1,0),(3,13,2,0),(3,13,3,0),(3,13,4,0),(3,13,7,0),(3,14,0,0),(3,14,1,0),(3,14,2,0),(3,14,3,0),(3,14,4,0),(3,14,7,0),(3,15,0,0),(3,15,1,0),(3,15,2,0),(3,15,3,0),(3,15,4,0),(3,15,7,0),(3,16,0,0),(3,16,1,0),(3,16,2,0),(3,16,3,0),(3,16,4,0),(3,16,7,0),(3,18,0,0),(3,18,1,0),(3,18,2,0),(3,18,3,0),(3,18,4,0),(3,18,7,0),(3,19,0,0),(3,19,1,0),(3,19,2,0),(3,19,3,0),(3,19,4,0),(3,19,7,0),(3,20,0,0),(3,20,1,0),(3,20,2,0),(3,20,3,0),(3,20,4,0),(3,20,7,0),(3,21,0,0),(3,21,1,0),(3,21,2,0),(3,21,3,0),(3,21,4,0),(3,21,7,0),(3,22,0,0),(3,22,1,0),(3,22,2,0),(3,22,3,0),(3,22,4,0),(3,22,7,0),(3,23,0,0),(3,23,1,0),(3,23,2,0),(3,23,3,0),(3,23,4,0),(3,23,7,0),(3,25,0,1),(3,25,1,1),(3,25,2,1),(3,25,3,0),(3,25,4,0),(3,25,7,1),(3,26,0,0),(3,26,1,0),(3,26,2,0),(3,26,3,0),(3,26,4,0),(3,26,7,0),(3,31,0,0),(3,31,1,0),(3,31,2,0),(3,31,3,0),(3,31,4,0),(3,31,7,0),(3,32,0,0),(3,32,1,0),(3,32,2,0),(3,32,3,0),(3,32,4,0),(3,32,7,0),(3,37,0,0),(3,37,1,0),(3,37,2,0),(3,37,3,0),(3,37,4,0),(3,37,7,0),(3,38,0,0),(3,38,1,0),(3,38,2,0),(3,38,3,0),(3,38,4,0),(3,38,7,0),(3,42,0,0),(3,42,1,0),(3,42,2,0),(3,42,3,0),(3,42,4,0),(3,42,7,0),(3,43,0,0),(3,43,1,0),(3,43,2,0),(3,43,3,0),(3,43,4,0),(3,43,7,0),(3,44,0,0),(3,44,1,0),(3,44,2,0),(3,44,3,0),(3,44,4,0),(3,44,7,0),(3,46,0,0),(3,46,1,0),(3,46,2,0),(3,46,3,0),(3,46,4,0),(3,46,7,0),(3,47,0,0),(3,47,1,0),(3,47,2,0),(3,47,3,0),(3,47,4,0),(3,47,7,0),(3,52,0,0),(3,52,1,0),(3,52,2,0),(3,52,3,0),(3,52,4,0),(3,52,7,0),(3,53,0,0),(3,53,1,0),(3,53,2,0),(3,53,3,0),(3,53,4,0),(3,53,7,0),(3,54,0,0),(3,54,1,0),(3,54,2,0),(3,54,3,0),(3,54,4,0),(3,54,7,0),(3,55,0,0),(3,55,1,0),(3,55,2,0),(3,55,3,0),(3,55,4,0),(3,55,7,0),(3,56,0,0),(3,56,1,0),(3,56,2,0),(3,56,3,0),(3,56,4,0),(3,56,7,0),(3,57,0,0),(3,57,1,0),(3,57,2,0),(3,57,3,0),(3,57,4,0),(3,57,7,0),(3,58,0,0),(3,58,1,0),(3,58,2,0),(3,58,3,0),(3,58,4,0),(3,58,7,0),(3,59,0,0),(3,59,1,0),(3,59,2,0),(3,59,3,0),(3,59,4,0),(3,59,7,0),(3,60,0,0),(3,60,1,0),(3,60,2,0),(3,60,3,0),(3,60,4,0),(3,60,7,0),(3,61,0,0),(3,61,1,0),(3,61,2,0),(3,61,3,0),(3,61,4,0),(3,61,7,0),(3,62,0,0),(3,62,1,0),(3,62,2,0),(3,62,3,0),(3,62,4,0),(3,62,7,0),(3,63,0,0),(3,63,1,0),(3,63,2,0),(3,63,3,0),(3,63,4,0),(3,63,7,0),(3,64,0,0),(3,64,1,0),(3,64,2,0),(3,64,3,0),(3,64,4,0),(3,64,7,0),(4,2,0,1),(4,2,1,1),(4,2,2,1),(4,2,3,0),(4,2,4,0),(4,2,7,1),(4,4,0,1),(4,4,1,1),(4,4,2,1),(4,4,3,0),(4,4,4,0),(4,4,7,1),(4,6,0,0),(4,6,1,1),(4,6,2,1),(4,6,3,0),(4,6,4,0),(4,6,7,0),(4,7,0,1),(4,7,1,1),(4,7,2,1),(4,7,3,0),(4,7,4,0),(4,7,7,1),(4,8,0,1),(4,8,1,1),(4,8,2,1),(4,8,3,0),(4,8,4,0),(4,8,7,1),(4,9,0,1),(4,9,1,1),(4,9,2,1),(4,9,3,0),(4,9,4,0),(4,9,7,1),(4,10,0,1),(4,10,1,1),(4,10,2,1),(4,10,4,0),(4,13,0,1),(4,13,1,1),(4,13,2,1),(4,13,3,0),(4,13,4,0),(4,13,7,1),(4,14,0,1),(4,14,1,1),(4,14,2,1),(4,14,3,0),(4,14,4,0),(4,14,7,1),(4,15,0,1),(4,15,1,1),(4,15,2,1),(4,15,3,0),(4,15,4,0),(4,15,7,1),(4,16,0,1),(4,16,1,1),(4,16,2,1),(4,16,3,0),(4,16,4,0),(4,16,7,1),(4,18,0,1),(4,18,1,1),(4,18,2,1),(4,18,3,0),(4,18,4,0),(4,18,7,1),(4,19,0,1),(4,19,1,1),(4,19,2,1),(4,19,3,0),(4,19,4,0),(4,19,7,1),(4,20,0,1),(4,20,1,1),(4,20,2,1),(4,20,3,0),(4,20,4,0),(4,20,7,1),(4,21,0,1),(4,21,1,1),(4,21,2,1),(4,21,3,0),(4,21,4,0),(4,21,7,1),(4,22,0,1),(4,22,1,1),(4,22,2,1),(4,22,3,0),(4,22,4,0),(4,22,7,1),(4,23,0,1),(4,23,1,1),(4,23,2,1),(4,23,3,0),(4,23,4,0),(4,23,7,1),(4,25,0,1),(4,25,1,0),(4,25,2,0),(4,25,3,0),(4,25,4,0),(4,25,7,0),(4,26,0,1),(4,26,1,1),(4,26,2,1),(4,26,3,0),(4,26,4,0),(4,26,7,1),(4,31,0,1),(4,31,1,1),(4,31,2,1),(4,31,3,0),(4,31,4,0),(4,31,7,1),(4,32,0,1),(4,32,1,1),(4,32,2,1),(4,32,3,0),(4,32,4,0),(4,32,7,1),(4,37,0,1),(4,37,1,1),(4,37,2,1),(4,37,3,0),(4,37,4,0),(4,37,7,1),(4,38,0,1),(4,38,1,1),(4,38,2,1),(4,38,3,0),(4,38,4,0),(4,38,7,1),(4,42,0,1),(4,42,1,1),(4,42,2,1),(4,42,3,0),(4,42,4,0),(4,42,7,1),(4,43,0,1),(4,43,1,1),(4,43,2,1),(4,43,3,0),(4,43,4,0),(4,43,7,1),(4,44,0,1),(4,44,1,1),(4,44,2,1),(4,44,3,0),(4,44,4,0),(4,44,7,1),(4,46,0,1),(4,46,1,1),(4,46,2,1),(4,46,3,0),(4,46,4,0),(4,46,7,1),(4,47,0,1),(4,47,1,1),(4,47,2,1),(4,47,3,0),(4,47,4,0),(4,47,7,1),(4,52,0,1),(4,52,1,1),(4,52,2,1),(4,52,3,0),(4,52,4,0),(4,52,7,1),(4,53,0,1),(4,53,1,1),(4,53,2,1),(4,53,3,0),(4,53,4,0),(4,53,7,1),(4,54,0,1),(4,54,1,1),(4,54,2,1),(4,54,3,0),(4,54,4,0),(4,54,7,1),(4,55,0,1),(4,55,1,1),(4,55,2,1),(4,55,3,0),(4,55,4,0),(4,55,7,1),(4,56,0,1),(4,56,1,1),(4,56,2,1),(4,56,3,0),(4,56,4,0),(4,56,7,1),(4,57,0,0),(4,57,1,0),(4,57,2,0),(4,57,3,0),(4,57,4,0),(4,57,7,0),(4,58,0,0),(4,58,1,0),(4,58,2,0),(4,58,3,0),(4,58,4,0),(4,58,7,0),(4,59,0,0),(4,59,1,0),(4,59,2,0),(4,59,3,0),(4,59,4,0),(4,59,7,0),(4,60,0,0),(4,60,1,0),(4,60,2,0),(4,60,3,0),(4,60,4,0),(4,60,7,0),(4,61,0,0),(4,61,1,0),(4,61,2,0),(4,61,3,0),(4,61,4,0),(4,61,7,0),(4,62,0,0),(4,62,1,0),(4,62,2,0),(4,62,3,0),(4,62,4,0),(4,62,7,0),(4,63,0,0),(4,63,1,0),(4,63,2,0),(4,63,3,0),(4,63,4,0),(4,63,7,0),(4,64,0,0),(4,64,1,0),(4,64,2,0),(4,64,3,0),(4,64,4,0),(4,64,7,0),(5,2,0,1),(5,2,1,1),(5,2,2,1),(5,2,4,0),(5,2,7,1),(5,4,0,1),(5,4,1,1),(5,4,2,1),(5,4,4,0),(5,4,7,1),(5,6,0,1),(5,6,1,1),(5,6,2,1),(5,6,4,0),(5,6,7,1),(5,7,0,1),(5,7,1,1),(5,7,2,1),(5,7,4,0),(5,7,7,1),(5,8,0,1),(5,8,1,1),(5,8,2,1),(5,8,4,0),(5,8,7,1),(5,9,0,1),(5,9,1,1),(5,9,2,1),(5,9,4,0),(5,9,7,1),(5,10,0,1),(5,10,1,1),(5,10,2,1),(5,10,4,0),(5,10,7,1),(5,13,0,1),(5,13,1,1),(5,13,2,1),(5,13,4,0),(5,13,7,1),(5,14,0,1),(5,14,1,1),(5,14,2,1),(5,14,4,0),(5,14,7,1),(5,15,0,1),(5,15,1,1),(5,15,2,1),(5,15,4,0),(5,15,7,1),(5,16,0,1),(5,16,1,1),(5,16,2,1),(5,16,4,0),(5,16,7,1),(5,18,0,1),(5,18,1,1),(5,18,2,1),(5,18,4,0),(5,18,7,1),(5,19,0,1),(5,19,1,1),(5,19,2,1),(5,19,4,0),(5,19,7,1),(5,20,0,1),(5,20,1,1),(5,20,2,1),(5,20,4,0),(5,20,7,1),(5,21,0,1),(5,21,1,1),(5,21,2,1),(5,21,4,0),(5,21,7,1),(5,22,0,1),(5,22,1,1),(5,22,2,1),(5,22,4,0),(5,22,7,1),(5,23,0,1),(5,23,1,1),(5,23,2,1),(5,23,4,0),(5,23,7,1),(5,25,0,1),(5,25,1,0),(5,25,2,0),(5,25,4,0),(5,25,7,0),(5,26,0,1),(5,26,1,1),(5,26,2,1),(5,26,4,0),(5,26,7,1),(5,31,0,1),(5,31,1,1),(5,31,2,1),(5,31,4,0),(5,31,7,1),(5,32,0,1),(5,32,1,1),(5,32,2,1),(5,32,4,0),(5,32,7,1),(5,37,0,1),(5,37,1,1),(5,37,2,1),(5,37,4,0),(5,37,7,1),(5,38,0,1),(5,38,1,1),(5,38,2,1),(5,38,4,0),(5,38,7,1),(5,42,0,1),(5,42,1,1),(5,42,2,1),(5,42,4,0),(5,42,7,1),(5,43,0,1),(5,43,1,1),(5,43,2,1),(5,43,4,0),(5,43,7,1),(5,44,0,1),(5,44,1,1),(5,44,2,1),(5,44,4,0),(5,44,7,1),(5,46,0,1),(5,46,1,1),(5,46,2,1),(5,46,4,0),(5,46,7,1),(5,47,0,1),(5,47,1,1),(5,47,2,1),(5,47,4,0),(5,47,7,1),(5,52,0,1),(5,52,1,1),(5,52,2,1),(5,52,4,0),(5,52,7,1),(5,53,0,1),(5,53,1,1),(5,53,2,1),(5,53,4,0),(5,53,7,1),(5,54,0,1),(5,54,1,1),(5,54,2,1),(5,54,4,0),(5,54,7,1),(5,55,0,1),(5,55,1,1),(5,55,2,1),(5,55,4,0),(5,55,7,1),(5,56,0,1),(5,56,1,1),(5,56,2,1),(5,56,4,0),(5,56,7,1);

--
-- Table structure for table `vtiger_profile2tab`
--

CREATE TABLE `vtiger_profile2tab` (
  `profileid` int(11) DEFAULT NULL,
  `tabid` int(10) DEFAULT NULL,
  `permissions` int(10) NOT NULL DEFAULT 0,
  KEY `profile2tab_profileid_tabid_idx` (`profileid`,`tabid`)
) ENGINE=InnoDB DEFAULT CHARSET=utf8 COLLATE=utf8_general_ci;

--
-- Dumping data for table `vtiger_profile2tab`
--

INSERT INTO `vtiger_profile2tab` VALUES (1,1,0),(1,2,0),(1,3,0),(1,4,0),(1,6,0),(1,7,0),(1,8,0),(1,9,0),(1,10,0),(1,13,0),(1,14,0),(1,15,0),(1,16,0),(1,18,0),(1,19,0),(1,20,0),(1,21,0),(1,22,0),(1,23,0),(1,24,0),(1,25,0),(1,26,0),(1,27,0),(2,1,0),(2,2,0),(2,3,0),(2,4,0),(2,6,0),(2,7,0),(2,8,0),(2,9,0),(2,10,0),(2,13,0),(2,14,0),(2,15,0),(2,16,0),(2,18,0),(2,19,0),(2,20,0),(2,21,0),(2,22,0),(2,23,0),(2,24,0),(2,25,0),(2,26,0),(2,27,0),(3,1,0),(3,2,0),(3,3,0),(3,4,0),(3,6,0),(3,7,0),(3,8,0),(3,9,0),(3,10,0),(3,13,0),(3,14,0),(3,15,0),(3,16,0),(3,18,0),(3,19,0),(3,20,0),(3,21,0),(3,22,0),(3,23,0),(3,24,0),(3,25,0),(3,26,0),(3,27,0),(4,3,0),(1,30,0),(2,30,0),(3,30,0),(4,30,0),(1,31,0),(2,31,0),(3,31,0),(1,32,0),(2,32,0),(3,32,0),(1,33,0),(2,33,0),(3,33,0),(4,33,0),(1,34,0),(2,34,0),(3,34,0),(4,34,0),(1,35,0),(2,35,0),(3,35,0),(1,36,0),(2,36,0),(3,36,0),(4,36,0),(1,37,0),(2,37,0),(3,37,0),(1,38,0),(2,38,0),(3,38,0),(1,39,0),(2,39,0),(3,39,0),(1,40,0),(2,40,0),(3,40,0),(1,41,0),(2,41,0),(3,41,0),(1,42,0),(2,42,0),(3,42,0),(1,43,0),(2,43,0),(3,43,0),(1,44,0),(2,44,0),(3,44,0),(1,45,0),(2,45,0),(3,45,0),(1,46,0),(2,46,0),(3,46,0),(1,47,0),(2,47,0),(3,47,0),(1,48,0),(2,48,0),(3,48,0),(4,48,0),(1,49,0),(2,49,0),(3,49,0),(4,49,0),(1,50,0),(2,50,0),(3,50,0),(1,51,0),(2,51,0),(3,51,0),(1,52,0),(2,52,0),(3,52,0),(1,53,0),(2,53,0),(3,53,0),(1,54,0),(2,54,0),(3,54,0),(1,55,0),(2,55,0),(3,55,0),(1,56,0),(2,56,0),(3,56,0),(1,57,0),(2,57,0),(3,57,0),(1,58,0),(2,58,0),(3,58,0),(1,59,0),(2,59,0),(3,59,0),(1,60,0),(2,60,0),(3,60,0),(1,61,0),(2,61,0),(3,61,0),(1,62,0),(2,62,0),(3,62,0),(1,63,0),(2,63,0),(3,63,0),(1,64,0),(2,64,0),(3,64,0),(5,1,0),(5,2,0),(5,4,0),(5,6,0),(5,7,0),(5,8,0),(5,9,0),(5,10,0),(5,13,0),(5,14,0),(5,15,0),(5,18,0),(5,19,0),(5,20,0),(5,21,0),(5,22,0),(5,23,0),(5,24,0),(5,25,0),(5,26,0),(5,27,0),(5,31,0),(5,32,0),(5,35,0),(5,37,0),(5,38,0),(5,39,0),(5,40,0),(5,41,0),(5,42,0),(5,43,0),(5,44,0),(5,45,0),(5,46,0),(5,47,0),(5,50,0),(5,51,0),(5,52,0),(5,53,0),(5,54,0),(5,55,0),(5,56,0),(5,57,1),(5,58,1),(5,59,1),(5,60,1),(5,61,1),(5,62,1),(5,63,1),(5,64,1),(5,16,0),(4,1,0),(4,2,0),(4,4,0),(4,6,0),(4,7,0),(4,8,0),(4,9,0),(4,10,0),(4,13,0),(4,14,0),(4,15,0),(4,18,0),(4,19,0),(4,20,0),(4,21,0),(4,22,0),(4,23,0),(4,24,0),(4,25,0),(4,26,0),(4,27,0),(4,31,0),(4,32,0),(4,35,0),(4,37,0),(4,38,0),(4,39,0),(4,40,0),(4,41,0),(4,42,0),(4,43,0),(4,44,0),(4,45,0),(4,46,0),(4,47,0),(4,50,0),(4,51,0),(4,52,0),(4,53,0),(4,54,0),(4,55,0),(4,56,0),(4,57,1),(4,58,1),(4,59,1),(4,60,1),(4,61,1),(4,62,1),(4,63,1),(4,64,1),(4,16,0);

--
-- Table structure for table `vtiger_profile2utility`
--

CREATE TABLE `vtiger_profile2utility` (
  `profileid` int(11) NOT NULL,
  `tabid` int(11) NOT NULL,
  `activityid` int(11) NOT NULL,
  `permission` int(1) DEFAULT NULL,
  PRIMARY KEY (`profileid`,`tabid`,`activityid`),
  KEY `profile2utility_profileid_tabid_activityid_idx` (`profileid`,`tabid`,`activityid`)
) ENGINE=InnoDB DEFAULT CHARSET=utf8 COLLATE=utf8_general_ci;

--
-- Dumping data for table `vtiger_profile2utility`
--

INSERT INTO `vtiger_profile2utility` VALUES (1,2,5,0),(1,2,6,0),(1,2,10,0),(1,4,5,0),(1,4,6,0),(1,4,8,0),(1,4,10,0),(1,6,5,0),(1,6,6,0),(1,6,8,0),(1,6,10,0),(1,7,5,0),(1,7,6,0),(1,7,8,0),(1,7,9,0),(1,7,10,0),(1,8,6,0),(1,9,5,0),(1,9,6,0),(1,13,5,0),(1,13,6,0),(1,13,8,0),(1,13,10,0),(1,14,5,0),(1,14,6,0),(1,14,10,0),(1,18,5,0),(1,18,6,0),(1,18,10,0),(1,19,5,1),(1,19,6,1),(1,19,10,1),(1,20,5,0),(1,20,6,0),(1,21,5,0),(1,21,6,0),(1,22,5,0),(1,22,6,0),(1,23,5,0),(1,23,6,0),(1,25,6,0),(1,25,13,0),(1,31,5,0),(1,31,6,0),(1,31,10,0),(1,32,5,0),(1,32,6,0),(1,32,10,0),(1,37,11,0),(1,37,12,0),(1,42,5,1),(1,42,6,1),(1,42,10,1),(1,43,5,0),(1,43,6,0),(1,43,10,0),(1,44,5,0),(1,44,6,0),(1,44,10,0),(1,52,5,0),(1,52,6,0),(1,52,8,0),(1,52,10,0),(1,53,5,0),(1,53,6,0),(1,53,8,0),(1,54,5,0),(1,54,6,0),(1,54,8,0),(1,54,10,0),(1,55,5,0),(1,55,6,0),(1,55,8,0),(1,56,5,0),(1,56,6,0),(1,56,8,0),(1,56,10,0),(1,57,5,0),(1,57,6,0),(1,57,8,0),(1,58,5,0),(1,58,6,0),(1,58,8,0),(1,59,5,0),(1,59,6,0),(1,59,8,0),(1,60,5,0),(1,60,6,0),(1,60,8,0),(1,61,5,0),(1,61,6,0),(1,61,8,0),(1,62,5,0),(1,62,6,0),(1,62,8,0),(1,62,10,0),(1,63,5,0),(1,63,6,0),(1,63,8,0),(1,63,10,0),(1,64,5,0),(1,64,6,0),(1,64,8,0),(2,2,5,1),(2,2,6,1),(2,2,10,0),(2,4,5,1),(2,4,6,1),(2,4,8,0),(2,4,10,0),(2,6,5,1),(2,6,6,1),(2,6,8,0),(2,6,10,0),(2,7,5,1),(2,7,6,1),(2,7,8,0),(2,7,9,0),(2,7,10,0),(2,8,6,1),(2,9,5,0),(2,9,6,0),(2,13,5,1),(2,13,6,1),(2,13,8,0),(2,13,10,0),(2,14,5,1),(2,14,6,1),(2,14,10,0),(2,18,5,1),(2,18,6,1),(2,18,10,0),(2,19,5,1),(2,19,6,1),(2,19,10,1),(2,20,5,0),(2,20,6,0),(2,21,5,0),(2,21,6,0),(2,22,5,0),(2,22,6,0),(2,23,5,0),(2,23,6,0),(2,25,6,0),(2,25,13,0),(2,31,5,0),(2,31,6,0),(2,31,10,0),(2,32,5,0),(2,32,6,0),(2,32,10,0),(2,37,11,0),(2,37,12,0),(2,42,5,1),(2,42,6,1),(2,42,10,1),(2,43,5,0),(2,43,6,0),(2,43,10,0),(2,44,5,0),(2,44,6,0),(2,44,10,0),(2,52,5,0),(2,52,6,0),(2,52,8,0),(2,52,10,0),(2,53,5,0),(2,53,6,0),(2,53,8,0),(2,54,5,0),(2,54,6,0),(2,54,8,0),(2,54,10,0),(2,55,5,0),(2,55,6,0),(2,55,8,0),(2,56,5,0),(2,56,6,0),(2,56,8,0),(2,56,10,0),(2,57,5,0),(2,57,6,0),(2,57,8,0),(2,58,5,0),(2,58,6,0),(2,58,8,0),(2,59,5,0),(2,59,6,0),(2,59,8,0),(2,60,5,0),(2,60,6,0),(2,60,8,0),(2,61,5,0),(2,61,6,0),(2,61,8,0),(2,62,5,0),(2,62,6,0),(2,62,8,0),(2,62,10,0),(2,63,5,0),(2,63,6,0),(2,63,8,0),(2,63,10,0),(2,64,5,0),(2,64,6,0),(2,64,8,0),(3,2,5,1),(3,2,6,1),(3,2,10,0),(3,4,5,1),(3,4,6,1),(3,4,8,0),(3,4,10,0),(3,6,5,1),(3,6,6,1),(3,6,8,0),(3,6,10,0),(3,7,5,1),(3,7,6,1),(3,7,8,0),(3,7,9,0),(3,7,10,0),(3,8,6,1),(3,9,5,0),(3,9,6,0),(3,13,5,1),(3,13,6,1),(3,13,8,0),(3,13,10,0),(3,14,5,1),(3,14,6,1),(3,14,10,0),(3,18,5,1),(3,18,6,1),(3,18,10,0),(3,19,5,1),(3,19,6,1),(3,19,10,1),(3,20,5,0),(3,20,6,0),(3,21,5,0),(3,21,6,0),(3,22,5,0),(3,22,6,0),(3,23,5,0),(3,23,6,0),(3,25,6,0),(3,25,13,0),(3,31,5,0),(3,31,6,0),(3,31,10,0),(3,32,5,0),(3,32,6,0),(3,32,10,0),(3,37,11,0),(3,37,12,0),(3,42,5,1),(3,42,6,1),(3,42,10,1),(3,43,5,0),(3,43,6,0),(3,43,10,0),(3,44,5,0),(3,44,6,0),(3,44,10,0),(3,52,5,0),(3,52,6,0),(3,52,8,0),(3,52,10,0),(3,53,5,0),(3,53,6,0),(3,53,8,0),(3,54,5,0),(3,54,6,0),(3,54,8,0),(3,54,10,0),(3,55,5,0),(3,55,6,0),(3,55,8,0),(3,56,5,0),(3,56,6,0),(3,56,8,0),(3,56,10,0),(3,57,5,0),(3,57,6,0),(3,57,8,0),(3,58,5,0),(3,58,6,0),(3,58,8,0),(3,59,5,0),(3,59,6,0),(3,59,8,0),(3,60,5,0),(3,60,6,0),(3,60,8,0),(3,61,5,0),(3,61,6,0),(3,61,8,0),(3,62,5,0),(3,62,6,0),(3,62,8,0),(3,62,10,0),(3,63,5,0),(3,63,6,0),(3,63,8,0),(3,63,10,0),(3,64,5,0),(3,64,6,0),(3,64,8,0),(4,2,5,0),(4,2,6,0),(4,2,10,0),(4,4,5,0),(4,4,6,0),(4,4,8,0),(4,4,10,0),(4,6,5,0),(4,6,6,0),(4,6,8,0),(4,6,10,0),(4,7,5,0),(4,7,6,0),(4,7,8,0),(4,7,9,0),(4,7,10,0),(4,8,6,0),(4,9,5,0),(4,9,6,0),(4,13,5,0),(4,13,6,0),(4,13,8,0),(4,13,10,0),(4,14,5,0),(4,14,6,0),(4,14,10,0),(4,18,5,0),(4,18,6,0),(4,18,10,0),(4,19,5,0),(4,19,6,0),(4,19,10,0),(4,20,5,0),(4,20,6,0),(4,21,5,0),(4,21,6,0),(4,22,5,0),(4,22,6,0),(4,23,5,0),(4,23,6,0),(4,25,6,0),(4,25,13,0),(4,31,5,0),(4,31,6,0),(4,31,10,0),(4,32,5,0),(4,32,6,0),(4,32,10,0),(4,37,11,0),(4,37,12,0),(4,42,5,0),(4,42,6,0),(4,42,10,0),(4,43,5,0),(4,43,6,0),(4,43,10,0),(4,44,5,0),(4,44,6,0),(4,44,10,0),(4,52,5,0),(4,52,6,0),(4,52,8,0),(4,52,10,0),(4,53,5,0),(4,53,6,0),(4,53,8,0),(4,54,5,0),(4,54,6,0),(4,54,8,0),(4,54,10,0),(4,55,5,0),(4,55,6,0),(4,55,8,0),(4,56,5,1),(4,56,6,1),(4,56,8,1),(4,56,10,1),(4,57,5,0),(4,57,6,0),(4,57,8,0),(4,58,5,0),(4,58,6,0),(4,58,8,0),(4,59,5,0),(4,59,6,0),(4,59,8,0),(4,60,5,0),(4,60,6,0),(4,60,8,0),(4,61,5,0),(4,61,6,0),(4,61,8,0),(4,62,5,0),(4,62,6,0),(4,62,8,0),(4,62,10,0),(4,63,5,0),(4,63,6,0),(4,63,8,0),(4,63,10,0),(4,64,5,0),(4,64,6,0),(4,64,8,0),(5,2,5,0),(5,2,6,0),(5,2,10,0),(5,4,5,0),(5,4,6,0),(5,4,8,0),(5,4,10,0),(5,6,5,0),(5,6,6,0),(5,6,8,0),(5,6,10,0),(5,7,5,0),(5,7,6,0),(5,7,8,0),(5,7,9,0),(5,7,10,0),(5,8,6,0),(5,9,5,0),(5,9,6,0),(5,13,5,0),(5,13,6,0),(5,13,8,0),(5,13,10,0),(5,14,5,0),(5,14,6,0),(5,14,10,0),(5,16,5,0),(5,16,6,0),(5,18,5,0),(5,18,6,0),(5,18,10,0),(5,19,5,0),(5,19,6,0),(5,19,10,0),(5,20,5,0),(5,20,6,0),(5,21,5,0),(5,21,6,0),(5,22,5,0),(5,22,6,0),(5,23,5,0),(5,23,6,0),(5,25,6,0),(5,25,13,0),(5,31,5,0),(5,31,6,0),(5,31,10,0),(5,32,5,0),(5,32,6,0),(5,32,10,0),(5,37,5,1),(5,37,6,1),(5,37,8,1),(5,37,11,0),(5,37,12,0),(5,42,5,0),(5,42,6,0),(5,42,10,0),(5,43,5,0),(5,43,6,0),(5,43,10,0),(5,44,5,0),(5,44,6,0),(5,44,10,0),(5,46,5,1),(5,46,6,1),(5,46,10,1),(5,52,5,0),(5,52,6,0),(5,52,8,0),(5,52,10,0),(5,53,5,0),(5,53,6,0),(5,53,8,0),(5,53,10,1),(5,54,5,0),(5,54,6,0),(5,54,8,0),(5,54,10,0),(5,55,5,0),(5,55,6,0),(5,55,8,0),(5,55,10,1),(5,56,5,1),(5,56,6,1),(5,56,8,1),(5,56,10,1);

--
-- Table structure for table `vtiger_profile_seq`
--

CREATE TABLE `vtiger_profile_seq` (
  `id` int(11) NOT NULL
) ENGINE=InnoDB DEFAULT CHARSET=utf8 COLLATE=utf8_general_ci;

--
-- Dumping data for table `vtiger_profile_seq`
--

INSERT INTO `vtiger_profile_seq` VALUES (5);

--
-- Table structure for table `vtiger_progress`
--

CREATE TABLE `vtiger_progress` (
  `progressid` int(11) NOT NULL AUTO_INCREMENT,
  `progress` varchar(200) NOT NULL,
  `presence` int(1) NOT NULL DEFAULT 1,
  `picklist_valueid` int(11) NOT NULL DEFAULT 0,
  `sortorderid` int(11) DEFAULT 0,
  `color` varchar(10) DEFAULT NULL,
  PRIMARY KEY (`progressid`)
) ENGINE=InnoDB AUTO_INCREMENT=12 DEFAULT CHARSET=utf8 COLLATE=utf8_general_ci;

--
-- Dumping data for table `vtiger_progress`
--

INSERT INTO `vtiger_progress` VALUES (2,'10%',1,276,2,NULL),(3,'20%',1,277,3,NULL),(4,'30%',1,278,4,NULL),(5,'40%',1,279,5,NULL),(6,'50%',1,280,6,NULL),(7,'60%',1,281,7,NULL),(8,'70%',1,282,8,NULL),(9,'80%',1,283,9,NULL),(10,'90%',1,284,10,NULL),(11,'100%',1,285,11,NULL);

--
-- Table structure for table `vtiger_progress_seq`
--

CREATE TABLE `vtiger_progress_seq` (
  `id` int(11) NOT NULL
) ENGINE=InnoDB DEFAULT CHARSET=utf8 COLLATE=utf8_general_ci;

--
-- Dumping data for table `vtiger_progress_seq`
--

INSERT INTO `vtiger_progress_seq` VALUES (11);

--
-- Table structure for table `vtiger_project`
--

CREATE TABLE `vtiger_project` (
  `projectid` int(19) NOT NULL,
  `projectname` varchar(255) DEFAULT NULL,
  `project_no` varchar(100) DEFAULT NULL,
  `startdate` date DEFAULT NULL,
  `targetenddate` date DEFAULT NULL,
  `actualenddate` date DEFAULT NULL,
  `targetbudget` varchar(255) DEFAULT NULL,
  `projecturl` varchar(255) DEFAULT NULL,
  `projectstatus` varchar(100) DEFAULT NULL,
  `projectpriority` varchar(100) DEFAULT NULL,
  `projecttype` varchar(100) DEFAULT NULL,
  `progress` varchar(100) DEFAULT NULL,
  `linktoaccountscontacts` varchar(100) DEFAULT NULL,
  `tags` varchar(1) DEFAULT NULL,
  `isconvertedfrompotential` int(1) NOT NULL DEFAULT 0,
  `potentialid` varchar(100) DEFAULT NULL,
  PRIMARY KEY (`projectid`),
  CONSTRAINT `fk_crmid_vtiger_project` FOREIGN KEY (`projectid`) REFERENCES `vtiger_crmentity` (`crmid`) ON DELETE CASCADE
) ENGINE=InnoDB DEFAULT CHARSET=utf8 COLLATE=utf8_general_ci;

--
-- Dumping data for table `vtiger_project`
--


--
-- Table structure for table `vtiger_projectcf`
--

CREATE TABLE `vtiger_projectcf` (
  `projectid` int(11) NOT NULL,
  PRIMARY KEY (`projectid`),
  CONSTRAINT `fk_projectid_vtiger_projectcf` FOREIGN KEY (`projectid`) REFERENCES `vtiger_project` (`projectid`) ON DELETE CASCADE
) ENGINE=InnoDB DEFAULT CHARSET=utf8 COLLATE=utf8_general_ci;

--
-- Dumping data for table `vtiger_projectcf`
--


--
-- Table structure for table `vtiger_projectmilestone`
--

CREATE TABLE `vtiger_projectmilestone` (
  `projectmilestoneid` int(11) NOT NULL,
  `projectmilestonename` varchar(255) DEFAULT NULL,
  `projectmilestone_no` varchar(100) DEFAULT NULL,
  `projectmilestonedate` varchar(255) DEFAULT NULL,
  `projectid` varchar(100) DEFAULT NULL,
  `projectmilestonetype` varchar(100) DEFAULT NULL,
  `tags` varchar(1) DEFAULT NULL,
  PRIMARY KEY (`projectmilestoneid`),
  CONSTRAINT `fk_crmid_vtiger_projectmilestone` FOREIGN KEY (`projectmilestoneid`) REFERENCES `vtiger_crmentity` (`crmid`) ON DELETE CASCADE
) ENGINE=InnoDB DEFAULT CHARSET=utf8 COLLATE=utf8_general_ci;

--
-- Dumping data for table `vtiger_projectmilestone`
--


--
-- Table structure for table `vtiger_projectmilestonecf`
--

CREATE TABLE `vtiger_projectmilestonecf` (
  `projectmilestoneid` int(11) NOT NULL DEFAULT 0,
  PRIMARY KEY (`projectmilestoneid`),
  CONSTRAINT `fk_projectmilestoneid_vtiger_projectmilestonecf` FOREIGN KEY (`projectmilestoneid`) REFERENCES `vtiger_projectmilestone` (`projectmilestoneid`) ON DELETE CASCADE
) ENGINE=InnoDB DEFAULT CHARSET=utf8 COLLATE=utf8_general_ci;

--
-- Dumping data for table `vtiger_projectmilestonecf`
--


--
-- Table structure for table `vtiger_projectmilestonetype`
--

CREATE TABLE `vtiger_projectmilestonetype` (
  `projectmilestonetypeid` int(11) NOT NULL AUTO_INCREMENT,
  `projectmilestonetype` varchar(200) NOT NULL,
  `presence` int(1) NOT NULL DEFAULT 1,
  `picklist_valueid` int(11) NOT NULL DEFAULT 0,
  `sortorderid` int(11) DEFAULT 0,
  `color` varchar(10) DEFAULT NULL,
  PRIMARY KEY (`projectmilestonetypeid`)
) ENGINE=InnoDB AUTO_INCREMENT=5 DEFAULT CHARSET=utf8 COLLATE=utf8_general_ci;

--
-- Dumping data for table `vtiger_projectmilestonetype`
--

INSERT INTO `vtiger_projectmilestonetype` VALUES (2,'administrative',1,236,2,NULL),(3,'operative',1,237,3,NULL),(4,'other',1,238,4,NULL);

--
-- Table structure for table `vtiger_projectmilestonetype_seq`
--

CREATE TABLE `vtiger_projectmilestonetype_seq` (
  `id` int(11) NOT NULL
) ENGINE=InnoDB DEFAULT CHARSET=utf8 COLLATE=utf8_general_ci;

--
-- Dumping data for table `vtiger_projectmilestonetype_seq`
--

INSERT INTO `vtiger_projectmilestonetype_seq` VALUES (4);

--
-- Table structure for table `vtiger_projectpriority`
--

CREATE TABLE `vtiger_projectpriority` (
  `projectpriorityid` int(11) NOT NULL AUTO_INCREMENT,
  `projectpriority` varchar(200) NOT NULL,
  `presence` int(1) NOT NULL DEFAULT 1,
  `picklist_valueid` int(11) NOT NULL DEFAULT 0,
  `sortorderid` int(11) DEFAULT 0,
  `color` varchar(10) DEFAULT NULL,
  PRIMARY KEY (`projectpriorityid`)
) ENGINE=InnoDB AUTO_INCREMENT=5 DEFAULT CHARSET=utf8 COLLATE=utf8_general_ci;

--
-- Dumping data for table `vtiger_projectpriority`
--

INSERT INTO `vtiger_projectpriority` VALUES (2,'low',1,272,2,NULL),(3,'normal',1,273,3,NULL),(4,'high',1,274,4,NULL);

--
-- Table structure for table `vtiger_projectpriority_seq`
--

CREATE TABLE `vtiger_projectpriority_seq` (
  `id` int(11) NOT NULL
) ENGINE=InnoDB DEFAULT CHARSET=utf8 COLLATE=utf8_general_ci;

--
-- Dumping data for table `vtiger_projectpriority_seq`
--

INSERT INTO `vtiger_projectpriority_seq` VALUES (4);

--
-- Table structure for table `vtiger_projectstatus`
--

CREATE TABLE `vtiger_projectstatus` (
  `projectstatusid` int(11) NOT NULL AUTO_INCREMENT,
  `projectstatus` varchar(200) NOT NULL,
  `presence` int(1) NOT NULL DEFAULT 1,
  `picklist_valueid` int(11) NOT NULL DEFAULT 0,
  `sortorderid` int(11) DEFAULT 0,
  `color` varchar(10) DEFAULT NULL,
  PRIMARY KEY (`projectstatusid`)
) ENGINE=InnoDB AUTO_INCREMENT=10 DEFAULT CHARSET=utf8 COLLATE=utf8_general_ci;

--
-- Dumping data for table `vtiger_projectstatus`
--

INSERT INTO `vtiger_projectstatus` VALUES (2,'prospecting',1,259,2,NULL),(3,'initiated',1,260,3,NULL),(4,'in progress',1,261,4,NULL),(5,'waiting for feedback',1,262,5,NULL),(6,'on hold',1,263,6,NULL),(7,'completed',1,264,7,NULL),(8,'delivered',1,265,8,NULL),(9,'archived',1,266,9,NULL);

--
-- Table structure for table `vtiger_projectstatus_seq`
--

CREATE TABLE `vtiger_projectstatus_seq` (
  `id` int(11) NOT NULL
) ENGINE=InnoDB DEFAULT CHARSET=utf8 COLLATE=utf8_general_ci;

--
-- Dumping data for table `vtiger_projectstatus_seq`
--

INSERT INTO `vtiger_projectstatus_seq` VALUES (9);

--
-- Table structure for table `vtiger_projecttask`
--

CREATE TABLE `vtiger_projecttask` (
  `projecttaskid` int(11) NOT NULL,
  `projecttaskname` varchar(255) DEFAULT NULL,
  `projecttask_no` varchar(100) DEFAULT NULL,
  `projecttasktype` varchar(100) DEFAULT NULL,
  `projecttaskpriority` varchar(100) DEFAULT NULL,
  `projecttaskprogress` varchar(100) DEFAULT NULL,
  `projecttaskhours` varchar(255) DEFAULT NULL,
  `startdate` date DEFAULT NULL,
  `enddate` date DEFAULT NULL,
  `projectid` varchar(100) DEFAULT NULL,
  `projecttasknumber` int(11) DEFAULT NULL,
  `tags` varchar(1) DEFAULT NULL,
  `projecttaskstatus` varchar(100) DEFAULT NULL,
  PRIMARY KEY (`projecttaskid`),
  CONSTRAINT `fk_crmid_vtiger_projecttask` FOREIGN KEY (`projecttaskid`) REFERENCES `vtiger_crmentity` (`crmid`) ON DELETE CASCADE
) ENGINE=InnoDB DEFAULT CHARSET=utf8 COLLATE=utf8_general_ci;

--
-- Dumping data for table `vtiger_projecttask`
--


--
-- Table structure for table `vtiger_projecttask_status_color`
--

CREATE TABLE `vtiger_projecttask_status_color` (
  `status` varchar(255) DEFAULT NULL,
  `defaultcolor` varchar(50) DEFAULT NULL,
  `color` varchar(50) DEFAULT NULL,
  UNIQUE KEY `status` (`status`)
) ENGINE=InnoDB DEFAULT CHARSET=utf8 COLLATE=utf8_general_ci;

--
-- Dumping data for table `vtiger_projecttask_status_color`
--

INSERT INTO `vtiger_projecttask_status_color` VALUES ('Open','#0099ff',NULL),('In Progress','#fdff00',NULL),('Completed','#3BBF67',NULL),('Deferred','#fbb11e',NULL),('Canceled','#660066',NULL);

--
-- Table structure for table `vtiger_projecttaskcf`
--

CREATE TABLE `vtiger_projecttaskcf` (
  `projecttaskid` int(11) NOT NULL DEFAULT 0,
  PRIMARY KEY (`projecttaskid`),
  CONSTRAINT `fk_projecttaskid_vtiger_projecttaskcf` FOREIGN KEY (`projecttaskid`) REFERENCES `vtiger_projecttask` (`projecttaskid`) ON DELETE CASCADE
) ENGINE=InnoDB DEFAULT CHARSET=utf8 COLLATE=utf8_general_ci;

--
-- Dumping data for table `vtiger_projecttaskcf`
--


--
-- Table structure for table `vtiger_projecttaskpriority`
--

CREATE TABLE `vtiger_projecttaskpriority` (
  `projecttaskpriorityid` int(11) NOT NULL AUTO_INCREMENT,
  `projecttaskpriority` varchar(200) NOT NULL,
  `presence` int(1) NOT NULL DEFAULT 1,
  `picklist_valueid` int(11) NOT NULL DEFAULT 0,
  `sortorderid` int(11) DEFAULT 0,
  `color` varchar(10) DEFAULT NULL,
  PRIMARY KEY (`projecttaskpriorityid`)
) ENGINE=InnoDB AUTO_INCREMENT=5 DEFAULT CHARSET=utf8 COLLATE=utf8_general_ci;

--
-- Dumping data for table `vtiger_projecttaskpriority`
--

INSERT INTO `vtiger_projecttaskpriority` VALUES (2,'low',1,244,2,NULL),(3,'normal',1,245,3,NULL),(4,'high',1,246,4,NULL);

--
-- Table structure for table `vtiger_projecttaskpriority_seq`
--

CREATE TABLE `vtiger_projecttaskpriority_seq` (
  `id` int(11) NOT NULL
) ENGINE=InnoDB DEFAULT CHARSET=utf8 COLLATE=utf8_general_ci;

--
-- Dumping data for table `vtiger_projecttaskpriority_seq`
--

INSERT INTO `vtiger_projecttaskpriority_seq` VALUES (4);

--
-- Table structure for table `vtiger_projecttaskprogress`
--

CREATE TABLE `vtiger_projecttaskprogress` (
  `projecttaskprogressid` int(11) NOT NULL AUTO_INCREMENT,
  `projecttaskprogress` varchar(200) NOT NULL,
  `presence` int(1) NOT NULL DEFAULT 1,
  `picklist_valueid` int(11) NOT NULL DEFAULT 0,
  `sortorderid` int(11) DEFAULT 0,
  `color` varchar(10) DEFAULT NULL,
  PRIMARY KEY (`projecttaskprogressid`)
) ENGINE=InnoDB AUTO_INCREMENT=12 DEFAULT CHARSET=utf8 COLLATE=utf8_general_ci;

--
-- Dumping data for table `vtiger_projecttaskprogress`
--

INSERT INTO `vtiger_projecttaskprogress` VALUES (2,'10%',1,248,2,NULL),(3,'20%',1,249,3,NULL),(4,'30%',1,250,4,NULL),(5,'40%',1,251,5,NULL),(6,'50%',1,252,6,NULL),(7,'60%',1,253,7,NULL),(8,'70%',1,254,8,NULL),(9,'80%',1,255,9,NULL),(10,'90%',1,256,10,NULL),(11,'100%',1,257,11,NULL);

--
-- Table structure for table `vtiger_projecttaskprogress_seq`
--

CREATE TABLE `vtiger_projecttaskprogress_seq` (
  `id` int(11) NOT NULL
) ENGINE=InnoDB DEFAULT CHARSET=utf8 COLLATE=utf8_general_ci;

--
-- Dumping data for table `vtiger_projecttaskprogress_seq`
--

INSERT INTO `vtiger_projecttaskprogress_seq` VALUES (11);

--
-- Table structure for table `vtiger_projecttaskstatus`
--

CREATE TABLE `vtiger_projecttaskstatus` (
  `projecttaskstatusid` int(11) NOT NULL AUTO_INCREMENT,
  `projecttaskstatus` varchar(200) NOT NULL,
  `presence` int(1) NOT NULL DEFAULT 1,
  `picklist_valueid` int(11) NOT NULL DEFAULT 0,
  `sortorderid` int(11) DEFAULT 0,
  `color` varchar(10) DEFAULT NULL,
  PRIMARY KEY (`projecttaskstatusid`)
) ENGINE=InnoDB AUTO_INCREMENT=7 DEFAULT CHARSET=utf8 COLLATE=utf8_general_ci;

--
-- Dumping data for table `vtiger_projecttaskstatus`
--

INSERT INTO `vtiger_projecttaskstatus` VALUES (2,'Open',0,290,2,NULL),(3,'In Progress',0,291,3,NULL),(4,'Completed',0,292,4,NULL),(5,'Deferred',0,293,5,NULL),(6,'Canceled ',0,294,6,NULL);

--
-- Table structure for table `vtiger_projecttaskstatus_seq`
--

CREATE TABLE `vtiger_projecttaskstatus_seq` (
  `id` int(11) NOT NULL
) ENGINE=InnoDB DEFAULT CHARSET=utf8 COLLATE=utf8_general_ci;

--
-- Dumping data for table `vtiger_projecttaskstatus_seq`
--

INSERT INTO `vtiger_projecttaskstatus_seq` VALUES (6);

--
-- Table structure for table `vtiger_projecttasktype`
--

CREATE TABLE `vtiger_projecttasktype` (
  `projecttasktypeid` int(11) NOT NULL AUTO_INCREMENT,
  `projecttasktype` varchar(200) NOT NULL,
  `presence` int(1) NOT NULL DEFAULT 1,
  `picklist_valueid` int(11) NOT NULL DEFAULT 0,
  `sortorderid` int(11) DEFAULT 0,
  `color` varchar(10) DEFAULT NULL,
  PRIMARY KEY (`projecttasktypeid`)
) ENGINE=InnoDB AUTO_INCREMENT=5 DEFAULT CHARSET=utf8 COLLATE=utf8_general_ci;

--
-- Dumping data for table `vtiger_projecttasktype`
--

INSERT INTO `vtiger_projecttasktype` VALUES (2,'administrative',1,240,2,NULL),(3,'operative',1,241,3,NULL),(4,'other',1,242,4,NULL);

--
-- Table structure for table `vtiger_projecttasktype_seq`
--

CREATE TABLE `vtiger_projecttasktype_seq` (
  `id` int(11) NOT NULL
) ENGINE=InnoDB DEFAULT CHARSET=utf8 COLLATE=utf8_general_ci;

--
-- Dumping data for table `vtiger_projecttasktype_seq`
--

INSERT INTO `vtiger_projecttasktype_seq` VALUES (4);

--
-- Table structure for table `vtiger_projecttype`
--

CREATE TABLE `vtiger_projecttype` (
  `projecttypeid` int(11) NOT NULL AUTO_INCREMENT,
  `projecttype` varchar(200) NOT NULL,
  `presence` int(1) NOT NULL DEFAULT 1,
  `picklist_valueid` int(11) NOT NULL DEFAULT 0,
  `sortorderid` int(11) DEFAULT 0,
  `color` varchar(10) DEFAULT NULL,
  PRIMARY KEY (`projecttypeid`)
) ENGINE=InnoDB AUTO_INCREMENT=5 DEFAULT CHARSET=utf8 COLLATE=utf8_general_ci;

--
-- Dumping data for table `vtiger_projecttype`
--

INSERT INTO `vtiger_projecttype` VALUES (2,'administrative',1,268,2,NULL),(3,'operative',1,269,3,NULL),(4,'other',1,270,4,NULL);

--
-- Table structure for table `vtiger_projecttype_seq`
--

CREATE TABLE `vtiger_projecttype_seq` (
  `id` int(11) NOT NULL
) ENGINE=InnoDB DEFAULT CHARSET=utf8 COLLATE=utf8_general_ci;

--
-- Dumping data for table `vtiger_projecttype_seq`
--

INSERT INTO `vtiger_projecttype_seq` VALUES (4);

--
-- Table structure for table `vtiger_purchaseorder`
--

CREATE TABLE `vtiger_purchaseorder` (
  `purchaseorderid` int(19) NOT NULL DEFAULT 0,
  `subject` varchar(100) DEFAULT NULL,
  `quoteid` int(19) DEFAULT NULL,
  `vendorid` int(19) DEFAULT NULL,
  `requisition_no` varchar(100) DEFAULT NULL,
  `purchaseorder_no` varchar(100) DEFAULT NULL,
  `tracking_no` varchar(100) DEFAULT NULL,
  `contactid` int(19) DEFAULT NULL,
  `duedate` date DEFAULT NULL,
  `carrier` varchar(200) DEFAULT NULL,
  `type` varchar(100) DEFAULT NULL,
  `adjustment` decimal(25,8) DEFAULT NULL,
  `salescommission` decimal(25,3) DEFAULT NULL,
  `exciseduty` decimal(25,3) DEFAULT NULL,
  `total` decimal(25,8) DEFAULT NULL,
  `subtotal` decimal(25,8) DEFAULT NULL,
  `taxtype` varchar(25) DEFAULT NULL,
  `discount_percent` decimal(25,3) DEFAULT NULL,
  `discount_amount` decimal(25,8) DEFAULT NULL,
  `s_h_amount` decimal(25,8) DEFAULT NULL,
  `terms_conditions` text DEFAULT NULL,
  `postatus` varchar(200) DEFAULT NULL,
  `currency_id` int(19) NOT NULL DEFAULT 1,
  `conversion_rate` decimal(10,3) NOT NULL DEFAULT 1.000,
  `compound_taxes_info` text DEFAULT NULL,
  `pre_tax_total` decimal(25,8) DEFAULT NULL,
  `paid` decimal(25,8) DEFAULT NULL,
  `balance` decimal(25,8) DEFAULT NULL,
  `s_h_percent` decimal(25,3) DEFAULT NULL,
  `tags` varchar(1) DEFAULT NULL,
  `region_id` int(19) DEFAULT NULL,
  PRIMARY KEY (`purchaseorderid`),
  KEY `purchaseorder_vendorid_idx` (`vendorid`),
  KEY `purchaseorder_quoteid_idx` (`quoteid`),
  KEY `purchaseorder_contactid_idx` (`contactid`),
  CONSTRAINT `fk_4_vtiger_purchaseorder` FOREIGN KEY (`vendorid`) REFERENCES `vtiger_vendor` (`vendorid`) ON DELETE CASCADE,
  CONSTRAINT `fk_crmid_vtiger_purchaseorder` FOREIGN KEY (`purchaseorderid`) REFERENCES `vtiger_crmentity` (`crmid`) ON DELETE CASCADE
) ENGINE=InnoDB DEFAULT CHARSET=utf8 COLLATE=utf8_general_ci;

--
-- Dumping data for table `vtiger_purchaseorder`
--


--
-- Table structure for table `vtiger_purchaseordercf`
--

CREATE TABLE `vtiger_purchaseordercf` (
  `purchaseorderid` int(19) NOT NULL DEFAULT 0,
  PRIMARY KEY (`purchaseorderid`),
  CONSTRAINT `fk_1_vtiger_purchaseordercf` FOREIGN KEY (`purchaseorderid`) REFERENCES `vtiger_purchaseorder` (`purchaseorderid`) ON DELETE CASCADE
) ENGINE=InnoDB DEFAULT CHARSET=utf8 COLLATE=utf8_general_ci;

--
-- Dumping data for table `vtiger_purchaseordercf`
--


--
-- Table structure for table `vtiger_pushnotificationstatus`
--

CREATE TABLE `vtiger_pushnotificationstatus` (
  `pushnotificationstatusid` int(11) NOT NULL AUTO_INCREMENT,
  `pushnotificationstatus` varchar(200) NOT NULL,
  `presence` int(1) NOT NULL DEFAULT 1,
  `picklist_valueid` int(11) NOT NULL DEFAULT 0,
  `sortorderid` int(11) DEFAULT 0,
  `color` varchar(10) DEFAULT NULL,
  PRIMARY KEY (`pushnotificationstatusid`)
) ENGINE=InnoDB AUTO_INCREMENT=4 DEFAULT CHARSET=utf8 COLLATE=utf8_general_ci;

--
-- Dumping data for table `vtiger_pushnotificationstatus`
--

INSERT INTO `vtiger_pushnotificationstatus` VALUES (1,'Draft',1,332,1,NULL),(2,'Send',1,333,2,NULL),(3,'Failed',1,334,3,NULL);

--
-- Table structure for table `vtiger_pushnotificationstatus_seq`
--

CREATE TABLE `vtiger_pushnotificationstatus_seq` (
  `id` int(11) NOT NULL
) ENGINE=InnoDB DEFAULT CHARSET=utf8 COLLATE=utf8_general_ci;

--
-- Dumping data for table `vtiger_pushnotificationstatus_seq`
--

INSERT INTO `vtiger_pushnotificationstatus_seq` VALUES (3);

--
-- Table structure for table `vtiger_quotes`
--

CREATE TABLE `vtiger_quotes` (
  `quoteid` int(19) NOT NULL DEFAULT 0,
  `subject` varchar(100) DEFAULT NULL,
  `potentialid` int(19) DEFAULT NULL,
  `quotestage` varchar(200) DEFAULT NULL,
  `validtill` date DEFAULT NULL,
  `contactid` int(19) DEFAULT NULL,
  `quote_no` varchar(100) DEFAULT NULL,
  `subtotal` decimal(25,8) DEFAULT NULL,
  `carrier` varchar(200) DEFAULT NULL,
  `shipping` varchar(100) DEFAULT NULL,
  `inventorymanager` int(19) DEFAULT NULL,
  `type` varchar(100) DEFAULT NULL,
  `adjustment` decimal(25,8) DEFAULT NULL,
  `total` decimal(25,8) DEFAULT NULL,
  `taxtype` varchar(25) DEFAULT NULL,
  `discount_percent` decimal(25,3) DEFAULT NULL,
  `discount_amount` decimal(25,8) DEFAULT NULL,
  `s_h_amount` decimal(25,8) DEFAULT NULL,
  `accountid` int(19) DEFAULT NULL,
  `terms_conditions` text DEFAULT NULL,
  `currency_id` int(19) NOT NULL DEFAULT 1,
  `conversion_rate` decimal(10,3) NOT NULL DEFAULT 1.000,
  `compound_taxes_info` text DEFAULT NULL,
  `pre_tax_total` decimal(25,8) DEFAULT NULL,
  `s_h_percent` decimal(25,3) DEFAULT NULL,
  `tags` varchar(1) DEFAULT NULL,
  `region_id` int(19) DEFAULT NULL,
  PRIMARY KEY (`quoteid`),
  KEY `quote_quotestage_idx` (`quotestage`),
  KEY `quotes_potentialid_idx` (`potentialid`),
  KEY `quotes_contactid_idx` (`contactid`),
  CONSTRAINT `fk_3_vtiger_quotes` FOREIGN KEY (`potentialid`) REFERENCES `vtiger_potential` (`potentialid`) ON DELETE CASCADE,
  CONSTRAINT `fk_crmid_vtiger_quotes` FOREIGN KEY (`quoteid`) REFERENCES `vtiger_crmentity` (`crmid`) ON DELETE CASCADE
) ENGINE=InnoDB DEFAULT CHARSET=utf8 COLLATE=utf8_general_ci;

--
-- Dumping data for table `vtiger_quotes`
--


--
-- Table structure for table `vtiger_quotesbillads`
--

CREATE TABLE `vtiger_quotesbillads` (
  `quotebilladdressid` int(19) NOT NULL DEFAULT 0,
  `bill_city` varchar(30) DEFAULT NULL,
  `bill_code` varchar(30) DEFAULT NULL,
  `bill_country` varchar(30) DEFAULT NULL,
  `bill_state` varchar(30) DEFAULT NULL,
  `bill_street` varchar(250) DEFAULT NULL,
  `bill_pobox` varchar(30) DEFAULT NULL,
  PRIMARY KEY (`quotebilladdressid`),
  CONSTRAINT `fk_1_vtiger_quotesbillads` FOREIGN KEY (`quotebilladdressid`) REFERENCES `vtiger_quotes` (`quoteid`) ON DELETE CASCADE
) ENGINE=InnoDB DEFAULT CHARSET=utf8 COLLATE=utf8_general_ci;

--
-- Dumping data for table `vtiger_quotesbillads`
--


--
-- Table structure for table `vtiger_quotescf`
--

CREATE TABLE `vtiger_quotescf` (
  `quoteid` int(19) NOT NULL DEFAULT 0,
  PRIMARY KEY (`quoteid`),
  CONSTRAINT `fk_1_vtiger_quotescf` FOREIGN KEY (`quoteid`) REFERENCES `vtiger_quotes` (`quoteid`) ON DELETE CASCADE
) ENGINE=InnoDB DEFAULT CHARSET=utf8 COLLATE=utf8_general_ci;

--
-- Dumping data for table `vtiger_quotescf`
--


--
-- Table structure for table `vtiger_quotesshipads`
--

CREATE TABLE `vtiger_quotesshipads` (
  `quoteshipaddressid` int(19) NOT NULL DEFAULT 0,
  `ship_city` varchar(30) DEFAULT NULL,
  `ship_code` varchar(30) DEFAULT NULL,
  `ship_country` varchar(30) DEFAULT NULL,
  `ship_state` varchar(30) DEFAULT NULL,
  `ship_street` varchar(250) DEFAULT NULL,
  `ship_pobox` varchar(30) DEFAULT NULL,
  PRIMARY KEY (`quoteshipaddressid`),
  CONSTRAINT `fk_1_vtiger_quotesshipads` FOREIGN KEY (`quoteshipaddressid`) REFERENCES `vtiger_quotes` (`quoteid`) ON DELETE CASCADE
) ENGINE=InnoDB DEFAULT CHARSET=utf8 COLLATE=utf8_general_ci;

--
-- Dumping data for table `vtiger_quotesshipads`
--


--
-- Table structure for table `vtiger_quotestage`
--

CREATE TABLE `vtiger_quotestage` (
  `quotestageid` int(19) NOT NULL AUTO_INCREMENT,
  `quotestage` varchar(200) NOT NULL,
  `presence` int(1) NOT NULL DEFAULT 1,
  `picklist_valueid` int(19) NOT NULL DEFAULT 0,
  `sortorderid` int(11) DEFAULT NULL,
  `color` varchar(10) DEFAULT NULL,
  PRIMARY KEY (`quotestageid`),
  UNIQUE KEY `quotestage_quotestage_idx` (`quotestage`)
) ENGINE=InnoDB AUTO_INCREMENT=6 DEFAULT CHARSET=utf8 COLLATE=utf8_general_ci;

--
-- Dumping data for table `vtiger_quotestage`
--

INSERT INTO `vtiger_quotestage` VALUES (1,'Created',0,139,0,NULL),(2,'Delivered',0,140,1,NULL),(3,'Reviewed',0,141,2,NULL),(4,'Accepted',0,142,3,NULL),(5,'Rejected',0,143,4,NULL);

--
-- Table structure for table `vtiger_quotestage_seq`
--

CREATE TABLE `vtiger_quotestage_seq` (
  `id` int(11) NOT NULL
) ENGINE=InnoDB DEFAULT CHARSET=utf8 COLLATE=utf8_general_ci;

--
-- Dumping data for table `vtiger_quotestage_seq`
--

INSERT INTO `vtiger_quotestage_seq` VALUES (5);

--
-- Table structure for table `vtiger_quotestagehistory`
--

CREATE TABLE `vtiger_quotestagehistory` (
  `historyid` int(19) NOT NULL AUTO_INCREMENT,
  `quoteid` int(19) NOT NULL,
  `accountname` varchar(100) DEFAULT NULL,
  `total` decimal(10,0) DEFAULT NULL,
  `quotestage` varchar(200) DEFAULT NULL,
  `lastmodified` datetime DEFAULT NULL,
  PRIMARY KEY (`historyid`),
  KEY `quotestagehistory_quoteid_idx` (`quoteid`),
  CONSTRAINT `fk_1_vtiger_quotestagehistory` FOREIGN KEY (`quoteid`) REFERENCES `vtiger_quotes` (`quoteid`) ON DELETE CASCADE
) ENGINE=InnoDB DEFAULT CHARSET=utf8 COLLATE=utf8_general_ci;

--
-- Dumping data for table `vtiger_quotestagehistory`
--


--
-- Table structure for table `vtiger_rating`
--

CREATE TABLE `vtiger_rating` (
  `rating_id` int(19) NOT NULL AUTO_INCREMENT,
  `rating` varchar(200) DEFAULT NULL,
  `presence` int(1) NOT NULL DEFAULT 1,
  `picklist_valueid` int(19) NOT NULL DEFAULT 0,
  `sortorderid` int(11) DEFAULT NULL,
  `color` varchar(10) DEFAULT NULL,
  PRIMARY KEY (`rating_id`)
) ENGINE=InnoDB AUTO_INCREMENT=7 DEFAULT CHARSET=utf8 COLLATE=utf8_general_ci;

--
-- Dumping data for table `vtiger_rating`
--

INSERT INTO `vtiger_rating` VALUES (2,'Platino',1,145,1,'#ffffff'),(3,'Oro',1,146,2,'#ffffff'),(4,'Plata',1,147,3,'#ffffff'),(5,'Bronce',1,148,4,'#ffffff'),(6,'No rentable',1,149,5,'#ffffff');

--
-- Table structure for table `vtiger_rating_seq`
--

CREATE TABLE `vtiger_rating_seq` (
  `id` int(11) NOT NULL
) ENGINE=InnoDB DEFAULT CHARSET=utf8 COLLATE=utf8_general_ci;

--
-- Dumping data for table `vtiger_rating_seq`
--

INSERT INTO `vtiger_rating_seq` VALUES (6);

--
-- Table structure for table `vtiger_recurring_frequency`
--

CREATE TABLE `vtiger_recurring_frequency` (
  `recurring_frequency_id` int(11) DEFAULT NULL,
  `recurring_frequency` varchar(200) DEFAULT NULL,
  `sortorderid` int(11) DEFAULT NULL,
  `presence` int(11) DEFAULT NULL,
  `color` varchar(10) DEFAULT NULL
) ENGINE=InnoDB DEFAULT CHARSET=utf8 COLLATE=utf8_general_ci;

--
-- Dumping data for table `vtiger_recurring_frequency`
--

INSERT INTO `vtiger_recurring_frequency` VALUES (2,'Daily',1,1,NULL),(3,'Weekly',2,1,NULL),(4,'Monthly',3,1,NULL),(5,'Quarterly',4,1,NULL),(6,'Yearly',5,1,NULL);

--
-- Table structure for table `vtiger_recurring_frequency_seq`
--

CREATE TABLE `vtiger_recurring_frequency_seq` (
  `id` int(11) NOT NULL
) ENGINE=InnoDB DEFAULT CHARSET=utf8 COLLATE=utf8_general_ci;

--
-- Dumping data for table `vtiger_recurring_frequency_seq`
--

INSERT INTO `vtiger_recurring_frequency_seq` VALUES (6);

--
-- Table structure for table `vtiger_recurringevents`
--

CREATE TABLE `vtiger_recurringevents` (
  `recurringid` int(19) NOT NULL AUTO_INCREMENT,
  `activityid` int(19) NOT NULL,
  `recurringdate` date DEFAULT NULL,
  `recurringtype` varchar(30) DEFAULT NULL,
  `recurringfreq` int(19) DEFAULT NULL,
  `recurringinfo` varchar(50) DEFAULT NULL,
  `recurringenddate` date DEFAULT NULL,
  PRIMARY KEY (`recurringid`),
  KEY `fk_1_vtiger_recurringevents` (`activityid`),
  CONSTRAINT `fk_1_vtiger_recurringevents` FOREIGN KEY (`activityid`) REFERENCES `vtiger_activity` (`activityid`) ON DELETE CASCADE
) ENGINE=InnoDB DEFAULT CHARSET=utf8 COLLATE=utf8_general_ci;

--
-- Dumping data for table `vtiger_recurringevents`
--


--
-- Table structure for table `vtiger_recurringtype`
--

CREATE TABLE `vtiger_recurringtype` (
  `recurringeventid` int(19) NOT NULL AUTO_INCREMENT,
  `recurringtype` varchar(200) NOT NULL,
  `sortorderid` int(19) NOT NULL DEFAULT 0,
  `presence` int(1) NOT NULL DEFAULT 1,
  `color` varchar(10) DEFAULT NULL,
  PRIMARY KEY (`recurringeventid`),
  UNIQUE KEY `recurringtype_status_idx` (`recurringtype`)
) ENGINE=InnoDB AUTO_INCREMENT=6 DEFAULT CHARSET=utf8 COLLATE=utf8_general_ci;

--
-- Dumping data for table `vtiger_recurringtype`
--

INSERT INTO `vtiger_recurringtype` VALUES (2,'Daily',1,1,NULL),(3,'Weekly',2,1,NULL),(4,'Monthly',3,1,NULL),(5,'Yearly',4,1,NULL);

--
-- Table structure for table `vtiger_recurringtype_seq`
--

CREATE TABLE `vtiger_recurringtype_seq` (
  `id` int(11) NOT NULL
) ENGINE=InnoDB DEFAULT CHARSET=utf8 COLLATE=utf8_general_ci;

--
-- Dumping data for table `vtiger_recurringtype_seq`
--

INSERT INTO `vtiger_recurringtype_seq` VALUES (5);

--
-- Table structure for table `vtiger_relatedlists`
--

CREATE TABLE `vtiger_relatedlists` (
  `relation_id` int(19) NOT NULL,
  `tabid` int(10) DEFAULT NULL,
  `related_tabid` int(10) DEFAULT NULL,
  `name` varchar(100) DEFAULT NULL,
  `sequence` int(10) DEFAULT NULL,
  `label` varchar(100) DEFAULT NULL,
  `presence` int(10) NOT NULL DEFAULT 0,
  `actions` varchar(50) NOT NULL DEFAULT '',
  `relationfieldid` int(19) DEFAULT NULL,
  `source` varchar(25) DEFAULT NULL,
  `relationtype` varchar(10) DEFAULT NULL,
  PRIMARY KEY (`relation_id`),
  KEY `relatedlists_relation_id_idx` (`relation_id`)
) ENGINE=InnoDB DEFAULT CHARSET=utf8 COLLATE=utf8_general_ci;

--
-- Dumping data for table `vtiger_relatedlists`
--

INSERT INTO `vtiger_relatedlists` VALUES (1,6,4,'get_contacts',2,'Contacts',0,'add',72,'','1:N'),(2,6,2,'get_opportunities',3,'Potentials',0,'add',113,'','1:N'),(3,6,20,'get_quotes',4,'Quotes',0,'add',330,'','1:N'),(4,6,22,'get_salesorder',5,'Sales Order',0,'add',409,'','1:N'),(5,6,23,'get_invoices',6,'Invoice',0,'add',452,'','1:N'),(6,6,9,'get_activities',7,'Activities',0,'add',238,'','1:N'),(7,6,10,'get_emails',8,'Emails',0,'add',NULL,'','N:N'),(8,6,9,'get_history',9,'Activity History',0,'add',238,'','1:N'),(9,6,8,'get_attachments',10,'Documents',0,'add,select',NULL,'','N:N'),(10,6,13,'get_tickets',11,'HelpDesk',0,'add',157,'','1:N'),(11,6,14,'get_products',12,'Products',0,'select',NULL,'','N:N'),(12,7,9,'get_activities',2,'Activities',0,'add',238,'','1:N'),(13,7,10,'get_emails',3,'Emails',0,'add',NULL,'','N:N'),(14,7,9,'get_history',4,'Activity History',0,'add',238,'','1:N'),(15,7,8,'get_attachments',5,'Documents',0,'add,select',NULL,'','N:N'),(16,7,14,'get_products',6,'Products',0,'select',NULL,'','N:N'),(17,7,26,'get_campaigns',7,'Campaigns',0,'select',NULL,'','N:N'),(18,4,2,'get_opportunities',2,'Potentials',0,'add',740,'','1:N'),(19,4,9,'get_activities',3,'Activities',0,'add',239,'','1:N'),(20,4,10,'get_emails',4,'Emails',0,'add',NULL,'','N:N'),(21,4,13,'get_tickets',5,'HelpDesk',0,'add',741,'','1:N'),(22,4,20,'get_quotes',6,'Quotes',0,'add',319,'','1:N'),(23,4,21,'get_purchase_orders',7,'Purchase Order',0,'add',356,'','1:N'),(24,4,22,'get_salesorder',8,'Sales Order',0,'add',395,'','1:N'),(25,4,14,'get_products',9,'Products',0,'select',NULL,'','N:N'),(26,4,9,'get_history',10,'Activity History',0,'add',239,'','1:N'),(27,4,8,'get_attachments',11,'Documents',0,'add,select',NULL,'','N:N'),(28,4,26,'get_campaigns',12,'Campaigns',0,'select',NULL,'','N:N'),(29,4,23,'get_invoices',13,'Invoice',0,'add',439,'','1:N'),(30,2,9,'get_activities',2,'Activities',0,'add',238,'','1:N'),(31,2,4,'get_contacts',3,'Contacts',0,'select',NULL,'','N:N'),(32,2,14,'get_products',4,'Products',0,'select',NULL,'','N:N'),(33,2,0,'get_stage_history',5,'Sales Stage History',0,'',NULL,'','N:N'),(34,2,8,'get_attachments',6,'Documents',0,'add,select',NULL,'','N:N'),(35,2,20,'get_Quotes',7,'Quotes',0,'add',316,'','1:N'),(36,2,22,'get_salesorder',8,'Sales Order',0,'add',391,'','1:N'),(37,2,9,'get_history',9,'Activity History',0,'',238,'','1:N'),(38,14,13,'get_tickets',1,'HelpDesk',0,'add',159,'','1:N'),(39,14,8,'get_attachments',3,'Documents',0,'add,select',NULL,'','N:N'),(40,14,20,'get_quotes',4,'Quotes',0,'add',703,'','1:N'),(41,14,21,'get_purchase_orders',5,'Purchase Order',0,'add',694,'','1:N'),(42,14,22,'get_salesorder',6,'Sales Order',0,'add',685,'','1:N'),(43,14,23,'get_invoices',7,'Invoice',0,'add',676,'','1:N'),(44,14,19,'get_product_pricebooks',8,'PriceBooks',0,'ADD,SELECT',NULL,'','N:N'),(45,14,7,'get_leads',9,'Leads',0,'select',NULL,'','N:N'),(46,14,6,'get_accounts',10,'Accounts',0,'select',NULL,'','N:N'),(47,14,4,'get_contacts',11,'Contacts',0,'select',NULL,'','N:N'),(48,14,2,'get_opportunities',12,'Potentials',0,'select',NULL,'','N:N'),(49,14,14,'get_products',13,'Product Bundles',0,'add,select',NULL,'','N:N'),(50,14,14,'get_parent_products',14,'Parent Product',0,'',NULL,'','N:N'),(51,10,4,'get_contacts',1,'Contacts',0,'select,bulkmail',NULL,'','N:N'),(52,10,0,'get_users',2,'Users',0,'',NULL,'','N:N'),(53,10,8,'get_attachments',3,'Documents',0,'add,select',NULL,'','N:N'),(54,13,9,'get_activities',2,'Activities',0,'add',238,'','1:N'),(55,13,8,'get_attachments',3,'Documents',0,'add,select',NULL,'','N:N'),(56,13,0,'get_ticket_history',4,'Ticket History',0,'',NULL,'','N:N'),(57,13,9,'get_history',5,'Activity History',0,'add',238,'','1:N'),(58,19,14,'get_pricebook_products',2,'Products',0,'select',NULL,'','N:N'),(59,18,14,'get_products',1,'Products',0,'add,select',185,'','1:N'),(60,18,21,'get_purchase_orders',2,'Purchase Order',0,'add',353,'','1:N'),(61,18,4,'get_contacts',3,'Contacts',0,'select',NULL,'','N:N'),(62,18,10,'get_emails',4,'Emails',0,'add',NULL,'','N:N'),(63,20,22,'get_salesorder',1,'Sales Order',0,'',393,'','1:N'),(64,20,9,'get_activities',2,'Activities',0,'add',NULL,'','N:N'),(65,20,8,'get_attachments',3,'Documents',0,'add,select',NULL,'','N:N'),(66,20,9,'get_history',4,'Activity History',0,'',NULL,'','N:N'),(67,20,0,'get_quotestagehistory',5,'Quote Stage History',0,'',NULL,'','N:N'),(68,21,9,'get_activities',1,'Activities',0,'add',NULL,'','N:N'),(69,21,8,'get_attachments',2,'Documents',0,'add,select',NULL,'','N:N'),(70,21,9,'get_history',3,'Activity History',0,'',NULL,'','N:N'),(71,21,0,'get_postatushistory',4,'PurchaseOrder Status History',0,'',NULL,'','N:N'),(72,22,9,'get_activities',1,'Activities',0,'add',NULL,'','N:N'),(73,22,8,'get_attachments',2,'Documents',0,'add,select',NULL,'','N:N'),(74,22,23,'get_invoices',3,'Invoice',0,'',437,'','1:N'),(75,22,9,'get_history',4,'Activity History',0,'',NULL,'','N:N'),(76,22,0,'get_sostatushistory',5,'SalesOrder Status History',0,'',NULL,'','N:N'),(77,23,9,'get_activities',1,'Activities',0,'add',NULL,'','N:N'),(78,23,8,'get_attachments',2,'Documents',0,'add,select',NULL,'','N:N'),(79,23,9,'get_history',3,'Activity History',0,'',NULL,'','N:N'),(80,23,0,'get_invoicestatushistory',4,'Invoice Status History',0,'',NULL,'','N:N'),(81,9,0,'get_users',1,'Users',0,'',NULL,'','N:N'),(82,9,4,'get_contacts',2,'Contacts',0,'',NULL,'','N:N'),(83,26,4,'get_contacts',1,'Contacts',0,'add,select',NULL,'','N:N'),(84,26,7,'get_leads',2,'Leads',0,'add,select',NULL,'','N:N'),(85,26,2,'get_opportunities',3,'Potentials',0,'add',121,'','1:N'),(86,26,9,'get_activities',4,'Activities',0,'add',238,'','1:N'),(87,6,26,'get_campaigns',14,'Campaigns',0,'select',NULL,'','N:N'),(88,26,6,'get_accounts',5,'Accounts',0,'add,select',NULL,'','N:N'),(89,15,8,'get_attachments',2,'Documents',0,'add,select',NULL,'','N:N'),(90,31,13,'get_related_list',1,'Service Requests',0,'ADD,SELECT',NULL,NULL,'N:N'),(91,31,8,'get_attachments',2,'Documents',0,'ADD,SELECT',NULL,NULL,'N:N'),(92,6,31,'get_merged_list',15,'Service Contracts',0,'ADD',531,NULL,'1:N'),(93,4,31,'get_dependents_list',14,'Service Contracts',0,'ADD',531,NULL,'1:N'),(94,13,31,'get_related_list',6,'Service Contracts',0,'ADD,SELECT',NULL,NULL,'N:N'),(95,32,13,'get_related_list',1,'HelpDesk',0,'ADD,SELECT',NULL,NULL,'N:N'),(96,32,20,'get_quotes',2,'Quotes',0,'ADD',703,NULL,'1:N'),(97,32,21,'get_purchase_orders',3,'Purchase Order',0,'ADD',694,NULL,'1:N'),(98,32,22,'get_salesorder',4,'Sales Order',0,'ADD',685,NULL,'1:N'),(99,32,23,'get_invoices',5,'Invoice',0,'ADD',676,NULL,'1:N'),(100,32,19,'get_service_pricebooks',6,'PriceBooks',0,'ADD',NULL,NULL,'N:N'),(101,32,7,'get_related_list',7,'Leads',0,'SELECT',NULL,NULL,'N:N'),(102,32,6,'get_related_list',8,'Accounts',0,'SELECT',NULL,NULL,'N:N'),(103,32,4,'get_related_list',9,'Contacts',0,'SELECT',NULL,NULL,'N:N'),(104,32,2,'get_related_list',10,'Potentials',0,'SELECT',NULL,NULL,'N:N'),(105,32,8,'get_attachments',11,'Documents',0,'ADD,SELECT',NULL,NULL,'N:N'),(106,13,32,'get_related_list',7,'Services',0,'SELECT',NULL,NULL,'N:N'),(107,7,32,'get_related_list',8,'Services',0,'SELECT',NULL,NULL,'N:N'),(108,6,32,'get_related_list',16,'Services',0,'SELECT',NULL,NULL,'N:N'),(109,4,32,'get_related_list',15,'Services',0,'SELECT',NULL,NULL,'N:N'),(110,2,32,'get_related_list',10,'Services',0,'SELECT',NULL,NULL,'N:N'),(111,19,32,'get_pricebook_services',3,'Services',0,'SELECT',NULL,NULL,'N:N'),(112,4,37,'get_dependents_list',16,'PBXManager',0,'',579,NULL,'1:N'),(113,7,37,'get_dependents_list',9,'PBXManager',0,'',579,NULL,'1:N'),(114,6,37,'get_dependents_list',17,'PBXManager',0,'',579,NULL,'1:N'),(115,7,38,'get_comments',10,'ModComments',0,'',592,NULL,'1:N'),(116,4,38,'get_comments',17,'ModComments',0,'',592,NULL,'1:N'),(117,6,38,'get_comments',18,'ModComments',0,'',592,NULL,'1:N'),(118,2,38,'get_comments',11,'ModComments',0,'',592,NULL,'1:N'),(126,6,44,'get_merged_list',19,'Projects',0,'add',633,NULL,'1:N'),(127,4,44,'get_dependents_list',18,'Projects',0,'add',633,NULL,'1:N'),(128,13,44,'get_related_list',8,'Projects',0,'SELECT',NULL,NULL,'N:N'),(130,46,13,'get_related_list',1,'HelpDesk',0,'ADD,SELECT',NULL,NULL,'N:N'),(131,46,8,'get_attachments',2,'Documents',0,'ADD,SELECT',NULL,NULL,'N:N'),(132,6,46,'get_merged_list',20,'Assets',0,'ADD',659,NULL,'1:N'),(133,14,46,'get_dependents_list',15,'Assets',0,'ADD',648,NULL,'1:N'),(134,23,46,'get_dependents_list',5,'Assets',0,'ADD',654,NULL,'1:N'),(135,47,6,'get_related_list',1,'Accounts',0,' ',NULL,NULL,'N:N'),(136,47,4,'get_related_list',2,'Contacts',0,' ',NULL,NULL,'N:N'),(137,47,7,'get_related_list',3,'Leads',0,' ',NULL,NULL,'N:N'),(138,43,8,'get_attachments',2,'Documents',0,'ADD,SELECT',NULL,NULL,'N:N'),(139,43,38,'get_comments',3,'ModComments',0,'',592,NULL,'1:N'),(140,44,43,'get_dependents_list',2,'Project Tasks',0,'ADD',612,NULL,'1:N'),(141,44,42,'get_dependents_list',3,'Project Milestones',0,'ADD',598,NULL,'1:N'),(142,44,8,'get_attachments',4,'Documents',0,'ADD,SELECT',NULL,NULL,'N:N'),(143,44,13,'get_related_list',5,'HelpDesk',0,'ADD,SELECT',NULL,NULL,'N:N'),(144,44,0,'get_gantt_chart',6,'Charts',0,'',NULL,NULL,'N:N'),(145,44,38,'get_comments',7,'ModComments',0,'',592,NULL,'1:N'),(146,13,38,'get_comments',9,'ModComments',0,'',592,NULL,'1:N'),(147,15,38,'get_comments',3,'ModComments',0,'',592,NULL,'1:N'),(148,4,46,'get_dependents_list',19,'Assets',0,'ADD',660,NULL,'1:N'),(149,4,18,'get_vendors',20,'Vendors',0,'SELECT',NULL,'','N:N'),(150,2,23,'get_dependents_list',12,'Invoice',0,'ADD',774,NULL,'1:N'),(151,8,4,'get_related_list',1,'Contacts',0,'1',NULL,NULL,'N:N'),(152,8,6,'get_related_list',2,'Accounts',0,'1',NULL,NULL,'N:N'),(153,8,2,'get_related_list',3,'Potentials',0,'1',NULL,NULL,'N:N'),(154,8,7,'get_related_list',4,'Leads',0,'1',NULL,NULL,'N:N'),(155,8,14,'get_related_list',5,'Products',0,'1',NULL,NULL,'N:N'),(156,8,32,'get_related_list',6,'Services',0,'1',NULL,NULL,'N:N'),(157,8,44,'get_related_list',7,'Project',0,'1',NULL,NULL,'N:N'),(158,8,46,'get_related_list',8,'Assets',0,'1',NULL,NULL,'N:N'),(159,8,31,'get_related_list',9,'ServiceContracts',0,'1',NULL,NULL,'N:N'),(160,8,20,'get_related_list',10,'Quotes',0,'1',NULL,NULL,'N:N'),(161,8,23,'get_related_list',11,'Invoice',0,'1',NULL,NULL,'N:N'),(162,8,22,'get_related_list',12,'SalesOrder',0,'1',NULL,NULL,'N:N'),(163,8,21,'get_related_list',13,'PurchaseOrder',0,'1',NULL,NULL,'N:N'),(164,8,13,'get_related_list',14,'HelpDesk',0,'1',NULL,NULL,'N:N'),(165,8,15,'get_related_list',15,'Faq',0,'1',NULL,NULL,'N:N'),(166,44,10,'get_emails',8,'Emails',0,'ADD',NULL,NULL,'N:N'),(167,43,10,'get_emails',4,'Emails',0,'ADD',NULL,NULL,'N:N'),(168,44,9,'get_related_list',9,'Activities',0,'ADD',NULL,NULL,'N:N'),(169,44,20,'get_related_list',10,'Quotes',0,'SELECT',NULL,NULL,'N:N'),(170,14,21,'get_purchase_orders',16,'PurchaseOrder',0,'ADD',NULL,NULL,'N:N'),(171,2,10,'get_emails',13,'Emails',0,'ADD',NULL,NULL,'N:N'),(172,13,10,'get_emails',10,'Emails',0,'ADD',NULL,NULL,'N:N'),(175,6,60,'get_related_list',1,'Cobranzas',0,'ADD',0,NULL,'1:N'),(176,60,61,'get_related_list',1,'Pagos Parciales',0,'ADD',0,NULL,'1:N'),(177,6,62,'get_dependents_list',21,'WhatsApp',0,'',NULL,NULL,'N:N'),(178,4,62,'get_dependents_list',21,'WhatsApp',0,'',NULL,NULL,'N:N'),(179,7,62,'get_dependents_list',11,'WhatsApp',0,'',NULL,NULL,'N:N'),(180,18,62,'get_dependents_list',5,'WhatsApp',0,'',NULL,NULL,'N:N'),(182,60,38,'get_comments',1,'ModComments',0,'',0,NULL,'1:N'),(185,60,9,'get_related_list',1,'Calendar',0,'ADD',0,NULL,'1:N'),(186,60,62,'get_related_list',1,'CTWhatsApp',0,'',0,NULL,'1:N');

--
-- Table structure for table `vtiger_relatedlists_rb`
--

CREATE TABLE `vtiger_relatedlists_rb` (
  `entityid` int(19) DEFAULT NULL,
  `action` varchar(50) DEFAULT NULL,
  `rel_table` varchar(200) DEFAULT NULL,
  `rel_column` varchar(200) DEFAULT NULL,
  `ref_column` varchar(200) DEFAULT NULL,
  `related_crm_ids` text DEFAULT NULL
) ENGINE=InnoDB DEFAULT CHARSET=utf8 COLLATE=utf8_general_ci;

--
-- Dumping data for table `vtiger_relatedlists_rb`
--

INSERT INTO `vtiger_relatedlists_rb` VALUES (454,'update','vtiger_pagos','lb_cobranzapagosparciales','pagosid','455'),(748,'update','vtiger_crmentity','deleted','crmid',''),(747,'update','vtiger_crmentity','deleted','crmid','');

--
-- Table structure for table `vtiger_relatedlists_seq`
--

CREATE TABLE `vtiger_relatedlists_seq` (
  `id` int(11) NOT NULL
) ENGINE=InnoDB DEFAULT CHARSET=utf8 COLLATE=utf8_general_ci;

--
-- Dumping data for table `vtiger_relatedlists_seq`
--

INSERT INTO `vtiger_relatedlists_seq` VALUES (186);

--
-- Table structure for table `vtiger_relcriteria`
--

CREATE TABLE `vtiger_relcriteria` (
  `queryid` int(19) NOT NULL,
  `columnindex` int(11) NOT NULL,
  `columnname` varchar(250) DEFAULT '',
  `comparator` varchar(20) DEFAULT NULL,
  `value` varchar(512) DEFAULT NULL,
  `groupid` int(11) DEFAULT 1,
  `column_condition` varchar(256) DEFAULT 'and',
  PRIMARY KEY (`queryid`,`columnindex`),
  KEY `relcriteria_queryid_idx` (`queryid`),
  CONSTRAINT `fk_1_vtiger_relcriteria` FOREIGN KEY (`queryid`) REFERENCES `vtiger_selectquery` (`queryid`) ON DELETE CASCADE
) ENGINE=InnoDB DEFAULT CHARSET=utf8 COLLATE=utf8_general_ci;

--
-- Dumping data for table `vtiger_relcriteria`
--

INSERT INTO `vtiger_relcriteria` VALUES (1,0,'vtiger_contactdetails:accountid:Contacts_Account_Name:account_id:V','n','',1,'and'),(2,0,'vtiger_contactdetails:accountid:Contacts_Account_Name:account_id:V','e','',1,'and'),(3,0,'vtiger_potential:potentialname:Potentials_Potential_Name:potentialname:V','n','',1,'and'),(7,0,'vtiger_potential:sales_stage:Potentials_Sales_Stage:sales_stage:V','e','Closed Won',1,'and'),(12,0,'vtiger_troubletickets:status:HelpDesk_Status:ticketstatus:V','n','Closed',1,'and'),(15,0,'vtiger_quotes:quotestage:Quotes_Quote_Stage:quotestage:V','n','Accepted',1,'and'),(15,1,'vtiger_quotes:quotestage:Quotes_Quote_Stage:quotestage:V','n','Rejected',1,'and'),(22,0,'vtiger_email_track:access_count:Emails_Access_Count:access_count:I','ny','',1,'and'),(23,0,'vtiger_email_track:access_count:Emails_Access_Count:access_count:I','ny','',1,'and'),(24,0,'vtiger_email_track:access_count:Emails_Access_Count:access_count:I','ny','',1,'and'),(25,0,'vtiger_email_track:access_count:Emails_Access_Count:access_count:I','ny','',1,'and'),(29,0,'vtiger_cobranzas:lb_diasvencidos:Cobranzas_Días_Vencidos:lb_diasvencidos:V','n','0',1,''),(29,1,'vtiger_cobranzas:lb_diasvencidos:Cobranzas_Días_Vencidos:lb_diasvencidos:V','e','81',2,'or'),(29,2,'vtiger_cobranzas:lb_diasvencidos:Cobranzas_Días_Vencidos:lb_diasvencidos:V','e','77',2,'or'),(29,3,'vtiger_cobranzas:lb_diasvencidos:Cobranzas_Días_Vencidos:lb_diasvencidos:V','e','113',2,'or'),(29,4,'vtiger_cobranzas:lb_diasvencidos:Cobranzas_Días_Vencidos:lb_diasvencidos:V','e','22',2,'or'),(29,5,'vtiger_cobranzas:lb_diasvencidos:Cobranzas_Días_Vencidos:lb_diasvencidos:V','e','111',2,'or'),(29,6,'vtiger_cobranzas:lb_diasvencidos:Cobranzas_Días_Vencidos:lb_diasvencidos:V','e','115',2,''),(30,0,'vtiger_cobranzas:lb_estado:Cobranzas_Estado:lb_estado:V','n','Cancelada con Nota de Credito,Anulada,Perdida,Pagado',1,''),(32,0,'vtiger_modcomments:commentcontent:ModComments_Comment:commentcontent:V','y','',1,'');

--
-- Table structure for table `vtiger_relcriteria_grouping`
--

CREATE TABLE `vtiger_relcriteria_grouping` (
  `groupid` int(11) NOT NULL,
  `queryid` int(19) NOT NULL,
  `group_condition` varchar(256) DEFAULT NULL,
  `condition_expression` text DEFAULT NULL,
  PRIMARY KEY (`groupid`,`queryid`)
) ENGINE=InnoDB DEFAULT CHARSET=utf8 COLLATE=utf8_general_ci;

--
-- Dumping data for table `vtiger_relcriteria_grouping`
--

INSERT INTO `vtiger_relcriteria_grouping` VALUES (1,1,'','0'),(1,2,'','0'),(1,3,'','0'),(1,7,'','0'),(1,12,'','0'),(1,15,'','0 and 1'),(1,22,'','0'),(1,23,'','0'),(1,24,'','0'),(1,25,'','0'),(1,29,'and',' 0 '),(1,30,'and',' 0 '),(1,32,'and',' 0 '),(2,29,NULL,' 1 or 2 or 3 or 4 or 5 or 6 ');

--
-- Table structure for table `vtiger_reminder_interval`
--

CREATE TABLE `vtiger_reminder_interval` (
  `reminder_intervalid` int(19) NOT NULL AUTO_INCREMENT,
  `reminder_interval` varchar(200) NOT NULL,
  `sortorderid` int(19) NOT NULL,
  `presence` int(1) NOT NULL,
  PRIMARY KEY (`reminder_intervalid`)
) ENGINE=InnoDB AUTO_INCREMENT=9 DEFAULT CHARSET=utf8 COLLATE=utf8_general_ci;

--
-- Dumping data for table `vtiger_reminder_interval`
--

INSERT INTO `vtiger_reminder_interval` VALUES (2,'1 Minute',1,1),(3,'5 Minutes',2,1),(4,'15 Minutes',3,1),(5,'30 Minutes',4,1),(6,'45 Minutes',5,1),(7,'1 Hour',6,1),(8,'1 Day',7,1);

--
-- Table structure for table `vtiger_reminder_interval_seq`
--

CREATE TABLE `vtiger_reminder_interval_seq` (
  `id` int(11) NOT NULL
) ENGINE=InnoDB DEFAULT CHARSET=utf8 COLLATE=utf8_general_ci;

--
-- Dumping data for table `vtiger_reminder_interval_seq`
--

INSERT INTO `vtiger_reminder_interval_seq` VALUES (8);

--
-- Table structure for table `vtiger_report`
--

CREATE TABLE `vtiger_report` (
  `reportid` int(19) NOT NULL,
  `folderid` int(19) NOT NULL,
  `reportname` varchar(100) DEFAULT '',
  `description` varchar(250) DEFAULT '',
  `reporttype` varchar(50) DEFAULT '',
  `queryid` int(19) NOT NULL DEFAULT 0,
  `state` varchar(50) DEFAULT 'SAVED',
  `customizable` int(1) DEFAULT 1,
  `category` int(11) DEFAULT 1,
  `owner` int(11) DEFAULT 1,
  `sharingtype` varchar(200) DEFAULT 'Private',
  PRIMARY KEY (`reportid`),
  KEY `report_queryid_idx` (`queryid`),
  KEY `report_folderid_idx` (`folderid`),
  CONSTRAINT `fk_2_vtiger_report` FOREIGN KEY (`queryid`) REFERENCES `vtiger_selectquery` (`queryid`) ON DELETE CASCADE
) ENGINE=InnoDB DEFAULT CHARSET=utf8 COLLATE=utf8_general_ci;

--
-- Dumping data for table `vtiger_report`
--

INSERT INTO `vtiger_report` VALUES (1,1,'Contacts by Accounts','Contacts related to Accounts','tabular',1,'CUSTOM',1,1,1,'Public'),(2,1,'Contacts without Accounts','Contacts not related to Accounts','tabular',2,'CUSTOM',1,1,1,'Public'),(3,1,'Contacts by Potentials','Contacts related to Potentials','tabular',3,'CUSTOM',1,1,1,'Public'),(4,2,'Lead by Source','Lead by Source','summary',4,'CUSTOM',1,1,1,'Public'),(5,2,'Lead Status Report','Lead Status Report','summary',5,'CUSTOM',1,1,1,'Public'),(6,3,'Potential Pipeline','Potential Pipeline','summary',6,'CUSTOM',1,1,1,'Public'),(7,3,'Closed Potentials','Potential that have Won','tabular',7,'CUSTOM',1,1,1,'Public'),(8,4,'Last Month Activities','Last Month Activities','tabular',8,'CUSTOM',1,1,1,'Public'),(9,4,'This Month Activities','This Month Activities','tabular',9,'CUSTOM',1,1,1,'Public'),(10,5,'Tickets by Products','Tickets related to Products','tabular',10,'CUSTOM',1,1,1,'Public'),(11,5,'Tickets by Priority','Tickets by Priority','summary',11,'CUSTOM',1,1,1,'Public'),(12,5,'Open Tickets','Tickets that are Open','tabular',12,'CUSTOM',1,1,1,'Public'),(13,6,'Product Details','Product Detailed Report','tabular',13,'CUSTOM',1,1,1,'Public'),(14,6,'Products by Contacts','Products related to Contacts','tabular',14,'CUSTOM',1,1,1,'Public'),(15,7,'Open Quotes','Quotes that are Open','tabular',15,'CUSTOM',1,1,1,'Public'),(16,7,'Quotes Detailed Report','Quotes Detailed Report','tabular',16,'CUSTOM',1,1,1,'Public'),(17,8,'PurchaseOrder by Contacts','PurchaseOrder related to Contacts','tabular',17,'CUSTOM',1,1,1,'Public'),(18,8,'PurchaseOrder Detailed Report','PurchaseOrder Detailed Report','tabular',18,'CUSTOM',1,1,1,'Public'),(19,9,'Invoice Detailed Report','Invoice Detailed Report','tabular',19,'CUSTOM',1,1,1,'Public'),(20,10,'SalesOrder Detailed Report','SalesOrder Detailed Report','tabular',20,'CUSTOM',1,1,1,'Public'),(21,11,'Campaign Expectations and Actuals','Campaign Expectations and Actuals','tabular',21,'CUSTOM',1,1,1,'Public'),(22,12,'Contacts Email Report','Emails sent to Contacts','tabular',22,'CUSTOM',1,1,1,'Public'),(23,12,'Accounts Email Report','Emails sent to Organizations','tabular',23,'CUSTOM',1,1,1,'Public'),(24,12,'Leads Email Report','Emails sent to Leads','tabular',24,'CUSTOM',1,1,1,'Public'),(25,12,'Vendors Email Report','Emails sent to Vendors','tabular',25,'CUSTOM',1,1,1,'Public'),(26,3,'Forecast','','chart',26,'CUSTOM',1,1,1,'Private'),(27,4,'contactos y cuentas','','tabular',27,'CUSTOM',1,1,1,'Private'),(28,4,'contactos y cuentas 2','','tabular',28,'CUSTOM',1,1,1,'Private'),(29,13,'Cobranzas - Cantidad de facturas segun dias vencidos','','chart',29,'CUSTOM',1,1,1,'Private'),(30,13,'Cobranzas - Monto en cobranza por estado','','chart',30,'CUSTOM',1,1,1,'Private'),(31,4,'prueba demo','','tabular',31,'CUSTOM',1,1,1,'Private'),(32,13,'Cobranzas - Gestion de cobranza','','tabular',32,'CUSTOM',1,1,1,'Private'),(33,13,'Cobranzas - actividad por agente','','chart',33,'CUSTOM',1,1,1,'Private'),(34,3,'Forecast - Listado','','tabular',34,'CUSTOM',1,1,1,'Private');

--
-- Table structure for table `vtiger_report_sharegroups`
--

CREATE TABLE `vtiger_report_sharegroups` (
  `reportid` int(25) NOT NULL,
  `groupid` int(25) NOT NULL,
  KEY `vtiger_report_sharegroups_ibfk_1` (`reportid`),
  KEY `vtiger_groups_groupid_ibfk_1` (`groupid`),
  CONSTRAINT `vtiger_groups_groupid_ibfk_1` FOREIGN KEY (`groupid`) REFERENCES `vtiger_groups` (`groupid`) ON DELETE CASCADE,
  CONSTRAINT `vtiger_report_reportid_ibfk_2` FOREIGN KEY (`reportid`) REFERENCES `vtiger_report` (`reportid`) ON DELETE CASCADE
) ENGINE=InnoDB DEFAULT CHARSET=utf8 COLLATE=utf8_general_ci;

--
-- Dumping data for table `vtiger_report_sharegroups`
--


--
-- Table structure for table `vtiger_report_sharerole`
--

CREATE TABLE `vtiger_report_sharerole` (
  `reportid` int(25) NOT NULL,
  `roleid` varchar(255) NOT NULL,
  KEY `vtiger_report_sharerole_ibfk_1` (`reportid`),
  KEY `vtiger_role_roleid_ibfk_1` (`roleid`),
  CONSTRAINT `vtiger_report_reportid_ibfk_3` FOREIGN KEY (`reportid`) REFERENCES `vtiger_report` (`reportid`) ON DELETE CASCADE,
  CONSTRAINT `vtiger_role_roleid_ibfk_1` FOREIGN KEY (`roleid`) REFERENCES `vtiger_role` (`roleid`) ON DELETE CASCADE
) ENGINE=InnoDB DEFAULT CHARSET=utf8 COLLATE=utf8_general_ci;

--
-- Dumping data for table `vtiger_report_sharerole`
--


--
-- Table structure for table `vtiger_report_sharers`
--

CREATE TABLE `vtiger_report_sharers` (
  `reportid` int(25) NOT NULL,
  `rsid` varchar(255) NOT NULL,
  KEY `vtiger_report_sharers_ibfk_1` (`reportid`),
  KEY `vtiger_rolesd_rsid_ibfk_1` (`rsid`),
  CONSTRAINT `vtiger_report_reportid_ibfk_4` FOREIGN KEY (`reportid`) REFERENCES `vtiger_report` (`reportid`) ON DELETE CASCADE,
  CONSTRAINT `vtiger_rolesd_rsid_ibfk_1` FOREIGN KEY (`rsid`) REFERENCES `vtiger_role` (`roleid`) ON DELETE CASCADE
) ENGINE=InnoDB DEFAULT CHARSET=utf8 COLLATE=utf8_general_ci;

--
-- Dumping data for table `vtiger_report_sharers`
--


--
-- Table structure for table `vtiger_report_shareusers`
--

CREATE TABLE `vtiger_report_shareusers` (
  `reportid` int(25) NOT NULL,
  `userid` int(25) NOT NULL,
  KEY `vtiger_report_shareusers_ibfk_1` (`reportid`),
  KEY `vtiger_users_userid_ibfk_1` (`userid`),
  CONSTRAINT `vtiger_reports_reportid_ibfk_1` FOREIGN KEY (`reportid`) REFERENCES `vtiger_report` (`reportid`) ON DELETE CASCADE,
  CONSTRAINT `vtiger_users_userid_ibfk_1` FOREIGN KEY (`userid`) REFERENCES `vtiger_users` (`id`) ON DELETE CASCADE
) ENGINE=InnoDB DEFAULT CHARSET=utf8 COLLATE=utf8_general_ci;

--
-- Dumping data for table `vtiger_report_shareusers`
--


--
-- Table structure for table `vtiger_reportdatefilter`
--

CREATE TABLE `vtiger_reportdatefilter` (
  `datefilterid` int(19) NOT NULL,
  `datecolumnname` varchar(250) DEFAULT '',
  `datefilter` varchar(250) DEFAULT '',
  `startdate` date DEFAULT NULL,
  `enddate` date DEFAULT NULL,
  PRIMARY KEY (`datefilterid`),
  KEY `reportdatefilter_datefilterid_idx` (`datefilterid`),
  CONSTRAINT `fk_1_vtiger_reportdatefilter` FOREIGN KEY (`datefilterid`) REFERENCES `vtiger_report` (`reportid`) ON DELETE CASCADE
) ENGINE=InnoDB DEFAULT CHARSET=utf8 COLLATE=utf8_general_ci;

--
-- Dumping data for table `vtiger_reportdatefilter`
--

INSERT INTO `vtiger_reportdatefilter` VALUES (8,'vtiger_crmentity:modifiedtime:modifiedtime:Calendar_Modified_Time','lastmonth','2005-05-01','2005-05-31'),(9,'vtiger_crmentity:modifiedtime:modifiedtime:Calendar_Modified_Time','thismonth','2005-06-01','2005-06-30');

--
-- Table structure for table `vtiger_reportfilters`
--

CREATE TABLE `vtiger_reportfilters` (
  `filterid` int(19) NOT NULL,
  `name` varchar(200) NOT NULL
) ENGINE=InnoDB DEFAULT CHARSET=utf8 COLLATE=utf8_general_ci;

--
-- Dumping data for table `vtiger_reportfilters`
--

INSERT INTO `vtiger_reportfilters` VALUES (1,'Private'),(2,'Public'),(3,'Shared');

--
-- Table structure for table `vtiger_reportfolder`
--

CREATE TABLE `vtiger_reportfolder` (
  `folderid` int(19) NOT NULL AUTO_INCREMENT,
  `foldername` varchar(100) NOT NULL DEFAULT '',
  `description` varchar(250) DEFAULT '',
  `state` varchar(50) DEFAULT 'SAVED',
  PRIMARY KEY (`folderid`)
) ENGINE=InnoDB AUTO_INCREMENT=14 DEFAULT CHARSET=utf8 COLLATE=utf8_general_ci;

--
-- Dumping data for table `vtiger_reportfolder`
--

INSERT INTO `vtiger_reportfolder` VALUES (1,'Informes de Cuenta y Contactos','Informes de Cuenta y Contactos','SAVED'),(2,'Lead Reports','Lead Reports','SAVED'),(3,'Informes de Oportunidades','Informes de Oportunidades','SAVED'),(4,'Activity Reports','Activity Reports','SAVED'),(5,'Informes de Casos','Informes de Casos','SAVED'),(6,'Product Reports','Product Reports','SAVED'),(7,'Quote Reports','Quote Reports','SAVED'),(8,'Informes de Órdenes de Compra','Informes de Órdenes de Compra','SAVED'),(9,'Invoice Reports','Invoice Reports','SAVED'),(10,'Informes de Pedidos de Venta','Informes de Pedidos de Venta','SAVED'),(11,'Campaign Reports','Campaign Reports','SAVED'),(12,'Email Reports','Email Reports','SAVED'),(13,'Cobranzas','','CUSTOMIZED');

--
-- Table structure for table `vtiger_reportgroupbycolumn`
--

CREATE TABLE `vtiger_reportgroupbycolumn` (
  `reportid` int(19) DEFAULT NULL,
  `sortid` int(19) DEFAULT NULL,
  `sortcolname` varchar(250) DEFAULT NULL,
  `dategroupbycriteria` varchar(250) DEFAULT NULL,
  KEY `fk_1_vtiger_reportgroupbycolumn` (`reportid`),
  CONSTRAINT `fk_1_vtiger_reportgroupbycolumn` FOREIGN KEY (`reportid`) REFERENCES `vtiger_report` (`reportid`) ON DELETE CASCADE
) ENGINE=InnoDB DEFAULT CHARSET=utf8 COLLATE=utf8_general_ci;

--
-- Dumping data for table `vtiger_reportgroupbycolumn`
--


--
-- Table structure for table `vtiger_reportmodules`
--

CREATE TABLE `vtiger_reportmodules` (
  `reportmodulesid` int(19) NOT NULL,
  `primarymodule` varchar(100) DEFAULT NULL,
  `secondarymodules` varchar(250) DEFAULT '',
  PRIMARY KEY (`reportmodulesid`),
  CONSTRAINT `fk_1_vtiger_reportmodules` FOREIGN KEY (`reportmodulesid`) REFERENCES `vtiger_report` (`reportid`) ON DELETE CASCADE
) ENGINE=InnoDB DEFAULT CHARSET=utf8 COLLATE=utf8_general_ci;

--
-- Dumping data for table `vtiger_reportmodules`
--

INSERT INTO `vtiger_reportmodules` VALUES (1,'Contacts','Accounts'),(2,'Contacts','Accounts'),(3,'Contacts','Potentials'),(4,'Leads',''),(5,'Leads',''),(6,'Potentials',''),(7,'Potentials',''),(8,'Calendar',''),(9,'Calendar',''),(10,'HelpDesk','Products'),(11,'HelpDesk',''),(12,'HelpDesk',''),(13,'Products',''),(14,'Products','Contacts'),(15,'Quotes',''),(16,'Quotes',''),(17,'PurchaseOrder','Contacts'),(18,'PurchaseOrder',''),(19,'Invoice',''),(20,'SalesOrder',''),(21,'Campaigns',''),(22,'Contacts','Emails'),(23,'Accounts','Emails'),(24,'Leads','Emails'),(25,'Vendors','Emails'),(26,'Potentials',''),(27,'Contacts','Accounts'),(28,'Contacts','Accounts'),(29,'Cobranzas',''),(30,'Cobranzas',''),(31,'Assets',''),(32,'Accounts','ModComments'),(33,'Cobranzas',''),(34,'Potentials','');

--
-- Table structure for table `vtiger_reportsharing`
--

CREATE TABLE `vtiger_reportsharing` (
  `reportid` int(19) NOT NULL,
  `shareid` int(19) NOT NULL,
  `setype` varchar(200) NOT NULL
) ENGINE=InnoDB DEFAULT CHARSET=utf8 COLLATE=utf8_general_ci;

--
-- Dumping data for table `vtiger_reportsharing`
--


--
-- Table structure for table `vtiger_reportsortcol`
--

CREATE TABLE `vtiger_reportsortcol` (
  `sortcolid` int(19) NOT NULL,
  `reportid` int(19) NOT NULL,
  `columnname` varchar(250) DEFAULT '',
  `sortorder` varchar(250) DEFAULT 'Asc',
  PRIMARY KEY (`sortcolid`,`reportid`),
  KEY `fk_1_vtiger_reportsortcol` (`reportid`),
  CONSTRAINT `fk_1_vtiger_reportsortcol` FOREIGN KEY (`reportid`) REFERENCES `vtiger_report` (`reportid`) ON DELETE CASCADE
) ENGINE=InnoDB DEFAULT CHARSET=utf8 COLLATE=utf8_general_ci;

--
-- Dumping data for table `vtiger_reportsortcol`
--

INSERT INTO `vtiger_reportsortcol` VALUES (0,27,'none',''),(0,28,'none',''),(0,31,'none',''),(0,32,'vtiger_usersAccounts:user_name:Accounts_Assigned_To:assigned_user_id:V','Ascending'),(0,34,'vtiger_usersPotentials:user_name:Potentials_Assigned_To:assigned_user_id:V','Ascending'),(1,4,'vtiger_leaddetails:leadsource:Leads_Lead_Source:leadsource:V','Ascending'),(1,5,'vtiger_leaddetails:leadstatus:Leads_Lead_Status:leadstatus:V','Ascending'),(1,6,'vtiger_potential:sales_stage:Potentials_Sales_Stage:sales_stage:V','Ascending'),(1,11,'vtiger_troubletickets:priority:HelpDesk_Priority:ticketpriorities:V','Ascending'),(1,27,'none',''),(1,28,'none',''),(1,31,'none',''),(1,32,'none',''),(1,34,'vtiger_potential:sales_stage:Potentials_Sales_Stage:sales_stage:V','Ascending'),(2,27,'none',''),(2,28,'none',''),(2,31,'none',''),(2,32,'none',''),(2,34,'none','');

--
-- Table structure for table `vtiger_reportsummary`
--

CREATE TABLE `vtiger_reportsummary` (
  `reportsummaryid` int(19) NOT NULL,
  `summarytype` int(19) NOT NULL,
  `columnname` varchar(250) NOT NULL DEFAULT '',
  PRIMARY KEY (`reportsummaryid`,`summarytype`,`columnname`),
  KEY `reportsummary_reportsummaryid_idx` (`reportsummaryid`),
  CONSTRAINT `fk_1_vtiger_reportsummary` FOREIGN KEY (`reportsummaryid`) REFERENCES `vtiger_report` (`reportid`) ON DELETE CASCADE
) ENGINE=InnoDB DEFAULT CHARSET=utf8 COLLATE=utf8_general_ci;

--
-- Dumping data for table `vtiger_reportsummary`
--

INSERT INTO `vtiger_reportsummary` VALUES (32,0,'cb:vtiger_account:lb_frecuenciadevisitames:Frecuencia_de_Visitas_Mensual_SUM:2'),(32,1,'cb:vtiger_account:lb_frecuenciadecomprames:Frecuencia_de_Compras_Mensual_SUM:2');

--
-- Table structure for table `vtiger_reporttype`
--

CREATE TABLE `vtiger_reporttype` (
  `reportid` int(10) NOT NULL,
  `data` text DEFAULT NULL,
  PRIMARY KEY (`reportid`),
  CONSTRAINT `fk_1_vtiger_reporttype` FOREIGN KEY (`reportid`) REFERENCES `vtiger_report` (`reportid`) ON DELETE CASCADE
) ENGINE=InnoDB DEFAULT CHARSET=utf8 COLLATE=utf8_general_ci;

--
-- Dumping data for table `vtiger_reporttype`
--

INSERT INTO `vtiger_reporttype` VALUES (26,'{\"type\":\"horizontalbarChart\",\"groupbyfield\":\"vtiger_potential:sales_stage:Potentials_Sales_Stage:sales_stage:V\",\"datafields\":[\"count(*)\"]}'),(29,'{\"type\":\"horizontalbarChart\",\"groupbyfield\":\"vtiger_cobranzas:lb_diasvencidos:Cobranzas_D\\u00edas_Vencidos:lb_diasvencidos:V\",\"datafields\":[\"count(*)\"]}'),(30,'{\"type\":\"horizontalbarChart\",\"groupbyfield\":\"vtiger_cobranzas:lb_estado:Cobranzas_Estado:lb_estado:V\",\"datafields\":[\"vtiger_cobranzas:lb_montototal:Cobranzas_Monto_Total:lb_montototal:N:SUM\"]}'),(33,'{\"type\":\"horizontalbarChart\",\"groupbyfield\":\"vtiger_usersCobranzas:user_name:Cobranzas_Assigned_To:assigned_user_id:V\",\"datafields\":[\"count(*)\"]}');

--
-- Table structure for table `vtiger_role`
--

CREATE TABLE `vtiger_role` (
  `roleid` varchar(255) NOT NULL,
  `rolename` varchar(200) DEFAULT NULL,
  `parentrole` varchar(255) DEFAULT NULL,
  `depth` int(19) DEFAULT NULL,
  `allowassignedrecordsto` int(2) NOT NULL DEFAULT 1,
  PRIMARY KEY (`roleid`)
) ENGINE=InnoDB DEFAULT CHARSET=utf8 COLLATE=utf8_general_ci;

--
-- Dumping data for table `vtiger_role`
--

INSERT INTO `vtiger_role` VALUES ('H1','Organization','H1',0,1),('H2','CEO','H1::H2',1,1),('H3','Vice President','H1::H2::H3',2,1),('H4','Sales Manager','H1::H2::H3::H4',3,1),('H5','Sales Person','H1::H2::H3::H4::H5',4,1),('H6','Guest Read Only','H1::H2::H6',2,1);

--
-- Table structure for table `vtiger_role2picklist`
--

CREATE TABLE `vtiger_role2picklist` (
  `roleid` varchar(255) NOT NULL,
  `picklistvalueid` int(11) NOT NULL,
  `picklistid` int(11) NOT NULL,
  `sortid` int(11) DEFAULT NULL,
  PRIMARY KEY (`roleid`,`picklistvalueid`,`picklistid`),
  KEY `role2picklist_roleid_picklistid_idx` (`roleid`,`picklistid`,`picklistvalueid`),
  KEY `fk_2_vtiger_role2picklist` (`picklistid`),
  CONSTRAINT `fk_1_vtiger_role2picklist` FOREIGN KEY (`roleid`) REFERENCES `vtiger_role` (`roleid`) ON DELETE CASCADE,
  CONSTRAINT `fk_2_vtiger_role2picklist` FOREIGN KEY (`picklistid`) REFERENCES `vtiger_picklist` (`picklistid`) ON DELETE CASCADE
) ENGINE=InnoDB DEFAULT CHARSET=utf8 COLLATE=utf8_general_ci;

--
-- Dumping data for table `vtiger_role2picklist`
--

INSERT INTO `vtiger_role2picklist` VALUES ('H1',1,1,0),('H1',2,1,1),('H1',3,1,2),('H1',4,1,3),('H1',5,1,4),('H1',6,1,5),('H1',7,1,6),('H1',8,1,7),('H1',9,1,8),('H1',10,1,9),('H1',11,1,10),('H1',12,2,0),('H1',13,2,1),('H1',14,3,0),('H1',15,3,1),('H1',16,3,2),('H1',17,3,3),('H1',18,3,4),('H1',19,3,5),('H1',20,4,0),('H1',21,4,1),('H1',22,4,2),('H1',23,4,3),('H1',24,4,4),('H1',25,4,5),('H1',26,4,6),('H1',27,4,7),('H1',28,4,8),('H1',29,4,9),('H1',30,4,10),('H1',31,4,11),('H1',32,4,12),('H1',33,5,0),('H1',34,5,1),('H1',35,5,2),('H1',36,5,3),('H1',37,5,4),('H1',38,6,0),('H1',39,6,1),('H1',40,6,2),('H1',41,7,0),('H1',42,7,1),('H1',43,7,2),('H1',44,7,3),('H1',45,7,4),('H1',46,8,0),('H1',47,9,0),('H1',48,9,1),('H1',49,9,2),('H1',50,9,3),('H1',51,10,0),('H1',52,10,1),('H1',53,10,2),('H1',54,10,3),('H1',55,10,4),('H1',56,10,5),('H1',57,10,6),('H1',58,10,7),('H1',59,10,8),('H1',60,11,0),('H1',61,11,1),('H1',62,11,2),('H1',63,11,3),('H1',64,11,4),('H1',65,11,5),('H1',66,11,6),('H1',67,11,7),('H1',68,11,8),('H1',69,11,9),('H1',70,11,10),('H1',71,11,11),('H1',72,11,12),('H1',73,11,13),('H1',74,11,14),('H1',75,11,15),('H1',76,11,16),('H1',77,11,17),('H1',78,11,18),('H1',79,11,19),('H1',80,11,20),('H1',81,11,21),('H1',82,11,22),('H1',83,11,23),('H1',84,11,24),('H1',85,11,25),('H1',86,11,26),('H1',87,11,27),('H1',88,11,28),('H1',89,11,29),('H1',90,11,30),('H1',91,11,31),('H1',92,12,0),('H1',93,12,1),('H1',94,12,2),('H1',95,12,3),('H1',96,12,4),('H1',97,12,5),('H1',98,13,0),('H1',111,14,0),('H1',112,14,1),('H1',113,14,2),('H1',114,14,3),('H1',115,14,4),('H1',116,14,5),('H1',117,14,6),('H1',118,14,7),('H1',119,14,8),('H1',120,14,9),('H1',121,14,10),('H1',122,14,11),('H1',123,15,0),('H1',124,15,1),('H1',125,15,2),('H1',126,15,3),('H1',127,16,0),('H1',128,16,1),('H1',129,16,2),('H1',130,17,0),('H1',131,17,1),('H1',132,17,2),('H1',133,17,3),('H1',134,17,4),('H1',135,18,0),('H1',136,18,1),('H1',137,18,2),('H1',138,18,3),('H1',139,19,0),('H1',140,19,1),('H1',141,19,2),('H1',142,19,3),('H1',143,19,4),('H1',144,20,0),('H1',145,20,1),('H1',146,20,2),('H1',147,20,3),('H1',148,20,4),('H1',149,20,5),('H1',158,21,8),('H1',159,21,9),('H1',160,22,0),('H1',161,22,1),('H1',162,22,2),('H1',163,22,3),('H1',164,22,4),('H1',165,22,5),('H1',166,23,0),('H1',167,23,1),('H1',168,23,2),('H1',169,23,3),('H1',170,24,0),('H1',171,24,1),('H1',172,24,2),('H1',173,25,0),('H1',174,25,1),('H1',175,25,2),('H1',176,25,3),('H1',177,25,4),('H1',178,25,5),('H1',179,26,0),('H1',180,26,1),('H1',181,26,2),('H1',182,27,0),('H1',183,27,1),('H1',184,27,2),('H1',185,27,3),('H1',186,28,0),('H1',187,28,1),('H1',188,28,2),('H1',189,28,3),('H1',190,29,0),('H1',191,29,1),('H1',192,29,2),('H1',193,29,3),('H1',194,30,0),('H1',195,30,1),('H1',196,30,2),('H1',197,30,3),('H1',198,30,4),('H1',199,30,5),('H1',200,30,6),('H1',201,30,7),('H1',202,30,8),('H1',203,30,9),('H1',204,30,10),('H1',205,30,11),('H1',206,30,12),('H1',207,30,13),('H1',208,30,14),('H1',209,30,15),('H1',210,31,1),('H1',211,31,2),('H1',212,31,3),('H1',213,31,4),('H1',214,32,1),('H1',215,32,2),('H1',216,32,3),('H1',217,32,4),('H1',218,32,5),('H1',219,32,6),('H1',220,33,1),('H1',221,33,2),('H1',222,33,3),('H1',223,34,1),('H1',224,34,2),('H1',225,34,3),('H1',226,35,1),('H1',227,35,2),('H1',228,35,3),('H1',229,36,1),('H1',230,36,2),('H1',231,36,3),('H1',232,36,4),('H1',233,36,5),('H1',234,36,6),('H1',235,37,1),('H1',236,37,2),('H1',237,37,3),('H1',238,37,4),('H1',239,38,1),('H1',240,38,2),('H1',241,38,3),('H1',242,38,4),('H1',243,39,1),('H1',244,39,2),('H1',245,39,3),('H1',246,39,4),('H1',247,40,1),('H1',248,40,2),('H1',249,40,3),('H1',250,40,4),('H1',251,40,5),('H1',252,40,6),('H1',253,40,7),('H1',254,40,8),('H1',255,40,9),('H1',256,40,10),('H1',257,40,11),('H1',258,41,1),('H1',259,41,2),('H1',260,41,3),('H1',261,41,4),('H1',262,41,5),('H1',263,41,6),('H1',264,41,7),('H1',265,41,8),('H1',266,41,9),('H1',267,42,1),('H1',268,42,2),('H1',269,42,3),('H1',270,42,4),('H1',271,43,1),('H1',272,43,2),('H1',273,43,3),('H1',274,43,4),('H1',275,44,1),('H1',276,44,2),('H1',277,44,3),('H1',278,44,4),('H1',279,44,5),('H1',280,44,6),('H1',281,44,7),('H1',282,44,8),('H1',283,44,9),('H1',284,44,10),('H1',285,44,11),('H1',286,45,1),('H1',287,45,2),('H1',288,12,1),('H1',289,46,1),('H1',290,46,2),('H1',291,46,3),('H1',292,46,4),('H1',293,46,5),('H1',294,46,6),('H1',295,2,1),('H1',296,47,1),('H1',297,47,2),('H1',298,47,3),('H1',299,48,1),('H1',300,48,2),('H1',303,49,1),('H1',304,49,2),('H1',305,1,1),('H1',306,1,1),('H1',310,21,1),('H1',311,21,1),('H1',312,21,1),('H1',313,21,1),('H1',318,50,1),('H1',319,50,2),('H1',320,51,1),('H1',321,51,2),('H1',322,51,3),('H1',323,51,4),('H1',324,52,1),('H1',325,52,2),('H1',326,53,1),('H1',327,53,2),('H1',328,54,1),('H1',329,54,2),('H1',330,55,1),('H1',331,55,2),('H1',332,56,1),('H1',333,56,2),('H1',334,56,3),('H1',347,11,1),('H1',348,11,1),('H1',349,11,1),('H1',350,14,1),('H1',351,11,1),('H1',352,14,1),('H1',353,11,1),('H1',354,14,1),('H1',484,4,1),('H1',485,3,1),('H1',486,4,1),('H1',487,3,1),('H1',488,4,1),('H1',489,7,1),('H1',490,4,1),('H1',491,4,1),('H1',492,7,1),('H1',493,7,1),('H1',494,7,1),('H1',495,4,1),('H1',496,4,1),('H1',497,15,1),('H1',498,30,1),('H1',499,30,1),('H1',500,55,1),('H1',501,55,2),('H1',502,55,3),('H1',503,55,4),('H1',504,55,5),('H1',505,55,6),('H1',506,57,1),('H1',507,57,2),('H1',508,58,1),('H1',509,58,2),('H1',510,59,1),('H1',511,59,2),('H2',1,1,0),('H2',2,1,1),('H2',3,1,2),('H2',4,1,3),('H2',5,1,4),('H2',6,1,5),('H2',7,1,6),('H2',8,1,7),('H2',9,1,8),('H2',10,1,9),('H2',11,1,10),('H2',12,2,0),('H2',13,2,1),('H2',14,3,0),('H2',15,3,1),('H2',16,3,2),('H2',17,3,3),('H2',18,3,4),('H2',19,3,5),('H2',20,4,0),('H2',21,4,1),('H2',22,4,2),('H2',23,4,3),('H2',24,4,4),('H2',25,4,5),('H2',26,4,6),('H2',27,4,7),('H2',28,4,8),('H2',29,4,9),('H2',30,4,10),('H2',31,4,11),('H2',32,4,12),('H2',33,5,0),('H2',34,5,1),('H2',35,5,2),('H2',36,5,3),('H2',37,5,4),('H2',38,6,0),('H2',39,6,1),('H2',40,6,2),('H2',41,7,0),('H2',42,7,1),('H2',43,7,2),('H2',44,7,3),('H2',45,7,4),('H2',46,8,0),('H2',47,9,0),('H2',48,9,1),('H2',49,9,2),('H2',50,9,3),('H2',51,10,0),('H2',52,10,1),('H2',53,10,2),('H2',54,10,3),('H2',55,10,4),('H2',56,10,5),('H2',57,10,6),('H2',58,10,7),('H2',59,10,8),('H2',60,11,0),('H2',61,11,1),('H2',62,11,2),('H2',63,11,3),('H2',64,11,4),('H2',65,11,5),('H2',66,11,6),('H2',67,11,7),('H2',68,11,8),('H2',69,11,9),('H2',70,11,10),('H2',71,11,11),('H2',72,11,12),('H2',73,11,13),('H2',74,11,14),('H2',75,11,15),('H2',76,11,16),('H2',77,11,17),('H2',78,11,18),('H2',79,11,19),('H2',80,11,20),('H2',81,11,21),('H2',82,11,22),('H2',83,11,23),('H2',84,11,24),('H2',85,11,25),('H2',86,11,26),('H2',87,11,27),('H2',88,11,28),('H2',89,11,29),('H2',90,11,30),('H2',91,11,31),('H2',92,12,0),('H2',93,12,1),('H2',94,12,2),('H2',95,12,3),('H2',96,12,4),('H2',97,12,5),('H2',98,13,0),('H2',111,14,0),('H2',112,14,1),('H2',113,14,2),('H2',114,14,3),('H2',115,14,4),('H2',116,14,5),('H2',117,14,6),('H2',118,14,7),('H2',119,14,8),('H2',120,14,9),('H2',121,14,10),('H2',122,14,11),('H2',123,15,0),('H2',124,15,1),('H2',125,15,2),('H2',126,15,3),('H2',127,16,0),('H2',128,16,1),('H2',129,16,2),('H2',130,17,0),('H2',131,17,1),('H2',132,17,2),('H2',133,17,3),('H2',134,17,4),('H2',135,18,0),('H2',136,18,1),('H2',137,18,2),('H2',138,18,3),('H2',139,19,0),('H2',140,19,1),('H2',141,19,2),('H2',142,19,3),('H2',143,19,4),('H2',144,20,0),('H2',145,20,1),('H2',146,20,2),('H2',147,20,3),('H2',148,20,4),('H2',149,20,5),('H2',158,21,8),('H2',159,21,9),('H2',160,22,0),('H2',161,22,1),('H2',162,22,2),('H2',163,22,3),('H2',164,22,4),('H2',165,22,5),('H2',166,23,0),('H2',167,23,1),('H2',168,23,2),('H2',169,23,3),('H2',170,24,0),('H2',171,24,1),('H2',172,24,2),('H2',173,25,0),('H2',174,25,1),('H2',175,25,2),('H2',176,25,3),('H2',177,25,4),('H2',178,25,5),('H2',179,26,0),('H2',180,26,1),('H2',181,26,2),('H2',182,27,0),('H2',183,27,1),('H2',184,27,2),('H2',185,27,3),('H2',186,28,0),('H2',187,28,1),('H2',188,28,2),('H2',189,28,3),('H2',190,29,0),('H2',191,29,1),('H2',192,29,2),('H2',193,29,3),('H2',194,30,0),('H2',195,30,1),('H2',196,30,2),('H2',197,30,3),('H2',198,30,4),('H2',199,30,5),('H2',200,30,6),('H2',201,30,7),('H2',202,30,8),('H2',203,30,9),('H2',204,30,10),('H2',205,30,11),('H2',206,30,12),('H2',207,30,13),('H2',208,30,14),('H2',209,30,15),('H2',210,31,1),('H2',211,31,2),('H2',212,31,3),('H2',213,31,4),('H2',214,32,1),('H2',215,32,2),('H2',216,32,3),('H2',217,32,4),('H2',218,32,5),('H2',219,32,6),('H2',220,33,1),('H2',221,33,2),('H2',222,33,3),('H2',223,34,1),('H2',224,34,2),('H2',225,34,3),('H2',226,35,1),('H2',227,35,2),('H2',228,35,3),('H2',229,36,1),('H2',230,36,2),('H2',231,36,3),('H2',232,36,4),('H2',233,36,5),('H2',234,36,6),('H2',235,37,1),('H2',236,37,2),('H2',237,37,3),('H2',238,37,4),('H2',239,38,1),('H2',240,38,2),('H2',241,38,3),('H2',242,38,4),('H2',243,39,1),('H2',244,39,2),('H2',245,39,3),('H2',246,39,4),('H2',247,40,1),('H2',248,40,2),('H2',249,40,3),('H2',250,40,4),('H2',251,40,5),('H2',252,40,6),('H2',253,40,7),('H2',254,40,8),('H2',255,40,9),('H2',256,40,10),('H2',257,40,11),('H2',258,41,1),('H2',259,41,2),('H2',260,41,3),('H2',261,41,4),('H2',262,41,5),('H2',263,41,6),('H2',264,41,7),('H2',265,41,8),('H2',266,41,9),('H2',267,42,1),('H2',268,42,2),('H2',269,42,3),('H2',270,42,4),('H2',271,43,1),('H2',272,43,2),('H2',273,43,3),('H2',274,43,4),('H2',275,44,1),('H2',276,44,2),('H2',277,44,3),('H2',278,44,4),('H2',279,44,5),('H2',280,44,6),('H2',281,44,7),('H2',282,44,8),('H2',283,44,9),('H2',284,44,10),('H2',285,44,11),('H2',286,45,1),('H2',287,45,2),('H2',288,12,1),('H2',289,46,1),('H2',290,46,2),('H2',291,46,3),('H2',292,46,4),('H2',293,46,5),('H2',294,46,6),('H2',295,2,1),('H2',296,47,1),('H2',297,47,2),('H2',298,47,3),('H2',299,48,1),('H2',300,48,2),('H2',303,49,1),('H2',304,49,2),('H2',305,1,1),('H2',306,1,1),('H2',310,21,1),('H2',311,21,1),('H2',312,21,1),('H2',313,21,1),('H2',318,50,1),('H2',319,50,2),('H2',320,51,1),('H2',321,51,2),('H2',322,51,3),('H2',323,51,4),('H2',324,52,1),('H2',325,52,2),('H2',326,53,1),('H2',327,53,2),('H2',328,54,1),('H2',329,54,2),('H2',330,55,1),('H2',331,55,2),('H2',332,56,1),('H2',333,56,2),('H2',334,56,3),('H2',335,13,13),('H2',336,13,14),('H2',337,13,15),('H2',338,13,16),('H2',339,13,17),('H2',340,13,18),('H2',341,13,19),('H2',342,13,20),('H2',343,13,21),('H2',344,13,22),('H2',345,13,23),('H2',346,13,24),('H2',347,11,1),('H2',348,11,1),('H2',349,11,1),('H2',350,14,1),('H2',351,11,1),('H2',352,14,1),('H2',353,11,1),('H2',354,14,1),('H2',355,16,3),('H2',356,16,4),('H2',358,29,4),('H2',359,29,5),('H2',360,29,6),('H2',361,26,3),('H2',362,26,4),('H2',363,26,5),('H2',364,26,6),('H2',365,26,7),('H2',366,26,8),('H2',367,26,9),('H2',368,26,10),('H2',484,4,1),('H2',485,3,1),('H2',486,4,1),('H2',487,3,1),('H2',488,4,1),('H2',489,7,1),('H2',490,4,1),('H2',491,4,1),('H2',492,7,1),('H2',493,7,1),('H2',494,7,1),('H2',495,4,1),('H2',496,4,1),('H2',497,15,1),('H2',498,30,1),('H2',499,30,1),('H2',500,55,1),('H2',501,55,2),('H2',502,55,3),('H2',503,55,4),('H2',504,55,5),('H2',505,55,6),('H2',506,57,1),('H2',507,57,2),('H2',508,58,1),('H2',509,58,2),('H2',510,59,1),('H2',511,59,2),('H3',1,1,0),('H3',2,1,1),('H3',3,1,2),('H3',4,1,3),('H3',5,1,4),('H3',6,1,5),('H3',7,1,6),('H3',8,1,7),('H3',9,1,8),('H3',10,1,9),('H3',11,1,10),('H3',12,2,0),('H3',13,2,1),('H3',14,3,0),('H3',15,3,1),('H3',16,3,2),('H3',17,3,3),('H3',18,3,4),('H3',19,3,5),('H3',20,4,0),('H3',21,4,1),('H3',22,4,2),('H3',23,4,3),('H3',24,4,4),('H3',25,4,5),('H3',26,4,6),('H3',27,4,7),('H3',28,4,8),('H3',29,4,9),('H3',30,4,10),('H3',31,4,11),('H3',32,4,12),('H3',33,5,0),('H3',34,5,1),('H3',35,5,2),('H3',36,5,3),('H3',37,5,4),('H3',38,6,0),('H3',39,6,1),('H3',40,6,2),('H3',41,7,0),('H3',42,7,1),('H3',43,7,2),('H3',44,7,3),('H3',45,7,4),('H3',46,8,0),('H3',47,9,0),('H3',48,9,1),('H3',49,9,2),('H3',50,9,3),('H3',51,10,0),('H3',52,10,1),('H3',53,10,2),('H3',54,10,3),('H3',55,10,4),('H3',56,10,5),('H3',57,10,6),('H3',58,10,7),('H3',59,10,8),('H3',60,11,0),('H3',61,11,1),('H3',62,11,2),('H3',63,11,3),('H3',64,11,4),('H3',65,11,5),('H3',66,11,6),('H3',67,11,7),('H3',68,11,8),('H3',69,11,9),('H3',70,11,10),('H3',71,11,11),('H3',72,11,12),('H3',73,11,13),('H3',74,11,14),('H3',75,11,15),('H3',76,11,16),('H3',77,11,17),('H3',78,11,18),('H3',79,11,19),('H3',80,11,20),('H3',81,11,21),('H3',82,11,22),('H3',83,11,23),('H3',84,11,24),('H3',85,11,25),('H3',86,11,26),('H3',87,11,27),('H3',88,11,28),('H3',89,11,29),('H3',90,11,30),('H3',91,11,31),('H3',92,12,0),('H3',93,12,1),('H3',94,12,2),('H3',95,12,3),('H3',96,12,4),('H3',97,12,5),('H3',98,13,0),('H3',111,14,0),('H3',112,14,1),('H3',113,14,2),('H3',114,14,3),('H3',115,14,4),('H3',116,14,5),('H3',117,14,6),('H3',118,14,7),('H3',119,14,8),('H3',120,14,9),('H3',121,14,10),('H3',122,14,11),('H3',123,15,0),('H3',124,15,1),('H3',125,15,2),('H3',126,15,3),('H3',127,16,0),('H3',128,16,1),('H3',129,16,2),('H3',130,17,0),('H3',131,17,1),('H3',132,17,2),('H3',133,17,3),('H3',134,17,4),('H3',135,18,0),('H3',136,18,1),('H3',137,18,2),('H3',138,18,3),('H3',139,19,0),('H3',140,19,1),('H3',141,19,2),('H3',142,19,3),('H3',143,19,4),('H3',144,20,0),('H3',145,20,1),('H3',146,20,2),('H3',147,20,3),('H3',148,20,4),('H3',149,20,5),('H3',158,21,8),('H3',159,21,9),('H3',160,22,0),('H3',161,22,1),('H3',162,22,2),('H3',163,22,3),('H3',164,22,4),('H3',165,22,5),('H3',166,23,0),('H3',167,23,1),('H3',168,23,2),('H3',169,23,3),('H3',170,24,0),('H3',171,24,1),('H3',172,24,2),('H3',173,25,0),('H3',174,25,1),('H3',175,25,2),('H3',176,25,3),('H3',177,25,4),('H3',178,25,5),('H3',179,26,0),('H3',180,26,1),('H3',181,26,2),('H3',182,27,0),('H3',183,27,1),('H3',184,27,2),('H3',185,27,3),('H3',186,28,0),('H3',187,28,1),('H3',188,28,2),('H3',189,28,3),('H3',190,29,0),('H3',191,29,1),('H3',192,29,2),('H3',193,29,3),('H3',194,30,0),('H3',195,30,1),('H3',196,30,2),('H3',197,30,3),('H3',198,30,4),('H3',199,30,5),('H3',200,30,6),('H3',201,30,7),('H3',202,30,8),('H3',203,30,9),('H3',204,30,10),('H3',205,30,11),('H3',206,30,12),('H3',207,30,13),('H3',208,30,14),('H3',209,30,15),('H3',210,31,1),('H3',211,31,2),('H3',212,31,3),('H3',213,31,4),('H3',214,32,1),('H3',215,32,2),('H3',216,32,3),('H3',217,32,4),('H3',218,32,5),('H3',219,32,6),('H3',220,33,1),('H3',221,33,2),('H3',222,33,3),('H3',223,34,1),('H3',224,34,2),('H3',225,34,3),('H3',226,35,1),('H3',227,35,2),('H3',228,35,3),('H3',229,36,1),('H3',230,36,2),('H3',231,36,3),('H3',232,36,4),('H3',233,36,5),('H3',234,36,6),('H3',235,37,1),('H3',236,37,2),('H3',237,37,3),('H3',238,37,4),('H3',239,38,1),('H3',240,38,2),('H3',241,38,3),('H3',242,38,4),('H3',243,39,1),('H3',244,39,2),('H3',245,39,3),('H3',246,39,4),('H3',247,40,1),('H3',248,40,2),('H3',249,40,3),('H3',250,40,4),('H3',251,40,5),('H3',252,40,6),('H3',253,40,7),('H3',254,40,8),('H3',255,40,9),('H3',256,40,10),('H3',257,40,11),('H3',258,41,1),('H3',259,41,2),('H3',260,41,3),('H3',261,41,4),('H3',262,41,5),('H3',263,41,6),('H3',264,41,7),('H3',265,41,8),('H3',266,41,9),('H3',267,42,1),('H3',268,42,2),('H3',269,42,3),('H3',270,42,4),('H3',271,43,1),('H3',272,43,2),('H3',273,43,3),('H3',274,43,4),('H3',275,44,1),('H3',276,44,2),('H3',277,44,3),('H3',278,44,4),('H3',279,44,5),('H3',280,44,6),('H3',281,44,7),('H3',282,44,8),('H3',283,44,9),('H3',284,44,10),('H3',285,44,11),('H3',286,45,1),('H3',287,45,2),('H3',288,12,1),('H3',289,46,1),('H3',290,46,2),('H3',291,46,3),('H3',292,46,4),('H3',293,46,5),('H3',294,46,6),('H3',295,2,1),('H3',296,47,1),('H3',297,47,2),('H3',298,47,3),('H3',299,48,1),('H3',300,48,2),('H3',303,49,1),('H3',304,49,2),('H3',305,1,1),('H3',306,1,1),('H3',310,21,1),('H3',311,21,1),('H3',312,21,1),('H3',313,21,1),('H3',318,50,1),('H3',319,50,2),('H3',320,51,1),('H3',321,51,2),('H3',322,51,3),('H3',323,51,4),('H3',324,52,1),('H3',325,52,2),('H3',326,53,1),('H3',327,53,2),('H3',328,54,1),('H3',329,54,2),('H3',330,55,1),('H3',331,55,2),('H3',332,56,1),('H3',333,56,2),('H3',334,56,3),('H3',335,13,13),('H3',336,13,14),('H3',337,13,15),('H3',338,13,16),('H3',339,13,17),('H3',340,13,18),('H3',341,13,19),('H3',342,13,20),('H3',343,13,21),('H3',344,13,22),('H3',345,13,23),('H3',346,13,24),('H3',347,11,1),('H3',348,11,1),('H3',349,11,1),('H3',350,14,1),('H3',351,11,1),('H3',352,14,1),('H3',353,11,1),('H3',354,14,1),('H3',355,16,3),('H3',356,16,4),('H3',358,29,4),('H3',359,29,5),('H3',360,29,6),('H3',361,26,3),('H3',362,26,4),('H3',363,26,5),('H3',364,26,6),('H3',365,26,7),('H3',366,26,8),('H3',367,26,9),('H3',368,26,10),('H3',484,4,1),('H3',485,3,1),('H3',486,4,1),('H3',487,3,1),('H3',488,4,1),('H3',489,7,1),('H3',490,4,1),('H3',491,4,1),('H3',492,7,1),('H3',493,7,1),('H3',494,7,1),('H3',495,4,1),('H3',496,4,1),('H3',497,15,1),('H3',498,30,1),('H3',499,30,1),('H3',500,55,1),('H3',501,55,2),('H3',502,55,3),('H3',503,55,4),('H3',504,55,5),('H3',505,55,6),('H3',506,57,1),('H3',507,57,2),('H3',508,58,1),('H3',509,58,2),('H3',510,59,1),('H3',511,59,2),('H4',1,1,0),('H4',2,1,1),('H4',3,1,2),('H4',4,1,3),('H4',5,1,4),('H4',6,1,5),('H4',7,1,6),('H4',8,1,7),('H4',9,1,8),('H4',10,1,9),('H4',11,1,10),('H4',12,2,0),('H4',13,2,1),('H4',14,3,0),('H4',15,3,1),('H4',16,3,2),('H4',17,3,3),('H4',18,3,4),('H4',19,3,5),('H4',20,4,0),('H4',21,4,1),('H4',22,4,2),('H4',23,4,3),('H4',24,4,4),('H4',25,4,5),('H4',26,4,6),('H4',27,4,7),('H4',28,4,8),('H4',29,4,9),('H4',30,4,10),('H4',31,4,11),('H4',32,4,12),('H4',33,5,0),('H4',34,5,1),('H4',35,5,2),('H4',36,5,3),('H4',37,5,4),('H4',38,6,0),('H4',39,6,1),('H4',40,6,2),('H4',41,7,0),('H4',42,7,1),('H4',43,7,2),('H4',44,7,3),('H4',45,7,4),('H4',46,8,0),('H4',47,9,0),('H4',48,9,1),('H4',49,9,2),('H4',50,9,3),('H4',51,10,0),('H4',52,10,1),('H4',53,10,2),('H4',54,10,3),('H4',55,10,4),('H4',56,10,5),('H4',57,10,6),('H4',58,10,7),('H4',59,10,8),('H4',60,11,0),('H4',61,11,1),('H4',62,11,2),('H4',63,11,3),('H4',64,11,4),('H4',65,11,5),('H4',66,11,6),('H4',67,11,7),('H4',68,11,8),('H4',69,11,9),('H4',70,11,10),('H4',71,11,11),('H4',72,11,12),('H4',73,11,13),('H4',74,11,14),('H4',75,11,15),('H4',76,11,16),('H4',77,11,17),('H4',78,11,18),('H4',79,11,19),('H4',80,11,20),('H4',81,11,21),('H4',82,11,22),('H4',83,11,23),('H4',84,11,24),('H4',85,11,25),('H4',86,11,26),('H4',87,11,27),('H4',88,11,28),('H4',89,11,29),('H4',90,11,30),('H4',91,11,31),('H4',92,12,0),('H4',93,12,1),('H4',94,12,2),('H4',95,12,3),('H4',96,12,4),('H4',97,12,5),('H4',98,13,0),('H4',111,14,0),('H4',112,14,1),('H4',113,14,2),('H4',114,14,3),('H4',115,14,4),('H4',116,14,5),('H4',117,14,6),('H4',118,14,7),('H4',119,14,8),('H4',120,14,9),('H4',121,14,10),('H4',122,14,11),('H4',123,15,0),('H4',124,15,1),('H4',125,15,2),('H4',126,15,3),('H4',127,16,0),('H4',128,16,1),('H4',129,16,2),('H4',130,17,0),('H4',131,17,1),('H4',132,17,2),('H4',133,17,3),('H4',134,17,4),('H4',135,18,0),('H4',136,18,1),('H4',137,18,2),('H4',138,18,3),('H4',139,19,0),('H4',140,19,1),('H4',141,19,2),('H4',142,19,3),('H4',143,19,4),('H4',144,20,0),('H4',145,20,1),('H4',146,20,2),('H4',147,20,3),('H4',148,20,4),('H4',149,20,5),('H4',158,21,8),('H4',159,21,9),('H4',160,22,0),('H4',161,22,1),('H4',162,22,2),('H4',163,22,3),('H4',164,22,4),('H4',165,22,5),('H4',166,23,0),('H4',167,23,1),('H4',168,23,2),('H4',169,23,3),('H4',170,24,0),('H4',171,24,1),('H4',172,24,2),('H4',173,25,0),('H4',174,25,1),('H4',175,25,2),('H4',176,25,3),('H4',177,25,4),('H4',178,25,5),('H4',179,26,0),('H4',180,26,1),('H4',181,26,2),('H4',182,27,0),('H4',183,27,1),('H4',184,27,2),('H4',185,27,3),('H4',186,28,0),('H4',187,28,1),('H4',188,28,2),('H4',189,28,3),('H4',190,29,0),('H4',191,29,1),('H4',192,29,2),('H4',193,29,3),('H4',194,30,0),('H4',195,30,1),('H4',196,30,2),('H4',197,30,3),('H4',198,30,4),('H4',199,30,5),('H4',200,30,6),('H4',201,30,7),('H4',202,30,8),('H4',203,30,9),('H4',204,30,10),('H4',205,30,11),('H4',206,30,12),('H4',207,30,13),('H4',208,30,14),('H4',209,30,15),('H4',210,31,1),('H4',211,31,2),('H4',212,31,3),('H4',213,31,4),('H4',214,32,1),('H4',215,32,2),('H4',216,32,3),('H4',217,32,4),('H4',218,32,5),('H4',219,32,6),('H4',220,33,1),('H4',221,33,2),('H4',222,33,3),('H4',223,34,1),('H4',224,34,2),('H4',225,34,3),('H4',226,35,1),('H4',227,35,2),('H4',228,35,3),('H4',229,36,1),('H4',230,36,2),('H4',231,36,3),('H4',232,36,4),('H4',233,36,5),('H4',234,36,6),('H4',235,37,1),('H4',236,37,2),('H4',237,37,3),('H4',238,37,4),('H4',239,38,1),('H4',240,38,2),('H4',241,38,3),('H4',242,38,4),('H4',243,39,1),('H4',244,39,2),('H4',245,39,3),('H4',246,39,4),('H4',247,40,1),('H4',248,40,2),('H4',249,40,3),('H4',250,40,4),('H4',251,40,5),('H4',252,40,6),('H4',253,40,7),('H4',254,40,8),('H4',255,40,9),('H4',256,40,10),('H4',257,40,11),('H4',258,41,1),('H4',259,41,2),('H4',260,41,3),('H4',261,41,4),('H4',262,41,5),('H4',263,41,6),('H4',264,41,7),('H4',265,41,8),('H4',266,41,9),('H4',267,42,1),('H4',268,42,2),('H4',269,42,3),('H4',270,42,4),('H4',271,43,1),('H4',272,43,2),('H4',273,43,3),('H4',274,43,4),('H4',275,44,1),('H4',276,44,2),('H4',277,44,3),('H4',278,44,4),('H4',279,44,5),('H4',280,44,6),('H4',281,44,7),('H4',282,44,8),('H4',283,44,9),('H4',284,44,10),('H4',285,44,11),('H4',286,45,1),('H4',287,45,2),('H4',288,12,1),('H4',289,46,1),('H4',290,46,2),('H4',291,46,3),('H4',292,46,4),('H4',293,46,5),('H4',294,46,6),('H4',295,2,1),('H4',296,47,1),('H4',297,47,2),('H4',298,47,3),('H4',299,48,1),('H4',300,48,2),('H4',303,49,1),('H4',304,49,2),('H4',305,1,1),('H4',306,1,1),('H4',310,21,1),('H4',311,21,1),('H4',312,21,1),('H4',313,21,1),('H4',318,50,1),('H4',319,50,2),('H4',320,51,1),('H4',321,51,2),('H4',322,51,3),('H4',323,51,4),('H4',324,52,1),('H4',325,52,2),('H4',326,53,1),('H4',327,53,2),('H4',328,54,1),('H4',329,54,2),('H4',330,55,1),('H4',331,55,2),('H4',332,56,1),('H4',333,56,2),('H4',334,56,3),('H4',335,13,13),('H4',336,13,14),('H4',337,13,15),('H4',338,13,16),('H4',339,13,17),('H4',340,13,18),('H4',341,13,19),('H4',342,13,20),('H4',343,13,21),('H4',344,13,22),('H4',345,13,23),('H4',346,13,24),('H4',347,11,1),('H4',348,11,1),('H4',349,11,1),('H4',350,14,1),('H4',351,11,1),('H4',352,14,1),('H4',353,11,1),('H4',354,14,1),('H4',355,16,3),('H4',356,16,4),('H4',358,29,4),('H4',359,29,5),('H4',360,29,6),('H4',361,26,3),('H4',362,26,4),('H4',363,26,5),('H4',364,26,6),('H4',365,26,7),('H4',366,26,8),('H4',367,26,9),('H4',368,26,10),('H4',484,4,1),('H4',485,3,1),('H4',486,4,1),('H4',487,3,1),('H4',488,4,1),('H4',489,7,1),('H4',490,4,1),('H4',491,4,1),('H4',492,7,1),('H4',493,7,1),('H4',494,7,1),('H4',495,4,1),('H4',496,4,1),('H4',497,15,1),('H4',498,30,1),('H4',499,30,1),('H4',500,55,1),('H4',501,55,2),('H4',502,55,3),('H4',503,55,4),('H4',504,55,5),('H4',505,55,6),('H4',506,57,1),('H4',507,57,2),('H4',508,58,1),('H4',509,58,2),('H4',510,59,1),('H4',511,59,2),('H5',1,1,0),('H5',2,1,1),('H5',3,1,2),('H5',4,1,3),('H5',5,1,4),('H5',6,1,5),('H5',7,1,6),('H5',8,1,7),('H5',9,1,8),('H5',10,1,9),('H5',11,1,10),('H5',12,2,0),('H5',13,2,1),('H5',14,3,0),('H5',15,3,1),('H5',16,3,2),('H5',17,3,3),('H5',18,3,4),('H5',19,3,5),('H5',20,4,0),('H5',21,4,1),('H5',22,4,2),('H5',23,4,3),('H5',24,4,4),('H5',25,4,5),('H5',26,4,6),('H5',27,4,7),('H5',28,4,8),('H5',29,4,9),('H5',30,4,10),('H5',31,4,11),('H5',32,4,12),('H5',33,5,0),('H5',34,5,1),('H5',35,5,2),('H5',36,5,3),('H5',37,5,4),('H5',38,6,0),('H5',39,6,1),('H5',40,6,2),('H5',41,7,0),('H5',42,7,1),('H5',43,7,2),('H5',44,7,3),('H5',45,7,4),('H5',46,8,0),('H5',47,9,0),('H5',48,9,1),('H5',49,9,2),('H5',50,9,3),('H5',51,10,0),('H5',52,10,1),('H5',53,10,2),('H5',54,10,3),('H5',55,10,4),('H5',56,10,5),('H5',57,10,6),('H5',58,10,7),('H5',59,10,8),('H5',60,11,0),('H5',61,11,1),('H5',62,11,2),('H5',63,11,3),('H5',64,11,4),('H5',65,11,5),('H5',66,11,6),('H5',67,11,7),('H5',68,11,8),('H5',69,11,9),('H5',70,11,10),('H5',71,11,11),('H5',72,11,12),('H5',73,11,13),('H5',74,11,14),('H5',75,11,15),('H5',76,11,16),('H5',77,11,17),('H5',78,11,18),('H5',79,11,19),('H5',80,11,20),('H5',81,11,21),('H5',82,11,22),('H5',83,11,23),('H5',84,11,24),('H5',85,11,25),('H5',86,11,26),('H5',87,11,27),('H5',88,11,28),('H5',89,11,29),('H5',90,11,30),('H5',91,11,31),('H5',92,12,0),('H5',93,12,1),('H5',94,12,2),('H5',95,12,3),('H5',96,12,4),('H5',97,12,5),('H5',98,13,0),('H5',111,14,0),('H5',112,14,1),('H5',113,14,2),('H5',114,14,3),('H5',115,14,4),('H5',116,14,5),('H5',117,14,6),('H5',118,14,7),('H5',119,14,8),('H5',120,14,9),('H5',121,14,10),('H5',122,14,11),('H5',123,15,0),('H5',124,15,1),('H5',125,15,2),('H5',126,15,3),('H5',127,16,0),('H5',128,16,1),('H5',129,16,2),('H5',130,17,0),('H5',131,17,1),('H5',132,17,2),('H5',133,17,3),('H5',134,17,4),('H5',135,18,0),('H5',136,18,1),('H5',137,18,2),('H5',138,18,3),('H5',139,19,0),('H5',140,19,1),('H5',141,19,2),('H5',142,19,3),('H5',143,19,4),('H5',144,20,0),('H5',145,20,1),('H5',146,20,2),('H5',147,20,3),('H5',148,20,4),('H5',149,20,5),('H5',158,21,8),('H5',159,21,9),('H5',160,22,0),('H5',161,22,1),('H5',162,22,2),('H5',163,22,3),('H5',164,22,4),('H5',165,22,5),('H5',166,23,0),('H5',167,23,1),('H5',168,23,2),('H5',169,23,3),('H5',170,24,0),('H5',171,24,1),('H5',172,24,2),('H5',173,25,0),('H5',174,25,1),('H5',175,25,2),('H5',176,25,3),('H5',177,25,4),('H5',178,25,5),('H5',179,26,0),('H5',180,26,1),('H5',181,26,2),('H5',182,27,0),('H5',183,27,1),('H5',184,27,2),('H5',185,27,3),('H5',186,28,0),('H5',187,28,1),('H5',188,28,2),('H5',189,28,3),('H5',190,29,0),('H5',191,29,1),('H5',192,29,2),('H5',193,29,3),('H5',194,30,0),('H5',195,30,1),('H5',196,30,2),('H5',197,30,3),('H5',198,30,4),('H5',199,30,5),('H5',200,30,6),('H5',201,30,7),('H5',202,30,8),('H5',203,30,9),('H5',204,30,10),('H5',205,30,11),('H5',206,30,12),('H5',207,30,13),('H5',208,30,14),('H5',209,30,15),('H5',210,31,1),('H5',211,31,2),('H5',212,31,3),('H5',213,31,4),('H5',214,32,1),('H5',215,32,2),('H5',216,32,3),('H5',217,32,4),('H5',218,32,5),('H5',219,32,6),('H5',220,33,1),('H5',221,33,2),('H5',222,33,3),('H5',223,34,1),('H5',224,34,2),('H5',225,34,3),('H5',226,35,1),('H5',227,35,2),('H5',228,35,3),('H5',229,36,1),('H5',230,36,2),('H5',231,36,3),('H5',232,36,4),('H5',233,36,5),('H5',234,36,6),('H5',235,37,1),('H5',236,37,2),('H5',237,37,3),('H5',238,37,4),('H5',239,38,1),('H5',240,38,2),('H5',241,38,3),('H5',242,38,4),('H5',243,39,1),('H5',244,39,2),('H5',245,39,3),('H5',246,39,4),('H5',247,40,1),('H5',248,40,2),('H5',249,40,3),('H5',250,40,4),('H5',251,40,5),('H5',252,40,6),('H5',253,40,7),('H5',254,40,8),('H5',255,40,9),('H5',256,40,10),('H5',257,40,11),('H5',258,41,1),('H5',259,41,2),('H5',260,41,3),('H5',261,41,4),('H5',262,41,5),('H5',263,41,6),('H5',264,41,7),('H5',265,41,8),('H5',266,41,9),('H5',267,42,1),('H5',268,42,2),('H5',269,42,3),('H5',270,42,4),('H5',271,43,1),('H5',272,43,2),('H5',273,43,3),('H5',274,43,4),('H5',275,44,1),('H5',276,44,2),('H5',277,44,3),('H5',278,44,4),('H5',279,44,5),('H5',280,44,6),('H5',281,44,7),('H5',282,44,8),('H5',283,44,9),('H5',284,44,10),('H5',285,44,11),('H5',286,45,1),('H5',287,45,2),('H5',288,12,1),('H5',289,46,1),('H5',290,46,2),('H5',291,46,3),('H5',292,46,4),('H5',293,46,5),('H5',294,46,6),('H5',295,2,1),('H5',296,47,1),('H5',297,47,2),('H5',298,47,3),('H5',299,48,1),('H5',300,48,2),('H5',303,49,1),('H5',304,49,2),('H5',305,1,1),('H5',306,1,1),('H5',310,21,1),('H5',311,21,1),('H5',312,21,1),('H5',313,21,1),('H5',318,50,1),('H5',319,50,2),('H5',320,51,1),('H5',321,51,2),('H5',322,51,3),('H5',323,51,4),('H5',324,52,1),('H5',325,52,2),('H5',326,53,1),('H5',327,53,2),('H5',328,54,1),('H5',329,54,2),('H5',330,55,1),('H5',331,55,2),('H5',332,56,1),('H5',333,56,2),('H5',334,56,3),('H5',335,13,13),('H5',336,13,14),('H5',337,13,15),('H5',338,13,16),('H5',339,13,17),('H5',340,13,18),('H5',341,13,19),('H5',342,13,20),('H5',343,13,21),('H5',344,13,22),('H5',345,13,23),('H5',346,13,24),('H5',347,11,1),('H5',348,11,1),('H5',349,11,1),('H5',350,14,1),('H5',351,11,1),('H5',352,14,1),('H5',353,11,1),('H5',354,14,1),('H5',355,16,3),('H5',356,16,4),('H5',358,29,4),('H5',359,29,5),('H5',360,29,6),('H5',361,26,3),('H5',362,26,4),('H5',363,26,5),('H5',364,26,6),('H5',365,26,7),('H5',366,26,8),('H5',367,26,9),('H5',368,26,10),('H5',484,4,1),('H5',485,3,1),('H5',486,4,1),('H5',487,3,1),('H5',488,4,1),('H5',489,7,1),('H5',490,4,1),('H5',491,4,1),('H5',492,7,1),('H5',493,7,1),('H5',494,7,1),('H5',495,4,1),('H5',496,4,1),('H5',497,15,1),('H5',498,30,1),('H5',499,30,1),('H5',500,55,1),('H5',501,55,2),('H5',502,55,3),('H5',503,55,4),('H5',504,55,5),('H5',505,55,6),('H5',506,57,1),('H5',507,57,2),('H5',508,58,1),('H5',509,58,2),('H5',510,59,1),('H5',511,59,2),('H6',1,1,0),('H6',2,1,1),('H6',3,1,2),('H6',4,1,3),('H6',5,1,4),('H6',6,1,5),('H6',7,1,6),('H6',8,1,7),('H6',9,1,8),('H6',10,1,9),('H6',11,1,10),('H6',12,2,0),('H6',13,2,1),('H6',14,3,0),('H6',15,3,1),('H6',16,3,2),('H6',17,3,3),('H6',18,3,4),('H6',19,3,5),('H6',20,4,0),('H6',21,4,1),('H6',22,4,2),('H6',23,4,3),('H6',24,4,4),('H6',25,4,5),('H6',26,4,6),('H6',27,4,7),('H6',28,4,8),('H6',29,4,9),('H6',30,4,10),('H6',31,4,11),('H6',32,4,12),('H6',33,5,0),('H6',34,5,1),('H6',35,5,2),('H6',36,5,3),('H6',37,5,4),('H6',38,6,0),('H6',39,6,1),('H6',40,6,2),('H6',41,7,0),('H6',42,7,1),('H6',43,7,2),('H6',44,7,3),('H6',45,7,4),('H6',46,8,0),('H6',47,9,0),('H6',48,9,1),('H6',49,9,2),('H6',50,9,3),('H6',51,10,0),('H6',52,10,1),('H6',53,10,2),('H6',54,10,3),('H6',55,10,4),('H6',56,10,5),('H6',57,10,6),('H6',58,10,7),('H6',59,10,8),('H6',60,11,0),('H6',61,11,1),('H6',62,11,2),('H6',63,11,3),('H6',64,11,4),('H6',65,11,5),('H6',66,11,6),('H6',67,11,7),('H6',68,11,8),('H6',69,11,9),('H6',70,11,10),('H6',71,11,11),('H6',72,11,12),('H6',73,11,13),('H6',74,11,14),('H6',75,11,15),('H6',76,11,16),('H6',77,11,17),('H6',78,11,18),('H6',79,11,19),('H6',80,11,20),('H6',81,11,21),('H6',82,11,22),('H6',83,11,23),('H6',84,11,24),('H6',85,11,25),('H6',86,11,26),('H6',87,11,27),('H6',88,11,28),('H6',89,11,29),('H6',90,11,30),('H6',91,11,31),('H6',92,12,0),('H6',93,12,1),('H6',94,12,2),('H6',95,12,3),('H6',96,12,4),('H6',97,12,5),('H6',98,13,0),('H6',111,14,0),('H6',112,14,1),('H6',113,14,2),('H6',114,14,3),('H6',115,14,4),('H6',116,14,5),('H6',117,14,6),('H6',118,14,7),('H6',119,14,8),('H6',120,14,9),('H6',121,14,10),('H6',122,14,11),('H6',123,15,0),('H6',124,15,1),('H6',125,15,2),('H6',126,15,3),('H6',127,16,0),('H6',128,16,1),('H6',129,16,2),('H6',130,17,0),('H6',131,17,1),('H6',132,17,2),('H6',133,17,3),('H6',134,17,4),('H6',135,18,0),('H6',136,18,1),('H6',137,18,2),('H6',138,18,3),('H6',139,19,0),('H6',140,19,1),('H6',141,19,2),('H6',142,19,3),('H6',143,19,4),('H6',144,20,0),('H6',145,20,1),('H6',146,20,2),('H6',147,20,3),('H6',148,20,4),('H6',149,20,5),('H6',158,21,8),('H6',159,21,9),('H6',160,22,0),('H6',161,22,1),('H6',162,22,2),('H6',163,22,3),('H6',164,22,4),('H6',165,22,5),('H6',166,23,0),('H6',167,23,1),('H6',168,23,2),('H6',169,23,3),('H6',170,24,0),('H6',171,24,1),('H6',172,24,2),('H6',173,25,0),('H6',174,25,1),('H6',175,25,2),('H6',176,25,3),('H6',177,25,4),('H6',178,25,5),('H6',179,26,0),('H6',180,26,1),('H6',181,26,2),('H6',182,27,0),('H6',183,27,1),('H6',184,27,2),('H6',185,27,3),('H6',186,28,0),('H6',187,28,1),('H6',188,28,2),('H6',189,28,3),('H6',190,29,0),('H6',191,29,1),('H6',192,29,2),('H6',193,29,3),('H6',194,30,0),('H6',195,30,1),('H6',196,30,2),('H6',197,30,3),('H6',198,30,4),('H6',199,30,5),('H6',200,30,6),('H6',201,30,7),('H6',202,30,8),('H6',203,30,9),('H6',204,30,10),('H6',205,30,11),('H6',206,30,12),('H6',207,30,13),('H6',208,30,14),('H6',209,30,15),('H6',210,31,1),('H6',211,31,2),('H6',212,31,3),('H6',213,31,4),('H6',214,32,1),('H6',215,32,2),('H6',216,32,3),('H6',217,32,4),('H6',218,32,5),('H6',219,32,6),('H6',220,33,1),('H6',221,33,2),('H6',222,33,3),('H6',223,34,1),('H6',224,34,2),('H6',225,34,3),('H6',226,35,1),('H6',227,35,2),('H6',228,35,3),('H6',229,36,1),('H6',230,36,2),('H6',231,36,3),('H6',232,36,4),('H6',233,36,5),('H6',234,36,6),('H6',235,37,1),('H6',236,37,2),('H6',237,37,3),('H6',238,37,4),('H6',239,38,1),('H6',240,38,2),('H6',241,38,3),('H6',242,38,4),('H6',243,39,1),('H6',244,39,2),('H6',245,39,3),('H6',246,39,4),('H6',247,40,1),('H6',248,40,2),('H6',249,40,3),('H6',250,40,4),('H6',251,40,5),('H6',252,40,6),('H6',253,40,7),('H6',254,40,8),('H6',255,40,9),('H6',256,40,10),('H6',257,40,11),('H6',258,41,1),('H6',259,41,2),('H6',260,41,3),('H6',261,41,4),('H6',262,41,5),('H6',263,41,6),('H6',264,41,7),('H6',265,41,8),('H6',266,41,9),('H6',267,42,1),('H6',268,42,2),('H6',269,42,3),('H6',270,42,4),('H6',271,43,1),('H6',272,43,2),('H6',273,43,3),('H6',274,43,4),('H6',275,44,1),('H6',276,44,2),('H6',277,44,3),('H6',278,44,4),('H6',279,44,5),('H6',280,44,6),('H6',281,44,7),('H6',282,44,8),('H6',283,44,9),('H6',284,44,10),('H6',285,44,11),('H6',286,45,1),('H6',287,45,2),('H6',288,12,1),('H6',289,46,1),('H6',290,46,2),('H6',291,46,3),('H6',292,46,4),('H6',293,46,5),('H6',294,46,6),('H6',295,2,1),('H6',296,47,1),('H6',297,47,2),('H6',298,47,3),('H6',299,48,1),('H6',300,48,2),('H6',303,49,1),('H6',304,49,2),('H6',305,1,1),('H6',306,1,1),('H6',310,21,1),('H6',311,21,1),('H6',312,21,1),('H6',313,21,1),('H6',318,50,1),('H6',319,50,2),('H6',320,51,1),('H6',321,51,2),('H6',322,51,3),('H6',323,51,4),('H6',324,52,1),('H6',325,52,2),('H6',326,53,1),('H6',327,53,2),('H6',328,54,1),('H6',329,54,2),('H6',330,55,1),('H6',331,55,2),('H6',332,56,1),('H6',333,56,2),('H6',334,56,3),('H6',335,13,13),('H6',336,13,14),('H6',337,13,15),('H6',338,13,16),('H6',339,13,17),('H6',340,13,18),('H6',341,13,19),('H6',342,13,20),('H6',343,13,21),('H6',344,13,22),('H6',345,13,23),('H6',346,13,24),('H6',347,11,1),('H6',348,11,1),('H6',349,11,1),('H6',350,14,1),('H6',351,11,1),('H6',352,14,1),('H6',353,11,1),('H6',354,14,1),('H6',355,16,3),('H6',356,16,4),('H6',358,29,4),('H6',359,29,5),('H6',360,29,6),('H6',361,26,3),('H6',362,26,4),('H6',363,26,5),('H6',364,26,6),('H6',365,26,7),('H6',366,26,8),('H6',367,26,9),('H6',368,26,10),('H6',484,4,1),('H6',485,3,1),('H6',486,4,1),('H6',487,3,1),('H6',488,4,1),('H6',489,7,1),('H6',490,4,1),('H6',491,4,1),('H6',492,7,1),('H6',493,7,1),('H6',494,7,1),('H6',495,4,1),('H6',496,4,1),('H6',497,15,1),('H6',498,30,1),('H6',499,30,1),('H6',500,55,1),('H6',501,55,2),('H6',502,55,3),('H6',503,55,4),('H6',504,55,5),('H6',505,55,6),('H6',506,57,1),('H6',507,57,2),('H6',508,58,1),('H6',509,58,2),('H6',510,59,1),('H6',511,59,2);

--
-- Table structure for table `vtiger_role2profile`
--

CREATE TABLE `vtiger_role2profile` (
  `roleid` varchar(255) NOT NULL,
  `profileid` int(11) NOT NULL,
  PRIMARY KEY (`roleid`,`profileid`),
  KEY `role2profile_roleid_profileid_idx` (`roleid`,`profileid`)
) ENGINE=InnoDB DEFAULT CHARSET=utf8 COLLATE=utf8_general_ci;

--
-- Dumping data for table `vtiger_role2profile`
--

INSERT INTO `vtiger_role2profile` VALUES ('H2',1),('H3',2),('H4',2),('H5',2),('H6',5);

--
-- Table structure for table `vtiger_role_seq`
--

CREATE TABLE `vtiger_role_seq` (
  `id` int(11) NOT NULL
) ENGINE=InnoDB DEFAULT CHARSET=utf8 COLLATE=utf8_general_ci;

--
-- Dumping data for table `vtiger_role_seq`
--

INSERT INTO `vtiger_role_seq` VALUES (6);

--
-- Table structure for table `vtiger_rollupcomments_settings`
--

CREATE TABLE `vtiger_rollupcomments_settings` (
  `rollupid` int(19) NOT NULL AUTO_INCREMENT,
  `userid` int(19) NOT NULL,
  `tabid` int(19) NOT NULL,
  `rollup_status` int(2) NOT NULL DEFAULT 0,
  PRIMARY KEY (`rollupid`)
) ENGINE=InnoDB DEFAULT CHARSET=utf8 COLLATE=utf8_general_ci;

--
-- Dumping data for table `vtiger_rollupcomments_settings`
--


--
-- Table structure for table `vtiger_rowheight`
--

CREATE TABLE `vtiger_rowheight` (
  `rowheightid` int(11) NOT NULL AUTO_INCREMENT,
  `rowheight` varchar(200) NOT NULL,
  `sortorderid` int(11) DEFAULT NULL,
  `presence` int(11) NOT NULL DEFAULT 1,
  PRIMARY KEY (`rowheightid`)
) ENGINE=InnoDB AUTO_INCREMENT=4 DEFAULT CHARSET=utf8 COLLATE=utf8_general_ci;

--
-- Dumping data for table `vtiger_rowheight`
--

INSERT INTO `vtiger_rowheight` VALUES (1,'wide',0,1),(2,'medium',1,1),(3,'narrow',2,1);

--
-- Table structure for table `vtiger_rowheight_seq`
--

CREATE TABLE `vtiger_rowheight_seq` (
  `id` int(11) NOT NULL
) ENGINE=InnoDB DEFAULT CHARSET=utf8 COLLATE=utf8_general_ci;

--
-- Dumping data for table `vtiger_rowheight_seq`
--

INSERT INTO `vtiger_rowheight_seq` VALUES (3);

--
-- Table structure for table `vtiger_rss`
--

CREATE TABLE `vtiger_rss` (
  `rssid` int(19) NOT NULL,
  `rssurl` varchar(200) NOT NULL DEFAULT '',
  `rsstitle` varchar(200) DEFAULT NULL,
  `rsstype` int(10) DEFAULT 0,
  `starred` int(1) DEFAULT 0,
  PRIMARY KEY (`rssid`)
) ENGINE=InnoDB DEFAULT CHARSET=utf8 COLLATE=utf8_general_ci;

--
-- Dumping data for table `vtiger_rss`
--


--
-- Table structure for table `vtiger_sales_stage`
--

CREATE TABLE `vtiger_sales_stage` (
  `sales_stage_id` int(19) NOT NULL AUTO_INCREMENT,
  `sales_stage` varchar(200) DEFAULT NULL,
  `presence` int(1) NOT NULL DEFAULT 1,
  `picklist_valueid` int(19) NOT NULL DEFAULT 0,
  `sortorderid` int(11) DEFAULT NULL,
  `color` varchar(10) DEFAULT NULL,
  PRIMARY KEY (`sales_stage_id`)
) ENGINE=InnoDB AUTO_INCREMENT=18 DEFAULT CHARSET=utf8 COLLATE=utf8_general_ci;

--
-- Dumping data for table `vtiger_sales_stage`
--

INSERT INTO `vtiger_sales_stage` VALUES (9,'Closed Won',0,158,6,NULL),(10,'Closed Lost',0,159,7,NULL),(13,'Analisis de Necesidad',1,310,2,NULL),(14,'Propuesta',1,311,3,NULL),(15,'Interes',1,312,1,NULL),(16,'Negociacion',1,313,4,NULL);

--
-- Table structure for table `vtiger_sales_stage_seq`
--

CREATE TABLE `vtiger_sales_stage_seq` (
  `id` int(11) NOT NULL
) ENGINE=InnoDB DEFAULT CHARSET=utf8 COLLATE=utf8_general_ci;

--
-- Dumping data for table `vtiger_sales_stage_seq`
--

INSERT INTO `vtiger_sales_stage_seq` VALUES (17);

--
-- Table structure for table `vtiger_salesmanactivityrel`
--

CREATE TABLE `vtiger_salesmanactivityrel` (
  `smid` int(19) NOT NULL DEFAULT 0,
  `activityid` int(19) NOT NULL DEFAULT 0,
  PRIMARY KEY (`smid`,`activityid`),
  KEY `salesmanactivityrel_activityid_idx` (`activityid`),
  KEY `salesmanactivityrel_smid_idx` (`smid`),
  CONSTRAINT `fk_2_vtiger_salesmanactivityrel` FOREIGN KEY (`smid`) REFERENCES `vtiger_users` (`id`) ON DELETE CASCADE
) ENGINE=InnoDB DEFAULT CHARSET=utf8 COLLATE=utf8_general_ci;

--
-- Dumping data for table `vtiger_salesmanactivityrel`
--

INSERT INTO `vtiger_salesmanactivityrel` VALUES (1,724),(1,725),(1,726),(1,727),(1,773),(1,776),(7,723),(7,780);

--
-- Table structure for table `vtiger_salesmanattachmentsrel`
--

CREATE TABLE `vtiger_salesmanattachmentsrel` (
  `smid` int(19) NOT NULL DEFAULT 0,
  `attachmentsid` int(19) NOT NULL DEFAULT 0,
  PRIMARY KEY (`smid`,`attachmentsid`),
  KEY `salesmanattachmentsrel_smid_idx` (`smid`),
  KEY `salesmanattachmentsrel_attachmentsid_idx` (`attachmentsid`),
  CONSTRAINT `fk_2_vtiger_salesmanattachmentsrel` FOREIGN KEY (`attachmentsid`) REFERENCES `vtiger_attachments` (`attachmentsid`) ON DELETE CASCADE
) ENGINE=InnoDB DEFAULT CHARSET=utf8 COLLATE=utf8_general_ci;

--
-- Dumping data for table `vtiger_salesmanattachmentsrel`
--

INSERT INTO `vtiger_salesmanattachmentsrel` VALUES (1,451);

--
-- Table structure for table `vtiger_salesmanticketrel`
--

CREATE TABLE `vtiger_salesmanticketrel` (
  `smid` int(19) NOT NULL DEFAULT 0,
  `id` int(19) NOT NULL DEFAULT 0,
  PRIMARY KEY (`smid`,`id`),
  KEY `salesmanticketrel_smid_idx` (`smid`),
  KEY `salesmanticketrel_id_idx` (`id`),
  CONSTRAINT `fk_2_vtiger_salesmanticketrel` FOREIGN KEY (`smid`) REFERENCES `vtiger_users` (`id`) ON DELETE CASCADE
) ENGINE=InnoDB DEFAULT CHARSET=utf8 COLLATE=utf8_general_ci;

--
-- Dumping data for table `vtiger_salesmanticketrel`
--


--
-- Table structure for table `vtiger_salesorder`
--

CREATE TABLE `vtiger_salesorder` (
  `salesorderid` int(19) NOT NULL DEFAULT 0,
  `subject` varchar(100) DEFAULT NULL,
  `potentialid` int(19) DEFAULT NULL,
  `customerno` varchar(100) DEFAULT NULL,
  `salesorder_no` varchar(100) DEFAULT NULL,
  `quoteid` int(19) DEFAULT NULL,
  `vendorterms` varchar(100) DEFAULT NULL,
  `contactid` int(19) DEFAULT NULL,
  `vendorid` int(19) DEFAULT NULL,
  `duedate` date DEFAULT NULL,
  `carrier` varchar(200) DEFAULT NULL,
  `pending` varchar(200) DEFAULT NULL,
  `type` varchar(100) DEFAULT NULL,
  `adjustment` decimal(25,8) DEFAULT NULL,
  `salescommission` decimal(25,3) DEFAULT NULL,
  `exciseduty` decimal(25,3) DEFAULT NULL,
  `total` decimal(25,8) DEFAULT NULL,
  `subtotal` decimal(25,8) DEFAULT NULL,
  `taxtype` varchar(25) DEFAULT NULL,
  `discount_percent` decimal(25,3) DEFAULT NULL,
  `discount_amount` decimal(25,8) DEFAULT NULL,
  `s_h_amount` decimal(25,8) DEFAULT NULL,
  `accountid` int(19) DEFAULT NULL,
  `terms_conditions` text DEFAULT NULL,
  `purchaseorder` varchar(200) DEFAULT NULL,
  `sostatus` varchar(200) DEFAULT NULL,
  `currency_id` int(19) NOT NULL DEFAULT 1,
  `conversion_rate` decimal(10,3) NOT NULL DEFAULT 1.000,
  `enable_recurring` int(11) DEFAULT 0,
  `compound_taxes_info` text DEFAULT NULL,
  `pre_tax_total` decimal(25,8) DEFAULT NULL,
  `s_h_percent` decimal(25,3) DEFAULT NULL,
  `tags` varchar(1) DEFAULT NULL,
  `region_id` int(19) DEFAULT NULL,
  PRIMARY KEY (`salesorderid`),
  KEY `salesorder_vendorid_idx` (`vendorid`),
  KEY `salesorder_contactid_idx` (`contactid`),
  CONSTRAINT `fk_3_vtiger_salesorder` FOREIGN KEY (`vendorid`) REFERENCES `vtiger_vendor` (`vendorid`) ON DELETE CASCADE,
  CONSTRAINT `fk_crmid_vtiger_salesorder` FOREIGN KEY (`salesorderid`) REFERENCES `vtiger_crmentity` (`crmid`) ON DELETE CASCADE
) ENGINE=InnoDB DEFAULT CHARSET=utf8 COLLATE=utf8_general_ci;

--
-- Dumping data for table `vtiger_salesorder`
--


--
-- Table structure for table `vtiger_salesordercf`
--

CREATE TABLE `vtiger_salesordercf` (
  `salesorderid` int(19) NOT NULL DEFAULT 0,
  PRIMARY KEY (`salesorderid`),
  CONSTRAINT `fk_1_vtiger_salesordercf` FOREIGN KEY (`salesorderid`) REFERENCES `vtiger_salesorder` (`salesorderid`) ON DELETE CASCADE
) ENGINE=InnoDB DEFAULT CHARSET=utf8 COLLATE=utf8_general_ci;

--
-- Dumping data for table `vtiger_salesordercf`
--


--
-- Table structure for table `vtiger_salutationtype`
--

CREATE TABLE `vtiger_salutationtype` (
  `salutationid` int(19) NOT NULL AUTO_INCREMENT,
  `salutationtype` varchar(200) NOT NULL,
  `presence` int(1) NOT NULL DEFAULT 1,
  `picklist_valueid` int(19) NOT NULL DEFAULT 0,
  `sortorderid` int(11) DEFAULT NULL,
  `color` varchar(10) DEFAULT NULL,
  PRIMARY KEY (`salutationid`)
) ENGINE=InnoDB AUTO_INCREMENT=7 DEFAULT CHARSET=utf8 COLLATE=utf8_general_ci;

--
-- Dumping data for table `vtiger_salutationtype`
--

INSERT INTO `vtiger_salutationtype` VALUES (2,'Mr.',1,161,1,NULL),(3,'Ms.',1,162,2,NULL),(4,'Mrs.',1,163,3,NULL),(5,'Dr.',1,164,4,NULL),(6,'Prof.',1,165,5,NULL);

--
-- Table structure for table `vtiger_salutationtype_seq`
--

CREATE TABLE `vtiger_salutationtype_seq` (
  `id` int(11) NOT NULL
) ENGINE=InnoDB DEFAULT CHARSET=utf8 COLLATE=utf8_general_ci;

--
-- Dumping data for table `vtiger_salutationtype_seq`
--

INSERT INTO `vtiger_salutationtype_seq` VALUES (6);

--
-- Table structure for table `vtiger_scheduled_reports`
--

CREATE TABLE `vtiger_scheduled_reports` (
  `reportid` int(11) NOT NULL,
  `recipients` text DEFAULT NULL,
  `schedule` text DEFAULT NULL,
  `format` varchar(10) DEFAULT NULL,
  `next_trigger_time` timestamp NOT NULL DEFAULT current_timestamp() ON UPDATE current_timestamp(),
  PRIMARY KEY (`reportid`)
) ENGINE=InnoDB DEFAULT CHARSET=utf8 COLLATE=utf8_general_ci;

--
-- Dumping data for table `vtiger_scheduled_reports`
--


--
-- Table structure for table `vtiger_schedulereports`
--

CREATE TABLE `vtiger_schedulereports` (
  `reportid` int(10) DEFAULT NULL,
  `scheduleid` int(3) DEFAULT NULL,
  `recipients` text DEFAULT NULL,
  `schdate` varchar(20) DEFAULT NULL,
  `schtime` time DEFAULT NULL,
  `schdayoftheweek` varchar(100) DEFAULT NULL,
  `schdayofthemonth` varchar(100) DEFAULT NULL,
  `schannualdates` varchar(500) DEFAULT NULL,
  `specificemails` varchar(500) DEFAULT NULL,
  `next_trigger_time` timestamp NOT NULL DEFAULT current_timestamp(),
  `fileformat` varchar(10) DEFAULT 'CSV'
) ENGINE=InnoDB DEFAULT CHARSET=utf8 COLLATE=utf8_general_ci;

--
-- Dumping data for table `vtiger_schedulereports`
--


--
-- Table structure for table `vtiger_seactivityrel`
--

CREATE TABLE `vtiger_seactivityrel` (
  `crmid` int(19) NOT NULL,
  `activityid` int(19) NOT NULL,
  PRIMARY KEY (`crmid`,`activityid`),
  KEY `seactivityrel_activityid_idx` (`activityid`),
  KEY `seactivityrel_crmid_idx` (`crmid`),
  CONSTRAINT `fk_2_vtiger_seactivityrel` FOREIGN KEY (`crmid`) REFERENCES `vtiger_crmentity` (`crmid`) ON DELETE CASCADE
) ENGINE=InnoDB DEFAULT CHARSET=utf8 COLLATE=utf8_general_ci;

--
-- Dumping data for table `vtiger_seactivityrel`
--

INSERT INTO `vtiger_seactivityrel` VALUES (101,725),(163,775),(170,751),(170,752),(170,756),(170,757),(371,780),(734,753),(735,754),(735,755),(743,758),(745,759),(746,760),(762,768),(763,769),(763,770),(763,771),(777,778),(786,787);

--
-- Table structure for table `vtiger_seactivityrel_seq`
--

CREATE TABLE `vtiger_seactivityrel_seq` (
  `id` int(11) NOT NULL
) ENGINE=InnoDB DEFAULT CHARSET=utf8 COLLATE=utf8_general_ci;

--
-- Dumping data for table `vtiger_seactivityrel_seq`
--

INSERT INTO `vtiger_seactivityrel_seq` VALUES (1);

--
-- Table structure for table `vtiger_seattachmentsrel`
--

CREATE TABLE `vtiger_seattachmentsrel` (
  `crmid` int(19) NOT NULL DEFAULT 0,
  `attachmentsid` int(19) NOT NULL DEFAULT 0,
  PRIMARY KEY (`crmid`,`attachmentsid`),
  KEY `seattachmentsrel_attachmentsid_idx` (`attachmentsid`),
  KEY `seattachmentsrel_crmid_idx` (`crmid`),
  KEY `seattachmentsrel_attachmentsid_crmid_idx` (`attachmentsid`,`crmid`),
  CONSTRAINT `fk_2_vtiger_seattachmentsrel` FOREIGN KEY (`crmid`) REFERENCES `vtiger_crmentity` (`crmid`) ON DELETE CASCADE
) ENGINE=InnoDB DEFAULT CHARSET=utf8 COLLATE=utf8_general_ci;

--
-- Dumping data for table `vtiger_seattachmentsrel`
--

INSERT INTO `vtiger_seattachmentsrel` VALUES (673,674),(673,676),(673,678),(673,680),(673,682),(673,684),(673,686),(673,688),(675,674),(677,676),(679,678),(681,680),(683,682),(685,684),(687,686),(689,688);

--
-- Table structure for table `vtiger_selectcolumn`
--

CREATE TABLE `vtiger_selectcolumn` (
  `queryid` int(19) NOT NULL,
  `columnindex` int(11) NOT NULL DEFAULT 0,
  `columnname` varchar(250) DEFAULT '',
  PRIMARY KEY (`queryid`,`columnindex`),
  KEY `selectcolumn_queryid_idx` (`queryid`),
  CONSTRAINT `fk_1_vtiger_selectcolumn` FOREIGN KEY (`queryid`) REFERENCES `vtiger_selectquery` (`queryid`) ON DELETE CASCADE
) ENGINE=InnoDB DEFAULT CHARSET=utf8 COLLATE=utf8_general_ci;

--
-- Dumping data for table `vtiger_selectcolumn`
--

INSERT INTO `vtiger_selectcolumn` VALUES (1,0,'vtiger_contactdetails:firstname:Contacts_First_Name:firstname:V'),(1,1,'vtiger_contactdetails:lastname:Contacts_Last_Name:lastname:V'),(1,2,'vtiger_contactsubdetails:leadsource:Contacts_Lead_Source:leadsource:V'),(1,3,'vtiger_contactdetails:accountid:Contacts_Account_Name:account_id:V'),(1,4,'vtiger_account:industry:Accounts_industry:industry:V'),(1,5,'vtiger_contactdetails:email:Contacts_Email:email:E'),(2,0,'vtiger_contactdetails:firstname:Contacts_First_Name:firstname:V'),(2,1,'vtiger_contactdetails:lastname:Contacts_Last_Name:lastname:V'),(2,2,'vtiger_contactsubdetails:leadsource:Contacts_Lead_Source:leadsource:V'),(2,3,'vtiger_contactdetails:accountid:Contacts_Account_Name:account_id:V'),(2,4,'vtiger_account:industry:Accounts_industry:industry:V'),(2,5,'vtiger_contactdetails:email:Contacts_Email:email:E'),(3,0,'vtiger_contactdetails:firstname:Contacts_First_Name:firstname:V'),(3,1,'vtiger_contactdetails:lastname:Contacts_Last_Name:lastname:V'),(3,2,'vtiger_contactdetails:accountid:Contacts_Account_Name:account_id:V'),(3,3,'vtiger_contactdetails:email:Contacts_Email:email:E'),(3,4,'vtiger_potential:potentialname:Potentials_Potential_Name:potentialname:V'),(3,5,'vtiger_potential:sales_stage:Potentials_Sales_Stage:sales_stage:V'),(4,0,'vtiger_leaddetails:firstname:Leads_First_Name:firstname:V'),(4,1,'vtiger_leaddetails:lastname:Leads_Last_Name:lastname:V'),(4,2,'vtiger_leaddetails:company:Leads_Company:company:V'),(4,3,'vtiger_leaddetails:email:Leads_Email:email:E'),(4,4,'vtiger_leaddetails:leadsource:Leads_Lead_Source:leadsource:V'),(5,0,'vtiger_leaddetails:firstname:Leads_First_Name:firstname:V'),(5,1,'vtiger_leaddetails:lastname:Leads_Last_Name:lastname:V'),(5,2,'vtiger_leaddetails:company:Leads_Company:company:V'),(5,3,'vtiger_leaddetails:email:Leads_Email:email:E'),(5,4,'vtiger_leaddetails:leadsource:Leads_Lead_Source:leadsource:V'),(5,5,'vtiger_leaddetails:leadstatus:Leads_Lead_Status:leadstatus:V'),(6,0,'vtiger_potential:potentialname:Potentials_Potential_Name:potentialname:V'),(6,1,'vtiger_potential:amount:Potentials_Amount:amount:N'),(6,2,'vtiger_potential:potentialtype:Potentials_Type:opportunity_type:V'),(6,3,'vtiger_potential:leadsource:Potentials_Lead_Source:leadsource:V'),(6,4,'vtiger_potential:sales_stage:Potentials_Sales_Stage:sales_stage:V'),(7,0,'vtiger_potential:potentialname:Potentials_Potential_Name:potentialname:V'),(7,1,'vtiger_potential:amount:Potentials_Amount:amount:N'),(7,2,'vtiger_potential:potentialtype:Potentials_Type:opportunity_type:V'),(7,3,'vtiger_potential:leadsource:Potentials_Lead_Source:leadsource:V'),(7,4,'vtiger_potential:sales_stage:Potentials_Sales_Stage:sales_stage:V'),(8,0,'vtiger_activity:subject:Calendar_Subject:subject:V'),(8,1,'vtiger_contactdetailsCalendar:lastname:Calendar_Contact_Name:contact_id:I'),(8,2,'vtiger_activity:status:Calendar_Status:taskstatus:V'),(8,3,'vtiger_activity:priority:Calendar_Priority:taskpriority:V'),(8,4,'vtiger_usersCalendar:user_name:Calendar_Assigned_To:assigned_user_id:V'),(9,0,'vtiger_activity:subject:Calendar_Subject:subject:V'),(9,1,'vtiger_contactdetailsCalendar:lastname:Calendar_Contact_Name:contact_id:I'),(9,2,'vtiger_activity:status:Calendar_Status:taskstatus:V'),(9,3,'vtiger_activity:priority:Calendar_Priority:taskpriority:V'),(9,4,'vtiger_usersCalendar:user_name:Calendar_Assigned_To:assigned_user_id:V'),(10,0,'vtiger_troubletickets:title:HelpDesk_Title:ticket_title:V'),(10,1,'vtiger_troubletickets:status:HelpDesk_Status:ticketstatus:V'),(10,2,'vtiger_products:productname:Products_Product_Name:productname:V'),(10,3,'vtiger_products:discontinued:Products_Product_Active:discontinued:V'),(10,4,'vtiger_products:productcategory:Products_Product_Category:productcategory:V'),(10,5,'vtiger_products:manufacturer:Products_Manufacturer:manufacturer:V'),(11,0,'vtiger_troubletickets:title:HelpDesk_Title:ticket_title:V'),(11,1,'vtiger_troubletickets:priority:HelpDesk_Priority:ticketpriorities:V'),(11,2,'vtiger_troubletickets:severity:HelpDesk_Severity:ticketseverities:V'),(11,3,'vtiger_troubletickets:status:HelpDesk_Status:ticketstatus:V'),(11,4,'vtiger_troubletickets:category:HelpDesk_Category:ticketcategories:V'),(11,5,'vtiger_usersHelpDesk:user_name:HelpDesk_Assigned_To:assigned_user_id:V'),(12,0,'vtiger_troubletickets:title:HelpDesk_Title:ticket_title:V'),(12,1,'vtiger_troubletickets:priority:HelpDesk_Priority:ticketpriorities:V'),(12,2,'vtiger_troubletickets:severity:HelpDesk_Severity:ticketseverities:V'),(12,3,'vtiger_troubletickets:status:HelpDesk_Status:ticketstatus:V'),(12,4,'vtiger_troubletickets:category:HelpDesk_Category:ticketcategories:V'),(12,5,'vtiger_usersHelpDesk:user_name:HelpDesk_Assigned_To:assigned_user_id:V'),(13,0,'vtiger_products:productname:Products_Product_Name:productname:V'),(13,1,'vtiger_products:productcode:Products_Product_Code:productcode:V'),(13,2,'vtiger_products:discontinued:Products_Product_Active:discontinued:V'),(13,3,'vtiger_products:productcategory:Products_Product_Category:productcategory:V'),(13,4,'vtiger_products:website:Products_Website:website:V'),(13,5,'vtiger_vendorRelProducts:vendorname:Products_Vendor_Name:vendor_id:I'),(13,6,'vtiger_products:mfr_part_no:Products_Mfr_PartNo:mfr_part_no:V'),(14,0,'vtiger_products:productname:Products_Product_Name:productname:V'),(14,1,'vtiger_products:manufacturer:Products_Manufacturer:manufacturer:V'),(14,2,'vtiger_products:productcategory:Products_Product_Category:productcategory:V'),(14,3,'vtiger_contactdetails:firstname:Contacts_First_Name:firstname:V'),(14,4,'vtiger_contactdetails:lastname:Contacts_Last_Name:lastname:V'),(14,5,'vtiger_contactsubdetails:leadsource:Contacts_Lead_Source:leadsource:V'),(15,0,'vtiger_quotes:subject:Quotes_Subject:subject:V'),(15,1,'vtiger_potentialRelQuotes:potentialname:Quotes_Potential_Name:potential_id:I'),(15,2,'vtiger_quotes:quotestage:Quotes_Quote_Stage:quotestage:V'),(15,3,'vtiger_quotes:contactid:Quotes_Contact_Name:contact_id:V'),(15,4,'vtiger_usersRel1:user_name:Quotes_Inventory_Manager:assigned_user_id1:I'),(15,5,'vtiger_accountQuotes:accountname:Quotes_Account_Name:account_id:I'),(16,0,'vtiger_quotes:subject:Quotes_Subject:subject:V'),(16,1,'vtiger_potentialRelQuotes:potentialname:Quotes_Potential_Name:potential_id:I'),(16,2,'vtiger_quotes:quotestage:Quotes_Quote_Stage:quotestage:V'),(16,3,'vtiger_quotes:contactid:Quotes_Contact_Name:contact_id:V'),(16,4,'vtiger_usersRel1:user_name:Quotes_Inventory_Manager:assigned_user_id1:I'),(16,5,'vtiger_accountQuotes:accountname:Quotes_Account_Name:account_id:I'),(16,6,'vtiger_quotes:carrier:Quotes_Carrier:carrier:V'),(16,7,'vtiger_quotes:shipping:Quotes_Shipping:shipping:V'),(17,0,'vtiger_purchaseorder:subject:PurchaseOrder_Subject:subject:V'),(17,1,'vtiger_vendorRelPurchaseOrder:vendorname:PurchaseOrder_Vendor_Name:vendor_id:I'),(17,2,'vtiger_purchaseorder:tracking_no:PurchaseOrder_Tracking_Number:tracking_no:V'),(17,3,'vtiger_contactdetails:firstname:Contacts_First_Name:firstname:V'),(17,4,'vtiger_contactdetails:lastname:Contacts_Last_Name:lastname:V'),(17,5,'vtiger_contactsubdetails:leadsource:Contacts_Lead_Source:leadsource:V'),(17,6,'vtiger_contactdetails:email:Contacts_Email:email:E'),(18,0,'vtiger_purchaseorder:subject:PurchaseOrder_Subject:subject:V'),(18,1,'vtiger_vendorRelPurchaseOrder:vendorname:PurchaseOrder_Vendor_Name:vendor_id:I'),(18,2,'vtiger_purchaseorder:requisition_no:PurchaseOrder_Requisition_No:requisition_no:V'),(18,3,'vtiger_purchaseorder:tracking_no:PurchaseOrder_Tracking_Number:tracking_no:V'),(18,4,'vtiger_contactdetailsPurchaseOrder:lastname:PurchaseOrder_Contact_Name:contact_id:I'),(18,5,'vtiger_purchaseorder:carrier:PurchaseOrder_Carrier:carrier:V'),(18,6,'vtiger_purchaseorder:salescommission:PurchaseOrder_Sales_Commission:salescommission:N'),(18,7,'vtiger_purchaseorder:exciseduty:PurchaseOrder_Excise_Duty:exciseduty:N'),(18,8,'vtiger_usersPurchaseOrder:user_name:PurchaseOrder_Assigned_To:assigned_user_id:V'),(19,0,'vtiger_invoice:subject:Invoice_Subject:subject:V'),(19,1,'vtiger_invoice:salesorderid:Invoice_Sales_Order:salesorder_id:I'),(19,2,'vtiger_invoice:customerno:Invoice_Customer_No:customerno:V'),(19,3,'vtiger_invoice:exciseduty:Invoice_Excise_Duty:exciseduty:N'),(19,4,'vtiger_invoice:salescommission:Invoice_Sales_Commission:salescommission:N'),(19,5,'vtiger_accountInvoice:accountname:Invoice_Account_Name:account_id:I'),(20,0,'vtiger_salesorder:subject:SalesOrder_Subject:subject:V'),(20,1,'vtiger_quotesSalesOrder:subject:SalesOrder_Quote_Name:quote_id:I'),(20,2,'vtiger_contactdetailsSalesOrder:lastname:SalesOrder_Contact_Name:contact_id:I'),(20,3,'vtiger_salesorder:duedate:SalesOrder_Due_Date:duedate:D'),(20,4,'vtiger_salesorder:carrier:SalesOrder_Carrier:carrier:V'),(20,5,'vtiger_salesorder:sostatus:SalesOrder_Status:sostatus:V'),(20,6,'vtiger_accountSalesOrder:accountname:SalesOrder_Account_Name:account_id:I'),(20,7,'vtiger_salesorder:salescommission:SalesOrder_Sales_Commission:salescommission:N'),(20,8,'vtiger_salesorder:exciseduty:SalesOrder_Excise_Duty:exciseduty:N'),(20,9,'vtiger_usersSalesOrder:user_name:SalesOrder_Assigned_To:assigned_user_id:V'),(21,0,'vtiger_campaign:campaignname:Campaigns_Campaign_Name:campaignname:V'),(21,1,'vtiger_campaign:campaigntype:Campaigns_Campaign_Type:campaigntype:V'),(21,2,'vtiger_campaign:targetaudience:Campaigns_Target_Audience:targetaudience:V'),(21,3,'vtiger_campaign:budgetcost:Campaigns_Budget_Cost:budgetcost:I'),(21,4,'vtiger_campaign:actualcost:Campaigns_Actual_Cost:actualcost:I'),(21,5,'vtiger_campaign:expectedrevenue:Campaigns_Expected_Revenue:expectedrevenue:I'),(21,6,'vtiger_campaign:expectedsalescount:Campaigns_Expected_Sales_Count:expectedsalescount:N'),(21,7,'vtiger_campaign:actualsalescount:Campaigns_Actual_Sales_Count:actualsalescount:N'),(21,8,'vtiger_usersCampaigns:user_name:Campaigns_Assigned_To:assigned_user_id:V'),(22,0,'vtiger_contactdetails:lastname:Contacts_Last_Name:lastname:V'),(22,1,'vtiger_contactdetails:email:Contacts_Email:email:E'),(22,2,'vtiger_activity:subject:Emails_Subject:subject:V'),(22,3,'vtiger_email_track:access_count:Emails_Access_Count:access_count:I'),(23,0,'vtiger_account:accountname:Accounts_Account_Name:accountname:V'),(23,1,'vtiger_account:phone:Accounts_Phone:phone:V'),(23,2,'vtiger_account:email1:Accounts_Email:email1:E'),(23,3,'vtiger_activity:subject:Emails_Subject:subject:V'),(23,4,'vtiger_email_track:access_count:Emails_Access_Count:access_count:I'),(24,0,'vtiger_leaddetails:lastname:Leads_Last_Name:lastname:V'),(24,1,'vtiger_leaddetails:company:Leads_Company:company:V'),(24,2,'vtiger_leaddetails:email:Leads_Email:email:E'),(24,3,'vtiger_activity:subject:Emails_Subject:subject:V'),(24,4,'vtiger_email_track:access_count:Emails_Access_Count:access_count:I'),(25,0,'vtiger_vendor:vendorname:Vendors_Vendor_Name:vendorname:V'),(25,1,'vtiger_vendor:glacct:Vendors_GL_Account:glacct:V'),(25,2,'vtiger_vendor:email:Vendors_Email:email:E'),(25,3,'vtiger_activity:subject:Emails_Subject:subject:V'),(25,4,'vtiger_email_track:access_count:Emails_Access_Count:access_count:I'),(27,0,'vtiger_contactdetails:firstname:Contacts_First_Name:firstname:V'),(27,1,'vtiger_contactdetails:lastname:Contacts_Last_Name:lastname:V'),(27,2,'vtiger_contactdetails:accountid:Contacts_Account_Name:account_id:V'),(28,0,'vtiger_contactdetails:firstname:Contacts_First_Name:firstname:V'),(28,1,'vtiger_contactdetails:lastname:Contacts_Last_Name:lastname:V'),(28,2,'vtiger_contactdetails:accountid:Contacts_Account_Name:account_id:V'),(28,3,'vtiger_contactdetails:email:Contacts_Email:email:V'),(28,4,'vtiger_contactdetails:phone:Contacts_Office_Phone:phone:V'),(28,5,'vtiger_usersContacts:user_name:Contacts_Assigned_To:assigned_user_id:V'),(31,0,'vtiger_assets:serialnumber:Assets_Serial_Number:serialnumber:V'),(31,1,'vtiger_assets:dateinservice:Assets_Date_in_Service:dateinservice:D'),(31,2,'vtiger_assets:assetstatus:Assets_Status:assetstatus:V'),(31,3,'vtiger_assets:invoiceid:Assets_Invoice_Name:invoiceid:V'),(32,0,'vtiger_usersAccounts:user_name:Accounts_Assigned_To:assigned_user_id:V'),(32,1,'vtiger_account:accountname:Accounts_Account_Name:accountname:V'),(32,2,'vtiger_crmentityAccounts:modifiedby:Accounts_Last_Modified_By:modifiedby:V'),(32,3,'vtiger_crmentityAccounts:modifiedtime:Accounts_Modified_Time:modifiedtime:DT'),(32,4,'vtiger_crmentityModComments:createdtime:ModComments_Created_Time:createdtime:DT'),(32,5,'vtiger_crmentityModComments:source:ModComments_Source:source:V'),(34,0,'vtiger_usersPotentials:user_name:Potentials_Assigned_To:assigned_user_id:V'),(34,1,'vtiger_potential:sales_stage:Potentials_Sales_Stage:sales_stage:V'),(34,2,'vtiger_potential:contact_id:Potentials_Contact_Name:contact_id:V'),(34,3,'vtiger_potential:amount:Potentials_Amount:amount:N'),(34,4,'vtiger_potential:closingdate:Potentials_Expected_Close_Date:closingdate:D');

--
-- Table structure for table `vtiger_selectquery`
--

CREATE TABLE `vtiger_selectquery` (
  `queryid` int(19) NOT NULL,
  `startindex` int(19) DEFAULT 0,
  `numofobjects` int(19) DEFAULT 0,
  PRIMARY KEY (`queryid`),
  KEY `selectquery_queryid_idx` (`queryid`)
) ENGINE=InnoDB DEFAULT CHARSET=utf8 COLLATE=utf8_general_ci;

--
-- Dumping data for table `vtiger_selectquery`
--

INSERT INTO `vtiger_selectquery` VALUES (1,0,0),(2,0,0),(3,0,0),(4,0,0),(5,0,0),(6,0,0),(7,0,0),(8,0,0),(9,0,0),(10,0,0),(11,0,0),(12,0,0),(13,0,0),(14,0,0),(15,0,0),(16,0,0),(17,0,0),(18,0,0),(19,0,0),(20,0,0),(21,0,0),(22,0,0),(23,0,0),(24,0,0),(25,0,0),(26,0,0),(27,0,0),(28,0,0),(29,0,0),(30,0,0),(31,0,0),(32,0,0),(33,0,0),(34,0,0);

--
-- Table structure for table `vtiger_selectquery_seq`
--

CREATE TABLE `vtiger_selectquery_seq` (
  `id` int(11) NOT NULL
) ENGINE=InnoDB DEFAULT CHARSET=utf8 COLLATE=utf8_general_ci;

--
-- Dumping data for table `vtiger_selectquery_seq`
--

INSERT INTO `vtiger_selectquery_seq` VALUES (34);

--
-- Table structure for table `vtiger_senotesrel`
--

CREATE TABLE `vtiger_senotesrel` (
  `crmid` int(19) NOT NULL DEFAULT 0,
  `notesid` int(19) NOT NULL DEFAULT 0,
  PRIMARY KEY (`crmid`,`notesid`),
  KEY `senotesrel_notesid_idx` (`notesid`),
  KEY `senotesrel_crmid_idx` (`crmid`),
  CONSTRAINT `fk1_crmid` FOREIGN KEY (`crmid`) REFERENCES `vtiger_crmentity` (`crmid`) ON DELETE CASCADE,
  CONSTRAINT `fk_2_vtiger_senotesrel` FOREIGN KEY (`notesid`) REFERENCES `vtiger_notes` (`notesid`) ON DELETE CASCADE
) ENGINE=InnoDB DEFAULT CHARSET=utf8 COLLATE=utf8_general_ci;

--
-- Dumping data for table `vtiger_senotesrel`
--

INSERT INTO `vtiger_senotesrel` VALUES (673,675),(673,677),(673,679),(673,681),(673,683),(673,685),(673,687),(673,689);

--
-- Table structure for table `vtiger_seproductsrel`
--

CREATE TABLE `vtiger_seproductsrel` (
  `crmid` int(19) NOT NULL DEFAULT 0,
  `productid` int(19) NOT NULL DEFAULT 0,
  `setype` varchar(30) NOT NULL,
  `quantity` int(19) DEFAULT 1,
  PRIMARY KEY (`crmid`,`productid`),
  KEY `seproductsrel_productid_idx` (`productid`),
  KEY `seproductrel_crmid_idx` (`crmid`),
  CONSTRAINT `fk_2_vtiger_seproductsrel` FOREIGN KEY (`productid`) REFERENCES `vtiger_products` (`productid`) ON DELETE CASCADE
) ENGINE=InnoDB DEFAULT CHARSET=utf8 COLLATE=utf8_general_ci;

--
-- Dumping data for table `vtiger_seproductsrel`
--


--
-- Table structure for table `vtiger_service`
--

CREATE TABLE `vtiger_service` (
  `serviceid` int(11) NOT NULL,
  `service_no` varchar(100) NOT NULL,
  `servicename` varchar(255) NOT NULL,
  `servicecategory` varchar(200) DEFAULT NULL,
  `qty_per_unit` decimal(11,2) DEFAULT 0.00,
  `unit_price` decimal(25,8) DEFAULT NULL,
  `sales_start_date` date DEFAULT NULL,
  `sales_end_date` date DEFAULT NULL,
  `start_date` date DEFAULT NULL,
  `expiry_date` date DEFAULT NULL,
  `discontinued` int(1) NOT NULL DEFAULT 0,
  `service_usageunit` varchar(200) DEFAULT NULL,
  `website` varchar(100) DEFAULT NULL,
  `taxclass` varchar(200) DEFAULT NULL,
  `currency_id` int(19) NOT NULL DEFAULT 1,
  `commissionrate` decimal(7,3) DEFAULT NULL,
  `tags` varchar(1) DEFAULT NULL,
  `purchase_cost` decimal(27,8) DEFAULT NULL,
  PRIMARY KEY (`serviceid`),
  CONSTRAINT `fk_1_vtiger_service` FOREIGN KEY (`serviceid`) REFERENCES `vtiger_crmentity` (`crmid`) ON DELETE CASCADE
) ENGINE=InnoDB DEFAULT CHARSET=utf8 COLLATE=utf8_general_ci;

--
-- Dumping data for table `vtiger_service`
--


--
-- Table structure for table `vtiger_service_usageunit`
--

CREATE TABLE `vtiger_service_usageunit` (
  `service_usageunitid` int(11) NOT NULL AUTO_INCREMENT,
  `service_usageunit` varchar(200) NOT NULL,
  `presence` int(1) NOT NULL DEFAULT 1,
  `picklist_valueid` int(11) NOT NULL DEFAULT 0,
  `sortorderid` int(11) DEFAULT 0,
  `color` varchar(10) DEFAULT NULL,
  PRIMARY KEY (`service_usageunitid`)
) ENGINE=InnoDB AUTO_INCREMENT=4 DEFAULT CHARSET=utf8 COLLATE=utf8_general_ci;

--
-- Dumping data for table `vtiger_service_usageunit`
--

INSERT INTO `vtiger_service_usageunit` VALUES (1,'Hours',1,226,1,NULL),(2,'Days',1,227,2,NULL),(3,'Incidents',1,228,3,NULL);

--
-- Table structure for table `vtiger_service_usageunit_seq`
--

CREATE TABLE `vtiger_service_usageunit_seq` (
  `id` int(11) NOT NULL
) ENGINE=InnoDB DEFAULT CHARSET=utf8 COLLATE=utf8_general_ci;

--
-- Dumping data for table `vtiger_service_usageunit_seq`
--

INSERT INTO `vtiger_service_usageunit_seq` VALUES (3);

--
-- Table structure for table `vtiger_servicecategory`
--

CREATE TABLE `vtiger_servicecategory` (
  `servicecategoryid` int(11) NOT NULL AUTO_INCREMENT,
  `servicecategory` varchar(200) NOT NULL,
  `presence` int(1) NOT NULL DEFAULT 1,
  `picklist_valueid` int(11) NOT NULL DEFAULT 0,
  `sortorderid` int(11) DEFAULT 0,
  `color` varchar(10) DEFAULT NULL,
  PRIMARY KEY (`servicecategoryid`)
) ENGINE=InnoDB AUTO_INCREMENT=7 DEFAULT CHARSET=utf8 COLLATE=utf8_general_ci;

--
-- Dumping data for table `vtiger_servicecategory`
--

INSERT INTO `vtiger_servicecategory` VALUES (2,'Support',1,230,2,NULL),(3,'Installation',1,231,3,NULL),(4,'Migration',1,232,4,NULL),(5,'Customization',1,233,5,NULL),(6,'Training',1,234,6,NULL);

--
-- Table structure for table `vtiger_servicecategory_seq`
--

CREATE TABLE `vtiger_servicecategory_seq` (
  `id` int(11) NOT NULL
) ENGINE=InnoDB DEFAULT CHARSET=utf8 COLLATE=utf8_general_ci;

--
-- Dumping data for table `vtiger_servicecategory_seq`
--

INSERT INTO `vtiger_servicecategory_seq` VALUES (6);

--
-- Table structure for table `vtiger_servicecf`
--

CREATE TABLE `vtiger_servicecf` (
  `serviceid` int(19) NOT NULL DEFAULT 0,
  PRIMARY KEY (`serviceid`),
  CONSTRAINT `fk_serviceid_vtiger_servicecf` FOREIGN KEY (`serviceid`) REFERENCES `vtiger_service` (`serviceid`) ON DELETE CASCADE
) ENGINE=InnoDB DEFAULT CHARSET=utf8 COLLATE=utf8_general_ci;

--
-- Dumping data for table `vtiger_servicecf`
--


--
-- Table structure for table `vtiger_servicecontracts`
--

CREATE TABLE `vtiger_servicecontracts` (
  `servicecontractsid` int(11) DEFAULT NULL,
  `start_date` date DEFAULT NULL,
  `end_date` date DEFAULT NULL,
  `sc_related_to` int(11) DEFAULT NULL,
  `tracking_unit` varchar(100) DEFAULT NULL,
  `total_units` decimal(5,2) DEFAULT NULL,
  `used_units` decimal(5,2) DEFAULT NULL,
  `subject` varchar(100) DEFAULT NULL,
  `due_date` date DEFAULT NULL,
  `planned_duration` varchar(256) DEFAULT NULL,
  `actual_duration` varchar(256) DEFAULT NULL,
  `contract_status` varchar(200) DEFAULT NULL,
  `priority` varchar(200) DEFAULT NULL,
  `contract_type` varchar(200) DEFAULT NULL,
  `progress` decimal(5,2) DEFAULT NULL,
  `contract_no` varchar(100) DEFAULT NULL,
  `tags` varchar(1) DEFAULT NULL,
  KEY `fk_crmid_vtiger_servicecontracts` (`servicecontractsid`),
  CONSTRAINT `fk_crmid_vtiger_servicecontracts` FOREIGN KEY (`servicecontractsid`) REFERENCES `vtiger_crmentity` (`crmid`) ON DELETE CASCADE
) ENGINE=InnoDB DEFAULT CHARSET=utf8 COLLATE=utf8_general_ci;

--
-- Dumping data for table `vtiger_servicecontracts`
--


--
-- Table structure for table `vtiger_servicecontractscf`
--

CREATE TABLE `vtiger_servicecontractscf` (
  `servicecontractsid` int(11) NOT NULL,
  PRIMARY KEY (`servicecontractsid`),
  CONSTRAINT `fk_servicecontractsid_vtiger_servicecontractscf` FOREIGN KEY (`servicecontractsid`) REFERENCES `vtiger_servicecontracts` (`servicecontractsid`) ON DELETE CASCADE
) ENGINE=InnoDB DEFAULT CHARSET=utf8 COLLATE=utf8_general_ci;

--
-- Dumping data for table `vtiger_servicecontractscf`
--


--
-- Table structure for table `vtiger_seticketsrel`
--

CREATE TABLE `vtiger_seticketsrel` (
  `crmid` int(19) NOT NULL DEFAULT 0,
  `ticketid` int(19) NOT NULL DEFAULT 0,
  PRIMARY KEY (`crmid`,`ticketid`),
  KEY `seticketsrel_crmid_idx` (`crmid`),
  KEY `seticketsrel_ticketid_idx` (`ticketid`),
  CONSTRAINT `fk_2_vtiger_seticketsrel` FOREIGN KEY (`ticketid`) REFERENCES `vtiger_troubletickets` (`ticketid`) ON DELETE CASCADE
) ENGINE=InnoDB DEFAULT CHARSET=utf8 COLLATE=utf8_general_ci;

--
-- Dumping data for table `vtiger_seticketsrel`
--


--
-- Table structure for table `vtiger_settings_blocks`
--

CREATE TABLE `vtiger_settings_blocks` (
  `blockid` int(19) NOT NULL,
  `label` varchar(250) DEFAULT NULL,
  `sequence` int(19) DEFAULT NULL,
  PRIMARY KEY (`blockid`)
) ENGINE=InnoDB DEFAULT CHARSET=utf8 COLLATE=utf8_general_ci;

--
-- Dumping data for table `vtiger_settings_blocks`
--

INSERT INTO `vtiger_settings_blocks` VALUES (1,'LBL_USER_MANAGEMENT',1),(4,'LBL_OTHER_SETTINGS',10),(5,'LBL_MODULE_MANAGER',2),(6,'LBL_INTEGRATION',8),(7,'LBL_AUTOMATION',3),(8,'LBL_CONFIGURATION',4),(9,'LBL_MARKETING_SALES',5),(10,'LBL_INVENTORY',6),(11,'LBL_MY_PREFERENCES',7),(12,'LBL_EXTENSIONS',9);

--
-- Table structure for table `vtiger_settings_blocks_seq`
--

CREATE TABLE `vtiger_settings_blocks_seq` (
  `id` int(11) NOT NULL
) ENGINE=InnoDB DEFAULT CHARSET=utf8 COLLATE=utf8_general_ci;

--
-- Dumping data for table `vtiger_settings_blocks_seq`
--

INSERT INTO `vtiger_settings_blocks_seq` VALUES (12);

--
-- Table structure for table `vtiger_settings_field`
--

CREATE TABLE `vtiger_settings_field` (
  `fieldid` int(19) NOT NULL,
  `blockid` int(19) DEFAULT NULL,
  `name` varchar(250) DEFAULT NULL,
  `iconpath` varchar(300) DEFAULT NULL,
  `description` text DEFAULT NULL,
  `linkto` text DEFAULT NULL,
  `sequence` int(19) DEFAULT NULL,
  `active` int(19) DEFAULT 0,
  `pinned` int(1) DEFAULT 0,
  PRIMARY KEY (`fieldid`),
  KEY `fk_1_vtiger_settings_field` (`blockid`),
  CONSTRAINT `fk_1_vtiger_settings_field` FOREIGN KEY (`blockid`) REFERENCES `vtiger_settings_blocks` (`blockid`) ON DELETE CASCADE
) ENGINE=InnoDB DEFAULT CHARSET=utf8 COLLATE=utf8_general_ci;

--
-- Dumping data for table `vtiger_settings_field`
--

INSERT INTO `vtiger_settings_field` VALUES (1,1,'LBL_USERS','ico-users.gif','LBL_USER_DESCRIPTION','index.php?module=Users&parent=Settings&view=List',1,0,1),(2,1,'LBL_ROLES','ico-roles.gif','LBL_ROLE_DESCRIPTION','index.php?module=Roles&parent=Settings&view=Index',2,0,0),(3,1,'LBL_PROFILES','ico-profile.gif','LBL_PROFILE_DESCRIPTION','index.php?module=Profiles&parent=Settings&view=List',3,0,0),(4,1,'USERGROUPLIST','ico-groups.gif','LBL_GROUP_DESCRIPTION','index.php?module=Groups&parent=Settings&view=List',5,0,0),(5,1,'LBL_SHARING_ACCESS','shareaccess.gif','LBL_SHARING_ACCESS_DESCRIPTION','index.php?module=SharingAccess&parent=Settings&view=Index',4,0,0),(7,1,'LBL_LOGIN_HISTORY_DETAILS','set-IcoLoginHistory.gif','LBL_LOGIN_HISTORY_DESCRIPTION','index.php?module=LoginHistory&parent=Settings&view=List',6,0,0),(8,5,'VTLIB_LBL_MODULE_MANAGER','vtlib_modmng.gif','VTLIB_LBL_MODULE_MANAGER_DESCRIPTION','index.php?module=ModuleManager&parent=Settings&view=List',1,0,1),(9,8,'LBL_PICKLIST_EDITOR','picklist.gif','LBL_PICKLIST_DESCRIPTION','index.php?parent=Settings&module=Picklist&view=Index',6,0,1),(10,8,'LBL_PICKLIST_DEPENDENCY','picklistdependency.gif','LBL_PICKLIST_DEPENDENCY_DESCRIPTION','index.php?parent=Settings&module=PickListDependency&view=List',7,0,0),(11,8,'LBL_MENU_EDITOR','menueditor.png','LBL_MENU_DESC','index.php?module=MenuEditor&parent=Settings&view=Index',8,0,0),(14,8,'LBL_COMPANY_DETAILS','company.gif','LBL_COMPANY_DESCRIPTION','index.php?parent=Settings&module=Vtiger&view=CompanyDetails',1,0,0),(15,8,'LBL_MAIL_SERVER_SETTINGS','ogmailserver.gif','LBL_MAIL_SERVER_DESCRIPTION','index.php?parent=Settings&module=Vtiger&view=OutgoingServerDetail',4,0,0),(16,8,'LBL_CURRENCY_SETTINGS','currency.gif','LBL_CURRENCY_DESCRIPTION','index.php?parent=Settings&module=Currency&view=List',3,0,0),(17,10,'LBL_TAX_SETTINGS','taxConfiguration.gif','LBL_TAX_DESCRIPTION','index.php?module=Vtiger&parent=Settings&view=TaxIndex',1,0,0),(18,4,'LBL_SYSTEM_INFO','system.gif','LBL_SYSTEM_DESCRIPTION','index.php?module=Settings&submodule=Server&view=ProxyConfig',6,1,0),(20,4,'LBL_DEFAULT_MODULE_VIEW','set-IcoTwoTabConfig.gif','LBL_DEFAULT_MODULE_VIEW_DESC','index.php?module=Settings&action=DefModuleView&parenttab=Settings',2,0,0),(21,10,'INVENTORYTERMSANDCONDITIONS','terms.gif','LBL_INV_TANDC_DESCRIPTION','index.php?parent=Settings&module=Vtiger&view=TermsAndConditionsEdit',2,0,0),(22,5,'LBL_CUSTOMIZE_MODENT_NUMBER','settingsInvNumber.gif','LBL_CUSTOMIZE_MODENT_NUMBER_DESCRIPTION','index.php?module=Vtiger&parent=Settings&view=CustomRecordNumbering',4,0,0),(23,4,'LBL_MAIL_SCANNER','mailScanner.gif','LBL_MAIL_SCANNER_DESCRIPTION','index.php?parent=Settings&module=MailConverter&view=List',5,0,0),(24,7,'LBL_LIST_WORKFLOWS','settingsWorkflow.png','LBL_LIST_WORKFLOWS_DESCRIPTION','index.php?module=Workflows&parent=Settings&view=List',3,0,1),(25,8,'Configuration Editor','migrate.gif','LBL_CONFIG_EDITOR_DESCRIPTION','index.php?module=Vtiger&parent=Settings&view=ConfigEditorDetail',5,0,0),(26,7,'Scheduler','Cron.png','Allows you to Configure Cron Task','index.php?module=CronTasks&parent=Settings&view=List',2,0,0),(28,4,'ModTracker','set-IcoLoginHistory.gif','LBL_MODTRACKER_DESCRIPTION','index.php?module=ModTracker&action=BasicSettings&parenttab=Settings&formodule=ModTracker',9,0,0),(29,6,'LBL_PBXMANAGER','','PBXManager module Configuration','index.php?module=PBXManager&parent=Settings&view=Index',2,0,0),(30,7,'Webforms','modules/Webforms/img/Webform.png','LBL_WEBFORMS_DESCRIPTION','index.php?module=Webforms&parent=Settings&view=List',1,0,0),(31,8,'LBL_CUSTOMER_PORTAL','portal_icon.png','PORTAL_EXTENSION_DESCRIPTION','index.php?module=CustomerPortal&parent=Settings&view=Index',2,0,0),(32,5,'LBL_EDIT_FIELDS','','LBL_LAYOUT_EDITOR_DESCRIPTION','index.php?module=LayoutEditor&parent=Settings&view=Index',2,0,0),(33,9,'LBL_LEAD_MAPPING','NULL','NULL','index.php?parent=Settings&module=Leads&view=MappingDetail',1,0,1),(34,9,'LBL_OPPORTUNITY_MAPPING','NULL','NULL','index.php?parent=Settings&module=Potentials&view=MappingDetail',2,0,1),(35,11,'My Preferences','NULL','NULL','index.php?module=Users&view=PreferenceDetail&parent=Settings&record=1',1,0,1),(36,11,'Calendar Settings','NULL','NULL','index.php?module=Users&parent=Settings&view=Calendar&record=1',2,0,1),(37,11,'LBL_MY_TAGS','NULL','NULL','index.php?module=Tags&parent=Settings&view=List&record=1',3,0,1),(38,12,'LBL_EXTENSION_STORE','NULL','NULL','index.php?module=ExtensionStore&parent=Settings&view=ExtensionStore',1,0,1),(39,12,'LBL_GOOGLE','NULL','NULL','index.php?module=Contacts&parent=Settings&view=Extension&extensionModule=Google&extensionView=Index&mode=settings',2,0,1),(40,4,'CTMobileSettings',NULL,'CTMobileSettings','index.php?module=CTMobileSettings&parent=Settings&view=Details',40,0,0),(41,4,'WhatsApp Configuration','','','index.php?module=CTWhatsApp&parent=Settings&view=WhatsAppUserList',41,0,0);

--
-- Table structure for table `vtiger_settings_field_seq`
--

CREATE TABLE `vtiger_settings_field_seq` (
  `id` int(11) NOT NULL
) ENGINE=InnoDB DEFAULT CHARSET=utf8 COLLATE=utf8_general_ci;

--
-- Dumping data for table `vtiger_settings_field_seq`
--

INSERT INTO `vtiger_settings_field_seq` VALUES (41);

--
-- Table structure for table `vtiger_sharedcalendar`
--

CREATE TABLE `vtiger_sharedcalendar` (
  `userid` int(19) NOT NULL,
  `sharedid` int(19) NOT NULL,
  PRIMARY KEY (`userid`,`sharedid`)
) ENGINE=InnoDB DEFAULT CHARSET=utf8 COLLATE=utf8_general_ci;

--
-- Dumping data for table `vtiger_sharedcalendar`
--


--
-- Table structure for table `vtiger_shareduserinfo`
--

CREATE TABLE `vtiger_shareduserinfo` (
  `userid` int(19) NOT NULL DEFAULT 0,
  `shareduserid` int(19) NOT NULL DEFAULT 0,
  `color` varchar(50) DEFAULT NULL,
  `visible` int(19) DEFAULT 1
) ENGINE=InnoDB DEFAULT CHARSET=utf8 COLLATE=utf8_general_ci;

--
-- Dumping data for table `vtiger_shareduserinfo`
--


--
-- Table structure for table `vtiger_shippingtaxinfo`
--

CREATE TABLE `vtiger_shippingtaxinfo` (
  `taxid` int(3) NOT NULL,
  `taxname` varchar(50) DEFAULT NULL,
  `taxlabel` varchar(50) DEFAULT NULL,
  `percentage` decimal(7,3) DEFAULT NULL,
  `deleted` int(1) DEFAULT NULL,
  `method` varchar(10) DEFAULT NULL,
  `type` varchar(10) DEFAULT NULL,
  `compoundon` varchar(400) DEFAULT NULL,
  `regions` text DEFAULT NULL,
  PRIMARY KEY (`taxid`),
  KEY `shippingtaxinfo_taxname_idx` (`taxname`)
) ENGINE=InnoDB DEFAULT CHARSET=utf8 COLLATE=utf8_general_ci;

--
-- Dumping data for table `vtiger_shippingtaxinfo`
--

INSERT INTO `vtiger_shippingtaxinfo` VALUES (1,'shtax1','VAT',4.500,0,'Simple','Fixed','[]','[]'),(2,'shtax2','Sales',10.000,0,'Simple','Fixed','[]','[]'),(3,'shtax3','Service',12.500,0,'Simple','Fixed','[]','[]');

--
-- Table structure for table `vtiger_shippingtaxinfo_seq`
--

CREATE TABLE `vtiger_shippingtaxinfo_seq` (
  `id` int(11) NOT NULL
) ENGINE=InnoDB DEFAULT CHARSET=utf8 COLLATE=utf8_general_ci;

--
-- Dumping data for table `vtiger_shippingtaxinfo_seq`
--

INSERT INTO `vtiger_shippingtaxinfo_seq` VALUES (3);

--
-- Table structure for table `vtiger_shorturls`
--

CREATE TABLE `vtiger_shorturls` (
  `id` int(11) NOT NULL AUTO_INCREMENT,
  `uid` varchar(50) DEFAULT NULL,
  `handler_path` varchar(400) DEFAULT NULL,
  `handler_class` varchar(100) DEFAULT NULL,
  `handler_function` varchar(100) DEFAULT NULL,
  `handler_data` varchar(255) DEFAULT NULL,
  `onetime` int(5) DEFAULT NULL,
  PRIMARY KEY (`id`),
  KEY `uid` (`uid`)
) ENGINE=InnoDB AUTO_INCREMENT=18 DEFAULT CHARSET=utf8 COLLATE=utf8_general_ci;

--
-- Dumping data for table `vtiger_shorturls`
--

INSERT INTO `vtiger_shorturls` VALUES (1,'66994c698a9226.56638148','modules/Emails/handlers/Tracker.php','Emails_Tracker_Handler','process','{\"record\":751,\"parentId\":\"170\",\"method\":\"open\"}',0),(2,'66994c6a223790.10097323','modules/Emails/handlers/Tracker.php','Emails_Tracker_Handler','process','{\"record\":752,\"parentId\":\"170\",\"method\":\"open\"}',0),(3,'66994c6a5e4657.93052783','modules/Emails/handlers/Tracker.php','Emails_Tracker_Handler','process','{\"record\":753,\"parentId\":\"734\",\"method\":\"open\"}',0),(4,'66994c6aa72ae9.49025312','modules/Emails/handlers/Tracker.php','Emails_Tracker_Handler','process','{\"record\":754,\"parentId\":\"735\",\"method\":\"open\"}',0),(5,'66994c6bc05696.59708636','modules/Emails/handlers/Tracker.php','Emails_Tracker_Handler','process','{\"record\":755,\"parentId\":\"735\",\"method\":\"open\"}',0),(6,'66994c6bf18619.95081283','modules/Emails/handlers/Tracker.php','Emails_Tracker_Handler','process','{\"record\":756,\"parentId\":\"170\",\"method\":\"open\"}',0),(7,'66994c6c31bb87.87411379','modules/Emails/handlers/Tracker.php','Emails_Tracker_Handler','process','{\"record\":757,\"parentId\":\"170\",\"method\":\"open\"}',0),(8,'66994c6c59cb34.88346858','modules/Emails/handlers/Tracker.php','Emails_Tracker_Handler','process','{\"record\":758,\"parentId\":\"743\",\"method\":\"open\"}',0),(9,'66994c6c70f524.23772652','modules/Emails/handlers/Tracker.php','Emails_Tracker_Handler','process','{\"record\":759,\"parentId\":\"745\",\"method\":\"open\"}',0),(10,'66994c6c9a7f55.11996118','modules/Emails/handlers/Tracker.php','Emails_Tracker_Handler','process','{\"record\":760,\"parentId\":\"746\",\"method\":\"open\"}',0),(11,'66a95b5a0353e2.50999883','modules/Emails/handlers/Tracker.php','Emails_Tracker_Handler','process','{\"record\":768,\"parentId\":\"762\",\"method\":\"open\"}',0),(12,'66a95b5a4f87e4.10037495','modules/Emails/handlers/Tracker.php','Emails_Tracker_Handler','process','{\"record\":769,\"parentId\":\"763\",\"method\":\"open\"}',0),(13,'66a95b5c546692.08646980','modules/Emails/handlers/Tracker.php','Emails_Tracker_Handler','process','{\"record\":770,\"parentId\":\"763\",\"method\":\"open\"}',0),(14,'66a95b5cb3f145.30472721','modules/Emails/handlers/Tracker.php','Emails_Tracker_Handler','process','{\"record\":771,\"parentId\":\"763\",\"method\":\"open\"}',0),(15,'66b627eb6bb3b7.57577195','modules/Emails/handlers/Tracker.php','Emails_Tracker_Handler','process','{\"record\":775,\"parentId\":\"163\",\"method\":\"open\"}',0),(16,'66bcc329e0bcc1.37780900','modules/Emails/handlers/Tracker.php','Emails_Tracker_Handler','process','{\"record\":778,\"parentId\":\"777\",\"method\":\"open\"}',0),(17,'66c6186296f462.18406119','modules/Emails/handlers/Tracker.php','Emails_Tracker_Handler','process','{\"record\":787,\"parentId\":\"786\",\"method\":\"open\"}',0);

--
-- Table structure for table `vtiger_smsnotifier`
--

CREATE TABLE `vtiger_smsnotifier` (
  `smsnotifierid` int(19) NOT NULL,
  `message` text DEFAULT NULL,
  `status` varchar(100) DEFAULT NULL,
  PRIMARY KEY (`smsnotifierid`),
  CONSTRAINT `fk_crmid_vtiger_smsnotifier` FOREIGN KEY (`smsnotifierid`) REFERENCES `vtiger_crmentity` (`crmid`) ON DELETE CASCADE
) ENGINE=InnoDB DEFAULT CHARSET=utf8 COLLATE=utf8_general_ci;

--
-- Dumping data for table `vtiger_smsnotifier`
--


--
-- Table structure for table `vtiger_smsnotifier_servers`
--

CREATE TABLE `vtiger_smsnotifier_servers` (
  `id` int(11) NOT NULL AUTO_INCREMENT,
  `password` varchar(255) DEFAULT NULL,
  `isactive` int(1) DEFAULT NULL,
  `providertype` varchar(50) DEFAULT NULL,
  `username` varchar(255) DEFAULT NULL,
  `parameters` text DEFAULT NULL,
  PRIMARY KEY (`id`)
) ENGINE=InnoDB DEFAULT CHARSET=utf8 COLLATE=utf8_general_ci;

--
-- Dumping data for table `vtiger_smsnotifier_servers`
--


--
-- Table structure for table `vtiger_smsnotifier_status`
--

CREATE TABLE `vtiger_smsnotifier_status` (
  `smsnotifierid` int(19) DEFAULT NULL,
  `tonumber` varchar(20) DEFAULT NULL,
  `status` varchar(10) DEFAULT NULL,
  `smsmessageid` varchar(50) DEFAULT NULL,
  `needlookup` int(1) DEFAULT 1,
  `statusid` int(11) NOT NULL AUTO_INCREMENT,
  `statusmessage` varchar(100) DEFAULT NULL,
  PRIMARY KEY (`statusid`)
) ENGINE=InnoDB DEFAULT CHARSET=utf8 COLLATE=utf8_general_ci;

--
-- Dumping data for table `vtiger_smsnotifier_status`
--


--
-- Table structure for table `vtiger_smsnotifiercf`
--

CREATE TABLE `vtiger_smsnotifiercf` (
  `smsnotifierid` int(19) NOT NULL,
  PRIMARY KEY (`smsnotifierid`),
  CONSTRAINT `fk_smsnotifierid_vtiger_smsnotifiercf` FOREIGN KEY (`smsnotifierid`) REFERENCES `vtiger_smsnotifier` (`smsnotifierid`) ON DELETE CASCADE
) ENGINE=InnoDB DEFAULT CHARSET=utf8 COLLATE=utf8_general_ci;

--
-- Dumping data for table `vtiger_smsnotifiercf`
--


--
-- Table structure for table `vtiger_soapservice`
--

CREATE TABLE `vtiger_soapservice` (
  `id` int(19) DEFAULT NULL,
  `type` varchar(25) DEFAULT NULL,
  `sessionid` varchar(100) DEFAULT NULL
) ENGINE=InnoDB DEFAULT CHARSET=utf8 COLLATE=utf8_general_ci;

--
-- Dumping data for table `vtiger_soapservice`
--


--
-- Table structure for table `vtiger_sobillads`
--

CREATE TABLE `vtiger_sobillads` (
  `sobilladdressid` int(19) NOT NULL DEFAULT 0,
  `bill_city` varchar(30) DEFAULT NULL,
  `bill_code` varchar(30) DEFAULT NULL,
  `bill_country` varchar(30) DEFAULT NULL,
  `bill_state` varchar(30) DEFAULT NULL,
  `bill_street` varchar(250) DEFAULT NULL,
  `bill_pobox` varchar(30) DEFAULT NULL,
  PRIMARY KEY (`sobilladdressid`),
  CONSTRAINT `fk_1_vtiger_sobillads` FOREIGN KEY (`sobilladdressid`) REFERENCES `vtiger_salesorder` (`salesorderid`) ON DELETE CASCADE
) ENGINE=InnoDB DEFAULT CHARSET=utf8 COLLATE=utf8_general_ci;

--
-- Dumping data for table `vtiger_sobillads`
--


--
-- Table structure for table `vtiger_soshipads`
--

CREATE TABLE `vtiger_soshipads` (
  `soshipaddressid` int(19) NOT NULL DEFAULT 0,
  `ship_city` varchar(30) DEFAULT NULL,
  `ship_code` varchar(30) DEFAULT NULL,
  `ship_country` varchar(30) DEFAULT NULL,
  `ship_state` varchar(30) DEFAULT NULL,
  `ship_street` varchar(250) DEFAULT NULL,
  `ship_pobox` varchar(30) DEFAULT NULL,
  PRIMARY KEY (`soshipaddressid`),
  CONSTRAINT `fk_1_vtiger_soshipads` FOREIGN KEY (`soshipaddressid`) REFERENCES `vtiger_salesorder` (`salesorderid`) ON DELETE CASCADE
) ENGINE=InnoDB DEFAULT CHARSET=utf8 COLLATE=utf8_general_ci;

--
-- Dumping data for table `vtiger_soshipads`
--


--
-- Table structure for table `vtiger_sostatus`
--

CREATE TABLE `vtiger_sostatus` (
  `sostatusid` int(19) NOT NULL AUTO_INCREMENT,
  `sostatus` varchar(200) NOT NULL,
  `presence` int(1) NOT NULL DEFAULT 1,
  `picklist_valueid` int(19) NOT NULL DEFAULT 0,
  `sortorderid` int(11) DEFAULT NULL,
  `color` varchar(10) DEFAULT NULL,
  PRIMARY KEY (`sostatusid`),
  UNIQUE KEY `sostatus_sostatus_idx` (`sostatus`)
) ENGINE=InnoDB AUTO_INCREMENT=5 DEFAULT CHARSET=utf8 COLLATE=utf8_general_ci;

--
-- Dumping data for table `vtiger_sostatus`
--

INSERT INTO `vtiger_sostatus` VALUES (1,'Created',0,166,0,NULL),(2,'Approved',0,167,1,NULL),(3,'Delivered',0,168,2,NULL),(4,'Cancelled',0,169,3,NULL);

--
-- Table structure for table `vtiger_sostatus_seq`
--

CREATE TABLE `vtiger_sostatus_seq` (
  `id` int(11) NOT NULL
) ENGINE=InnoDB DEFAULT CHARSET=utf8 COLLATE=utf8_general_ci;

--
-- Dumping data for table `vtiger_sostatus_seq`
--

INSERT INTO `vtiger_sostatus_seq` VALUES (4);

--
-- Table structure for table `vtiger_sostatushistory`
--

CREATE TABLE `vtiger_sostatushistory` (
  `historyid` int(19) NOT NULL AUTO_INCREMENT,
  `salesorderid` int(19) NOT NULL,
  `accountname` varchar(100) DEFAULT NULL,
  `total` decimal(10,0) DEFAULT NULL,
  `sostatus` varchar(200) DEFAULT NULL,
  `lastmodified` datetime DEFAULT NULL,
  PRIMARY KEY (`historyid`),
  KEY `sostatushistory_salesorderid_idx` (`salesorderid`),
  CONSTRAINT `fk_1_vtiger_sostatushistory` FOREIGN KEY (`salesorderid`) REFERENCES `vtiger_salesorder` (`salesorderid`) ON DELETE CASCADE
) ENGINE=InnoDB DEFAULT CHARSET=utf8 COLLATE=utf8_general_ci;

--
-- Dumping data for table `vtiger_sostatushistory`
--


--
-- Table structure for table `vtiger_sqltimelog`
--

CREATE TABLE `vtiger_sqltimelog` (
  `id` int(11) DEFAULT NULL,
  `type` varchar(10) DEFAULT NULL,
  `data` text DEFAULT NULL,
  `started` decimal(20,6) DEFAULT NULL,
  `ended` decimal(20,6) DEFAULT NULL,
  `loggedon` datetime DEFAULT NULL
) ENGINE=InnoDB DEFAULT CHARSET=utf8 COLLATE=utf8_general_ci;

--
-- Dumping data for table `vtiger_sqltimelog`
--


--
-- Table structure for table `vtiger_start_hour`
--

CREATE TABLE `vtiger_start_hour` (
  `start_hourid` int(11) NOT NULL AUTO_INCREMENT,
  `start_hour` varchar(200) NOT NULL,
  `sortorderid` int(11) DEFAULT NULL,
  `presence` int(11) NOT NULL DEFAULT 1,
  PRIMARY KEY (`start_hourid`)
) ENGINE=InnoDB AUTO_INCREMENT=25 DEFAULT CHARSET=utf8 COLLATE=utf8_general_ci;

--
-- Dumping data for table `vtiger_start_hour`
--

INSERT INTO `vtiger_start_hour` VALUES (1,'00:00',0,1),(2,'01:00',1,1),(3,'02:00',2,1),(4,'03:00',3,1),(5,'04:00',4,1),(6,'05:00',5,1),(7,'06:00',6,1),(8,'07:00',7,1),(9,'08:00',8,1),(10,'09:00',9,1),(11,'10:00',10,1),(12,'11:00',11,1),(13,'12:00',12,1),(14,'13:00',13,1),(15,'14:00',14,1),(16,'15:00',15,1),(17,'16:00',16,1),(18,'17:00',17,1),(19,'18:00',18,1),(20,'19:00',19,1),(21,'20:00',20,1),(22,'21:00',21,1),(23,'22:00',22,1),(24,'23:00',23,1);

--
-- Table structure for table `vtiger_start_hour_seq`
--

CREATE TABLE `vtiger_start_hour_seq` (
  `id` int(11) NOT NULL
) ENGINE=InnoDB DEFAULT CHARSET=utf8 COLLATE=utf8_general_ci;

--
-- Dumping data for table `vtiger_start_hour_seq`
--

INSERT INTO `vtiger_start_hour_seq` VALUES (24);

--
-- Table structure for table `vtiger_status`
--

CREATE TABLE `vtiger_status` (
  `statusid` int(19) NOT NULL AUTO_INCREMENT,
  `status` varchar(200) NOT NULL,
  `presence` int(1) NOT NULL DEFAULT 1,
  `picklist_valueid` int(19) NOT NULL DEFAULT 0,
  PRIMARY KEY (`statusid`)
) ENGINE=InnoDB AUTO_INCREMENT=3 DEFAULT CHARSET=utf8 COLLATE=utf8_general_ci;

--
-- Dumping data for table `vtiger_status`
--

INSERT INTO `vtiger_status` VALUES (1,'Active',0,1),(2,'Inactive',1,1);

--
-- Table structure for table `vtiger_status_seq`
--

CREATE TABLE `vtiger_status_seq` (
  `id` int(11) NOT NULL
) ENGINE=InnoDB DEFAULT CHARSET=utf8 COLLATE=utf8_general_ci;

--
-- Dumping data for table `vtiger_status_seq`
--

INSERT INTO `vtiger_status_seq` VALUES (2);

--
-- Table structure for table `vtiger_systems`
--

CREATE TABLE `vtiger_systems` (
  `id` int(19) NOT NULL,
  `server` varchar(100) DEFAULT NULL,
  `server_port` int(19) DEFAULT NULL,
  `server_username` varchar(100) DEFAULT NULL,
  `server_password` text DEFAULT NULL,
  `server_type` varchar(20) DEFAULT NULL,
  `smtp_auth` varchar(5) DEFAULT NULL,
  `server_path` varchar(256) DEFAULT NULL,
  `from_email_field` varchar(50) DEFAULT NULL,
  PRIMARY KEY (`id`)
) ENGINE=InnoDB DEFAULT CHARSET=utf8 COLLATE=utf8_general_ci;

--
-- Dumping data for table `vtiger_systems`
--


--
-- Table structure for table `vtiger_tab`
--

CREATE TABLE `vtiger_tab` (
  `tabid` int(19) NOT NULL DEFAULT 0,
  `name` varchar(25) NOT NULL,
  `presence` int(19) NOT NULL DEFAULT 1,
  `tabsequence` int(10) DEFAULT NULL,
  `tablabel` varchar(100) DEFAULT NULL,
  `modifiedby` int(19) DEFAULT NULL,
  `modifiedtime` int(19) DEFAULT NULL,
  `customized` int(19) DEFAULT NULL,
  `ownedby` int(19) DEFAULT NULL,
  `isentitytype` int(11) NOT NULL DEFAULT 1,
  `trial` int(1) NOT NULL DEFAULT 0,
  `version` varchar(10) DEFAULT NULL,
  `parent` varchar(30) DEFAULT NULL,
  `source` varchar(255) DEFAULT 'custom',
  `issyncable` tinyint(1) DEFAULT 0,
  `allowduplicates` tinyint(1) DEFAULT 1,
  `sync_action_for_duplicates` int(1) DEFAULT 1,
  PRIMARY KEY (`tabid`),
  UNIQUE KEY `tab_name_idx` (`name`),
  KEY `tab_modifiedby_idx` (`modifiedby`),
  KEY `tab_tabid_idx` (`tabid`)
) ENGINE=InnoDB DEFAULT CHARSET=utf8 COLLATE=utf8_general_ci;

--
-- Dumping data for table `vtiger_tab`
--

INSERT INTO `vtiger_tab` VALUES (1,'Dashboard',0,12,'Dashboards',NULL,NULL,0,1,0,0,NULL,'Analytics',NULL,1,1,1),(2,'Potentials',0,7,'Potentials',NULL,NULL,0,0,1,0,NULL,'Sales',NULL,1,1,1),(3,'Home',0,1,'Home',NULL,NULL,0,1,0,0,NULL,NULL,NULL,1,1,1),(4,'Contacts',0,6,'Contacts',NULL,NULL,0,0,1,0,NULL,'Sales',NULL,1,1,1),(6,'Accounts',0,5,'Accounts',NULL,NULL,0,0,1,0,NULL,'Sales',NULL,1,0,1),(7,'Leads',0,4,'Leads',NULL,NULL,0,0,1,0,NULL,'Sales',NULL,1,1,1),(8,'Documents',0,9,'Documents',NULL,NULL,0,0,1,0,NULL,'Tools',NULL,1,1,1),(9,'Calendar',0,3,'Calendar',NULL,NULL,0,0,1,0,NULL,'Tools',NULL,1,1,1),(10,'Emails',0,10,'Emails',NULL,NULL,0,0,1,0,NULL,'Tools',NULL,1,1,1),(13,'HelpDesk',0,11,'HelpDesk',NULL,NULL,0,0,1,0,NULL,'Support',NULL,1,1,1),(14,'Products',0,8,'Products',NULL,NULL,0,0,1,0,NULL,'Inventory',NULL,1,1,1),(15,'Faq',0,-1,'Faq',NULL,NULL,0,1,1,0,NULL,'Support',NULL,1,1,1),(16,'Events',2,-1,'Events',NULL,NULL,0,0,1,0,NULL,NULL,NULL,1,1,1),(18,'Vendors',0,-1,'Vendors',NULL,NULL,0,0,1,0,NULL,'Inventory',NULL,1,1,1),(19,'PriceBooks',0,-1,'PriceBooks',NULL,NULL,0,1,1,0,NULL,'Inventory',NULL,1,1,1),(20,'Quotes',0,-1,'Quotes',NULL,NULL,0,0,1,0,NULL,'Sales',NULL,1,1,1),(21,'PurchaseOrder',0,-1,'PurchaseOrder',NULL,NULL,0,0,1,0,NULL,'Inventory',NULL,1,1,1),(22,'SalesOrder',0,-1,'SalesOrder',NULL,NULL,0,0,1,0,NULL,'Sales',NULL,1,1,1),(23,'Invoice',0,-1,'Invoice',NULL,NULL,0,0,1,0,NULL,'Sales',NULL,1,1,1),(24,'Rss',0,-1,'Rss',NULL,NULL,0,1,0,0,NULL,'Tools',NULL,1,1,1),(25,'Reports',0,-1,'Reports',NULL,NULL,0,1,0,0,NULL,'Analytics',NULL,1,1,1),(26,'Campaigns',0,-1,'Campaigns',NULL,NULL,0,0,1,0,NULL,'Marketing',NULL,1,1,1),(27,'Portal',0,-1,'Portal',NULL,NULL,0,1,0,0,NULL,'Tools',NULL,1,1,1),(28,'Webmails',0,-1,'Webmails',NULL,NULL,0,1,1,0,NULL,NULL,NULL,1,1,1),(29,'Users',0,-1,'Users',NULL,NULL,0,1,0,0,NULL,NULL,NULL,1,1,1),(30,'Import',0,-1,'Import',NULL,NULL,1,0,0,0,'1.7','',NULL,1,1,1),(31,'ServiceContracts',0,-1,'Service Contracts',NULL,NULL,0,0,1,0,'2.4','Support',NULL,1,1,1),(32,'Services',0,-1,'Services',NULL,NULL,0,0,1,0,'2.7','Inventory',NULL,1,1,1),(33,'ModTracker',0,-1,'ModTracker',NULL,NULL,0,0,0,0,'1.2','',NULL,1,1,1),(34,'Mobile',0,-1,'Mobile',NULL,NULL,1,0,0,0,'2.0','',NULL,1,1,1),(35,'MailManager',0,-1,'MailManager',NULL,NULL,1,0,0,0,'1.9','Tools',NULL,1,1,1),(36,'WSAPP',0,-1,'WSAPP',NULL,NULL,1,0,0,0,'3.4.4','',NULL,1,1,1),(37,'PBXManager',0,-1,'PBXManager',NULL,NULL,1,0,1,0,'2.2','Tools',NULL,1,1,1),(38,'ModComments',0,-1,'Comments',NULL,NULL,0,0,1,0,'2.1','',NULL,1,1,1),(39,'RecycleBin',0,-1,'Recycle Bin',NULL,NULL,0,0,0,0,'1.5','Tools',NULL,1,1,1),(40,'Google',0,-1,'Google',NULL,NULL,0,0,0,0,'1.5','',NULL,1,1,1),(41,'Webforms',0,-1,'Webforms',NULL,NULL,0,0,0,0,'1.6','',NULL,1,1,1),(42,'ProjectMilestone',0,-1,'ProjectMilestone',NULL,NULL,0,0,1,0,'3.0','Support',NULL,1,1,1),(43,'ProjectTask',0,-1,'ProjectTask',NULL,NULL,0,0,1,0,'3.1','Support',NULL,1,1,1),(44,'Project',0,-1,'Project',NULL,NULL,0,0,1,0,'3.3','Support',NULL,1,1,1),(45,'EmailTemplates',0,-1,'Email Templates',NULL,NULL,1,0,0,0,'1.0','Tools',NULL,1,1,1),(46,'Assets',0,-1,'Assets',NULL,NULL,0,0,1,0,'2.0','Inventory',NULL,1,1,1),(47,'SMSNotifier',0,-1,'SMSNotifier',NULL,NULL,0,0,1,0,'2.1','Sales',NULL,1,1,1),(48,'CustomerPortal',1,-1,'CustomerPortal',NULL,NULL,0,0,0,0,'1.4','',NULL,1,1,1),(49,'ExtensionStore',0,-1,'Extension Store',NULL,NULL,1,0,0,0,'1.2',NULL,NULL,1,1,1),(50,'CTMobileSettings',0,-1,'CTMobileSettings',NULL,NULL,1,0,0,0,'1.3.16','','custom',0,1,1),(51,'CTMobile',0,-1,'CTMobile',NULL,NULL,1,0,0,0,'1.3.16','','custom',0,1,1),(52,'CTTimeTracker',0,-1,'CTTimeTracker',NULL,NULL,1,0,1,0,'1.3.16','','custom',0,1,1),(53,'CTTimeControl',0,-1,'CTTimeControl',NULL,NULL,1,0,1,0,'1.3.16','','custom',0,1,1),(54,'CTRoutePlanning',0,-1,'CTRoutePlanning',NULL,NULL,1,0,1,0,'1.3.16','','custom',0,1,1),(55,'CTRouteAttendance',0,-1,'CTRouteAttendance',NULL,NULL,1,0,1,0,'1.3.16','','custom',0,1,1),(56,'CTAttendance',0,-1,'CTAttendance',NULL,NULL,1,0,1,0,'1.3.16','','custom',0,1,1),(57,'CTUserFilterView',0,-1,'CTUserFilterView',NULL,NULL,1,0,1,0,'1.3.16','','custom',0,1,1),(58,'CTMessageTemplate',0,-1,'CTMessageTemplate',NULL,NULL,1,0,1,0,'1.3.16','Tools','custom',0,1,1),(59,'CTPushNotification',0,-1,'CTPushNotification',NULL,NULL,1,0,1,0,'1.3.16','','custom',0,1,1),(60,'Cobranzas',0,-1,'Cobranzas',NULL,NULL,1,0,1,0,'0','Marketing','custom',0,1,1),(61,'Pagos',0,-1,'Pagos Parciales',NULL,NULL,1,0,1,0,'0','Marketing','custom',0,1,1),(62,'CTWhatsApp',0,-1,'WhatsApp',NULL,NULL,1,0,1,0,'0','Sales','custom',0,1,1),(63,'CTWhatsAppTemplates',0,-1,'WhatsAppTemplates',NULL,NULL,1,0,1,0,'0','','custom',0,1,1),(64,'WhatsAppLog',0,-1,'WhatsAppLog',NULL,NULL,1,0,1,0,'0','Sales','custom',0,1,1);

--
-- Table structure for table `vtiger_tab_info`
--

CREATE TABLE `vtiger_tab_info` (
  `tabid` int(19) DEFAULT NULL,
  `prefname` varchar(256) DEFAULT NULL,
  `prefvalue` varchar(256) DEFAULT NULL,
  KEY `fk_1_vtiger_tab_info` (`tabid`),
  CONSTRAINT `fk_1_vtiger_tab_info` FOREIGN KEY (`tabid`) REFERENCES `vtiger_tab` (`tabid`) ON DELETE CASCADE ON UPDATE CASCADE
) ENGINE=InnoDB DEFAULT CHARSET=utf8 COLLATE=utf8_general_ci;

--
-- Dumping data for table `vtiger_tab_info`
--

INSERT INTO `vtiger_tab_info` VALUES (30,'vtiger_min_version','6.0.0rc'),(30,'vtiger_max_version','8.*'),(31,'vtiger_min_version','6.0.0rc'),(32,'vtiger_min_version','6.0.0rc'),(32,'vtiger_max_version','8.*'),(33,'vtiger_min_version','6.0.0rc'),(34,'vtiger_min_version','6.0.0rc'),(35,'vtiger_min_version','6.0.0RC'),(36,'vtiger_min_version','6.0.0rc'),(37,'vtiger_min_version','6.0.0'),(37,'vtiger_max_version','8.*'),(38,'vtiger_min_version','6.0.0rc'),(38,'vtiger_max_version','8.*'),(39,'vtiger_min_version','6.0.0rc'),(39,'vtiger_max_version','8.*'),(40,'vtiger_min_version','6.0.0rc'),(40,'vtiger_max_version','8.*'),(41,'vtiger_min_version','6.0.0rc'),(41,'vtiger_max_version','8.*'),(42,'vtiger_min_version','6.0.0rc'),(42,'vtiger_max_version','8.*'),(43,'vtiger_min_version','6.0.0rc'),(44,'vtiger_min_version','6.0.0rc'),(45,'vtiger_min_version','6.0.0rc'),(45,'vtiger_max_version','8.*'),(46,'vtiger_min_version','6.0.0rc'),(46,'vtiger_max_version','8.*'),(47,'vtiger_min_version','6.0.0'),(47,'vtiger_max_version','8.*'),(48,'vtiger_min_version','6.0.0rc'),(48,'vtiger_max_version','8.*'),(49,'vtiger_min_version','6.0.0'),(49,'vtiger_max_version','8.*'),(50,'vtiger_min_version','7.0.0'),(50,'vtiger_max_version','7.*'),(51,'vtiger_min_version','7.1.0'),(51,'vtiger_max_version','7.*'),(52,'vtiger_min_version','7.0.0'),(52,'vtiger_max_version','7.*'),(53,'vtiger_min_version','7.1.0'),(54,'vtiger_min_version','7.0.0'),(54,'vtiger_max_version','7.*'),(55,'vtiger_min_version','7.1.0'),(55,'vtiger_max_version','7.*'),(56,'vtiger_min_version','7.1.0'),(56,'vtiger_max_version','7.*'),(57,'vtiger_min_version','7.0.0'),(57,'vtiger_max_version','7.*'),(58,'vtiger_min_version','7.1.0'),(58,'vtiger_max_version','7.*'),(59,'vtiger_min_version','7.1.0'),(59,'vtiger_max_version','7.*'),(60,'vtiger_min_version','7.1.0'),(61,'vtiger_min_version','7.1.0'),(62,'vtiger_min_version','8.0.0'),(63,'vtiger_min_version','7.4.0'),(64,'vtiger_min_version','7.4.0');

--
-- Table structure for table `vtiger_taskpriority`
--

CREATE TABLE `vtiger_taskpriority` (
  `taskpriorityid` int(19) NOT NULL AUTO_INCREMENT,
  `taskpriority` varchar(200) DEFAULT NULL,
  `presence` int(1) NOT NULL DEFAULT 1,
  `picklist_valueid` int(19) NOT NULL DEFAULT 0,
  `sortorderid` int(11) DEFAULT NULL,
  `color` varchar(10) DEFAULT NULL,
  PRIMARY KEY (`taskpriorityid`)
) ENGINE=InnoDB AUTO_INCREMENT=4 DEFAULT CHARSET=utf8 COLLATE=utf8_general_ci;

--
-- Dumping data for table `vtiger_taskpriority`
--

INSERT INTO `vtiger_taskpriority` VALUES (1,'High',1,170,0,NULL),(2,'Medium',1,171,1,NULL),(3,'Low',1,172,2,NULL);

--
-- Table structure for table `vtiger_taskpriority_seq`
--

CREATE TABLE `vtiger_taskpriority_seq` (
  `id` int(11) NOT NULL
) ENGINE=InnoDB DEFAULT CHARSET=utf8 COLLATE=utf8_general_ci;

--
-- Dumping data for table `vtiger_taskpriority_seq`
--

INSERT INTO `vtiger_taskpriority_seq` VALUES (3);

--
-- Table structure for table `vtiger_taskstatus`
--

CREATE TABLE `vtiger_taskstatus` (
  `taskstatusid` int(19) NOT NULL AUTO_INCREMENT,
  `taskstatus` varchar(200) DEFAULT NULL,
  `presence` int(1) NOT NULL DEFAULT 1,
  `picklist_valueid` int(19) NOT NULL DEFAULT 0,
  `sortorderid` int(11) DEFAULT NULL,
  `color` varchar(10) DEFAULT NULL,
  PRIMARY KEY (`taskstatusid`)
) ENGINE=InnoDB AUTO_INCREMENT=7 DEFAULT CHARSET=utf8 COLLATE=utf8_general_ci;

--
-- Dumping data for table `vtiger_taskstatus`
--

INSERT INTO `vtiger_taskstatus` VALUES (1,'Not Started',0,173,0,NULL),(2,'In Progress',0,174,1,NULL),(3,'Completed',0,175,2,NULL),(4,'Pending Input',0,176,3,NULL),(5,'Deferred',0,177,4,NULL),(6,'Planned',0,178,5,NULL);

--
-- Table structure for table `vtiger_taskstatus_seq`
--

CREATE TABLE `vtiger_taskstatus_seq` (
  `id` int(11) NOT NULL
) ENGINE=InnoDB DEFAULT CHARSET=utf8 COLLATE=utf8_general_ci;

--
-- Dumping data for table `vtiger_taskstatus_seq`
--

INSERT INTO `vtiger_taskstatus_seq` VALUES (6);

--
-- Table structure for table `vtiger_taxclass`
--

CREATE TABLE `vtiger_taxclass` (
  `taxclassid` int(19) NOT NULL AUTO_INCREMENT,
  `taxclass` varchar(200) NOT NULL,
  `sortorderid` int(19) NOT NULL DEFAULT 0,
  `presence` int(1) NOT NULL DEFAULT 1,
  PRIMARY KEY (`taxclassid`),
  UNIQUE KEY `taxclass_carrier_idx` (`taxclass`)
) ENGINE=InnoDB AUTO_INCREMENT=3 DEFAULT CHARSET=utf8 COLLATE=utf8_general_ci;

--
-- Dumping data for table `vtiger_taxclass`
--

INSERT INTO `vtiger_taxclass` VALUES (1,'SalesTax',0,1),(2,'Vat',1,1);

--
-- Table structure for table `vtiger_taxclass_seq`
--

CREATE TABLE `vtiger_taxclass_seq` (
  `id` int(11) NOT NULL
) ENGINE=InnoDB DEFAULT CHARSET=utf8 COLLATE=utf8_general_ci;

--
-- Dumping data for table `vtiger_taxclass_seq`
--

INSERT INTO `vtiger_taxclass_seq` VALUES (2);

--
-- Table structure for table `vtiger_taxregions`
--

CREATE TABLE `vtiger_taxregions` (
  `regionid` int(10) NOT NULL AUTO_INCREMENT,
  `name` varchar(100) NOT NULL,
  PRIMARY KEY (`regionid`)
) ENGINE=InnoDB DEFAULT CHARSET=utf8 COLLATE=utf8_general_ci;

--
-- Dumping data for table `vtiger_taxregions`
--


--
-- Table structure for table `vtiger_test`
--

CREATE TABLE `vtiger_test` (
  `testid` int(11) NOT NULL,
  `testno` varchar(100) DEFAULT NULL,
  `test_tks_dummy` varchar(50) DEFAULT NULL,
  `tags` varchar(1) DEFAULT NULL,
  PRIMARY KEY (`testid`)
) ENGINE=InnoDB DEFAULT CHARSET=utf8 COLLATE=utf8_general_ci;

--
-- Dumping data for table `vtiger_test`
--


--
-- Table structure for table `vtiger_testcf`
--

CREATE TABLE `vtiger_testcf` (
  `testid` int(11) NOT NULL,
  PRIMARY KEY (`testid`)
) ENGINE=InnoDB DEFAULT CHARSET=utf8 COLLATE=utf8_general_ci;

--
-- Dumping data for table `vtiger_testcf`
--


--
-- Table structure for table `vtiger_ticketcategories`
--

CREATE TABLE `vtiger_ticketcategories` (
  `ticketcategories_id` int(19) NOT NULL AUTO_INCREMENT,
  `ticketcategories` varchar(200) DEFAULT NULL,
  `presence` int(1) NOT NULL DEFAULT 0,
  `picklist_valueid` int(19) NOT NULL DEFAULT 0,
  `sortorderid` int(11) DEFAULT NULL,
  `color` varchar(10) DEFAULT NULL,
  PRIMARY KEY (`ticketcategories_id`)
) ENGINE=InnoDB AUTO_INCREMENT=12 DEFAULT CHARSET=utf8 COLLATE=utf8_general_ci;

--
-- Dumping data for table `vtiger_ticketcategories`
--

INSERT INTO `vtiger_ticketcategories` VALUES (1,'Servicio Solo',1,179,0,'#ffffff'),(2,'Servicio Adicional Sin Partes',1,180,1,'#ffffff'),(3,'Servicio Adicional Con Partes en Stock',1,181,2,'#ffffff'),(4,'Servicio Adicional Con Partes Sin Stock',1,361,3,'#ffffff'),(5,'Mantenimiento Correctivo',1,362,4,'#ffffff'),(6,'Mantenimiento Preventivo',1,363,5,'#ffffff'),(7,'Queja',1,364,6,'#ffffff'),(8,'Reclamo',1,365,7,'#ffffff'),(9,'Consulta',1,366,8,'#ffffff'),(10,'Sugerencia',1,367,9,'#ffffff'),(11,'IBOS',1,368,10,'#ffffff');

--
-- Table structure for table `vtiger_ticketcategories_seq`
--

CREATE TABLE `vtiger_ticketcategories_seq` (
  `id` int(11) NOT NULL
) ENGINE=InnoDB DEFAULT CHARSET=utf8 COLLATE=utf8_general_ci;

--
-- Dumping data for table `vtiger_ticketcategories_seq`
--

INSERT INTO `vtiger_ticketcategories_seq` VALUES (11);

--
-- Table structure for table `vtiger_ticketcf`
--

CREATE TABLE `vtiger_ticketcf` (
  `ticketid` int(19) NOT NULL DEFAULT 0,
  `from_portal` varchar(3) DEFAULT NULL,
  PRIMARY KEY (`ticketid`),
  CONSTRAINT `fk_1_vtiger_ticketcf` FOREIGN KEY (`ticketid`) REFERENCES `vtiger_troubletickets` (`ticketid`) ON DELETE CASCADE
) ENGINE=InnoDB DEFAULT CHARSET=utf8 COLLATE=utf8_general_ci;

--
-- Dumping data for table `vtiger_ticketcf`
--

INSERT INTO `vtiger_ticketcf` VALUES (786,'0');

--
-- Table structure for table `vtiger_ticketcomments`
--

CREATE TABLE `vtiger_ticketcomments` (
  `commentid` int(19) NOT NULL AUTO_INCREMENT,
  `ticketid` int(19) DEFAULT NULL,
  `comments` text DEFAULT NULL,
  `ownerid` int(19) NOT NULL DEFAULT 0,
  `ownertype` varchar(10) DEFAULT NULL,
  `createdtime` datetime NOT NULL,
  PRIMARY KEY (`commentid`),
  KEY `ticketcomments_ticketid_idx` (`ticketid`),
  CONSTRAINT `fk_1_vtiger_ticketcomments` FOREIGN KEY (`ticketid`) REFERENCES `vtiger_troubletickets` (`ticketid`) ON DELETE CASCADE
) ENGINE=InnoDB DEFAULT CHARSET=utf8 COLLATE=utf8_general_ci;

--
-- Dumping data for table `vtiger_ticketcomments`
--


--
-- Table structure for table `vtiger_ticketpriorities`
--

CREATE TABLE `vtiger_ticketpriorities` (
  `ticketpriorities_id` int(19) NOT NULL AUTO_INCREMENT,
  `ticketpriorities` varchar(200) DEFAULT NULL,
  `presence` int(1) NOT NULL DEFAULT 0,
  `picklist_valueid` int(19) NOT NULL DEFAULT 0,
  `sortorderid` int(11) DEFAULT NULL,
  `color` varchar(10) DEFAULT NULL,
  PRIMARY KEY (`ticketpriorities_id`)
) ENGINE=InnoDB AUTO_INCREMENT=5 DEFAULT CHARSET=utf8 COLLATE=utf8_general_ci;

--
-- Dumping data for table `vtiger_ticketpriorities`
--

INSERT INTO `vtiger_ticketpriorities` VALUES (1,'Bajo',1,182,0,'#96ffd9'),(2,'Normal',1,183,1,'#00ffa2'),(3,'Alta',1,184,2,'#ffc7c7'),(4,'Urgente',1,185,3,'#ff7373');

--
-- Table structure for table `vtiger_ticketpriorities_seq`
--

CREATE TABLE `vtiger_ticketpriorities_seq` (
  `id` int(11) NOT NULL
) ENGINE=InnoDB DEFAULT CHARSET=utf8 COLLATE=utf8_general_ci;

--
-- Dumping data for table `vtiger_ticketpriorities_seq`
--

INSERT INTO `vtiger_ticketpriorities_seq` VALUES (4);

--
-- Table structure for table `vtiger_ticketseverities`
--

CREATE TABLE `vtiger_ticketseverities` (
  `ticketseverities_id` int(19) NOT NULL AUTO_INCREMENT,
  `ticketseverities` varchar(200) DEFAULT NULL,
  `presence` int(1) NOT NULL DEFAULT 0,
  `picklist_valueid` int(19) NOT NULL DEFAULT 0,
  `sortorderid` int(11) DEFAULT NULL,
  `color` varchar(10) DEFAULT NULL,
  PRIMARY KEY (`ticketseverities_id`)
) ENGINE=InnoDB AUTO_INCREMENT=5 DEFAULT CHARSET=utf8 COLLATE=utf8_general_ci;

--
-- Dumping data for table `vtiger_ticketseverities`
--

INSERT INTO `vtiger_ticketseverities` VALUES (1,'Minor',1,186,0,NULL),(2,'Major',1,187,1,NULL),(3,'Feature',1,188,2,NULL),(4,'Critical',1,189,3,NULL);

--
-- Table structure for table `vtiger_ticketseverities_seq`
--

CREATE TABLE `vtiger_ticketseverities_seq` (
  `id` int(11) NOT NULL
) ENGINE=InnoDB DEFAULT CHARSET=utf8 COLLATE=utf8_general_ci;

--
-- Dumping data for table `vtiger_ticketseverities_seq`
--

INSERT INTO `vtiger_ticketseverities_seq` VALUES (4);

--
-- Table structure for table `vtiger_ticketstatus`
--

CREATE TABLE `vtiger_ticketstatus` (
  `ticketstatus_id` int(19) NOT NULL AUTO_INCREMENT,
  `ticketstatus` varchar(200) DEFAULT NULL,
  `presence` int(1) NOT NULL DEFAULT 0,
  `picklist_valueid` int(19) NOT NULL DEFAULT 0,
  `sortorderid` int(11) DEFAULT NULL,
  `color` varchar(10) DEFAULT NULL,
  PRIMARY KEY (`ticketstatus_id`)
) ENGINE=InnoDB AUTO_INCREMENT=8 DEFAULT CHARSET=utf8 COLLATE=utf8_general_ci;

--
-- Dumping data for table `vtiger_ticketstatus`
--

INSERT INTO `vtiger_ticketstatus` VALUES (1,'Open',0,190,1,NULL),(2,'In Progress',0,191,3,NULL),(3,'Wait For Response',0,192,6,NULL),(4,'Closed',0,193,7,NULL),(5,'Preparación',1,358,2,'#ffffff'),(6,'Finalizado',1,359,4,'#ffffff'),(7,'En bandeja',1,360,5,'#ffffff');

--
-- Table structure for table `vtiger_ticketstatus_seq`
--

CREATE TABLE `vtiger_ticketstatus_seq` (
  `id` int(11) NOT NULL
) ENGINE=InnoDB DEFAULT CHARSET=utf8 COLLATE=utf8_general_ci;

--
-- Dumping data for table `vtiger_ticketstatus_seq`
--

INSERT INTO `vtiger_ticketstatus_seq` VALUES (7);

--
-- Table structure for table `vtiger_time_zone`
--

CREATE TABLE `vtiger_time_zone` (
  `time_zoneid` int(19) NOT NULL AUTO_INCREMENT,
  `time_zone` varchar(200) NOT NULL,
  `sortorderid` int(19) NOT NULL DEFAULT 0,
  `presence` int(1) NOT NULL DEFAULT 1,
  PRIMARY KEY (`time_zoneid`)
) ENGINE=InnoDB AUTO_INCREMENT=98 DEFAULT CHARSET=utf8 COLLATE=utf8_general_ci;

--
-- Dumping data for table `vtiger_time_zone`
--

INSERT INTO `vtiger_time_zone` VALUES (1,'Pacific/Midway',1,1),(2,'Pacific/Samoa',0,1),(3,'Pacific/Honolulu',2,1),(4,'America/Anchorage',3,1),(5,'America/Los_Angeles',5,1),(6,'America/Tijuana',4,1),(7,'America/Denver',6,1),(8,'America/Chihuahua',8,1),(9,'America/Mazatlan',7,1),(10,'America/Phoenix',9,1),(11,'America/Regina',10,1),(12,'America/Tegucigalpa',14,1),(13,'America/Chicago',13,1),(14,'America/Mexico_City',12,1),(15,'America/Monterrey',11,1),(16,'America/New_York',18,1),(17,'America/Bogota',19,1),(18,'America/Lima',16,1),(19,'America/Rio_Branco',15,1),(20,'America/Indiana/Indianapolis',17,1),(21,'America/Caracas',20,1),(22,'America/Halifax',25,1),(23,'America/Manaus',22,1),(24,'America/Santiago',21,1),(25,'America/La_Paz',23,1),(26,'America/Cuiaba',24,1),(27,'America/Asuncion',26,1),(28,'America/St_Johns',27,1),(29,'America/Argentina/Buenos_Aires',30,1),(30,'America/Sao_Paulo',31,1),(31,'America/Godthab',29,1),(32,'America/Montevideo',28,1),(33,'Atlantic/South_Georgia',32,1),(34,'Atlantic/Azores',34,1),(35,'Atlantic/Cape_Verde',33,1),(36,'Europe/London',37,1),(37,'UTC',36,1),(38,'Africa/Monrovia',38,1),(39,'Africa/Casablanca',35,1),(40,'Europe/Belgrade',40,1),(41,'Europe/Sarajevo',42,1),(42,'Europe/Brussels',41,1),(43,'Africa/Algiers',43,1),(44,'Europe/Amsterdam',39,1),(45,'Europe/Minsk',52,1),(46,'Africa/Cairo',47,1),(47,'Europe/Helsinki',49,1),(48,'Europe/Athens',45,1),(49,'Europe/Istanbul',50,1),(50,'Asia/Jerusalem',51,1),(51,'Asia/Amman',44,1),(52,'Asia/Beirut',46,1),(53,'Africa/Windhoek',53,1),(54,'Africa/Harare',48,1),(55,'Asia/Kuwait',55,1),(56,'Asia/Baghdad',54,1),(57,'Africa/Nairobi',57,1),(58,'Asia/Tehran',58,1),(59,'Asia/Tbilisi',61,1),(60,'Europe/Moscow',56,1),(61,'Asia/Muscat',59,1),(62,'Asia/Baku',60,1),(63,'Asia/Yerevan',62,1),(64,'Asia/Karachi',63,1),(65,'Asia/Tashkent',64,1),(66,'Asia/Kolkata',65,1),(67,'Asia/Colombo',66,1),(68,'Asia/Katmandu',67,1),(69,'Asia/Dhaka',69,1),(70,'Asia/Almaty',68,1),(71,'Asia/Yekaterinburg',70,1),(72,'Asia/Rangoon',71,1),(73,'Asia/Novosibirsk',73,1),(74,'Asia/Bangkok',72,1),(75,'Asia/Brunei',74,1),(76,'Asia/Krasnoyarsk',75,1),(77,'Asia/Ulaanbaatar',79,1),(78,'Asia/Kuala_Lumpur',76,1),(79,'Asia/Taipei',78,1),(80,'Australia/Perth',77,1),(81,'Asia/Irkutsk',80,1),(82,'Asia/Seoul',81,1),(83,'Asia/Tokyo',82,1),(84,'Australia/Darwin',84,1),(85,'Australia/Adelaide',83,1),(86,'Australia/Canberra',86,1),(87,'Australia/Brisbane',85,1),(88,'Australia/Hobart',88,1),(89,'Asia/Vladivostok',89,1),(90,'Pacific/Guam',87,1),(91,'Asia/Yakutsk',90,1),(92,'Pacific/Fiji',93,1),(93,'Asia/Kamchatka',94,1),(94,'Pacific/Auckland',92,1),(95,'Asia/Magadan',95,1),(96,'Pacific/Tongatapu',96,1),(97,'Etc/GMT-11',91,1);

--
-- Table structure for table `vtiger_time_zone_seq`
--

CREATE TABLE `vtiger_time_zone_seq` (
  `id` int(11) NOT NULL
) ENGINE=InnoDB DEFAULT CHARSET=utf8 COLLATE=utf8_general_ci;

--
-- Dumping data for table `vtiger_time_zone_seq`
--

INSERT INTO `vtiger_time_zone_seq` VALUES (96);

--
-- Table structure for table `vtiger_tmp_read_group_rel_sharing_per`
--

CREATE TABLE `vtiger_tmp_read_group_rel_sharing_per` (
  `userid` int(11) NOT NULL,
  `tabid` int(11) NOT NULL,
  `relatedtabid` int(11) NOT NULL,
  `sharedgroupid` int(11) NOT NULL,
  PRIMARY KEY (`userid`,`tabid`,`relatedtabid`,`sharedgroupid`),
  KEY `tmp_read_group_rel_sharing_per_userid_sharedgroupid_tabid` (`userid`,`sharedgroupid`,`tabid`),
  CONSTRAINT `fk_4_vtiger_tmp_read_group_rel_sharing_per` FOREIGN KEY (`userid`) REFERENCES `vtiger_users` (`id`) ON DELETE CASCADE
) ENGINE=InnoDB DEFAULT CHARSET=utf8 COLLATE=utf8_general_ci;

--
-- Dumping data for table `vtiger_tmp_read_group_rel_sharing_per`
--


--
-- Table structure for table `vtiger_tmp_read_group_sharing_per`
--

CREATE TABLE `vtiger_tmp_read_group_sharing_per` (
  `userid` int(11) NOT NULL,
  `tabid` int(11) NOT NULL,
  `sharedgroupid` int(11) NOT NULL,
  PRIMARY KEY (`userid`,`tabid`,`sharedgroupid`),
  KEY `tmp_read_group_sharing_per_userid_sharedgroupid_idx` (`userid`,`sharedgroupid`),
  CONSTRAINT `fk_3_vtiger_tmp_read_group_sharing_per` FOREIGN KEY (`userid`) REFERENCES `vtiger_users` (`id`) ON DELETE CASCADE
) ENGINE=InnoDB DEFAULT CHARSET=utf8 COLLATE=utf8_general_ci;

--
-- Dumping data for table `vtiger_tmp_read_group_sharing_per`
--


--
-- Table structure for table `vtiger_tmp_read_user_rel_sharing_per`
--

CREATE TABLE `vtiger_tmp_read_user_rel_sharing_per` (
  `userid` int(11) NOT NULL,
  `tabid` int(11) NOT NULL,
  `relatedtabid` int(11) NOT NULL,
  `shareduserid` int(11) NOT NULL,
  PRIMARY KEY (`userid`,`tabid`,`relatedtabid`,`shareduserid`),
  KEY `tmp_read_user_rel_sharing_per_userid_shared_reltabid_idx` (`userid`,`shareduserid`,`relatedtabid`),
  CONSTRAINT `fk_4_vtiger_tmp_read_user_rel_sharing_per` FOREIGN KEY (`userid`) REFERENCES `vtiger_users` (`id`) ON DELETE CASCADE
) ENGINE=InnoDB DEFAULT CHARSET=utf8 COLLATE=utf8_general_ci;

--
-- Dumping data for table `vtiger_tmp_read_user_rel_sharing_per`
--


--
-- Table structure for table `vtiger_tmp_read_user_sharing_per`
--

CREATE TABLE `vtiger_tmp_read_user_sharing_per` (
  `userid` int(11) NOT NULL,
  `tabid` int(11) NOT NULL,
  `shareduserid` int(11) NOT NULL,
  PRIMARY KEY (`userid`,`tabid`,`shareduserid`),
  KEY `tmp_read_user_sharing_per_userid_shareduserid_idx` (`userid`,`shareduserid`),
  CONSTRAINT `fk_3_vtiger_tmp_read_user_sharing_per` FOREIGN KEY (`userid`) REFERENCES `vtiger_users` (`id`) ON DELETE CASCADE
) ENGINE=InnoDB DEFAULT CHARSET=utf8 COLLATE=utf8_general_ci;

--
-- Dumping data for table `vtiger_tmp_read_user_sharing_per`
--


--
-- Table structure for table `vtiger_tmp_write_group_rel_sharing_per`
--

CREATE TABLE `vtiger_tmp_write_group_rel_sharing_per` (
  `userid` int(11) NOT NULL,
  `tabid` int(11) NOT NULL,
  `relatedtabid` int(11) NOT NULL,
  `sharedgroupid` int(11) NOT NULL,
  PRIMARY KEY (`userid`,`tabid`,`relatedtabid`,`sharedgroupid`),
  KEY `tmp_write_group_rel_sharing_per_userid_sharedgroupid_tabid_idx` (`userid`,`sharedgroupid`,`tabid`),
  CONSTRAINT `fk_4_vtiger_tmp_write_group_rel_sharing_per` FOREIGN KEY (`userid`) REFERENCES `vtiger_users` (`id`) ON DELETE CASCADE
) ENGINE=InnoDB DEFAULT CHARSET=utf8 COLLATE=utf8_general_ci;

--
-- Dumping data for table `vtiger_tmp_write_group_rel_sharing_per`
--


--
-- Table structure for table `vtiger_tmp_write_group_sharing_per`
--

CREATE TABLE `vtiger_tmp_write_group_sharing_per` (
  `userid` int(11) NOT NULL,
  `tabid` int(11) NOT NULL,
  `sharedgroupid` int(11) NOT NULL,
  PRIMARY KEY (`userid`,`tabid`,`sharedgroupid`),
  KEY `tmp_write_group_sharing_per_UK1` (`userid`,`sharedgroupid`),
  CONSTRAINT `fk_3_vtiger_tmp_write_group_sharing_per` FOREIGN KEY (`userid`) REFERENCES `vtiger_users` (`id`) ON DELETE CASCADE
) ENGINE=InnoDB DEFAULT CHARSET=utf8 COLLATE=utf8_general_ci;

--
-- Dumping data for table `vtiger_tmp_write_group_sharing_per`
--


--
-- Table structure for table `vtiger_tmp_write_user_rel_sharing_per`
--

CREATE TABLE `vtiger_tmp_write_user_rel_sharing_per` (
  `userid` int(11) NOT NULL,
  `tabid` int(11) NOT NULL,
  `relatedtabid` int(11) NOT NULL,
  `shareduserid` int(11) NOT NULL,
  PRIMARY KEY (`userid`,`tabid`,`relatedtabid`,`shareduserid`),
  KEY `tmp_write_user_rel_sharing_per_userid_sharduserid_tabid_idx` (`userid`,`shareduserid`,`tabid`),
  CONSTRAINT `fk_4_vtiger_tmp_write_user_rel_sharing_per` FOREIGN KEY (`userid`) REFERENCES `vtiger_users` (`id`) ON DELETE CASCADE
) ENGINE=InnoDB DEFAULT CHARSET=utf8 COLLATE=utf8_general_ci;

--
-- Dumping data for table `vtiger_tmp_write_user_rel_sharing_per`
--


--
-- Table structure for table `vtiger_tmp_write_user_sharing_per`
--

CREATE TABLE `vtiger_tmp_write_user_sharing_per` (
  `userid` int(11) NOT NULL,
  `tabid` int(11) NOT NULL,
  `shareduserid` int(11) NOT NULL,
  PRIMARY KEY (`userid`,`tabid`,`shareduserid`),
  KEY `tmp_write_user_sharing_per_userid_shareduserid_idx` (`userid`,`shareduserid`),
  CONSTRAINT `fk_3_vtiger_tmp_write_user_sharing_per` FOREIGN KEY (`userid`) REFERENCES `vtiger_users` (`id`) ON DELETE CASCADE
) ENGINE=InnoDB DEFAULT CHARSET=utf8 COLLATE=utf8_general_ci;

--
-- Dumping data for table `vtiger_tmp_write_user_sharing_per`
--


--
-- Table structure for table `vtiger_tracker`
--

CREATE TABLE `vtiger_tracker` (
  `id` int(11) NOT NULL AUTO_INCREMENT,
  `user_id` varchar(36) DEFAULT NULL,
  `module_name` varchar(25) DEFAULT NULL,
  `item_id` varchar(36) DEFAULT NULL,
  `item_summary` varchar(255) DEFAULT NULL,
  PRIMARY KEY (`id`)
) ENGINE=InnoDB DEFAULT CHARSET=utf8 COLLATE=utf8_general_ci;

--
-- Dumping data for table `vtiger_tracker`
--


--
-- Table structure for table `vtiger_tracking_status`
--

CREATE TABLE `vtiger_tracking_status` (
  `tracking_statusid` int(11) NOT NULL AUTO_INCREMENT,
  `tracking_status` varchar(200) NOT NULL,
  `presence` int(1) NOT NULL DEFAULT 1,
  `picklist_valueid` int(11) NOT NULL DEFAULT 0,
  `sortorderid` int(11) DEFAULT 0,
  `color` varchar(10) DEFAULT NULL,
  PRIMARY KEY (`tracking_statusid`)
) ENGINE=InnoDB AUTO_INCREMENT=3 DEFAULT CHARSET=utf8 COLLATE=utf8_general_ci;

--
-- Dumping data for table `vtiger_tracking_status`
--

INSERT INTO `vtiger_tracking_status` VALUES (1,'Start',1,318,1,NULL),(2,'End',1,319,2,NULL);

--
-- Table structure for table `vtiger_tracking_status_seq`
--

CREATE TABLE `vtiger_tracking_status_seq` (
  `id` int(11) NOT NULL
) ENGINE=InnoDB DEFAULT CHARSET=utf8 COLLATE=utf8_general_ci;

--
-- Dumping data for table `vtiger_tracking_status_seq`
--

INSERT INTO `vtiger_tracking_status_seq` VALUES (2);

--
-- Table structure for table `vtiger_tracking_unit`
--

CREATE TABLE `vtiger_tracking_unit` (
  `tracking_unitid` int(11) NOT NULL AUTO_INCREMENT,
  `tracking_unit` varchar(200) NOT NULL,
  `presence` int(1) NOT NULL DEFAULT 1,
  `picklist_valueid` int(11) NOT NULL DEFAULT 0,
  `sortorderid` int(11) DEFAULT 0,
  `color` varchar(10) DEFAULT NULL,
  PRIMARY KEY (`tracking_unitid`)
) ENGINE=InnoDB AUTO_INCREMENT=5 DEFAULT CHARSET=utf8 COLLATE=utf8_general_ci;

--
-- Dumping data for table `vtiger_tracking_unit`
--

INSERT INTO `vtiger_tracking_unit` VALUES (2,'Hours',1,211,2,NULL),(3,'Days',1,212,3,NULL),(4,'Incidents',1,213,4,NULL);

--
-- Table structure for table `vtiger_tracking_unit_seq`
--

CREATE TABLE `vtiger_tracking_unit_seq` (
  `id` int(11) NOT NULL
) ENGINE=InnoDB DEFAULT CHARSET=utf8 COLLATE=utf8_general_ci;

--
-- Dumping data for table `vtiger_tracking_unit_seq`
--

INSERT INTO `vtiger_tracking_unit_seq` VALUES (4);

--
-- Table structure for table `vtiger_troubletickets`
--

CREATE TABLE `vtiger_troubletickets` (
  `ticketid` int(19) NOT NULL,
  `ticket_no` varchar(100) NOT NULL,
  `groupname` varchar(100) DEFAULT NULL,
  `parent_id` varchar(100) DEFAULT NULL,
  `product_id` varchar(100) DEFAULT NULL,
  `priority` varchar(200) DEFAULT NULL,
  `severity` varchar(200) DEFAULT NULL,
  `status` varchar(200) DEFAULT NULL,
  `category` varchar(200) DEFAULT NULL,
  `title` varchar(255) NOT NULL,
  `solution` text DEFAULT NULL,
  `update_log` text DEFAULT NULL,
  `version_id` int(11) DEFAULT NULL,
  `hours` decimal(25,8) DEFAULT NULL,
  `days` decimal(25,8) DEFAULT NULL,
  `contact_id` int(19) DEFAULT NULL,
  `tags` varchar(1) DEFAULT NULL,
  `lb_clasificaciondecontacto` text DEFAULT NULL,
  `lb_responsablecaso` text DEFAULT NULL,
  `lb_proxima_accion` text DEFAULT NULL,
  `lb_elcasofueresuelto` text DEFAULT NULL,
  `lb_tiempodeatencion` text DEFAULT NULL,
  `lb_atentidoamablemente` text DEFAULT NULL,
  `lb_calificaciongeneral` text DEFAULT NULL,
  PRIMARY KEY (`ticketid`),
  KEY `troubletickets_ticketid_idx` (`ticketid`),
  KEY `troubletickets_status_idx` (`status`),
  CONSTRAINT `fk_1_vtiger_troubletickets` FOREIGN KEY (`ticketid`) REFERENCES `vtiger_crmentity` (`crmid`) ON DELETE CASCADE
) ENGINE=InnoDB DEFAULT CHARSET=utf8 COLLATE=utf8_general_ci;

--
-- Dumping data for table `vtiger_troubletickets`
--

INSERT INTO `vtiger_troubletickets` VALUES (786,'TT1',NULL,'0','0','Normal','','Open','Servicio Adicional Sin Partes','Introducing Our Enhanced CRMTiger Mobile App for vTiger Version 8.x','',NULL,NULL,0.00000000,0.00000000,0,'','Black','','','','','','');

--
-- Table structure for table `vtiger_usageunit`
--

CREATE TABLE `vtiger_usageunit` (
  `usageunitid` int(19) NOT NULL AUTO_INCREMENT,
  `usageunit` varchar(200) NOT NULL,
  `presence` int(1) NOT NULL DEFAULT 1,
  `picklist_valueid` int(19) NOT NULL DEFAULT 0,
  `sortorderid` int(11) DEFAULT NULL,
  `color` varchar(10) DEFAULT NULL,
  PRIMARY KEY (`usageunitid`),
  UNIQUE KEY `usageunit_usageunit_idx` (`usageunit`)
) ENGINE=InnoDB AUTO_INCREMENT=19 DEFAULT CHARSET=utf8 COLLATE=utf8_general_ci;

--
-- Dumping data for table `vtiger_usageunit`
--

INSERT INTO `vtiger_usageunit` VALUES (1,'Box',1,194,0,NULL),(2,'Carton',1,195,1,NULL),(3,'Dozen',1,196,2,NULL),(4,'Each',1,197,3,NULL),(5,'Hours',1,198,4,NULL),(6,'Impressions',1,199,5,NULL),(7,'Lb',1,200,6,NULL),(8,'M',1,201,7,NULL),(9,'Pack',1,202,8,NULL),(10,'Pages',1,203,9,NULL),(11,'Pieces',1,204,10,NULL),(12,'Quantity',1,205,11,NULL),(13,'Reams',1,206,12,NULL),(14,'Sheet',1,207,13,NULL),(15,'Spiral Binder',1,208,14,NULL),(16,'Sq Ft',1,209,15,NULL),(17,'Piezas',1,498,1,NULL),(18,'Cantidad',1,499,1,NULL);

--
-- Table structure for table `vtiger_usageunit_seq`
--

CREATE TABLE `vtiger_usageunit_seq` (
  `id` int(11) NOT NULL
) ENGINE=InnoDB DEFAULT CHARSET=utf8 COLLATE=utf8_general_ci;

--
-- Dumping data for table `vtiger_usageunit_seq`
--

INSERT INTO `vtiger_usageunit_seq` VALUES (18);

--
-- Table structure for table `vtiger_user2mergefields`
--

CREATE TABLE `vtiger_user2mergefields` (
  `userid` int(11) DEFAULT NULL,
  `tabid` int(19) DEFAULT NULL,
  `fieldid` int(19) DEFAULT NULL,
  `visible` int(2) DEFAULT NULL,
  KEY `userid_tabid_idx` (`userid`,`tabid`)
) ENGINE=InnoDB DEFAULT CHARSET=utf8 COLLATE=utf8_general_ci;

--
-- Dumping data for table `vtiger_user2mergefields`
--


--
-- Table structure for table `vtiger_user2role`
--

CREATE TABLE `vtiger_user2role` (
  `userid` int(11) NOT NULL,
  `roleid` varchar(255) NOT NULL,
  PRIMARY KEY (`userid`),
  KEY `user2role_roleid_idx` (`roleid`),
  CONSTRAINT `fk_2_vtiger_user2role` FOREIGN KEY (`userid`) REFERENCES `vtiger_users` (`id`) ON DELETE CASCADE
) ENGINE=InnoDB DEFAULT CHARSET=utf8 COLLATE=utf8_general_ci;

--
-- Dumping data for table `vtiger_user2role`
--

INSERT INTO `vtiger_user2role` VALUES (1,'H2'),(5,'H2'),(6,'H2'),(7,'H2'),(8,'H2'),(9,'H6');

--
-- Table structure for table `vtiger_user_module_preferences`
--

CREATE TABLE `vtiger_user_module_preferences` (
  `userid` int(19) NOT NULL,
  `tabid` int(19) NOT NULL,
  `default_cvid` int(19) NOT NULL,
  PRIMARY KEY (`userid`,`tabid`),
  KEY `fk_2_vtiger_user_module_preferences` (`tabid`),
  CONSTRAINT `fk_2_vtiger_user_module_preferences` FOREIGN KEY (`tabid`) REFERENCES `vtiger_tab` (`tabid`) ON DELETE CASCADE ON UPDATE CASCADE
) ENGINE=InnoDB DEFAULT CHARSET=utf8 COLLATE=utf8_general_ci;

--
-- Dumping data for table `vtiger_user_module_preferences`
--

INSERT INTO `vtiger_user_module_preferences` VALUES (1,60,64);

--
-- Table structure for table `vtiger_users2group`
--

CREATE TABLE `vtiger_users2group` (
  `groupid` int(19) NOT NULL,
  `userid` int(19) NOT NULL,
  PRIMARY KEY (`groupid`,`userid`),
  KEY `users2group_groupname_uerid_idx` (`groupid`,`userid`),
  KEY `fk_2_vtiger_users2group` (`userid`),
  CONSTRAINT `fk_2_vtiger_users2group` FOREIGN KEY (`userid`) REFERENCES `vtiger_users` (`id`) ON DELETE CASCADE
) ENGINE=InnoDB DEFAULT CHARSET=utf8 COLLATE=utf8_general_ci;

--
-- Dumping data for table `vtiger_users2group`
--

INSERT INTO `vtiger_users2group` VALUES (3,1);

--
-- Table structure for table `vtiger_users_last_import`
--

CREATE TABLE `vtiger_users_last_import` (
  `id` int(36) NOT NULL AUTO_INCREMENT,
  `assigned_user_id` varchar(36) DEFAULT NULL,
  `bean_type` varchar(36) DEFAULT NULL,
  `bean_id` varchar(36) DEFAULT NULL,
  `deleted` int(1) NOT NULL DEFAULT 0,
  PRIMARY KEY (`id`),
  KEY `idx_user_id` (`assigned_user_id`)
) ENGINE=InnoDB DEFAULT CHARSET=utf8 COLLATE=utf8_general_ci;

--
-- Dumping data for table `vtiger_users_last_import`
--


--
-- Table structure for table `vtiger_users_seq`
--

CREATE TABLE `vtiger_users_seq` (
  `id` int(11) NOT NULL
) ENGINE=InnoDB DEFAULT CHARSET=utf8 COLLATE=utf8_general_ci;

--
-- Dumping data for table `vtiger_users_seq`
--

INSERT INTO `vtiger_users_seq` VALUES (9);

--
-- Table structure for table `vtiger_vendor`
--

CREATE TABLE `vtiger_vendor` (
  `vendorid` int(19) NOT NULL DEFAULT 0,
  `vendor_no` varchar(100) NOT NULL,
  `vendorname` varchar(100) DEFAULT NULL,
  `phone` varchar(100) DEFAULT NULL,
  `email` varchar(100) DEFAULT NULL,
  `website` varchar(100) DEFAULT NULL,
  `glacct` varchar(200) DEFAULT NULL,
  `category` varchar(50) DEFAULT NULL,
  `street` text DEFAULT NULL,
  `city` varchar(30) DEFAULT NULL,
  `state` varchar(30) DEFAULT NULL,
  `pobox` varchar(30) DEFAULT NULL,
  `postalcode` varchar(100) DEFAULT NULL,
  `country` varchar(100) DEFAULT NULL,
  `description` text DEFAULT NULL,
  `tags` varchar(1) DEFAULT NULL,
  PRIMARY KEY (`vendorid`),
  CONSTRAINT `fk_1_vtiger_vendor` FOREIGN KEY (`vendorid`) REFERENCES `vtiger_crmentity` (`crmid`) ON DELETE CASCADE
) ENGINE=InnoDB DEFAULT CHARSET=utf8 COLLATE=utf8_general_ci;

--
-- Dumping data for table `vtiger_vendor`
--

INSERT INTO `vtiger_vendor` VALUES (645,'VEN1','Pantallas Tipo A','','','','','','','','','','','',NULL,''),(647,'VEN2','TECNA S.A.','','','','','','','','','','','',NULL,''),(649,'VEN3','MICRONET ANDINA S.A.C','','','','','','','','','','','',NULL,''),(651,'VEN4','GRUPO VENTURA PERU S.A.C.','','','','','','','','','','','',NULL,'');

--
-- Table structure for table `vtiger_vendorcf`
--

CREATE TABLE `vtiger_vendorcf` (
  `vendorid` int(19) NOT NULL DEFAULT 0,
  PRIMARY KEY (`vendorid`),
  CONSTRAINT `fk_1_vtiger_vendorcf` FOREIGN KEY (`vendorid`) REFERENCES `vtiger_vendor` (`vendorid`) ON DELETE CASCADE
) ENGINE=InnoDB DEFAULT CHARSET=utf8 COLLATE=utf8_general_ci;

--
-- Dumping data for table `vtiger_vendorcf`
--

INSERT INTO `vtiger_vendorcf` VALUES (645),(647),(649),(651);

--
-- Table structure for table `vtiger_vendorcontactrel`
--

CREATE TABLE `vtiger_vendorcontactrel` (
  `vendorid` int(19) NOT NULL DEFAULT 0,
  `contactid` int(19) NOT NULL DEFAULT 0,
  PRIMARY KEY (`vendorid`,`contactid`),
  KEY `vendorcontactrel_vendorid_idx` (`vendorid`),
  KEY `vendorcontactrel_contact_idx` (`contactid`),
  CONSTRAINT `fk_2_vtiger_vendorcontactrel` FOREIGN KEY (`vendorid`) REFERENCES `vtiger_vendor` (`vendorid`) ON DELETE CASCADE
) ENGINE=InnoDB DEFAULT CHARSET=utf8 COLLATE=utf8_general_ci;

--
-- Dumping data for table `vtiger_vendorcontactrel`
--


--
-- Table structure for table `vtiger_version`
--

CREATE TABLE `vtiger_version` (
  `id` int(11) NOT NULL AUTO_INCREMENT,
  `old_version` varchar(30) DEFAULT NULL,
  `current_version` varchar(30) DEFAULT NULL,
  PRIMARY KEY (`id`)
) ENGINE=InnoDB AUTO_INCREMENT=2 DEFAULT CHARSET=utf8 COLLATE=utf8_general_ci;

--
-- Dumping data for table `vtiger_version`
--

INSERT INTO `vtiger_version` VALUES (1,'8.2.0','8.2.0');

--
-- Table structure for table `vtiger_version_seq`
--

CREATE TABLE `vtiger_version_seq` (
  `id` int(11) NOT NULL
) ENGINE=InnoDB DEFAULT CHARSET=utf8 COLLATE=utf8_general_ci;

--
-- Dumping data for table `vtiger_version_seq`
--

INSERT INTO `vtiger_version_seq` VALUES (1);

--
-- Table structure for table `vtiger_visibility`
--

CREATE TABLE `vtiger_visibility` (
  `visibilityid` int(19) NOT NULL AUTO_INCREMENT,
  `visibility` varchar(200) NOT NULL,
  `sortorderid` int(19) NOT NULL DEFAULT 0,
  `presence` int(1) NOT NULL DEFAULT 1,
  `color` varchar(10) DEFAULT NULL,
  PRIMARY KEY (`visibilityid`),
  UNIQUE KEY `visibility_visibility_idx` (`visibility`)
) ENGINE=InnoDB AUTO_INCREMENT=3 DEFAULT CHARSET=utf8 COLLATE=utf8_general_ci;

--
-- Dumping data for table `vtiger_visibility`
--

INSERT INTO `vtiger_visibility` VALUES (1,'Private',0,1,NULL),(2,'Public',1,1,NULL);

--
-- Table structure for table `vtiger_visibility_seq`
--

CREATE TABLE `vtiger_visibility_seq` (
  `id` int(11) NOT NULL
) ENGINE=InnoDB DEFAULT CHARSET=utf8 COLLATE=utf8_general_ci;

--
-- Dumping data for table `vtiger_visibility_seq`
--

INSERT INTO `vtiger_visibility_seq` VALUES (2);

--
-- Table structure for table `vtiger_webform_file_fields`
--

CREATE TABLE `vtiger_webform_file_fields` (
  `id` int(19) NOT NULL AUTO_INCREMENT,
  `webformid` int(19) NOT NULL,
  `fieldname` varchar(100) NOT NULL,
  `fieldlabel` varchar(100) NOT NULL,
  `required` int(1) NOT NULL DEFAULT 0,
  PRIMARY KEY (`id`),
  KEY `fk_vtiger_webforms` (`webformid`),
  CONSTRAINT `fk_vtiger_webforms` FOREIGN KEY (`webformid`) REFERENCES `vtiger_webforms` (`id`) ON DELETE CASCADE
) ENGINE=InnoDB DEFAULT CHARSET=utf8 COLLATE=utf8_general_ci;

--
-- Dumping data for table `vtiger_webform_file_fields`
--


--
-- Table structure for table `vtiger_webforms`
--

CREATE TABLE `vtiger_webforms` (
  `id` int(19) NOT NULL AUTO_INCREMENT,
  `name` varchar(100) NOT NULL,
  `publicid` varchar(100) NOT NULL,
  `enabled` int(1) NOT NULL DEFAULT 1,
  `targetmodule` varchar(50) NOT NULL,
  `description` text DEFAULT NULL,
  `ownerid` int(19) NOT NULL,
  `returnurl` varchar(250) DEFAULT NULL,
  `captcha` int(1) NOT NULL DEFAULT 0,
  `roundrobin` int(1) NOT NULL DEFAULT 0,
  `roundrobin_userid` varchar(256) DEFAULT NULL,
  `roundrobin_logic` int(11) NOT NULL DEFAULT 0,
  PRIMARY KEY (`id`),
  UNIQUE KEY `webformname` (`name`),
  UNIQUE KEY `publicid` (`id`),
  KEY `webforms_webforms_id_idx` (`id`)
) ENGINE=InnoDB DEFAULT CHARSET=utf8 COLLATE=utf8_general_ci;

--
-- Dumping data for table `vtiger_webforms`
--


--
-- Table structure for table `vtiger_webforms_field`
--

CREATE TABLE `vtiger_webforms_field` (
  `id` int(19) NOT NULL AUTO_INCREMENT,
  `webformid` int(19) NOT NULL,
  `fieldname` varchar(50) NOT NULL,
  `neutralizedfield` varchar(50) NOT NULL,
  `defaultvalue` text DEFAULT NULL,
  `required` int(10) NOT NULL DEFAULT 0,
  `sequence` int(10) DEFAULT NULL,
  `hidden` int(10) DEFAULT NULL,
  PRIMARY KEY (`id`),
  KEY `webforms_webforms_field_idx` (`id`),
  KEY `fk_1_vtiger_webforms_field` (`webformid`),
  KEY `fk_2_vtiger_webforms_field` (`fieldname`),
  CONSTRAINT `fk_1_vtiger_webforms_field` FOREIGN KEY (`webformid`) REFERENCES `vtiger_webforms` (`id`) ON DELETE CASCADE,
  CONSTRAINT `fk_3_vtiger_webforms_field` FOREIGN KEY (`fieldname`) REFERENCES `vtiger_field` (`fieldname`) ON DELETE CASCADE
) ENGINE=InnoDB DEFAULT CHARSET=utf8 COLLATE=utf8_general_ci;

--
-- Dumping data for table `vtiger_webforms_field`
--


--
-- Table structure for table `vtiger_whatsapp_botbutton`
--

CREATE TABLE `vtiger_whatsapp_botbutton` (
  `hearder_text` varchar(255) DEFAULT NULL,
  `hearder_description` text DEFAULT NULL,
  `header_color` varchar(55) DEFAULT NULL,
  `header_image` varchar(100) DEFAULT NULL,
  `button_text` varchar(55) DEFAULT NULL,
  `button_color` varchar(55) DEFAULT NULL,
  `bg_image` varchar(100) DEFAULT NULL,
  `scanned_number` varchar(100) DEFAULT NULL
) ENGINE=InnoDB DEFAULT CHARSET=latin1 COLLATE=latin1_swedish_ci;

--
-- Dumping data for table `vtiger_whatsapp_botbutton`
--


--
-- Table structure for table `vtiger_whatsapp_unreadread`
--

CREATE TABLE `vtiger_whatsapp_unreadread` (
  `whatsapp_unreadreadid` int(11) NOT NULL AUTO_INCREMENT,
  `whatsapp_unreadread` varchar(200) NOT NULL,
  `presence` int(1) NOT NULL DEFAULT 1,
  `picklist_valueid` int(11) NOT NULL DEFAULT 0,
  `sortorderid` int(11) DEFAULT 0,
  `color` varchar(10) DEFAULT NULL,
  PRIMARY KEY (`whatsapp_unreadreadid`)
) ENGINE=InnoDB AUTO_INCREMENT=3 DEFAULT CHARSET=utf8 COLLATE=utf8_general_ci;

--
-- Dumping data for table `vtiger_whatsapp_unreadread`
--

INSERT INTO `vtiger_whatsapp_unreadread` VALUES (1,'Read',1,506,1,NULL),(2,'Unread',1,507,2,NULL);

--
-- Table structure for table `vtiger_whatsapp_unreadread_seq`
--

CREATE TABLE `vtiger_whatsapp_unreadread_seq` (
  `id` int(11) NOT NULL
) ENGINE=InnoDB DEFAULT CHARSET=utf8 COLLATE=utf8_general_ci;

--
-- Dumping data for table `vtiger_whatsapp_unreadread_seq`
--

INSERT INTO `vtiger_whatsapp_unreadread_seq` VALUES (2);

--
-- Table structure for table `vtiger_whatsappbot_responcevalue`
--

CREATE TABLE `vtiger_whatsappbot_responcevalue` (
  `mobilewhatsappnumber` varchar(255) CHARACTER SET utf8 COLLATE utf8_general_ci DEFAULT NULL,
  `variablevalue` varchar(255) CHARACTER SET utf8 COLLATE utf8_general_ci DEFAULT NULL,
  `variablename` varchar(255) CHARACTER SET utf8 COLLATE utf8_general_ci DEFAULT NULL,
  `bot_id` varchar(255) CHARACTER SET utf8 COLLATE utf8_general_ci DEFAULT NULL
) ENGINE=InnoDB DEFAULT CHARSET=latin1 COLLATE=latin1_swedish_ci;

--
-- Dumping data for table `vtiger_whatsappbot_responcevalue`
--


--
-- Table structure for table `vtiger_whatsapplog`
--

CREATE TABLE `vtiger_whatsapplog` (
  `whatsapplogid` int(11) NOT NULL,
  `whatsapplog_no` varchar(100) DEFAULT NULL,
  `whatsapplog_sendername` varchar(100) DEFAULT NULL,
  `whatsapplog_chatid` varchar(100) DEFAULT NULL,
  `messagelog_type` varchar(100) DEFAULT NULL,
  `messagelog_body` varchar(100) DEFAULT NULL,
  `whatsapplog_quotemessage` varchar(100) DEFAULT NULL,
  `whatsapplog_contactid` varchar(100) DEFAULT NULL,
  `whatsapplog_unreadread` varchar(255) DEFAULT NULL,
  `whatsapplog_withoccode` varchar(255) DEFAULT NULL,
  `whatsapplog_withccode` varchar(255) DEFAULT NULL,
  `whatsapplog_datetime` datetime DEFAULT NULL,
  `whatsapplog_msgid` varchar(255) DEFAULT NULL,
  `whatsapplog_your_number` varchar(255) DEFAULT NULL,
  `whatsapplog_important` varchar(255) DEFAULT NULL,
  `whatsapplog_response` varchar(100) DEFAULT NULL,
  `whatsapplog_request` varchar(100) DEFAULT NULL,
  `whatsapplog_botid` varchar(255) DEFAULT NULL,
  `whatsapplog_displayname` varchar(255) DEFAULT NULL,
  `whatsapp_numberactive` varchar(3) DEFAULT NULL,
  `tags` varchar(1) DEFAULT NULL,
  PRIMARY KEY (`whatsapplogid`)
) ENGINE=InnoDB DEFAULT CHARSET=utf8 COLLATE=utf8_general_ci;

--
-- Dumping data for table `vtiger_whatsapplog`
--

INSERT INTO `vtiger_whatsapplog` VALUES (728,'','Crm Administrator','','Send','q mas','','170','Read','','51916168746','2024-07-12 16:51:57','BAE5C3088873A0BF','51924985856','1','{\"key\":{\"remoteJid\":\"51916168746@s.whatsapp.net\",\"fromMe\":true,\"id\":\"BAE5C3088873A0BF\"},\"message\":{\"','https://multidevice44.crmtiger.com/isRegisteredUser {\"number\":\"51916168746\"}','','Adriana Barrantes','1',''),(731,'','Fer','','Recieved','Ni siquiera aceptan','Unanse para poder apoyar a los gatitos que son maltratados????',NULL,'Unread','','Groups','2024-07-12 16:52:23','51930305336-1615140497@g.us','51924985856',NULL,'','',NULL,'Groups','0',''),(736,'','Crm Administrator','','Send','espero tu respuesta','','170','Read','','34644263345','2024-07-18 10:44:02','BAE51E1206C115A1','17609062897','1','{\"key\":{\"remoteJid\":\"34644263345@s.whatsapp.net\",\"fromMe\":true,\"id\":\"BAE51E1206C115A1\"},\"message\":{\"','https://multidevice44.crmtiger.com/isRegisteredUser {\"number\":\"34644263345\"}','','Adriana Barrantes','1',''),(749,'','Crm Administrator','','Send','hola','','519','Read','','51924985856','2024-07-18 17:16:25','BAE514A32621DC49','17609062897',NULL,'{\"key\":{\"remoteJid\":\"51924985856@s.whatsapp.net\",\"fromMe\":true,\"id\":\"BAE514A32621DC49\"},\"message\":{\"','https://multidevice44.crmtiger.com/isRegisteredUser {\"number\":\"51924985856\"}','','CO0000066','1','');

--
-- Table structure for table `vtiger_whatsapplog_unreadread`
--

CREATE TABLE `vtiger_whatsapplog_unreadread` (
  `whatsapplog_unreadreadid` int(11) NOT NULL AUTO_INCREMENT,
  `whatsapplog_unreadread` varchar(200) NOT NULL,
  `presence` int(1) NOT NULL DEFAULT 1,
  `picklist_valueid` int(11) NOT NULL DEFAULT 0,
  `sortorderid` int(11) DEFAULT 0,
  `color` varchar(10) DEFAULT NULL,
  PRIMARY KEY (`whatsapplog_unreadreadid`)
) ENGINE=InnoDB AUTO_INCREMENT=3 DEFAULT CHARSET=utf8 COLLATE=utf8_general_ci;

--
-- Dumping data for table `vtiger_whatsapplog_unreadread`
--

INSERT INTO `vtiger_whatsapplog_unreadread` VALUES (1,'Read',1,510,1,NULL),(2,'Unread',1,511,2,NULL);

--
-- Table structure for table `vtiger_whatsapplog_unreadread_seq`
--

CREATE TABLE `vtiger_whatsapplog_unreadread_seq` (
  `id` int(11) NOT NULL
) ENGINE=InnoDB DEFAULT CHARSET=utf8 COLLATE=utf8_general_ci;

--
-- Dumping data for table `vtiger_whatsapplog_unreadread_seq`
--

INSERT INTO `vtiger_whatsapplog_unreadread_seq` VALUES (2);

--
-- Table structure for table `vtiger_whatsapplogcf`
--

CREATE TABLE `vtiger_whatsapplogcf` (
  `whatsapplogid` int(11) NOT NULL,
  PRIMARY KEY (`whatsapplogid`)
) ENGINE=InnoDB DEFAULT CHARSET=utf8 COLLATE=utf8_general_ci;

--
-- Dumping data for table `vtiger_whatsapplogcf`
--

INSERT INTO `vtiger_whatsapplogcf` VALUES (728),(731),(736),(749);

--
-- Table structure for table `vtiger_wordtemplates`
--

CREATE TABLE `vtiger_wordtemplates` (
  `templateid` int(19) NOT NULL,
  `filename` varchar(100) NOT NULL,
  `module` varchar(30) NOT NULL,
  `date_entered` timestamp NOT NULL DEFAULT current_timestamp() ON UPDATE current_timestamp(),
  `parent_type` varchar(50) NOT NULL,
  `data` longblob NOT NULL,
  `description` text DEFAULT NULL,
  `filesize` varchar(50) NOT NULL,
  `filetype` varchar(20) NOT NULL,
  `deleted` int(1) NOT NULL DEFAULT 0,
  PRIMARY KEY (`templateid`)
) ENGINE=InnoDB DEFAULT CHARSET=utf8 COLLATE=utf8_general_ci;

--
-- Dumping data for table `vtiger_wordtemplates`
--


--
-- Table structure for table `vtiger_ws_entity`
--

CREATE TABLE `vtiger_ws_entity` (
  `id` int(11) NOT NULL AUTO_INCREMENT,
  `name` varchar(25) NOT NULL,
  `handler_path` varchar(255) NOT NULL,
  `handler_class` varchar(64) NOT NULL,
  `ismodule` int(3) NOT NULL,
  PRIMARY KEY (`id`)
) ENGINE=InnoDB AUTO_INCREMENT=51 DEFAULT CHARSET=utf8 COLLATE=utf8_general_ci;

--
-- Dumping data for table `vtiger_ws_entity`
--

INSERT INTO `vtiger_ws_entity` VALUES (1,'Campaigns','include/Webservices/VtigerModuleOperation.php','VtigerModuleOperation',1),(2,'Vendors','include/Webservices/VtigerModuleOperation.php','VtigerModuleOperation',1),(3,'Faq','include/Webservices/VtigerModuleOperation.php','VtigerModuleOperation',1),(4,'Quotes','include/Webservices/LineItem/VtigerInventoryOperation.php','VtigerInventoryOperation',1),(5,'PurchaseOrder','include/Webservices/LineItem/VtigerInventoryOperation.php','VtigerInventoryOperation',1),(6,'SalesOrder','include/Webservices/LineItem/VtigerInventoryOperation.php','VtigerInventoryOperation',1),(7,'Invoice','include/Webservices/LineItem/VtigerInventoryOperation.php','VtigerInventoryOperation',1),(8,'PriceBooks','include/Webservices/VtigerModuleOperation.php','VtigerModuleOperation',1),(9,'Calendar','include/Webservices/VtigerModuleOperation.php','VtigerModuleOperation',1),(10,'Leads','include/Webservices/VtigerModuleOperation.php','VtigerModuleOperation',1),(11,'Accounts','include/Webservices/VtigerModuleOperation.php','VtigerModuleOperation',1),(12,'Contacts','include/Webservices/VtigerModuleOperation.php','VtigerModuleOperation',1),(13,'Potentials','include/Webservices/VtigerModuleOperation.php','VtigerModuleOperation',1),(14,'Products','include/Webservices/VtigerProductOperation.php','VtigerProductOperation',1),(15,'Documents','include/Webservices/VtigerModuleOperation.php','VtigerModuleOperation',1),(16,'Emails','include/Webservices/VtigerModuleOperation.php','VtigerModuleOperation',1),(17,'HelpDesk','include/Webservices/VtigerModuleOperation.php','VtigerModuleOperation',1),(18,'Events','include/Webservices/VtigerModuleOperation.php','VtigerModuleOperation',1),(19,'Users','include/Webservices/VtigerModuleOperation.php','VtigerModuleOperation',1),(20,'Groups','include/Webservices/VtigerActorOperation.php','VtigerActorOperation',0),(21,'Currency','include/Webservices/VtigerActorOperation.php','VtigerActorOperation',0),(22,'DocumentFolders','include/Webservices/VtigerActorOperation.php','VtigerActorOperation',0),(23,'CompanyDetails','include/Webservices/VtigerCompanyDetails.php','VtigerCompanyDetails',0),(24,'ServiceContracts','include/Webservices/VtigerModuleOperation.php','VtigerModuleOperation',1),(25,'Services','include/Webservices/VtigerProductOperation.php','VtigerProductOperation',1),(26,'PBXManager','include/Webservices/VtigerModuleOperation.php','VtigerModuleOperation',1),(27,'ModComments','include/Webservices/VtigerModuleOperation.php','VtigerModuleOperation',1),(28,'ProjectMilestone','include/Webservices/VtigerModuleOperation.php','VtigerModuleOperation',1),(29,'ProjectTask','include/Webservices/VtigerModuleOperation.php','VtigerModuleOperation',1),(30,'Project','include/Webservices/VtigerModuleOperation.php','VtigerModuleOperation',1),(31,'Assets','include/Webservices/VtigerModuleOperation.php','VtigerModuleOperation',1),(32,'SMSNotifier','include/Webservices/VtigerModuleOperation.php','VtigerModuleOperation',1),(33,'LineItem','include/Webservices/LineItem/VtigerLineItemOperation.php','VtigerLineItemOperation',0),(34,'Tax','include/Webservices/LineItem/VtigerTaxOperation.php','VtigerTaxOperation',0),(35,'ProductTaxes','include/Webservices/LineItem/VtigerProductTaxesOperation.php','VtigerProductTaxesOperation',0),(36,'CTTimeTracker','include/Webservices/VtigerModuleOperation.php','VtigerModuleOperation',1),(37,'CTTimeControl','include/Webservices/VtigerModuleOperation.php','VtigerModuleOperation',1),(38,'CTRoutePlanning','include/Webservices/VtigerModuleOperation.php','VtigerModuleOperation',1),(39,'CTRouteAttendance','include/Webservices/VtigerModuleOperation.php','VtigerModuleOperation',1),(40,'CTAttendance','include/Webservices/VtigerModuleOperation.php','VtigerModuleOperation',1),(41,'CTUserFilterView','include/Webservices/VtigerModuleOperation.php','VtigerModuleOperation',1),(42,'CTMessageTemplate','include/Webservices/VtigerModuleOperation.php','VtigerModuleOperation',1),(43,'CTPushNotification','include/Webservices/VtigerModuleOperation.php','VtigerModuleOperation',1),(45,'Cobranzas','include/Webservices/VtigerModuleOperation.php','VtigerModuleOperation',1),(47,'Pagos','include/Webservices/VtigerModuleOperation.php','VtigerModuleOperation',1),(48,'CTWhatsApp','include/Webservices/VtigerModuleOperation.php','VtigerModuleOperation',1),(49,'CTWhatsAppTemplates','include/Webservices/VtigerModuleOperation.php','VtigerModuleOperation',1),(50,'WhatsAppLog','include/Webservices/VtigerModuleOperation.php','VtigerModuleOperation',1);

--
-- Table structure for table `vtiger_ws_entity_fieldtype`
--

CREATE TABLE `vtiger_ws_entity_fieldtype` (
  `fieldtypeid` int(19) NOT NULL AUTO_INCREMENT,
  `table_name` varchar(50) NOT NULL,
  `field_name` varchar(50) NOT NULL,
  `fieldtype` varchar(200) NOT NULL,
  PRIMARY KEY (`fieldtypeid`),
  UNIQUE KEY `vtiger_idx_1_tablename_fieldname` (`table_name`,`field_name`)
) ENGINE=InnoDB AUTO_INCREMENT=11 DEFAULT CHARSET=utf8 COLLATE=utf8_general_ci;

--
-- Dumping data for table `vtiger_ws_entity_fieldtype`
--

INSERT INTO `vtiger_ws_entity_fieldtype` VALUES (1,'vtiger_attachmentsfolder','createdby','reference'),(2,'vtiger_organizationdetails','logoname','file'),(3,'vtiger_organizationdetails','phone','phone'),(4,'vtiger_organizationdetails','fax','phone'),(5,'vtiger_organizationdetails','website','url'),(6,'vtiger_inventoryproductrel','productid','reference'),(7,'vtiger_inventoryproductrel','id','reference'),(8,'vtiger_inventoryproductrel','incrementondel','autogenerated'),(9,'vtiger_producttaxrel','productid','reference'),(10,'vtiger_producttaxrel','taxid','reference');

--
-- Table structure for table `vtiger_ws_entity_fieldtype_seq`
--

CREATE TABLE `vtiger_ws_entity_fieldtype_seq` (
  `id` int(11) NOT NULL
) ENGINE=InnoDB DEFAULT CHARSET=utf8 COLLATE=utf8_general_ci;

--
-- Dumping data for table `vtiger_ws_entity_fieldtype_seq`
--

INSERT INTO `vtiger_ws_entity_fieldtype_seq` VALUES (10);

--
-- Table structure for table `vtiger_ws_entity_name`
--

CREATE TABLE `vtiger_ws_entity_name` (
  `entity_id` int(11) NOT NULL,
  `name_fields` varchar(50) NOT NULL,
  `index_field` varchar(50) NOT NULL,
  `table_name` varchar(50) NOT NULL,
  PRIMARY KEY (`entity_id`)
) ENGINE=InnoDB DEFAULT CHARSET=utf8 COLLATE=utf8_general_ci;

--
-- Dumping data for table `vtiger_ws_entity_name`
--

INSERT INTO `vtiger_ws_entity_name` VALUES (20,'groupname','groupid','vtiger_groups'),(21,'currency_name','id','vtiger_currency_info'),(22,'foldername','folderid','vtiger_attachmentsfolder'),(23,'organizationname','groupid','vtiger_organizationdetails'),(34,'taxlabel','taxid','vtiger_inventorytaxinfo');

--
-- Table structure for table `vtiger_ws_entity_referencetype`
--

CREATE TABLE `vtiger_ws_entity_referencetype` (
  `fieldtypeid` int(19) NOT NULL,
  `type` varchar(25) NOT NULL,
  PRIMARY KEY (`fieldtypeid`,`type`),
  CONSTRAINT `vtiger_fk_1_actors_referencetype` FOREIGN KEY (`fieldtypeid`) REFERENCES `vtiger_ws_entity_fieldtype` (`fieldtypeid`) ON DELETE CASCADE
) ENGINE=InnoDB DEFAULT CHARSET=utf8 COLLATE=utf8_general_ci;

--
-- Dumping data for table `vtiger_ws_entity_referencetype`
--

INSERT INTO `vtiger_ws_entity_referencetype` VALUES (5,'Users'),(6,'Products'),(7,'Invoice'),(7,'PurchaseOrder'),(7,'Quotes'),(7,'SalesOrder'),(9,'Products'),(10,'Tax');

--
-- Table structure for table `vtiger_ws_entity_seq`
--

CREATE TABLE `vtiger_ws_entity_seq` (
  `id` int(11) NOT NULL
) ENGINE=InnoDB DEFAULT CHARSET=utf8 COLLATE=utf8_general_ci;

--
-- Dumping data for table `vtiger_ws_entity_seq`
--

INSERT INTO `vtiger_ws_entity_seq` VALUES (50);

--
-- Table structure for table `vtiger_ws_entity_tables`
--

CREATE TABLE `vtiger_ws_entity_tables` (
  `webservice_entity_id` int(11) NOT NULL,
  `table_name` varchar(50) NOT NULL,
  PRIMARY KEY (`webservice_entity_id`,`table_name`),
  CONSTRAINT `fk_1_vtiger_ws_actor_tables` FOREIGN KEY (`webservice_entity_id`) REFERENCES `vtiger_ws_entity` (`id`) ON DELETE CASCADE
) ENGINE=InnoDB DEFAULT CHARSET=utf8 COLLATE=utf8_general_ci;

--
-- Dumping data for table `vtiger_ws_entity_tables`
--

INSERT INTO `vtiger_ws_entity_tables` VALUES (20,'vtiger_groups'),(21,'vtiger_currency_info'),(22,'vtiger_attachmentsfolder'),(23,'vtiger_organizationdetails'),(33,'vtiger_inventoryproductrel'),(34,'vtiger_inventorytaxinfo'),(35,'vtiger_producttaxrel');

--
-- Table structure for table `vtiger_ws_fieldinfo`
--

CREATE TABLE `vtiger_ws_fieldinfo` (
  `id` varchar(64) NOT NULL,
  `property_name` varchar(32) DEFAULT NULL,
  `property_value` varchar(64) DEFAULT NULL,
  PRIMARY KEY (`id`)
) ENGINE=InnoDB DEFAULT CHARSET=utf8 COLLATE=utf8_general_ci;

--
-- Dumping data for table `vtiger_ws_fieldinfo`
--

INSERT INTO `vtiger_ws_fieldinfo` VALUES ('vtiger_organizationdetails.organization_id','upload.path','1');

--
-- Table structure for table `vtiger_ws_fieldtype`
--

CREATE TABLE `vtiger_ws_fieldtype` (
  `fieldtypeid` int(19) NOT NULL AUTO_INCREMENT,
  `uitype` varchar(30) NOT NULL,
  `fieldtype` varchar(200) NOT NULL,
  PRIMARY KEY (`fieldtypeid`),
  UNIQUE KEY `uitype_idx` (`uitype`)
) ENGINE=InnoDB AUTO_INCREMENT=42 DEFAULT CHARSET=utf8 COLLATE=utf8_general_ci;

--
-- Dumping data for table `vtiger_ws_fieldtype`
--

INSERT INTO `vtiger_ws_fieldtype` VALUES (1,'15','picklist'),(2,'16','picklist'),(3,'19','text'),(4,'20','text'),(5,'21','text'),(6,'24','text'),(7,'3','autogenerated'),(8,'11','phone'),(9,'33','multipicklist'),(10,'17','url'),(11,'85','skype'),(12,'56','boolean'),(13,'156','boolean'),(14,'53','owner'),(15,'61','file'),(16,'28','file'),(17,'13','email'),(18,'71','currency'),(19,'72','currency'),(20,'50','reference'),(21,'51','reference'),(22,'57','reference'),(23,'58','reference'),(24,'73','reference'),(25,'75','reference'),(26,'76','reference'),(27,'78','reference'),(28,'80','reference'),(29,'81','reference'),(30,'101','reference'),(31,'52','reference'),(32,'357','reference'),(33,'59','reference'),(34,'66','reference'),(35,'77','reference'),(36,'68','reference'),(37,'117','reference'),(38,'26','reference'),(39,'10','reference'),(40,'98','reference'),(41,'69','image');

--
-- Table structure for table `vtiger_ws_operation`
--

CREATE TABLE `vtiger_ws_operation` (
  `operationid` int(11) NOT NULL AUTO_INCREMENT,
  `name` varchar(128) NOT NULL,
  `handler_path` varchar(255) NOT NULL,
  `handler_method` varchar(64) NOT NULL,
  `type` varchar(8) NOT NULL,
  `prelogin` int(3) NOT NULL,
  PRIMARY KEY (`operationid`)
) ENGINE=InnoDB AUTO_INCREMENT=50 DEFAULT CHARSET=utf8 COLLATE=utf8_general_ci;

--
-- Dumping data for table `vtiger_ws_operation`
--

INSERT INTO `vtiger_ws_operation` VALUES (1,'login','include/Webservices/Login.php','vtws_login','POST',1),(2,'retrieve','include/Webservices/Retrieve.php','vtws_retrieve','GET',0),(3,'create','include/Webservices/Create.php','vtws_create','POST',0),(4,'update','include/Webservices/Update.php','vtws_update','POST',0),(5,'delete','include/Webservices/Delete.php','vtws_delete','POST',0),(6,'sync','include/Webservices/GetUpdates.php','vtws_sync','GET',0),(7,'query','include/Webservices/Query.php','vtws_query','GET',0),(8,'logout','include/Webservices/Logout.php','vtws_logout','POST',0),(9,'listtypes','include/Webservices/ModuleTypes.php','vtws_listtypes','GET',0),(10,'getchallenge','include/Webservices/AuthToken.php','vtws_getchallenge','GET',1),(11,'describe','include/Webservices/DescribeObject.php','vtws_describe','GET',0),(12,'extendsession','include/Webservices/ExtendSession.php','vtws_extendSession','POST',1),(13,'convertlead','include/Webservices/ConvertLead.php','vtws_convertlead','POST',0),(14,'revise','include/Webservices/Revise.php','vtws_revise','POST',0),(15,'changePassword','include/Webservices/ChangePassword.php','vtws_changePassword','POST',0),(16,'deleteUser','include/Webservices/DeleteUser.php','vtws_deleteUser','POST',0),(17,'mobile.fetchallalerts','modules/Mobile/api/wsapi.php','mobile_ws_fetchAllAlerts','POST',0),(18,'mobile.alertdetailswithmessage','modules/Mobile/api/wsapi.php','mobile_ws_alertDetailsWithMessage','POST',0),(19,'mobile.fetchmodulefilters','modules/Mobile/api/wsapi.php','mobile_ws_fetchModuleFilters','POST',0),(20,'mobile.fetchrecord','modules/Mobile/api/wsapi.php','mobile_ws_fetchRecord','POST',0),(21,'mobile.fetchrecordwithgrouping','modules/Mobile/api/wsapi.php','mobile_ws_fetchRecordWithGrouping','POST',0),(22,'mobile.filterdetailswithcount','modules/Mobile/api/wsapi.php','mobile_ws_filterDetailsWithCount','POST',0),(23,'mobile.listmodulerecords','modules/Mobile/api/wsapi.php','mobile_ws_listModuleRecords','POST',0),(24,'mobile.saverecord','modules/Mobile/api/wsapi.php','mobile_ws_saveRecord','POST',0),(25,'mobile.syncModuleRecords','modules/Mobile/api/wsapi.php','mobile_ws_syncModuleRecords','POST',0),(26,'mobile.query','modules/Mobile/api/wsapi.php','mobile_ws_query','POST',0),(27,'mobile.querywithgrouping','modules/Mobile/api/wsapi.php','mobile_ws_queryWithGrouping','POST',0),(28,'wsapp_register','modules/WSAPP/api/ws/Register.php','wsapp_register','POST',0),(29,'wsapp_deregister','modules/WSAPP/api/ws/DeRegister.php','wsapp_deregister','POST',0),(30,'wsapp_get','modules/WSAPP/api/ws/Get.php','wsapp_get','POST',0),(31,'wsapp_put','modules/WSAPP/api/ws/Put.php','wsapp_put','POST',0),(32,'wsapp_map','modules/WSAPP/api/ws/Map.php','wsapp_map','POST',0),(33,'retrieve_inventory','include/Webservices/LineItem/RetrieveInventory.php','vtws_retrieve_inventory','GET',0),(34,'relatedtypes','include/Webservices/RelatedTypes.php','vtws_relatedtypes','GET',0),(35,'retrieve_related','include/Webservices/RetrieveRelated.php','vtws_retrieve_related','GET',0),(36,'query_related','include/Webservices/QueryRelated.php','vtws_query_related','GET',0),(37,'add_related','include/Webservices/AddRelated.php','vtws_add_related','POST',0),(38,'files_retrieve','include/Webservices/FileRetrieve.php','vtws_file_retrieve','GET',0),(39,'ctmobile.fetchallalerts','modules/CTMobile/api/wsapi.php','ctmobile_ws_fetchAllAlerts','POST',0),(40,'ctmobile.alertdetailswithmessage','modules/CTMobile/api/wsapi.php','ctmobile_ws_alertDetailsWithMessage','POST',0),(41,'ctmobile.fetchmodulefilters','modules/CTMobile/api/wsapi.php','ctmobile_ws_fetchModuleFilters','POST',0),(42,'ctmobile.fetchrecord','modules/CTMobile/api/wsapi.php','ctmobile_ws_fetchRecord','POST',0),(43,'ctmobile.fetchrecordwithgrouping','modules/CTMobile/api/wsapi.php','ctmobile_ws_fetchRecordWithGrouping','POST',0),(44,'ctmobile.filterdetailswithcount','modules/CTMobile/api/wsapi.php','ctmobile_ws_filterDetailsWithCount','POST',0),(45,'ctmobile.listmodulerecords','modules/CTMobile/api/wsapi.php','ctmobile_ws_listModuleRecords','POST',0),(46,'ctmobile.saverecord','modules/CTMobile/api/wsapi.php','ctmobile_ws_saveRecord','POST',0),(47,'ctmobile.syncModuleRecords','modules/CTMobile/api/wsapi.php','ctmobile_ws_syncModuleRecords','POST',0),(48,'ctmobile.query','modules/CTMobile/api/wsapi.php','ctmobile_ws_query','POST',0),(49,'ctmobile.querywithgrouping','modules/CTMobile/api/wsapi.php','ctmobile_ws_queryWithGrouping','POST',0);

--
-- Table structure for table `vtiger_ws_operation_parameters`
--

CREATE TABLE `vtiger_ws_operation_parameters` (
  `operationid` int(11) NOT NULL AUTO_INCREMENT,
  `name` varchar(128) NOT NULL,
  `type` varchar(64) NOT NULL,
  `sequence` int(11) NOT NULL,
  PRIMARY KEY (`operationid`,`name`)
) ENGINE=InnoDB AUTO_INCREMENT=50 DEFAULT CHARSET=utf8 COLLATE=utf8_general_ci;

--
-- Dumping data for table `vtiger_ws_operation_parameters`
--

INSERT INTO `vtiger_ws_operation_parameters` VALUES (1,'accessKey','String',2),(1,'username','String',1),(2,'id','String',1),(3,'element','encoded',2),(3,'elementType','String',1),(4,'element','encoded',1),(5,'id','String',1),(6,'elementType','String',2),(6,'modifiedTime','DateTime',1),(7,'query','String',1),(8,'sessionName','String',1),(9,'fieldTypeList','encoded',1),(10,'username','String',1),(11,'elementType','String',1),(13,'element','encoded',1),(14,'element','Encoded',1),(15,'confirmPassword','String',4),(15,'id','String',1),(15,'newPassword','String',3),(15,'oldPassword','String',2),(16,'id','String',1),(16,'newOwnerId','String',2),(18,'alertid','string',1),(19,'module','string',1),(20,'record','string',1),(21,'record','string',1),(22,'filterid','string',1),(23,'elements','encoded',1),(24,'module','string',1),(24,'record','string',2),(24,'values','encoded',3),(25,'module','string',1),(25,'page','string',3),(25,'syncToken','string',2),(26,'module','string',1),(26,'page','string',3),(26,'query','string',2),(27,'module','string',1),(27,'page','string',3),(27,'query','string',2),(28,'synctype','string',2),(28,'type','string',1),(29,'key','string',2),(29,'type','string',1),(30,'key','string',1),(30,'module','string',2),(30,'token','string',3),(31,'element','encoded',2),(31,'key','string',1),(32,'element','encoded',2),(32,'key','string',1),(33,'id','String',1),(34,'elementType','string',1),(35,'id','string',1),(35,'relatedLabel','string',3),(35,'relatedType','string',2),(36,'id','string',2),(36,'query','string',1),(36,'relatedLabel','string',3),(37,'relatedRecordId','string',2),(37,'relationIdLabel','string',3),(37,'sourceRecordId','string',1),(38,'id','string',1),(40,'alertid','string',1),(41,'module','string',1),(42,'record','string',1),(43,'record','string',1),(44,'filterid','string',1),(45,'elements','encoded',1),(46,'module','string',1),(46,'record','string',2),(46,'values','encoded',3),(47,'module','string',1),(47,'page','string',3),(47,'syncToken','string',2),(48,'module','string',1),(48,'page','string',3),(48,'query','string',2),(49,'module','string',1),(49,'page','string',3),(49,'query','string',2);

--
-- Table structure for table `vtiger_ws_operation_seq`
--

CREATE TABLE `vtiger_ws_operation_seq` (
  `id` int(11) NOT NULL
) ENGINE=InnoDB DEFAULT CHARSET=utf8 COLLATE=utf8_general_ci;

--
-- Dumping data for table `vtiger_ws_operation_seq`
--

INSERT INTO `vtiger_ws_operation_seq` VALUES (49);

--
-- Table structure for table `vtiger_ws_referencetype`
--

CREATE TABLE `vtiger_ws_referencetype` (
  `fieldtypeid` int(19) NOT NULL,
  `type` varchar(25) NOT NULL,
  PRIMARY KEY (`fieldtypeid`,`type`),
  CONSTRAINT `fk_1_vtiger_referencetype` FOREIGN KEY (`fieldtypeid`) REFERENCES `vtiger_ws_fieldtype` (`fieldtypeid`) ON DELETE CASCADE
) ENGINE=InnoDB DEFAULT CHARSET=utf8 COLLATE=utf8_general_ci;

--
-- Dumping data for table `vtiger_ws_referencetype`
--

INSERT INTO `vtiger_ws_referencetype` VALUES (20,'Accounts'),(21,'Accounts'),(22,'Contacts'),(23,'Campaigns'),(24,'Accounts'),(25,'Vendors'),(26,'Potentials'),(27,'Quotes'),(28,'SalesOrder'),(29,'Vendors'),(30,'Users'),(31,'Users'),(32,'Accounts'),(32,'Contacts'),(32,'Leads'),(32,'Users'),(32,'Vendors'),(33,'Products'),(34,'Accounts'),(34,'Campaigns'),(34,'HelpDesk'),(34,'Invoice'),(34,'Leads'),(34,'Potentials'),(34,'PurchaseOrder'),(34,'Quotes'),(34,'SalesOrder'),(35,'Users'),(36,'Accounts'),(36,'Contacts'),(37,'Currency'),(38,'DocumentFolders');

--
-- Table structure for table `vtiger_ws_userauthtoken`
--

CREATE TABLE `vtiger_ws_userauthtoken` (
  `userid` int(19) NOT NULL,
  `token` varchar(36) NOT NULL,
  `expiretime` int(19) NOT NULL,
  PRIMARY KEY (`userid`,`expiretime`),
  UNIQUE KEY `userid_idx` (`userid`)
) ENGINE=InnoDB DEFAULT CHARSET=utf8 COLLATE=utf8_general_ci;

--
-- Dumping data for table `vtiger_ws_userauthtoken`
--


--
-- Table structure for table `vtiger_wsapp_handlerdetails`
--

CREATE TABLE `vtiger_wsapp_handlerdetails` (
  `type` varchar(200) NOT NULL,
  `handlerclass` varchar(100) DEFAULT NULL,
  `handlerpath` varchar(300) DEFAULT NULL
) ENGINE=InnoDB DEFAULT CHARSET=utf8 COLLATE=utf8_general_ci;

--
-- Dumping data for table `vtiger_wsapp_handlerdetails`
--

INSERT INTO `vtiger_wsapp_handlerdetails` VALUES ('Outlook','OutlookHandler','modules/WSAPP/Handlers/OutlookHandler.php'),('vtigerCRM','vtigerCRMHandler','modules/WSAPP/Handlers/vtigerCRMHandler.php'),('vtigerSyncLib','WSAPP_VtigerSyncEventHandler','modules/WSAPP/synclib/handlers/VtigerSyncEventHandler.php'),('Google_vtigerHandler','Google_Vtiger_Handler','modules/Google/handlers/Vtiger.php'),('Google_vtigerSyncHandler','Google_VtigerSync_Handler','modules/Google/handlers/VtigerSync.php');

--
-- Table structure for table `vtiger_wsapp_logs_basic`
--

CREATE TABLE `vtiger_wsapp_logs_basic` (
  `id` int(25) NOT NULL AUTO_INCREMENT,
  `extensiontabid` int(19) DEFAULT NULL,
  `module` varchar(50) NOT NULL,
  `sync_datetime` datetime NOT NULL,
  `app_create_count` int(11) DEFAULT NULL,
  `app_update_count` int(11) DEFAULT NULL,
  `app_delete_count` int(11) DEFAULT NULL,
  `app_skip_count` int(11) DEFAULT NULL,
  `vt_create_count` int(11) DEFAULT NULL,
  `vt_update_count` int(11) DEFAULT NULL,
  `vt_delete_count` int(11) DEFAULT NULL,
  `vt_skip_count` int(11) DEFAULT NULL,
  `userid` int(11) DEFAULT NULL,
  PRIMARY KEY (`id`)
) ENGINE=InnoDB DEFAULT CHARSET=utf8 COLLATE=utf8_general_ci;

--
-- Dumping data for table `vtiger_wsapp_logs_basic`
--


--
-- Table structure for table `vtiger_wsapp_logs_details`
--

CREATE TABLE `vtiger_wsapp_logs_details` (
  `id` int(25) NOT NULL,
  `app_create_ids` mediumtext DEFAULT NULL,
  `app_update_ids` mediumtext DEFAULT NULL,
  `app_delete_ids` mediumtext DEFAULT NULL,
  `app_skip_info` mediumtext DEFAULT NULL,
  `vt_create_ids` mediumtext DEFAULT NULL,
  `vt_update_ids` mediumtext DEFAULT NULL,
  `vt_delete_ids` mediumtext DEFAULT NULL,
  `vt_skip_info` mediumtext DEFAULT NULL,
  KEY `vtiger_wsapp_logs_basic_ibfk_1` (`id`),
  CONSTRAINT `vtiger_wsapp_logs_basic_ibfk_1` FOREIGN KEY (`id`) REFERENCES `vtiger_wsapp_logs_basic` (`id`) ON DELETE CASCADE
) ENGINE=InnoDB DEFAULT CHARSET=utf8 COLLATE=utf8_general_ci;

--
-- Dumping data for table `vtiger_wsapp_logs_details`
--


--
-- Table structure for table `vtiger_wsapp_queuerecords`
--

CREATE TABLE `vtiger_wsapp_queuerecords` (
  `syncserverid` int(19) DEFAULT NULL,
  `details` varchar(300) DEFAULT NULL,
  `flag` varchar(100) DEFAULT NULL,
  `appid` int(19) DEFAULT NULL
) ENGINE=InnoDB DEFAULT CHARSET=utf8 COLLATE=utf8_general_ci;

--
-- Dumping data for table `vtiger_wsapp_queuerecords`
--


--
-- Table structure for table `vtiger_wsapp_recordmapping`
--

CREATE TABLE `vtiger_wsapp_recordmapping` (
  `id` int(19) NOT NULL AUTO_INCREMENT,
  `serverid` varchar(10) DEFAULT NULL,
  `clientid` varchar(255) DEFAULT NULL,
  `clientmodifiedtime` datetime DEFAULT NULL,
  `appid` int(11) DEFAULT NULL,
  `servermodifiedtime` datetime DEFAULT NULL,
  `serverappid` int(11) DEFAULT NULL,
  PRIMARY KEY (`id`)
) ENGINE=InnoDB DEFAULT CHARSET=utf8 COLLATE=utf8_general_ci;

--
-- Dumping data for table `vtiger_wsapp_recordmapping`
--


--
-- Table structure for table `vtiger_wsapp_sync_state`
--

CREATE TABLE `vtiger_wsapp_sync_state` (
  `id` int(19) NOT NULL AUTO_INCREMENT,
  `name` varchar(200) DEFAULT NULL,
  `stateencodedvalues` varchar(300) NOT NULL,
  `userid` int(19) DEFAULT NULL,
  PRIMARY KEY (`id`)
) ENGINE=InnoDB DEFAULT CHARSET=utf8 COLLATE=utf8_general_ci;

--
-- Dumping data for table `vtiger_wsapp_sync_state`
--


--
-- Table structure for table `whatsappbot_pre_que`
--

CREATE TABLE `whatsappbot_pre_que` (
  `preque` int(11) DEFAULT NULL,
  `prebotid` int(11) DEFAULT NULL,
  `prequemobilenumber` varchar(55) CHARACTER SET utf8 COLLATE utf8_general_ci DEFAULT NULL,
  `manualtransfer` int(3) DEFAULT NULL,
  `manualdatetime` datetime DEFAULT NULL,
  `idealdatetime` datetime DEFAULT NULL
) ENGINE=InnoDB DEFAULT CHARSET=latin1 COLLATE=latin1_swedish_ci;

--
-- Dumping data for table `whatsappbot_pre_que`
--


--
-- Final view structure for view `vs_oportunidades`
--

/*!50001 DROP VIEW IF EXISTS `vs_oportunidades`*/;


